875
CDUS44 KLZK 280636
CLILIT


CLIMATE REPORT
NATIONAL WEATHER SERVICE LITTLE ROCK AR
136 AM CDT THU JUL 28 2016


...................................

...THE LITTLE ROCK ADAMS FIELD CLIMATE SUMMARY FOR JULY 27 2016...

CLIMATE NORMAL PERIOD 1981 TO 2010
CLIMATE RECORD PERIOD 1874 TO 2016


WEATHER ITEM   OBSERVED TIME   RECORD YEAR NORMAL DEPARTURE LAST
                VALUE   (LST)  VALUE       VALUE  FROM      YEAR
                                                  NORMAL
..................................................................
TEMPERATURE (F)
 YESTERDAY
  MAXIMUM         92   1223 PM 104    1952  93     -1       97
                                      1930
  MINIMUM         77    338 PM  61    1920  74      3       76
  AVERAGE         85                        83      2       87

PRECIPITATION (IN)
  YESTERDAY        0.33          3.70 1891   0.10   0.23     0.00
  MONTH TO DATE    6.96                      2.90   4.06     4.76
  SINCE JUN 1      8.79                      6.55   2.24     7.52
  SINCE JAN 1     37.98                     28.45   9.53    37.31

SNOWFALL (IN)
  YESTERDAY        0.0          MM      MM   0.0    0.0      0.0
  MONTH TO DATE    0.0                       0.0    0.0      0.0
  SINCE JUN 1      0.0                       0.0    0.0      0.0
  SINCE JUL 1      0.0                       0.0    0.0      0.0
  SNOW DEPTH       0

DEGREE DAYS
 HEATING
  YESTERDAY        0                         0      0        0
  MONTH TO DATE    0                         0      0        0
  SINCE JUN 1      0                         0      0        0
  SINCE JUL 1      0                         0      0        0

 COOLING
  YESTERDAY       20                        18      2       22
  MONTH TO DATE  576                       479     97      530
  SINCE JUN 1   1116                       904    212     1018
  SINCE JAN 1   1390                      1185    205     1348
..................................................................


WIND (MPH)
  HIGHEST WIND SPEED    20   HIGHEST WIND DIRECTION    SE (120)
  HIGHEST GUST SPEED    26   HIGHEST GUST DIRECTION    NW (330)
  AVERAGE WIND SPEED     4.4


SKY COVER
  POSSIBLE SUNSHINE  MM
  AVERAGE SKY COVER 0.7


WEATHER CONDITIONS
 THE FOLLOWING WEATHER WAS RECORDED YESTERDAY.
  THUNDERSTORM
  LIGHT RAIN
  FOG


RELATIVE HUMIDITY (PERCENT)
 HIGHEST    88           300 PM
 LOWEST     60          1200 PM
 AVERAGE    74

..........................................................


THE LITTLE ROCK ADAMS FIELD CLIMATE NORMALS FOR TODAY
                         NORMAL    RECORD    YEAR
 MAXIMUM TEMPERATURE (F)   93       108      2012
 MINIMUM TEMPERATURE (F)   74        64      2004
                                             1994
                                             1944


SUNRISE AND SUNSET
JULY 28 2016..........SUNRISE   616 AM CDT   SUNSET   814 PM CDT
JULY 29 2016..........SUNRISE   617 AM CDT   SUNSET   813 PM CDT


-  INDICATES NEGATIVE NUMBERS.
R  INDICATES RECORD WAS SET OR TIED.
MM INDICATES DATA IS MISSING.
T  INDICATES TRACE AMOUNT.




$$
