000
CDUS44 KLZK 300633
CLILIT


CLIMATE REPORT
NATIONAL WEATHER SERVICE LITTLE ROCK AR
131 AM CDT MON MAY 30 2016


...................................

...THE LITTLE ROCK ADAMS FIELD CLIMATE SUMMARY FOR MAY 29 2016...

CLIMATE NORMAL PERIOD 1981 TO 2010
CLIMATE RECORD PERIOD 1874 TO 2016


WEATHER ITEM   OBSERVED TIME   RECORD YEAR NORMAL DEPARTURE LAST
                VALUE   (LST)  VALUE       VALUE  FROM      YEAR
                                                  NORMAL
..................................................................
TEMPERATURE (F)
 YESTERDAY
  MAXIMUM         92    104 PM  97    2012  85      7       88
  MINIMUM         65   1008 PM  46    1971  65      0       67
  AVERAGE         79                        75      4       78

PRECIPITATION (IN)
  YESTERDAY        0.02          1.82 2014   0.14  -0.12     1.47
  MONTH TO DATE    2.32                      4.60  -2.28     8.95
  SINCE MAR 1     22.38                     14.42   7.96    22.48
  SINCE JAN 1     28.07                     21.63   6.44    29.29

SNOWFALL (IN)
  YESTERDAY        0.0          MM      MM   0.0    0.0      0.0
  MONTH TO DATE    0.0                       0.0    0.0      0.0
  SINCE MAR 1      0.0                       0.4   -0.4      5.7
  SINCE JUL 1      5.7                       3.5    2.2     11.1
  SNOW DEPTH       0

DEGREE DAYS
 HEATING
  YESTERDAY        0                         0      0        0
  MONTH TO DATE    8                        18    -10       11
  SINCE MAR 1    302                       537   -235      483
  SINCE JUL 1   2191                      3050   -859     3129

 COOLING
  YESTERDAY       14                        10      4       13
  MONTH TO DATE  157                       188    -31      222
  SINCE MAR 1    246                       258    -12      312
  SINCE JAN 1    252                       260     -8      312
..................................................................


WIND (MPH)
  HIGHEST WIND SPEED    28   HIGHEST WIND DIRECTION     W (250)
  HIGHEST GUST SPEED    41   HIGHEST GUST DIRECTION     W (250)
  AVERAGE WIND SPEED     3.9


SKY COVER
  POSSIBLE SUNSHINE  MM
  AVERAGE SKY COVER 0.6


WEATHER CONDITIONS
 THE FOLLOWING WEATHER WAS RECORDED YESTERDAY.
  THUNDERSTORM
  LIGHT RAIN


RELATIVE HUMIDITY (PERCENT)
 HIGHEST    90           200 AM
 LOWEST     44           100 PM
 AVERAGE    67

..........................................................


THE LITTLE ROCK ADAMS FIELD CLIMATE NORMALS FOR TODAY
                         NORMAL    RECORD    YEAR
 MAXIMUM TEMPERATURE (F)   85        97      1977
 MINIMUM TEMPERATURE (F)   65        47      1971


SUNRISE AND SUNSET
MAY 30 2016...........SUNRISE   557 AM CDT   SUNSET   816 PM CDT
MAY 31 2016...........SUNRISE   557 AM CDT   SUNSET   817 PM CDT


-  INDICATES NEGATIVE NUMBERS.
R  INDICATES RECORD WAS SET OR TIED.
MM INDICATES DATA IS MISSING.
T  INDICATES TRACE AMOUNT.




$$
