000
CDUS44 KLZK 250650
CLILIT


CLIMATE REPORT
NATIONAL WEATHER SERVICE LITTLE ROCK AR
148 AM CDT SAT MAR 25 2017


...................................

...THE LITTLE ROCK ADAMS FIELD CLIMATE SUMMARY FOR MARCH 24 2017...

CLIMATE NORMAL PERIOD 1981 TO 2010
CLIMATE RECORD PERIOD 1874 TO 2017


WEATHER ITEM   OBSERVED TIME   RECORD YEAR NORMAL DEPARTURE LAST
                VALUE   (LST)  VALUE       VALUE  FROM      YEAR
                                                  NORMAL
..................................................................
TEMPERATURE (F)
 YESTERDAY
  MAXIMUM         77    326 PM  90    1929  67     10       68
  MINIMUM         58   1022 PM  26    1974  45     13       42
                                      1968
  AVERAGE         68                        56     12       55

PRECIPITATION (IN)
  YESTERDAY        0.67          1.68 1889   0.15   0.52     0.14
  MONTH TO DATE    3.53                      3.57  -0.04     8.22
  SINCE MAR 1      3.53                      3.57  -0.04     8.22
  SINCE JAN 1      8.53                     10.78  -2.25    13.91

SNOWFALL (IN)
  YESTERDAY        0.0           1.0  1877   0.0    0.0      0.0
  MONTH TO DATE    0.0                       0.4   -0.4      0.0
  SINCE MAR 1      0.0                       0.4   -0.4      0.0
  SINCE JUL 1      0.2                       3.5   -3.3      5.7
  SNOW DEPTH       0

DEGREE DAYS
 HEATING
  YESTERDAY        0                        10    -10       10
  MONTH TO DATE  263                       312    -49      173
  SINCE MAR 1    263                       312    -49      173
  SINCE JUL 1   2177                      2825   -648     2062

 COOLING
  YESTERDAY        3                         1      2        0
  MONTH TO DATE   13                         4      9       14
  SINCE MAR 1     13                         4      9       14
  SINCE JAN 1     25                         6     19       20
..................................................................


WIND (MPH)
  HIGHEST WIND SPEED    37   HIGHEST WIND DIRECTION    SW (240)
  HIGHEST GUST SPEED    48   HIGHEST GUST DIRECTION     W (250)
  AVERAGE WIND SPEED    13.1


SKY COVER
  POSSIBLE SUNSHINE  MM
  AVERAGE SKY COVER 0.8


WEATHER CONDITIONS
 THE FOLLOWING WEATHER WAS RECORDED YESTERDAY.
  THUNDERSTORM
  HEAVY RAIN
  RAIN
  LIGHT RAIN
  FOG


RELATIVE HUMIDITY (PERCENT)
 HIGHEST    87           600 AM
 LOWEST     54           500 PM
 AVERAGE    71

..........................................................


THE LITTLE ROCK ADAMS FIELD CLIMATE NORMALS FOR TODAY
                         NORMAL    RECORD    YEAR
 MAXIMUM TEMPERATURE (F)   67        85      1935
                                             1910
 MINIMUM TEMPERATURE (F)   45        24      1955


SUNRISE AND SUNSET
MARCH 25 2017.........SUNRISE   705 AM CDT   SUNSET   725 PM CDT
MARCH 26 2017.........SUNRISE   704 AM CDT   SUNSET   726 PM CDT


-  INDICATES NEGATIVE NUMBERS.
R  INDICATES RECORD WAS SET OR TIED.
MM INDICATES DATA IS MISSING.
T  INDICATES TRACE AMOUNT.




$$
