000
CDUS44 KLZK 271008
CLILIT


CLIMATE REPORT
NATIONAL WEATHER SERVICE LITTLE ROCK AR
408 AM CST FRI FEB 27 2015


...................................

...THE LITTLE ROCK ADAMS FIELD CLIMATE SUMMARY FOR FEBRUARY 26 2015...

CLIMATE NORMAL PERIOD 1981 TO 2010
CLIMATE RECORD PERIOD 1874 TO 2015


WEATHER ITEM   OBSERVED TIME   RECORD YEAR NORMAL DEPARTURE LAST
                VALUE   (LST)  VALUE       VALUE  FROM      YEAR
                                                  NORMAL
..................................................................
TEMPERATURE (F)
 YESTERDAY
  MAXIMUM         42    316 PM  83    1986  58    -16       42
  MINIMUM         27   1159 PM  19    1934  38    -11       27
  AVERAGE         35                        48    -13       35

PRECIPITATION (IN)
  YESTERDAY        0.00          3.07 1910   0.14  -0.14     0.00
  MONTH TO DATE    3.84                      3.37   0.47     3.22
  SINCE DEC 1      9.97                     11.89  -1.92    12.50
  SINCE JAN 1      6.81                      6.92  -0.11     5.56

SNOWFALL (IN)
  YESTERDAY        0.0           5.0  1982   0.0    0.0      0.0
  MONTH TO DATE    5.3                       1.2    4.1      2.7
  SINCE DEC 1      5.3                       3.0    2.3      4.0
  SINCE JUL 1      5.4                       3.0    2.4      4.0
  SNOW DEPTH       1

DEGREE DAYS
 HEATING
  YESTERDAY       30                        17     13       30
  MONTH TO DATE  674                       534    140      616
  SINCE DEC 1   2003                      1966     37     2135
  SINCE JUL 1   2574                      2480     94     2719

 COOLING
  YESTERDAY        0                         0      0        0
  MONTH TO DATE    0                         0      0        0
  SINCE DEC 1      0                         3     -3        5
  SINCE JAN 1      0                         1     -1        0
..................................................................


WIND (MPH)
  HIGHEST WIND SPEED    22   HIGHEST WIND DIRECTION     N (340)
  HIGHEST GUST SPEED    26   HIGHEST GUST DIRECTION    NW (330)
  AVERAGE WIND SPEED     9.6


SKY COVER
  POSSIBLE SUNSHINE  MM
  AVERAGE SKY COVER 0.8


WEATHER CONDITIONS
 THE FOLLOWING WEATHER WAS RECORDED YESTERDAY.
  FOG
  FOG W/VISIBILITY <= 1/4 MILE


RELATIVE HUMIDITY (PERCENT)
 HIGHEST    92           100 AM
 LOWEST     45           300 PM
 AVERAGE    69

..........................................................


THE LITTLE ROCK ADAMS FIELD CLIMATE NORMALS FOR TODAY
                         NORMAL    RECORD    YEAR
 MAXIMUM TEMPERATURE (F)   59        81      1918
 MINIMUM TEMPERATURE (F)   38        15      1934


SUNRISE AND SUNSET
FEBRUARY 27 2015......SUNRISE   641 AM CST   SUNSET   603 PM CST
FEBRUARY 28 2015......SUNRISE   640 AM CST   SUNSET   604 PM CST


-  INDICATES NEGATIVE NUMBERS.
R  INDICATES RECORD WAS SET OR TIED.
MM INDICATES DATA IS MISSING.
T  INDICATES TRACE AMOUNT.




$$
