000
CDUS44 KLZK 302201
CLILIT


CLIMATE REPORT
NATIONAL WEATHER SERVICE LITTLE ROCK AR
401 PM CST FRI JAN 30 2015


...................................

...THE LITTLE ROCK ADAMS FIELD CLIMATE SUMMARY FOR JANUARY 30 2015...
VALID TODAY AS OF 0400 PM LOCAL TIME.

CLIMATE NORMAL PERIOD 1981 TO 2010
CLIMATE RECORD PERIOD 1874 TO 2015


WEATHER ITEM   OBSERVED TIME   RECORD YEAR NORMAL DEPARTURE LAST
                VALUE   (LST)  VALUE       VALUE  FROM      YEAR
                                                  NORMAL
..................................................................
TEMPERATURE (F)
 TODAY
  MAXIMUM         53    305 PM  80    2002  52      1       50
  MINIMUM         32    720 AM   2    1966  32      0       22
  AVERAGE         43                        42      1       36

PRECIPITATION (IN)
  TODAY            0.00          2.91 1969   0.11  -0.11     0.00
  MONTH TO DATE    2.97                      3.43  -0.46     2.34
  SINCE DEC 1      6.13                      8.40  -2.27     9.28
  SINCE JAN 1      2.97                      3.43  -0.46     2.34

SNOWFALL (IN)
  TODAY            0.0           9.7  1882   0.0    0.0      0.0
  MONTH TO DATE    T                         1.5   -1.5       T
  SINCE DEC 1      T                         1.7   -1.7      1.3
  SINCE JUL 1      0.1                       1.7   -1.6      1.3
  SNOW DEPTH       0

DEGREE DAYS
 HEATING
  TODAY           22                        23     -1       29
  MONTH TO DATE  703                       719    -16      815
  SINCE DEC 1   1308                      1402    -94     1501
  SINCE JUL 1   1879                      1916    -37     2085

 COOLING
  TODAY            0                         0      0        0
  MONTH TO DATE    0                         0      0        0
  SINCE DEC 1      0                         2     -2        5
  SINCE JAN 1      0                         0      0        0
..................................................................


WIND (MPH)
  HIGHEST WIND SPEED    10   HIGHEST WIND DIRECTION    NE (60)
  HIGHEST GUST SPEED    14   HIGHEST GUST DIRECTION    NE (40)
  AVERAGE WIND SPEED     7.0


SKY COVER
  POSSIBLE SUNSHINE  MM
  AVERAGE SKY COVER 0.4


WEATHER CONDITIONS
 THE FOLLOWING WEATHER WAS RECORDED TODAY.
  NO SIGNIFICANT WEATHER WAS OBSERVED.


RELATIVE HUMIDITY (PERCENT)
 HIGHEST    75           500 AM
 LOWEST     30           300 PM
 AVERAGE    53

..........................................................


THE LITTLE ROCK ADAMS FIELD CLIMATE NORMALS FOR TOMORROW
                         NORMAL    RECORD    YEAR
 MAXIMUM TEMPERATURE (F)   52        77      2002
 MINIMUM TEMPERATURE (F)   32         7      1899


SUNRISE AND SUNSET
JANUARY 30 2015.......SUNRISE   709 AM CST   SUNSET   536 PM CST
JANUARY 31 2015.......SUNRISE   708 AM CST   SUNSET   537 PM CST


-  INDICATES NEGATIVE NUMBERS.
R  INDICATES RECORD WAS SET OR TIED.
MM INDICATES DATA IS MISSING.
T  INDICATES TRACE AMOUNT.




$$
