000
CDUS44 KLZK 292115
CLILIT


CLIMATE REPORT
NATIONAL WEATHER SERVICE LITTLE ROCK AR
415 PM CDT MON JUN 29 2015


...................................

...THE LITTLE ROCK ADAMS FIELD CLIMATE SUMMARY FOR JUNE 29 2015...
VALID TODAY AS OF 0400 PM LOCAL TIME.

CLIMATE NORMAL PERIOD 1981 TO 2010
CLIMATE RECORD PERIOD 1874 TO 2015


WEATHER ITEM   OBSERVED TIME   RECORD YEAR NORMAL DEPARTURE LAST
                VALUE   (LST)  VALUE       VALUE  FROM      YEAR
                                                  NORMAL
..................................................................
TEMPERATURE (F)
 TODAY
  MAXIMUM         94    140 PM 106    2012  91      3       90
  MINIMUM         71    457 AM  60    1974  72     -1       72
  AVERAGE         83                        82      1       81

PRECIPITATION (IN)
  TODAY            0.00          1.77 1902   0.12  -0.12     0.64
  MONTH TO DATE    2.76                      3.54  -0.78     5.45
  SINCE JUN 1      2.76                      3.54  -0.78     5.45
  SINCE JAN 1     32.55                     25.44   7.11    27.88

SNOWFALL (IN)
  TODAY            0.0          MM      MM   0.0    0.0      0.0
  MONTH TO DATE    0.0                       0.0    0.0      0.0
  SINCE JUN 1      0.0                       0.0    0.0      0.0
  SINCE JUL 1     11.1                       3.5    7.6      6.2
  SNOW DEPTH       0

DEGREE DAYS
 HEATING
  TODAY            0                         0      0        0
  MONTH TO DATE    0                         0      0        0
  SINCE JUN 1      0                         0      0        0
  SINCE JUL 1   3129                      3052     77     3464

 COOLING
  TODAY           18                        17      1       16
  MONTH TO DATE  469                       408     61      411
  SINCE JUN 1    469                       408     61      411
  SINCE JAN 1    799                       689    110      678
..................................................................


WIND (MPH)
  HIGHEST WIND SPEED    15   HIGHEST WIND DIRECTION     W (250)
  HIGHEST GUST SPEED    22   HIGHEST GUST DIRECTION     W (280)
  AVERAGE WIND SPEED     8.6


SKY COVER
  POSSIBLE SUNSHINE  MM
  AVERAGE SKY COVER 0.5


WEATHER CONDITIONS
 THE FOLLOWING WEATHER WAS RECORDED TODAY.
  NO SIGNIFICANT WEATHER WAS OBSERVED.


RELATIVE HUMIDITY (PERCENT)
 HIGHEST    79           300 AM
 LOWEST     36           200 PM
 AVERAGE    58

..........................................................


THE LITTLE ROCK ADAMS FIELD CLIMATE NORMALS FOR TOMORROW
                         NORMAL    RECORD    YEAR
 MAXIMUM TEMPERATURE (F)   92       103      2012
 MINIMUM TEMPERATURE (F)   72        60      1940
                                             1923


SUNRISE AND SUNSET
JUNE 29 2015..........SUNRISE   558 AM CDT   SUNSET   826 PM CDT
JUNE 30 2015..........SUNRISE   559 AM CDT   SUNSET   826 PM CDT


-  INDICATES NEGATIVE NUMBERS.
R  INDICATES RECORD WAS SET OR TIED.
MM INDICATES DATA IS MISSING.
T  INDICATES TRACE AMOUNT.




$$
