000
CDUS44 KLZK 090639
CLILIT


CLIMATE REPORT
NATIONAL WEATHER SERVICE LITTLE ROCK AR
1238 AM CST TUE FEB 9 2016


...................................

...THE LITTLE ROCK ADAMS FIELD CLIMATE SUMMARY FOR FEBRUARY 8 2016...

CLIMATE NORMAL PERIOD 1981 TO 2010
CLIMATE RECORD PERIOD 1874 TO 2016


WEATHER ITEM   OBSERVED TIME   RECORD YEAR NORMAL DEPARTURE LAST
                VALUE   (LST)  VALUE       VALUE  FROM      YEAR
                                                  NORMAL
..................................................................
TEMPERATURE (F)
 YESTERDAY
  MAXIMUM         52   1235 AM  78    1994  53     -1       69
  MINIMUM         37   1015 PM   0    1895  33      4       51
  AVERAGE         45                        43      2       60

PRECIPITATION (IN)
  YESTERDAY        0.00          3.33 1882   0.12  -0.12     0.00
  MONTH TO DATE    T                         0.98  -0.98     0.55
  SINCE DEC 1     11.93                      9.50   2.43     6.68
  SINCE JAN 1      3.55                      4.53  -0.98     3.52

SNOWFALL (IN)
  YESTERDAY        0.0           7.2  2010   0.0    0.0      0.0
  MONTH TO DATE    0.0                       0.4   -0.4      0.0
  SINCE DEC 1      5.7                       2.2    3.5       T
  SINCE JUL 1      5.7                       2.2    3.5      0.1
  SNOW DEPTH       0

DEGREE DAYS
 HEATING
  YESTERDAY       20                        22     -2        5
  MONTH TO DATE  140                       181    -41      168
  SINCE DEC 1   1252                      1613   -361     1497
  SINCE JUL 1   1576                      2127   -551     2068

 COOLING
  YESTERDAY        0                         0      0        0
  MONTH TO DATE    0                         0      0        0
  SINCE DEC 1     12                         3      9        0
  SINCE JAN 1      1                         1      0        0
..................................................................


WIND (MPH)
  HIGHEST WIND SPEED    32   HIGHEST WIND DIRECTION    NW (310)
  HIGHEST GUST SPEED    40   HIGHEST GUST DIRECTION    NW (320)
  AVERAGE WIND SPEED    16.1


SKY COVER
  POSSIBLE SUNSHINE  MM
  AVERAGE SKY COVER 0.4


WEATHER CONDITIONS
 THE FOLLOWING WEATHER WAS RECORDED YESTERDAY.
  NO SIGNIFICANT WEATHER WAS OBSERVED.


RELATIVE HUMIDITY (PERCENT)
 HIGHEST    44          1000 PM
 LOWEST     28          1100 AM
 AVERAGE    36

..........................................................


THE LITTLE ROCK ADAMS FIELD CLIMATE NORMALS FOR TODAY
                         NORMAL    RECORD    YEAR
 MAXIMUM TEMPERATURE (F)   54        82      1954
 MINIMUM TEMPERATURE (F)   33         7      1933
                                             1899


SUNRISE AND SUNSET
FEBRUARY  9 2016......SUNRISE   701 AM CST   SUNSET   546 PM CST
FEBRUARY 10 2016......SUNRISE   700 AM CST   SUNSET   547 PM CST


-  INDICATES NEGATIVE NUMBERS.
R  INDICATES RECORD WAS SET OR TIED.
MM INDICATES DATA IS MISSING.
T  INDICATES TRACE AMOUNT.




$$
