000
CDUS44 KLZK 302113
CLILIT


CLIMATE REPORT
NATIONAL WEATHER SERVICE LITTLE ROCK AR
413 PM CDT SAT AUG 30 2014


...................................

...THE LITTLE ROCK ADAMS FIELD CLIMATE SUMMARY FOR AUGUST 30 2014...
VALID TODAY AS OF 0400 PM LOCAL TIME.

CLIMATE NORMAL PERIOD 1981 TO 2010
CLIMATE RECORD PERIOD 1874 TO 2014


WEATHER ITEM   OBSERVED TIME   RECORD YEAR NORMAL DEPARTURE LAST
                VALUE   (LST)  VALUE       VALUE  FROM      YEAR
                                                  NORMAL
..................................................................
TEMPERATURE (F)
 TODAY
  MAXIMUM         86   1257 PM 109    2000  91     -5       98
  MINIMUM         74    408 AM  56    1988  70      4       74
                                      1986
                                      1935
  AVERAGE         80                        81     -1       86

PRECIPITATION (IN)
  TODAY            0.00          2.15 1888   0.09  -0.09     0.00
  MONTH TO DATE    2.01                      2.50  -0.49     3.56
  SINCE JUN 1     14.70                      9.42   5.28     8.98
  SINCE JAN 1     37.13                     31.32   5.81    34.60

SNOWFALL (IN)
  TODAY            0.0          MM      MM   0.0    0.0      0.0
  MONTH TO DATE    0.0                       0.0    0.0      0.0
  SINCE JUN 1      0.0                       0.0    0.0      0.0
  SINCE JUL 1      0.0                       0.0    0.0      0.0
  SNOW DEPTH       0

DEGREE DAYS
 HEATING
  TODAY            0                         0      0        0
  MONTH TO DATE    0                         0      0        0
  SINCE JUN 1      0                         0      0        0
  SINCE JUL 1      0                         0      0        0

 COOLING
  TODAY           15                        16     -1       21
  MONTH TO DATE  501                       525    -24      486
  SINCE JUN 1   1327                      1503   -176     1422
  SINCE JAN 1   1594                      1784   -190     1683
..................................................................


WIND (MPH)
  HIGHEST WIND SPEED    15   HIGHEST WIND DIRECTION    SE (140)
  HIGHEST GUST SPEED    18   HIGHEST GUST DIRECTION    SE (140)
  AVERAGE WIND SPEED     4.9


SKY COVER
  POSSIBLE SUNSHINE  MM
  AVERAGE SKY COVER 0.9


WEATHER CONDITIONS
 THE FOLLOWING WEATHER WAS RECORDED TODAY.
  NO SIGNIFICANT WEATHER WAS OBSERVED.


RELATIVE HUMIDITY (PERCENT)
 HIGHEST    87           100 AM
 LOWEST     61          1200 PM
 AVERAGE    74

..........................................................


THE LITTLE ROCK ADAMS FIELD CLIMATE NORMALS FOR TOMORROW
                         NORMAL    RECORD    YEAR
 MAXIMUM TEMPERATURE (F)   91       107      2000
 MINIMUM TEMPERATURE (F)   70        54      1915


SUNRISE AND SUNSET
AUGUST 30 2014........SUNRISE   640 AM CDT   SUNSET   738 PM CDT
AUGUST 31 2014........SUNRISE   641 AM CDT   SUNSET   737 PM CDT


-  INDICATES NEGATIVE NUMBERS.
R  INDICATES RECORD WAS SET OR TIED.
MM INDICATES DATA IS MISSING.
T  INDICATES TRACE AMOUNT.




$$
