000
CDUS44 KLZK 300908
CLILIT


CLIMATE REPORT
NATIONAL WEATHER SERVICE LITTLE ROCK AR
407 AM CDT SAT MAY 30 2015


...................................

...THE LITTLE ROCK ADAMS FIELD CLIMATE SUMMARY FOR MAY 29 2015...

CLIMATE NORMAL PERIOD 1981 TO 2010
CLIMATE RECORD PERIOD 1874 TO 2015


WEATHER ITEM   OBSERVED TIME   RECORD YEAR NORMAL DEPARTURE LAST
                VALUE   (LST)  VALUE       VALUE  FROM      YEAR
                                                  NORMAL
..................................................................
TEMPERATURE (F)
 YESTERDAY
  MAXIMUM         88    316 PM  97    2012  85      3       79
  MINIMUM         67    531 AM  46    1971  65      2       69
  AVERAGE         78                        75      3       74

PRECIPITATION (IN)
  YESTERDAY        1.47          1.82 2014   0.14   1.33     1.82
  MONTH TO DATE    8.95                      4.60   4.35     6.40
  SINCE MAR 1     22.48                     14.42   8.06    16.64
  SINCE JAN 1     29.29                     21.63   7.66    22.21

SNOWFALL (IN)
  YESTERDAY        0.0          MM      MM   0.0    0.0      0.0
  MONTH TO DATE    0.0                       0.0    0.0      0.0
  SINCE MAR 1      5.7                       0.4    5.3      2.2
  SINCE JUL 1     11.1                       3.5    7.6      6.2
  SNOW DEPTH       0

DEGREE DAYS
 HEATING
  YESTERDAY        0                         0      0        0
  MONTH TO DATE   11                        18     -7       53
  SINCE MAR 1    483                       537    -54      691
  SINCE JUL 1   3129                      3050     79     3464

 COOLING
  YESTERDAY       13                        10      3        9
  MONTH TO DATE  222                       188     34      192
  SINCE MAR 1    312                       258     54      245
  SINCE JAN 1    312                       260     52      245
..................................................................


WIND (MPH)
  HIGHEST WIND SPEED    29   HIGHEST WIND DIRECTION     W (250)
  HIGHEST GUST SPEED    36   HIGHEST GUST DIRECTION     W (250)
  AVERAGE WIND SPEED     7.1


SKY COVER
  POSSIBLE SUNSHINE  MM
  AVERAGE SKY COVER 0.9


WEATHER CONDITIONS
 THE FOLLOWING WEATHER WAS RECORDED YESTERDAY.
  THUNDERSTORM
  HEAVY RAIN
  RAIN
  LIGHT RAIN
  FOG
  FOG W/VISIBILITY <= 1/4 MILE


RELATIVE HUMIDITY (PERCENT)
 HIGHEST    90           600 AM
 LOWEST     50           400 PM
 AVERAGE    70

..........................................................


THE LITTLE ROCK ADAMS FIELD CLIMATE NORMALS FOR TODAY
                         NORMAL    RECORD    YEAR
 MAXIMUM TEMPERATURE (F)   85        97      1977
 MINIMUM TEMPERATURE (F)   65        47      1971


SUNRISE AND SUNSET
MAY 30 2015...........SUNRISE   558 AM CDT   SUNSET   816 PM CDT
MAY 31 2015...........SUNRISE   557 AM CDT   SUNSET   816 PM CDT


-  INDICATES NEGATIVE NUMBERS.
R  INDICATES RECORD WAS SET OR TIED.
MM INDICATES DATA IS MISSING.
T  INDICATES TRACE AMOUNT.




$$
