000
CDUS44 KLZK 160723
CLILIT


CLIMATE REPORT
NATIONAL WEATHER SERVICE LITTLE ROCK AR
122 AM CST SAT DEC 16 2017


...................................

...THE LITTLE ROCK ADAMS FIELD CLIMATE SUMMARY FOR DECEMBER 15 2017...

CLIMATE NORMAL PERIOD 1981 TO 2010
CLIMATE RECORD PERIOD 1874 TO 2017


WEATHER ITEM   OBSERVED TIME   RECORD YEAR NORMAL DEPARTURE LAST
                VALUE   (LST)  VALUE       VALUE  FROM      YEAR
                                                  NORMAL
..................................................................
TEMPERATURE (F)
 YESTERDAY
  MAXIMUM         53    136 PM  72    1984  52      1       38
                                      1957
                                      1948
  MINIMUM         27    744 AM   6    1901  34     -7       26
  AVERAGE         40                        43     -3       32

PRECIPITATION (IN)
  YESTERDAY        0.00          1.94 1888   0.16  -0.16     0.00
  MONTH TO DATE    0.86                      2.57  -1.71     1.42
  SINCE DEC 1      0.86                      2.57  -1.71     1.42
  SINCE JAN 1     40.39                     47.35  -6.96    53.15

SNOWFALL (IN)
  YESTERDAY        0.0           2.0  1905   0.0    0.0      0.0
  MONTH TO DATE    0.0                       0.0    0.0      0.0
  SINCE DEC 1      0.0                       0.0    0.0      0.0
  SINCE JUL 1      T                         T      0.0      0.0
  SNOW DEPTH       0

DEGREE DAYS
 HEATING
  YESTERDAY       25                        22      3       33
  MONTH TO DATE  276                       307    -31      345
  SINCE DEC 1    276                       307    -31      345
  SINCE JUL 1    742                       821    -79      684

 COOLING
  YESTERDAY        0                         0      0        0
  MONTH TO DATE    0                         0      0        0
  SINCE DEC 1      0                         0      0        0
  SINCE JAN 1   2028                      2204   -176     2650
..................................................................


WIND (MPH)
  HIGHEST WIND SPEED    15   HIGHEST WIND DIRECTION    SW (240)
  HIGHEST GUST SPEED    18   HIGHEST GUST DIRECTION    SW (220)
  AVERAGE WIND SPEED     5.9


SKY COVER
  POSSIBLE SUNSHINE  MM
  AVERAGE SKY COVER 0.2


WEATHER CONDITIONS
 THE FOLLOWING WEATHER WAS RECORDED YESTERDAY.
  NO SIGNIFICANT WEATHER WAS OBSERVED.


RELATIVE HUMIDITY (PERCENT)
 HIGHEST    85           300 AM
 LOWEST     41           100 PM
 AVERAGE    63

..........................................................


THE LITTLE ROCK ADAMS FIELD CLIMATE NORMALS FOR TODAY
                         NORMAL    RECORD    YEAR
 MAXIMUM TEMPERATURE (F)   52        78      1924
 MINIMUM TEMPERATURE (F)   33         7      1989


SUNRISE AND SUNSET
DECEMBER 16 2017......SUNRISE   710 AM CST   SUNSET   500 PM CST
DECEMBER 17 2017......SUNRISE   710 AM CST   SUNSET   500 PM CST


-  INDICATES NEGATIVE NUMBERS.
R  INDICATES RECORD WAS SET OR TIED.
MM INDICATES DATA IS MISSING.
T  INDICATES TRACE AMOUNT.




$$
