000
CDUS45 KPIH 110754
CLILLJ


CLIMATE REPORT
NATIONAL WEATHER SERVICE POCATELLO ID
145 AM MDT FRI JUL 11 2014


...................................

...THE CHALLIS ID CLIMATE SUMMARY FOR JULY 10 2014...

CLIMATE NORMAL PERIOD 1981 TO 2010
CLIMATE RECORD PERIOD 1898 TO 2014


WEATHER ITEM   OBSERVED TIME   RECORD YEAR NORMAL DEPARTURE LAST
                VALUE   (LST)  VALUE       VALUE  FROM      YEAR
                                                  NORMAL
..................................................................
TEMPERATURE (F)
 YESTERDAY
  MAXIMUM         92    448 PM  99    1973  85      7       97
  MINIMUM         55    550 AM  38    1983  51      4       52
  AVERAGE         74                        68      6       75

PRECIPITATION (IN)
  YESTERDAY        0.00          1.85 1983   0.03  -0.03     0.00
  MONTH TO DATE    T                         0.32  -0.32     0.28
  SINCE OCT 1      3.81                      8.02  -4.21     4.09
  SINCE JAN 1      3.08                      6.09  -3.01     2.02

SNOWFALL (IN)
  YESTERDAY       MM
  MONTH TO DATE   MM
  SINCE JUN 1     MM
  SINCE JUL 1     MM
  SNOW DEPTH      MM

DEGREE DAYS
 HEATING
  YESTERDAY        0                         1     -1        0
  MONTH TO DATE    0                        14    -14        0
  SINCE JUN 1    166                       179    -13      121
  SINCE JUL 1      0                        14    -14        0

 COOLING
  YESTERDAY        9                         4      5       10
  MONTH TO DATE   82                        29     53       82
  SINCE JUN 1     88                        51     37      145
  SINCE JAN 1     88                        53     35      147
..................................................................


WIND (MPH)
  HIGHEST WIND SPEED    15   HIGHEST WIND DIRECTION    NW (310)
  HIGHEST GUST SPEED    21   HIGHEST GUST DIRECTION     N (350)
  AVERAGE WIND SPEED     4.0


SKY COVER
  POSSIBLE SUNSHINE  MM
  AVERAGE SKY COVER 0.0


WEATHER CONDITIONS
 THE FOLLOWING WEATHER WAS RECORDED YESTERDAY.
  NO SIGNIFICANT WEATHER WAS OBSERVED.


RELATIVE HUMIDITY (PERCENT)
 HIGHEST    72           400 AM
 LOWEST     12           600 PM
 AVERAGE    42

..........................................................


THE CHALLIS ID CLIMATE NORMALS FOR TODAY
                         NORMAL    RECORD    YEAR
 MAXIMUM TEMPERATURE (F)   85       101      2002
 MINIMUM TEMPERATURE (F)   51        40      1987


SUNRISE AND SUNSET
JULY 11 2014..........SUNRISE   603 AM MDT   SUNSET   922 PM MDT
JULY 12 2014..........SUNRISE   604 AM MDT   SUNSET   921 PM MDT


-  INDICATES NEGATIVE NUMBERS.
R  INDICATES RECORD WAS SET OR TIED.
MM INDICATES DATA IS MISSING.
T  INDICATES TRACE AMOUNT.




$$
