000
CDUS45 KPIH 200742
CLILLJ


CLIMATE REPORT
NATIONAL WEATHER SERVICE POCATELLO ID
139 AM MDT WED AUG 20 2014


...................................

...THE CHALLIS ID CLIMATE SUMMARY FOR AUGUST 19 2014...

CLIMATE NORMAL PERIOD 1981 TO 2010
CLIMATE RECORD PERIOD 1898 TO 2014


WEATHER ITEM   OBSERVED TIME   RECORD YEAR NORMAL DEPARTURE LAST
                VALUE   (LST)  VALUE       VALUE  FROM      YEAR
                                                  NORMAL
..................................................................
TEMPERATURE (F)
 YESTERDAY
  MAXIMUM         85    120 PM  95    2013  84      1       95
                                      1986
  MINIMUM         53    538 AM  35    1916  47      6       49
  AVERAGE         69                        66      3       72

PRECIPITATION (IN)
  YESTERDAY        0.04          0.50 1990   0.02   0.02     0.00
  MONTH TO DATE    0.77                      0.50   0.27     0.06
  SINCE OCT 1      4.62                      9.03  -4.41     4.41
  SINCE JAN 1      3.89                      7.10  -3.21     2.34

SNOWFALL (IN)
  YESTERDAY       MM
  MONTH TO DATE   MM
  SINCE JUN 1     MM
  SINCE JUL 1     MM
  SNOW DEPTH      MM

DEGREE DAYS
 HEATING
  YESTERDAY        0                         2     -2        0
  MONTH TO DATE    0                        16    -16        5
  SINCE JUN 1    167                       202    -35      126
  SINCE JUL 1      1                        37    -36        5

 COOLING
  YESTERDAY        4                         2      2        7
  MONTH TO DATE   66                        69     -3       74
  SINCE JUN 1    301                       223     78      338
  SINCE JAN 1    301                       225     76      340
..................................................................


WIND (MPH)
  HIGHEST WIND SPEED    25   HIGHEST WIND DIRECTION     W (260)
  HIGHEST GUST SPEED    36   HIGHEST GUST DIRECTION     W (260)
  AVERAGE WIND SPEED     6.6


SKY COVER
  POSSIBLE SUNSHINE  MM
  AVERAGE SKY COVER 0.1


WEATHER CONDITIONS
 THE FOLLOWING WEATHER WAS RECORDED YESTERDAY.
  RAIN
  LIGHT RAIN


RELATIVE HUMIDITY (PERCENT)
 HIGHEST    77          1100 PM
 LOWEST     31          1100 AM
 AVERAGE    54

..........................................................


THE CHALLIS ID CLIMATE NORMALS FOR TODAY
                         NORMAL    RECORD    YEAR
 MAXIMUM TEMPERATURE (F)   84        95      1914
 MINIMUM TEMPERATURE (F)   47        31      1916


SUNRISE AND SUNSET
AUGUST 20 2014........SUNRISE   646 AM MDT   SUNSET   834 PM MDT
AUGUST 21 2014........SUNRISE   647 AM MDT   SUNSET   832 PM MDT


-  INDICATES NEGATIVE NUMBERS.
R  INDICATES RECORD WAS SET OR TIED.
MM INDICATES DATA IS MISSING.
T  INDICATES TRACE AMOUNT.




$$
