000
CDUS45 KPIH 250730
CLILLJ


CLIMATE REPORT
NATIONAL WEATHER SERVICE POCATELLO ID
130 AM MDT TUE APR 25 2017


...................................

...THE CHALLIS ID CLIMATE SUMMARY FOR APRIL 24 2017...

CLIMATE NORMAL PERIOD 1981 TO 2010
CLIMATE RECORD PERIOD 1898 TO 2017


WEATHER ITEM   OBSERVED TIME   RECORD YEAR NORMAL DEPARTURE LAST
                VALUE   (LST)  VALUE       VALUE  FROM      YEAR
                                                  NORMAL
..................................................................
TEMPERATURE (F)
 YESTERDAY
  MAXIMUM         49   1224 PM  85    1977  59    -10       54
  MINIMUM         37    341 AM  15    1915  31      6       41
  AVERAGE         43                        45     -2       48

PRECIPITATION (IN)
  YESTERDAY        0.10          0.46 1930   0.03   0.07     0.29
  MONTH TO DATE    0.43                      0.62  -0.19     0.60
  SINCE OCT 1      6.64                      4.39   2.25     4.08
  SINCE JAN 1      3.23                      2.46   0.77     1.74

SNOWFALL (IN)
  YESTERDAY       MM
  MONTH TO DATE   MM
  SINCE MAR 1     MM
  SINCE JUL 1     MM
  SNOW DEPTH      MM

DEGREE DAYS
 HEATING
  YESTERDAY       22                        20      2       17
  MONTH TO DATE  547                       534     13      380
  SINCE MAR 1   1297                      1430   -133     1211
  SINCE JUL 1   7742                      7479    263     7146

 COOLING
  YESTERDAY        0                         0      0        0
  MONTH TO DATE    0                         0      0        0
  SINCE MAR 1      0                         0      0        0
  SINCE JAN 1      0                         0      0        0
..................................................................


WIND (MPH)
  HIGHEST WIND SPEED    22   HIGHEST WIND DIRECTION    SW (240)
  HIGHEST GUST SPEED    25   HIGHEST GUST DIRECTION    SW (240)
  AVERAGE WIND SPEED     5.6


SKY COVER
  POSSIBLE SUNSHINE  MM
  AVERAGE SKY COVER 0.8


WEATHER CONDITIONS
 THE FOLLOWING WEATHER WAS RECORDED YESTERDAY.
  LIGHT RAIN
  FOG


RELATIVE HUMIDITY (PERCENT)
 HIGHEST    85           700 AM
 LOWEST     56          1200 PM
 AVERAGE    71

..........................................................


THE CHALLIS ID CLIMATE NORMALS FOR TODAY
                         NORMAL    RECORD    YEAR
 MAXIMUM TEMPERATURE (F)   60        83      1977
 MINIMUM TEMPERATURE (F)   31        18      1921


SUNRISE AND SUNSET
APRIL 25 2017.........SUNRISE   636 AM MDT   SUNSET   834 PM MDT
APRIL 26 2017.........SUNRISE   634 AM MDT   SUNSET   836 PM MDT


-  INDICATES NEGATIVE NUMBERS.
R  INDICATES RECORD WAS SET OR TIED.
MM INDICATES DATA IS MISSING.
T  INDICATES TRACE AMOUNT.




$$
