000
CDUS45 KPIH 240737
CLILLJ


CLIMATE REPORT
NATIONAL WEATHER SERVICE POCATELLO ID
1235 AM MST TUE JAN 24 2017


...................................

...THE CHALLIS ID CLIMATE SUMMARY FOR JANUARY 23 2017...

CLIMATE NORMAL PERIOD 1981 TO 2010
CLIMATE RECORD PERIOD 1898 TO 2017


WEATHER ITEM   OBSERVED TIME   RECORD YEAR NORMAL DEPARTURE LAST
                VALUE   (LST)  VALUE       VALUE  FROM      YEAR
                                                  NORMAL
..................................................................
TEMPERATURE (F)
 YESTERDAY
  MAXIMUM         21    349 PM  55    1953  30     -9       28
  MINIMUM          7    120 AM -30    1962   9     -2       11
  AVERAGE         14                        20     -6       20

PRECIPITATION (IN)
  YESTERDAY        0.00          0.34 1950   0.01  -0.01     0.05
  MONTH TO DATE    1.50                      0.40   1.10     0.38
  SINCE OCT 1      4.91                      2.33   2.58     2.72
  SINCE JAN 1      1.50                      0.40   1.10     0.38

SNOWFALL (IN)
  YESTERDAY       MM
  MONTH TO DATE   MM
  SINCE DEC 1     MM
  SINCE JUL 1     MM
  SNOW DEPTH      MM

DEGREE DAYS
 HEATING
  YESTERDAY       51                        45      6       45
  MONTH TO DATE 1483                      1069    414     1163
  SINCE DEC 1   3161                      2522    639     2593
  SINCE JUL 1   4948                      4565    383     4459

 COOLING
  YESTERDAY        0                         0      0        0
  MONTH TO DATE    0                         0      0        0
  SINCE DEC 1      0                         0      0        0
  SINCE JAN 1      0                         0      0        0
..................................................................


WIND (MPH)
  HIGHEST WIND SPEED    10   HIGHEST WIND DIRECTION     S (190)
  HIGHEST GUST SPEED    11   HIGHEST GUST DIRECTION     S (190)
  AVERAGE WIND SPEED     1.2


SKY COVER
  POSSIBLE SUNSHINE  MM
  AVERAGE SKY COVER 0.9


WEATHER CONDITIONS
 THE FOLLOWING WEATHER WAS RECORDED YESTERDAY.
  FOG
  FOG W/VISIBILITY <= 1/4 MILE


RELATIVE HUMIDITY (PERCENT)
 HIGHEST   100          1200 AM
 LOWEST     91          1100 AM
 AVERAGE    96

..........................................................


THE CHALLIS ID CLIMATE NORMALS FOR TODAY
                         NORMAL    RECORD    YEAR
 MAXIMUM TEMPERATURE (F)   30        51      1992
 MINIMUM TEMPERATURE (F)   10       -26      1949


SUNRISE AND SUNSET
JANUARY 24 2017.......SUNRISE   803 AM MST   SUNSET   535 PM MST
JANUARY 25 2017.......SUNRISE   802 AM MST   SUNSET   537 PM MST


-  INDICATES NEGATIVE NUMBERS.
R  INDICATES RECORD WAS SET OR TIED.
MM INDICATES DATA IS MISSING.
T  INDICATES TRACE AMOUNT.




$$
