000
CDUS45 KPIH 010731
CLILLJ


CLIMATE REPORT
NATIONAL WEATHER SERVICE POCATELLO ID
131 AM MDT MON SEP 1 2014


...................................

...THE CHALLIS ID CLIMATE SUMMARY FOR AUGUST 31 2014...

CLIMATE NORMAL PERIOD 1981 TO 2010
CLIMATE RECORD PERIOD 1898 TO 2014


WEATHER ITEM   OBSERVED TIME   RECORD YEAR NORMAL DEPARTURE LAST
                VALUE   (LST)  VALUE       VALUE  FROM      YEAR
                                                  NORMAL
..................................................................
TEMPERATURE (F)
 YESTERDAY
  MAXIMUM         71    549 PM  93    1955  80     -9       90
  MINIMUM         49    642 AM  28    1932  43      6       45
  AVERAGE         60                        62     -2       68

PRECIPITATION (IN)
  YESTERDAY        0.05          0.23 1986   0.02   0.03     0.00
  MONTH TO DATE    1.70                      0.79   0.91     0.23
  SINCE OCT 1      5.55                      9.32  -3.77     4.58
  SINCE JAN 1      4.82                      7.39  -2.57     2.51

SNOWFALL (IN)
  YESTERDAY       MM
  MONTH TO DATE   MM
  SINCE JUN 1     MM
  SINCE JUL 1     MM
  SNOW DEPTH      MM

DEGREE DAYS
 HEATING
  YESTERDAY        5                         4      1        0
  MONTH TO DATE   67                        52     15        6
  SINCE JUN 1    234                       238     -4      127
  SINCE JUL 1     68                        73     -5        6

 COOLING
  YESTERDAY        0                         1     -1        3
  MONTH TO DATE   70                        86    -16      124
  SINCE JUN 1    305                       240     65      388
  SINCE JAN 1    305                       242     63      390
..................................................................


WIND (MPH)
  HIGHEST WIND SPEED    14   HIGHEST WIND DIRECTION     W (270)
  HIGHEST GUST SPEED    17   HIGHEST GUST DIRECTION     W (260)
  AVERAGE WIND SPEED     4.5


SKY COVER
  POSSIBLE SUNSHINE  MM
  AVERAGE SKY COVER 0.4


WEATHER CONDITIONS
 THE FOLLOWING WEATHER WAS RECORDED YESTERDAY.
  LIGHT RAIN


RELATIVE HUMIDITY (PERCENT)
 HIGHEST    93           500 AM
 LOWEST     23           600 PM
 AVERAGE    58

..........................................................


THE CHALLIS ID CLIMATE NORMALS FOR TODAY
                         NORMAL    RECORD    YEAR
 MAXIMUM TEMPERATURE (F)   79        93      1995
 MINIMUM TEMPERATURE (F)   43        33      1930


SUNRISE AND SUNSET
SEPTEMBER  1 2014.....SUNRISE   700 AM MDT   SUNSET   813 PM MDT
SEPTEMBER  2 2014.....SUNRISE   701 AM MDT   SUNSET   811 PM MDT


-  INDICATES NEGATIVE NUMBERS.
R  INDICATES RECORD WAS SET OR TIED.
MM INDICATES DATA IS MISSING.
T  INDICATES TRACE AMOUNT.




$$
