000
CDUS45 KPIH 180738
CLILLJ


CLIMATE REPORT
NATIONAL WEATHER SERVICE POCATELLO ID
1234 AM MST SAT NOV 18 2017


...................................

...THE CHALLIS ID CLIMATE SUMMARY FOR NOVEMBER 17 2017...

CLIMATE NORMAL PERIOD 1981 TO 2010
CLIMATE RECORD PERIOD 1898 TO 2017


WEATHER ITEM   OBSERVED TIME   RECORD YEAR NORMAL DEPARTURE LAST
                VALUE   (LST)  VALUE       VALUE  FROM      YEAR
                                                  NORMAL
..................................................................
TEMPERATURE (F)
 YESTERDAY
  MAXIMUM         42    202 PM  59    1976  39      3       38
  MINIMUM         24   1152 PM -10    2014  20      4       18
  AVERAGE         33                        29      4       28

PRECIPITATION (IN)
  YESTERDAY        T             0.22 1999   0.02  -0.02     0.00
  MONTH TO DATE    0.35                      0.31   0.04     0.08
  SINCE OCT 1      0.63                      0.98  -0.35     1.96
  SINCE JAN 1      7.71                      9.11  -1.40     5.94

SNOWFALL (IN)
  YESTERDAY       MM
  MONTH TO DATE   MM
  SINCE SEP 1     MM
  SINCE JUL 1     MM
  SNOW DEPTH      MM

DEGREE DAYS
 HEATING
  YESTERDAY       32                        36     -4       37
  MONTH TO DATE  486                       534    -48      416
  SINCE SEP 1   1513                      1455     58     1279
  SINCE JUL 1   1517                      1528    -11     1341

 COOLING
  YESTERDAY        0                         0      0        0
  MONTH TO DATE    0                         0      0        0
  SINCE SEP 1     37                         6     31        4
  SINCE JAN 1    378                       248    130      277
..................................................................


WIND (MPH)
  HIGHEST WIND SPEED    28   HIGHEST WIND DIRECTION     W (270)
  HIGHEST GUST SPEED    37   HIGHEST GUST DIRECTION     W (260)
  AVERAGE WIND SPEED     6.9


SKY COVER
  POSSIBLE SUNSHINE  MM
  AVERAGE SKY COVER 0.5


WEATHER CONDITIONS
 THE FOLLOWING WEATHER WAS RECORDED YESTERDAY.
  LIGHT SNOW
  HAZE


RELATIVE HUMIDITY (PERCENT)
 HIGHEST    82          1200 AM
 LOWEST     28           200 PM
 AVERAGE    55

..........................................................


THE CHALLIS ID CLIMATE NORMALS FOR TODAY
                         NORMAL    RECORD    YEAR
 MAXIMUM TEMPERATURE (F)   38        59      1976
 MINIMUM TEMPERATURE (F)   19        -7      2014


SUNRISE AND SUNSET
NOVEMBER 18 2017......SUNRISE   738 AM MST   SUNSET   506 PM MST
NOVEMBER 19 2017......SUNRISE   739 AM MST   SUNSET   505 PM MST


-  INDICATES NEGATIVE NUMBERS.
R  INDICATES RECORD WAS SET OR TIED.
MM INDICATES DATA IS MISSING.
T  INDICATES TRACE AMOUNT.




$$
