000
CDUS45 KPIH 240731
CLILLJ


CLIMATE REPORT
NATIONAL WEATHER SERVICE POCATELLO ID
130 AM MDT SAT SEP 24 2016


...................................

...THE CHALLIS ID CLIMATE SUMMARY FOR SEPTEMBER 23 2016...

CLIMATE NORMAL PERIOD 1981 TO 2010
CLIMATE RECORD PERIOD 1898 TO 2016


WEATHER ITEM   OBSERVED TIME   RECORD YEAR NORMAL DEPARTURE LAST
                VALUE   (LST)  VALUE       VALUE  FROM      YEAR
                                                  NORMAL
..................................................................
TEMPERATURE (F)
 YESTERDAY
  MAXIMUM         56    521 PM  90    1966  70    -14       83
  MINIMUM         42   1157 PM  18    1926  37      5       43
  AVERAGE         49                        53     -4       63

PRECIPITATION (IN)
  YESTERDAY        0.01          0.78 1917   0.02  -0.01     0.00
  MONTH TO DATE    0.39                      0.61  -0.22     0.89
  SINCE OCT 1      6.21                      9.93  -3.72     6.67
  SINCE JAN 1      3.87                      8.00  -4.13     4.88

SNOWFALL (IN)
  YESTERDAY       MM
  MONTH TO DATE   MM
  SINCE SEP 1     MM
  SINCE JUL 1     MM
  SNOW DEPTH      MM

DEGREE DAYS
 HEATING
  YESTERDAY       16                        12      4        2
  MONTH TO DATE  217                       184     33      152
  SINCE SEP 1    217                       184     33      152
  SINCE JUL 1    279                       257     22      215

 COOLING
  YESTERDAY        0                         0      0        0
  MONTH TO DATE    4                         4      0        7
  SINCE SEP 1      4                         4      0        7
  SINCE JAN 1    277                       246     31      314
..................................................................


WIND (MPH)
  HIGHEST WIND SPEED    17   HIGHEST WIND DIRECTION    NW (320)
  HIGHEST GUST SPEED    24   HIGHEST GUST DIRECTION    NW (330)
  AVERAGE WIND SPEED     7.2


SKY COVER
  POSSIBLE SUNSHINE  MM
  AVERAGE SKY COVER 0.8


WEATHER CONDITIONS
 THE FOLLOWING WEATHER WAS RECORDED YESTERDAY.
  LIGHT RAIN


RELATIVE HUMIDITY (PERCENT)
 HIGHEST    80          1200 AM
 LOWEST     59          1100 AM
 AVERAGE    70

..........................................................


THE CHALLIS ID CLIMATE NORMALS FOR TODAY
                         NORMAL    RECORD    YEAR
 MAXIMUM TEMPERATURE (F)   69        90      1966
 MINIMUM TEMPERATURE (F)   36        17      1926


SUNRISE AND SUNSET
SEPTEMBER 24 2016.....SUNRISE   727 AM MDT   SUNSET   729 PM MDT
SEPTEMBER 25 2016.....SUNRISE   728 AM MDT   SUNSET   728 PM MDT


-  INDICATES NEGATIVE NUMBERS.
R  INDICATES RECORD WAS SET OR TIED.
MM INDICATES DATA IS MISSING.
T  INDICATES TRACE AMOUNT.




$$
