051
CDUS45 KPIH 290733
CLILLJ


CLIMATE REPORT
NATIONAL WEATHER SERVICE POCATELLO ID
131 AM MDT SAT JUL 29 2017


...................................

...THE CHALLIS ID CLIMATE SUMMARY FOR JULY 28 2017...

CLIMATE NORMAL PERIOD 1981 TO 2010
CLIMATE RECORD PERIOD 1898 TO 2017


WEATHER ITEM   OBSERVED TIME   RECORD YEAR NORMAL DEPARTURE LAST
                VALUE   (LST)  VALUE       VALUE  FROM      YEAR
                                                  NORMAL
..................................................................
TEMPERATURE (F)
 YESTERDAY
  MAXIMUM         88    325 PM  99    2006  88      0       95
  MINIMUM         49    557 AM  37    1948  52     -3       51
  AVERAGE         69                        70     -1       73

PRECIPITATION (IN)
  YESTERDAY        0.00          0.86 1941   0.02  -0.02     0.00
  MONTH TO DATE    0.32                      0.75  -0.43     0.02
  SINCE OCT 1      9.24                      8.45   0.79     5.64
  SINCE JAN 1      5.83                      6.52  -0.69     3.30

SNOWFALL (IN)
  YESTERDAY       MM
  MONTH TO DATE   MM
  SINCE JUN 1     MM
  SINCE JUL 1     MM
  SNOW DEPTH      MM

DEGREE DAYS
 HEATING
  YESTERDAY        0                         0      0        0
  MONTH TO DATE    4                        18    -14       28
  SINCE JUN 1    127                       183    -56      101
  SINCE JUL 1      4                        18    -14       28

 COOLING
  YESTERDAY        4                         5     -1        8
  MONTH TO DATE  185                       115     70      102
  SINCE JUN 1    222                       137     85      167
  SINCE JAN 1    224                       139     85      167
..................................................................


WIND (MPH)
  HIGHEST WIND SPEED    26   HIGHEST WIND DIRECTION    NW (300)
  HIGHEST GUST SPEED    35   HIGHEST GUST DIRECTION     W (290)
  AVERAGE WIND SPEED     5.3


SKY COVER
  POSSIBLE SUNSHINE  MM
  AVERAGE SKY COVER 0.1


WEATHER CONDITIONS
 THE FOLLOWING WEATHER WAS RECORDED YESTERDAY.
  NO SIGNIFICANT WEATHER WAS OBSERVED.


RELATIVE HUMIDITY (PERCENT)
 HIGHEST   100           500 AM
 LOWEST     13           300 PM
 AVERAGE    57

..........................................................


THE CHALLIS ID CLIMATE NORMALS FOR TODAY
                         NORMAL    RECORD    YEAR
 MAXIMUM TEMPERATURE (F)   88        97      2006
                                             1972
 MINIMUM TEMPERATURE (F)   52        37      1948


SUNRISE AND SUNSET
JULY 29 2017..........SUNRISE   621 AM MDT   SUNSET   905 PM MDT
JULY 30 2017..........SUNRISE   622 AM MDT   SUNSET   904 PM MDT


-  INDICATES NEGATIVE NUMBERS.
R  INDICATES RECORD WAS SET OR TIED.
MM INDICATES DATA IS MISSING.
T  INDICATES TRACE AMOUNT.




$$
