000
CDUS45 KPIH 302334
CLILLJ


CLIMATE REPORT
NATIONAL WEATHER SERVICE POCATELLO ID
531 PM MDT SUN AUG 30 2015


...................................

...THE CHALLIS ID CLIMATE SUMMARY FOR AUGUST 30 2015...
VALID TODAY AS OF 0500 PM LOCAL TIME.

CLIMATE NORMAL PERIOD 1981 TO 2010
CLIMATE RECORD PERIOD 1898 TO 2015


WEATHER ITEM   OBSERVED TIME   RECORD YEAR NORMAL DEPARTURE LAST
                VALUE   (LST)  VALUE       VALUE  FROM      YEAR
                                                  NORMAL
..................................................................
TEMPERATURE (F)
 TODAY
  MAXIMUM         79    314 PM  92    1955  80     -1       77
  MINIMUM         51    625 AM  20    1927  44      7       53
  AVERAGE         65                        62      3       65

PRECIPITATION (IN)
  TODAY            0.04          0.31 1946   0.03   0.01     0.06
  MONTH TO DATE    0.50                      0.77  -0.27     1.65
  SINCE OCT 1      5.78                      9.30  -3.52     5.50
  SINCE JAN 1      3.99                      7.37  -3.38     4.77

SNOWFALL (IN)
  TODAY           MM
  MONTH TO DATE   MM
  SINCE JUN 1     MM
  SINCE JUL 1     MM
  SNOW DEPTH      MM

DEGREE DAYS
 HEATING
  TODAY            0                         4     -4        0
  MONTH TO DATE   27                        48    -21       62
  SINCE JUN 1    107                       234   -127      229
  SINCE JUL 1     60                        69     -9       63

 COOLING
  TODAY            0                         1     -1        0
  MONTH TO DATE  105                        84     21       70
  SINCE JUN 1    304                       238     66      305
  SINCE JAN 1    307                       240     67      305
..................................................................


WIND (MPH)
  HIGHEST WIND SPEED    38   HIGHEST WIND DIRECTION    SW (210)
  HIGHEST GUST SPEED    53   HIGHEST GUST DIRECTION    SW (220)
  AVERAGE WIND SPEED    11.0


SKY COVER
  POSSIBLE SUNSHINE  MM
  AVERAGE SKY COVER 0.2


WEATHER CONDITIONS
 THE FOLLOWING WEATHER WAS RECORDED TODAY.
  LIGHT RAIN


RELATIVE HUMIDITY (PERCENT)
 HIGHEST    77           600 AM
 LOWEST      8           300 PM
 AVERAGE    43

..........................................................


THE CHALLIS ID CLIMATE NORMALS FOR TOMORROW
                         NORMAL    RECORD    YEAR
 MAXIMUM TEMPERATURE (F)   80        93      1955
 MINIMUM TEMPERATURE (F)   43        28      1932


SUNRISE AND SUNSET
AUGUST 30 2015........SUNRISE   657 AM MDT   SUNSET   817 PM MDT
AUGUST 31 2015........SUNRISE   658 AM MDT   SUNSET   815 PM MDT


-  INDICATES NEGATIVE NUMBERS.
R  INDICATES RECORD WAS SET OR TIED.
MM INDICATES DATA IS MISSING.
T  INDICATES TRACE AMOUNT.




$$
