157
CDUS46 KMFR 060837
CLILMT


CLIMATE REPORT
NATIONAL WEATHER SERVICE MEDFORD, OR
137 AM PDT FRI MAY 6 2016


...................................

...THE KLAMATH FALLS OR CLIMATE SUMMARY FOR MAY 5 2016...

CLIMATE NORMAL PERIOD 1981 TO 2010
CLIMATE RECORD PERIOD 1928 TO 2016


WEATHER ITEM   OBSERVED TIME   RECORD YEAR NORMAL DEPARTURE LAST
                VALUE   (LST)  VALUE       VALUE  FROM      YEAR
                                                  NORMAL
..................................................................
TEMPERATURE (F)
 YESTERDAY
  MAXIMUM         60    344 PM  86    1992  62     -2       65
  MINIMUM         39    517 AM  23    2012  35      4       29
                                      2007
                                      1999
  AVERAGE         50                        48      2       47

PRECIPITATION (IN)
  YESTERDAY        0.02          0.41 1979   0.07  -0.05     0.00
  MONTH TO DATE    0.12                      0.35  -0.23     0.00
  SINCE OCT 1      9.71                     11.45  -1.74    10.06
  SINCE JAN 1      5.18                      6.76  -1.58     3.60

SNOWFALL (IN)
  YESTERDAY       MM                        MM     MM       MM
  MONTH TO DATE   MM                        MM     MM       MM
  SINCE JUL 1     MM                        MM     MM       MM
  SNOW DEPTH      MM

DEGREE DAYS
 HEATING
  YESTERDAY       15                        17     -2       18
  MONTH TO DATE   56                        86    -30       59
  SINCE MAR 1   1281                      1564   -283     1349
  SINCE JUL 1   5771                      6405   -634     4923

 COOLING
  YESTERDAY        0                         0      0        0
  MONTH TO DATE    0                         0      0        0
  SINCE MAR 1      0                         0      0        0
  SINCE JAN 1      0                         0      0        0
..................................................................


WIND (MPH)
  HIGHEST WIND SPEED    20   HIGHEST WIND DIRECTION    NW (300)
  HIGHEST GUST SPEED    23   HIGHEST GUST DIRECTION     W (290)
  AVERAGE WIND SPEED     6.6


SKY COVER
  POSSIBLE SUNSHINE  MM
  AVERAGE SKY COVER 0.4


WEATHER CONDITIONS
 THE FOLLOWING WEATHER WAS RECORDED YESTERDAY.
  LIGHT RAIN
  FOG
  FOG W/VISIBILITY <= 1/4 MILE


RELATIVE HUMIDITY (PERCENT)
 HIGHEST   100           700 AM
 LOWEST     53           300 PM

..........................................................


THE KLAMATH FALLS OR CLIMATE NORMALS FOR TODAY
                         NORMAL    RECORD    YEAR
 MAXIMUM TEMPERATURE (F)   63        88      1992
 MINIMUM TEMPERATURE (F)   35        18      1968


SUNRISE AND SUNSET
MAY  6 2016...........SUNRISE   555 AM PDT   SUNSET   812 PM PDT
MAY  7 2016...........SUNRISE   554 AM PDT   SUNSET   813 PM PDT


-  INDICATES NEGATIVE NUMBERS.
R  INDICATES RECORD WAS SET OR TIED.
MM INDICATES DATA IS MISSING.
T  INDICATES TRACE AMOUNT.




$$
