996
CDUS46 KMFR 270837
CLILMT


CLIMATE REPORT
NATIONAL WEATHER SERVICE MEDFORD, OR
137 AM PDT THU JUL 27 2017


...................................

...THE KLAMATH FALLS OR CLIMATE SUMMARY FOR JULY 26 2017...

CLIMATE NORMAL PERIOD 1981 TO 2010
CLIMATE RECORD PERIOD 1928 TO 2017


WEATHER ITEM   OBSERVED TIME   RECORD YEAR NORMAL DEPARTURE LAST
                VALUE   (LST)  VALUE       VALUE  FROM      YEAR
                                                  NORMAL
..................................................................
TEMPERATURE (F)
 YESTERDAY
  MAXIMUM         85    404 PM  97    1996  86     -1       93
  MINIMUM         53    423 AM  39    1967  49      4       47
  AVERAGE         69                        67      2       70

PRECIPITATION (IN)
  YESTERDAY        0.00          0.17 1946   0.01  -0.01     0.00
  MONTH TO DATE    0.98                      0.44   0.54     0.42
  SINCE OCT 1     12.24                     13.96  -1.72    11.64
  SINCE JAN 1      7.49                      9.27  -1.78     7.11

SNOWFALL (IN)
  YESTERDAY       MM                        MM     MM       MM
  MONTH TO DATE   MM                        MM     MM       MM
  SINCE JUL 1     MM                        MM     MM       MM
  SNOW DEPTH      MM

DEGREE DAYS
 HEATING
  YESTERDAY        0                         1     -1        0
  MONTH TO DATE    1                        42    -41       72
  SINCE JUN 1    168                       259    -91      240
  SINCE JUL 1      1                        42    -41       72

 COOLING
  YESTERDAY        4                         3      1        5
  MONTH TO DATE  105                        63     42       31
  SINCE JUN 1    168                        74     94       80
  SINCE JAN 1    171                        75     96       80
..................................................................


WIND (MPH)
  HIGHEST WIND SPEED    24   HIGHEST WIND DIRECTION     S (170)
  HIGHEST GUST SPEED    36   HIGHEST GUST DIRECTION     S (170)
  AVERAGE WIND SPEED     5.6


SKY COVER
  POSSIBLE SUNSHINE  MM
  AVERAGE SKY COVER 0.3


WEATHER CONDITIONS
 THE FOLLOWING WEATHER WAS RECORDED YESTERDAY.
  NO SIGNIFICANT WEATHER WAS OBSERVED.


RELATIVE HUMIDITY (PERCENT)
 HIGHEST   100           500 AM
 LOWEST     29           400 PM

..........................................................


THE KLAMATH FALLS OR CLIMATE NORMALS FOR TODAY
                         NORMAL    RECORD    YEAR
 MAXIMUM TEMPERATURE (F)   86        96      1998
 MINIMUM TEMPERATURE (F)   49        40      2015
                                             1987


SUNRISE AND SUNSET
JULY 27 2017..........SUNRISE   555 AM PDT   SUNSET   831 PM PDT
JULY 28 2017..........SUNRISE   556 AM PDT   SUNSET   830 PM PDT


-  INDICATES NEGATIVE NUMBERS.
R  INDICATES RECORD WAS SET OR TIED.
MM INDICATES DATA IS MISSING.
T  INDICATES TRACE AMOUNT.




$$
