000
CDUS46 KMFR 250036
CLILMT


CLIMATE REPORT
NATIONAL WEATHER SERVICE MEDFORD, OR
536 PM PDT SUN MAY 24 2015


...................................

...THE KLAMATH FALLS OR CLIMATE SUMMARY FOR MAY 24 2015...
VALID TODAY AS OF 0500 PM LOCAL TIME.

CLIMATE NORMAL PERIOD 1981 TO 2010
CLIMATE RECORD PERIOD 1928 TO 2015


WEATHER ITEM   OBSERVED TIME   RECORD YEAR NORMAL DEPARTURE LAST
                VALUE   (LST)  VALUE       VALUE  FROM      YEAR
                                                  NORMAL
..................................................................
TEMPERATURE (F)
 TODAY
  MAXIMUM         74    225 PM  89    1992  67      7       77
  MINIMUM         39    431 AM  25    2011  38      1       39
  AVERAGE         57                        53      4       58

PRECIPITATION (IN)
  TODAY            0.00          0.36 1973   0.02  -0.02     0.00
  MONTH TO DATE    1.45                      1.26   0.19     1.25
  SINCE OCT 1     11.51                     12.36  -0.85     6.67
  SINCE JAN 1      5.05                      7.67  -2.62     6.04

SNOWFALL (IN)
  TODAY           MM                        MM     MM       MM
  MONTH TO DATE   MM                        MM     MM       MM
  SINCE JUL 1     MM                        MM     MM        0.0
  SNOW DEPTH      MM

DEGREE DAYS
 HEATING
  TODAY            8                        12     -4        7
  MONTH TO DATE  350                       357     -7      286
  SINCE MAR 1   1640                      1835   -195     1590
  SINCE JUL 1   5214                      6676  -1462     6373

 COOLING
  TODAY            0                         0      0        0
  MONTH TO DATE    0                         0      0        0
  SINCE MAR 1      0                         0      0        0
  SINCE JAN 1      0                         0      0        0
..................................................................


WIND (MPH)
  HIGHEST WIND SPEED    17   HIGHEST WIND DIRECTION     W (260)
  HIGHEST GUST SPEED    22   HIGHEST GUST DIRECTION     W (250)
  AVERAGE WIND SPEED     4.0


SKY COVER
  POSSIBLE SUNSHINE  MM
  AVERAGE SKY COVER 0.1


WEATHER CONDITIONS
 THE FOLLOWING WEATHER WAS RECORDED TODAY.
  FOG


RELATIVE HUMIDITY (PERCENT)
 HIGHEST    96           600 AM
 LOWEST     22           200 PM

..........................................................


THE KLAMATH FALLS OR CLIMATE NORMALS FOR TOMORROW
                         NORMAL    RECORD    YEAR
 MAXIMUM TEMPERATURE (F)   68        87      1982
 MINIMUM TEMPERATURE (F)   38        24      1975


SUNRISE AND SUNSET
MAY 24 2015...........SUNRISE   538 AM PDT   SUNSET   830 PM PDT
MAY 25 2015...........SUNRISE   538 AM PDT   SUNSET   831 PM PDT


-  INDICATES NEGATIVE NUMBERS.
R  INDICATES RECORD WAS SET OR TIED.
MM INDICATES DATA IS MISSING.
T  INDICATES TRACE AMOUNT.




$$
