000
CDUS46 KMFR 010838
CLILMT


CLIMATE REPORT
NATIONAL WEATHER SERVICE MEDFORD, OR
138 AM PDT MON SEP 1 2014


...................................

...THE KLAMATH FALLS OR CLIMATE SUMMARY FOR AUGUST 31 2014...

CLIMATE NORMAL PERIOD 1981 TO 2010
CLIMATE RECORD PERIOD 1928 TO 2014


WEATHER ITEM   OBSERVED TIME   RECORD YEAR NORMAL DEPARTURE LAST
                VALUE   (LST)  VALUE       VALUE  FROM      YEAR
                                                  NORMAL
..................................................................
TEMPERATURE (F)
 YESTERDAY
  MAXIMUM         77    342 PM  95    1998  80     -3       89
  MINIMUM         38    548 AM  31    2010  44     -6       43
                                      1999
  AVERAGE         58                        62     -4       66

PRECIPITATION (IN)
  YESTERDAY        0.00          0.71 1963   0.03  -0.03     0.00
  MONTH TO DATE    0.92                      0.43   0.49     0.24
  SINCE SEP 1      8.25                     14.96  -6.71     8.45
  SINCE JAN 1      7.51                      9.74  -2.23     4.79

SNOWFALL (IN)
  YESTERDAY       MM                        MM     MM       MM
  MONTH TO DATE   MM                        MM     MM       MM
  SINCE JUL 1     MM                        MM     MM       MM
  SNOW DEPTH      MM

DEGREE DAYS
 HEATING
  YESTERDAY        7                         4      3        0
  MONTH TO DATE   38                        68    -30       67
  SINCE JUN 1    223                       336   -113      246
  SINCE JUL 1     48                       119    -71       68

 COOLING
  YESTERDAY        0                         1     -1        1
  MONTH TO DATE   93                        65     28       50
  SINCE JUN 1    321                       158    163      268
  SINCE JAN 1    321                       159    162      268
..................................................................


WIND (MPH)
  HIGHEST WIND SPEED    20   HIGHEST WIND DIRECTION    NW (320)
  HIGHEST GUST SPEED    23   HIGHEST GUST DIRECTION    NW (330)
  AVERAGE WIND SPEED     4.6


SKY COVER
  POSSIBLE SUNSHINE  MM
  AVERAGE SKY COVER 0.0


WEATHER CONDITIONS
 THE FOLLOWING WEATHER WAS RECORDED YESTERDAY.
  FOG


RELATIVE HUMIDITY (PERCENT)
 HIGHEST    93           400 AM
 LOWEST     20          1200 PM

..........................................................


THE KLAMATH FALLS OR CLIMATE NORMALS FOR TODAY
                         NORMAL    RECORD    YEAR
 MAXIMUM TEMPERATURE (F)   80        98      1998
 MINIMUM TEMPERATURE (F)   43        31      2008


SUNRISE AND SUNSET
SEPTEMBER  1 2014.....SUNRISE   632 AM PDT   SUNSET   740 PM PDT
SEPTEMBER  2 2014.....SUNRISE   633 AM PDT   SUNSET   739 PM PDT


-  INDICATES NEGATIVE NUMBERS.
R  INDICATES RECORD WAS SET OR TIED.
MM INDICATES DATA IS MISSING.
T  INDICATES TRACE AMOUNT.




$$
