000
CDUS46 KMFR 010838
CLILMT


CLIMATE REPORT
NATIONAL WEATHER SERVICE MEDFORD, OR
137 AM PDT SAT AUG 1 2015


...................................

...THE KLAMATH FALLS OR CLIMATE SUMMARY FOR JULY 31 2015...

CLIMATE NORMAL PERIOD 1981 TO 2010
CLIMATE RECORD PERIOD 1928 TO 2015


WEATHER ITEM   OBSERVED TIME   RECORD YEAR NORMAL DEPARTURE LAST
                VALUE   (LST)  VALUE       VALUE  FROM      YEAR
                                                  NORMAL
..................................................................
TEMPERATURE (F)
 YESTERDAY
  MAXIMUM         97    306 PM  98    1977  86     11       93
  MINIMUM         54    519 AM  34    2001  49      5       52
  AVERAGE         76                        67      9       73

PRECIPITATION (IN)
  YESTERDAY        0.00          0.59 1985   0.01  -0.01      T
  MONTH TO DATE    0.52                      0.48   0.04     0.09
  SINCE OCT 1     12.40                     14.00  -1.60     7.22
  SINCE JAN 1      5.94                      9.31  -3.37     6.59

SNOWFALL (IN)
  YESTERDAY       MM                        MM     MM       MM
  MONTH TO DATE   MM                        MM     MM       MM
  SINCE JUL 1     MM                        MM     MM       MM
  SNOW DEPTH      MM

DEGREE DAYS
 HEATING
  YESTERDAY        0                         1     -1        0
  MONTH TO DATE   18                        47    -29       10
  SINCE JUN 1     70                       267   -197      185
  SINCE JUL 1     18                        50    -32       10

 COOLING
  YESTERDAY       11                         3      8        8
  MONTH TO DATE  128                        82     46      221
  SINCE JUN 1    219                        93    126      228
  SINCE JAN 1    222                        94    128      228
..................................................................


WIND (MPH)
  HIGHEST WIND SPEED    20   HIGHEST WIND DIRECTION     W (270)
  HIGHEST GUST SPEED    22   HIGHEST GUST DIRECTION     W (270)
  AVERAGE WIND SPEED     5.7


SKY COVER
  POSSIBLE SUNSHINE  MM
  AVERAGE SKY COVER 0.0


WEATHER CONDITIONS
 THE FOLLOWING WEATHER WAS RECORDED YESTERDAY.
  NO SIGNIFICANT WEATHER WAS OBSERVED.


RELATIVE HUMIDITY (PERCENT)
 HIGHEST    77           600 AM
 LOWEST      9           300 PM

..........................................................


THE KLAMATH FALLS OR CLIMATE NORMALS FOR TODAY
                         NORMAL    RECORD    YEAR
 MAXIMUM TEMPERATURE (F)   86        97      1977
 MINIMUM TEMPERATURE (F)   49        40      1985


SUNRISE AND SUNSET
AUGUST  1 2015........SUNRISE   600 AM PDT   SUNSET   826 PM PDT
AUGUST  2 2015........SUNRISE   601 AM PDT   SUNSET   825 PM PDT


-  INDICATES NEGATIVE NUMBERS.
R  INDICATES RECORD WAS SET OR TIED.
MM INDICATES DATA IS MISSING.
T  INDICATES TRACE AMOUNT.




$$
