000
CDUS45 KRIW 010734
CLILND


CLIMATE REPORT
NATIONAL WEATHER SERVICE RIVERTON WY
134 AM MDT WED OCT 1 2014


...................................

...THE LANDER WY CLIMATE SUMMARY FOR SEPTEMBER 30 2014...

CLIMATE NORMAL PERIOD 1981 TO 2010
CLIMATE RECORD PERIOD 1891 TO 2014


WEATHER ITEM   OBSERVED TIME   RECORD YEAR NORMAL DEPARTURE LAST
                VALUE   (LST)  VALUE       VALUE  FROM      YEAR
                                                  NORMAL
..................................................................
TEMPERATURE (F)
 YESTERDAY
  MAXIMUM         65    327 PM  86    1980  65      0       69
  MINIMUM         38    422 AM  20    1985  38      0       50
  AVERAGE         52                        52      0       60

PRECIPITATION (IN)
  YESTERDAY        0.00          1.93 1944   0.04  -0.04     0.00
  MONTH TO DATE    1.79                      1.05   0.74     3.78
  SINCE SEP 1      1.79                      1.05   0.74     3.78
  SINCE JAN 1      8.81                      9.93  -1.12    11.64

SNOWFALL (IN)
  YESTERDAY        0.0                       0.2   -0.2      0.0
  MONTH TO DATE    T                         2.7   -2.7      4.1
  SINCE SEP 1      T                         2.7   -2.7      4.1
  SINCE JUL 1      T                         2.7   -2.7      4.1
  SNOW DEPTH       0

DEGREE DAYS
 HEATING
  YESTERDAY       13                        13      0        5
  MONTH TO DATE  153                       219    -66      192
  SINCE SEP 1    153                       219    -66      192
  SINCE JUL 1    197                       259    -62      192

 COOLING
  YESTERDAY        0                         0      0        0
  MONTH TO DATE   39                        27     12       65
  SINCE SEP 1     39                        27     12       65
  SINCE JAN 1    445                       472    -27      743
..................................................................


WIND (MPH)
  HIGHEST WIND SPEED    14   HIGHEST WIND DIRECTION    SE (140)
  HIGHEST GUST SPEED    17   HIGHEST GUST DIRECTION     N (350)
  AVERAGE WIND SPEED     4.4


SKY COVER
  POSSIBLE SUNSHINE  MM
  AVERAGE SKY COVER 0.1


WEATHER CONDITIONS
 THE FOLLOWING WEATHER WAS RECORDED YESTERDAY.
  NO SIGNIFICANT WEATHER WAS OBSERVED.


RELATIVE HUMIDITY (PERCENT)
 HIGHEST    79           500 AM
 LOWEST     36           400 PM
 AVERAGE    58

..........................................................


THE LANDER WY CLIMATE NORMALS FOR TODAY
                         NORMAL    RECORD    YEAR
 MAXIMUM TEMPERATURE (F)   65        85      2011
                                             1963
 MINIMUM TEMPERATURE (F)   38        24      1950
                                             1944


SUNRISE AND SUNSET
OCTOBER  1 2014.......SUNRISE   712 AM MDT   SUNSET   656 PM MDT
OCTOBER  2 2014.......SUNRISE   713 AM MDT   SUNSET   654 PM MDT


-  INDICATES NEGATIVE NUMBERS.
R  INDICATES RECORD WAS SET OR TIED.
MM INDICATES DATA IS MISSING.
T  INDICATES TRACE AMOUNT.




$$
