467
CDUS45 KRIW 280743
CLILND


CLIMATE REPORT
NATIONAL WEATHER SERVICE RIVERTON WY
131 AM MDT FRI APR 28 2017


...................................

...THE LANDER WY CLIMATE SUMMARY FOR APRIL 27 2017...

CLIMATE NORMAL PERIOD 1981 TO 2010
CLIMATE RECORD PERIOD 1891 TO 2017


WEATHER ITEM   OBSERVED TIME   RECORD YEAR NORMAL DEPARTURE LAST
                VALUE   (LST)  VALUE       VALUE  FROM      YEAR
                                                  NORMAL
..................................................................
TEMPERATURE (F)
 YESTERDAY
  MAXIMUM         45    844 AM  82    1910  60    -15       38
  MINIMUM         32   1159 PM  16    1984  34     -2       31
  AVERAGE         39                        47     -8       35

PRECIPITATION (IN)
  YESTERDAY        0.54          0.59 1917   0.08   0.46     0.04
  MONTH TO DATE    2.32                      1.64   0.68     3.78
  SINCE MAR 1      6.97                      2.80   4.17     8.37
  SINCE JAN 1      9.35                      3.79   5.56     9.29

SNOWFALL (IN)
  YESTERDAY        T                         0.5   -0.5      0.5
  MONTH TO DATE   10.7                      15.3   -4.6      4.3
  SINCE MAR 1     16.4                      31.4  -15.0     37.6
  SINCE JUL 1     77.4                      85.0   -7.6     74.6
  SNOW DEPTH      MM

DEGREE DAYS
 HEATING
  YESTERDAY       26                        18      8       30
  MONTH TO DATE  577                       583     -6      517
  SINCE MAR 1   1289                      1498   -209     1338
  SINCE JUL 1   6992                      7202   -210     6489

 COOLING
  YESTERDAY        0                         0      0        0
  MONTH TO DATE    0                         0      0        0
  SINCE MAR 1      0                         0      0        0
  SINCE JAN 1      0                         0      0        0
..................................................................


WIND (MPH)
  HIGHEST WIND SPEED    29   HIGHEST WIND DIRECTION    NW (330)
  HIGHEST GUST SPEED    33   HIGHEST GUST DIRECTION    NW (330)
  AVERAGE WIND SPEED     8.2


SKY COVER
  POSSIBLE SUNSHINE  MM
  AVERAGE SKY COVER 0.8


WEATHER CONDITIONS
 THE FOLLOWING WEATHER WAS RECORDED YESTERDAY.
  THUNDERSTORM
  HEAVY RAIN
  RAIN
  LIGHT RAIN
  LIGHT SNOW
  FOG


RELATIVE HUMIDITY (PERCENT)
 HIGHEST   100          1200 PM
 LOWEST     57          1200 AM
 AVERAGE    79

..........................................................


THE LANDER WY CLIMATE NORMALS FOR TODAY
                         NORMAL    RECORD    YEAR
 MAXIMUM TEMPERATURE (F)   60        81      2000
 MINIMUM TEMPERATURE (F)   35        14      1984


SUNRISE AND SUNSET
APRIL 28 2017.........SUNRISE   613 AM MDT   SUNSET   813 PM MDT
APRIL 29 2017.........SUNRISE   611 AM MDT   SUNSET   814 PM MDT


-  INDICATES NEGATIVE NUMBERS.
R  INDICATES RECORD WAS SET OR TIED.
MM INDICATES DATA IS MISSING.
T  INDICATES TRACE AMOUNT.




$$
