000
CDUS45 KRIW 010738
CLILND


CLIMATE REPORT
NATIONAL WEATHER SERVICE RIVERTON WY
127 AM MDT SUN MAY 1 2016


...................................

...THE LANDER WY CLIMATE SUMMARY FOR APRIL 30 2016...

CLIMATE NORMAL PERIOD 1981 TO 2010
CLIMATE RECORD PERIOD 1891 TO 2016


WEATHER ITEM   OBSERVED TIME   RECORD YEAR NORMAL DEPARTURE LAST
                VALUE   (LST)  VALUE       VALUE  FROM      YEAR
                                                  NORMAL
..................................................................
TEMPERATURE (F)
 YESTERDAY
  MAXIMUM         40   1103 AM  80    1992  61    -21       65
                                      1987
  MINIMUM         33   1120 AM   6    1909  35     -2       41
  AVERAGE         37                        48    -11       53

PRECIPITATION (IN)
  YESTERDAY        0.52          2.41 1895   0.08   0.44      T
  MONTH TO DATE    4.61                      1.87   2.74     2.31
  SINCE MAR 1      9.20                      3.03   6.17     2.86
  SINCE JAN 1     10.12                      4.02   6.10     4.42

SNOWFALL (IN)
  YESTERDAY        T                         0.5   -0.5      0.0
  MONTH TO DATE    4.3                      16.8  -12.5     10.3
  SINCE MAR 1     37.6                      32.9    4.7     19.2
  SINCE JUL 1     74.6                      86.5  -11.9     73.1
  SNOW DEPTH       0

DEGREE DAYS
 HEATING
  YESTERDAY       28                        17     11       12
  MONTH TO DATE  605                       634    -29      593
  SINCE MAR 1   1426                      1550   -124     1358
  SINCE JUL 1   6577                      7254   -677     6482

 COOLING
  YESTERDAY        0                         0      0        0
  MONTH TO DATE    0                         0      0        0
  SINCE MAR 1      0                         0      0        0
  SINCE JAN 1      0                         0      0        0
..................................................................


WIND (MPH)
  HIGHEST WIND SPEED    16   HIGHEST WIND DIRECTION     E (90)
  HIGHEST GUST SPEED    20   HIGHEST GUST DIRECTION     E (90)
  AVERAGE WIND SPEED     6.2


SKY COVER
  POSSIBLE SUNSHINE  MM
  AVERAGE SKY COVER 1.0


WEATHER CONDITIONS
 THE FOLLOWING WEATHER WAS RECORDED YESTERDAY.
  HEAVY RAIN
  RAIN
  LIGHT RAIN
  LIGHT SNOW
  FOG


RELATIVE HUMIDITY (PERCENT)
 HIGHEST    96          1200 AM
 LOWEST     85           900 AM
 AVERAGE    91

..........................................................


THE LANDER WY CLIMATE NORMALS FOR TODAY
                         NORMAL    RECORD    YEAR
 MAXIMUM TEMPERATURE (F)   62        80      1981
                                             1901
 MINIMUM TEMPERATURE (F)   36        18      1954


SUNRISE AND SUNSET
MAY  1 2016...........SUNRISE   608 AM MDT   SUNSET   816 PM MDT
MAY  2 2016...........SUNRISE   607 AM MDT   SUNSET   817 PM MDT


-  INDICATES NEGATIVE NUMBERS.
R  INDICATES RECORD WAS SET OR TIED.
MM INDICATES DATA IS MISSING.
T  INDICATES TRACE AMOUNT.




$$
