262
CDUS43 KOAX 062244
CLILNK


CLIMATE REPORT
NATIONAL WEATHER SERVICE OMAHA NEBRASKA
442 PM CST SAT FEB 6 2016


...................................

...THE LINCOLN, NEBRASKA CLIMATE SUMMARY FOR FEBRUARY 6 2016...
VALID TODAY AS OF 0400 PM LOCAL TIME.

CLIMATE NORMAL PERIOD 1981 TO 2010
CLIMATE RECORD PERIOD 1887 TO 2016


WEATHER ITEM   OBSERVED TIME   RECORD YEAR NORMAL DEPARTURE LAST
                VALUE   (LST)  VALUE       VALUE  FROM      YEAR
                                                  NORMAL
..................................................................
TEMPERATURE (F)
 TODAY
  MAXIMUM         39    344 PM  65    2009  38      1       43
  MINIMUM         15    723 AM -17    1889  16     -1       22
  AVERAGE         27                        26      1       33

PRECIPITATION (IN)
  TODAY            0.00          0.87 2005   0.03  -0.03     0.00
  MONTH TO DATE    0.75                      0.16   0.59     0.82
  SINCE DEC 1      6.00                      1.75   4.25     2.95
  SINCE JAN 1      1.58                      0.80   0.78     1.73

SNOWFALL (IN)
  TODAY            0.0                       0.2   -0.2      0.0
  MONTH TO DATE    7.3                       1.3    6.0     11.5
  SINCE JUL 1     20.5                      15.4    5.1     20.5
  SNOW DEPTH       3

DEGREE DAYS
 HEATING
  TODAY           38                        39     -1       32
  MONTH TO DATE  238                       234      4      299
  SINCE DEC 1   2388                      2670   -282     2469
  SINCE JUL 1   3288                      3931   -643     3778

 COOLING
  TODAY            0                         0      0        0
  MONTH TO DATE    0                         0      0        0
  SINCE DEC 1      0                         0      0        0
  SINCE JAN 1      0                         0      0        0
..................................................................


WIND (MPH)
  HIGHEST WIND SPEED    18   HIGHEST WIND DIRECTION    SW (220)
  HIGHEST GUST SPEED    23   HIGHEST GUST DIRECTION    SW (210)
  AVERAGE WIND SPEED     6.9


SKY COVER
  POSSIBLE SUNSHINE  MM
  AVERAGE SKY COVER 0.2


WEATHER CONDITIONS
 THE FOLLOWING WEATHER WAS RECORDED TODAY.
  FOG
  FOG W/VISIBILITY <= 1/4 MILE


RELATIVE HUMIDITY (PERCENT)
 HIGHEST    96          1000 AM
 LOWEST     59           400 PM
 AVERAGE    78

..........................................................


THE LINCOLN, NEBRASKA CLIMATE NORMALS FOR TOMORROW
                         NORMAL    RECORD    YEAR
 MAXIMUM TEMPERATURE (F)   38        71      1987
 MINIMUM TEMPERATURE (F)   16       -18      1895


SUNRISE AND SUNSET
FEBRUARY  6 2016......SUNRISE   733 AM CST   SUNSET   550 PM CST
FEBRUARY  7 2016......SUNRISE   731 AM CST   SUNSET   551 PM CST


-  INDICATES NEGATIVE NUMBERS.
R  INDICATES RECORD WAS SET OR TIED.
MM INDICATES DATA IS MISSING.
T  INDICATES TRACE AMOUNT.




$$
