000
CDUS43 KOAX 280635
CLILNK


CLIMATE REPORT
NATIONAL WEATHER SERVICE OMAHA NEBRASKA
133 AM CDT WED JUN 28 2017


...................................

...THE LINCOLN, NEBRASKA CLIMATE SUMMARY FOR JUNE 27 2017...

CLIMATE NORMAL PERIOD 1981 TO 2010
CLIMATE RECORD PERIOD 1887 TO 2017


WEATHER ITEM   OBSERVED TIME   RECORD YEAR NORMAL DEPARTURE LAST
                VALUE   (LST)  VALUE       VALUE  FROM      YEAR
                                                  NORMAL
..................................................................
TEMPERATURE (F)
 YESTERDAY
  MAXIMUM         84    401 PM 104    1934  88     -4       93
  MINIMUM         51    354 AM  49    1950  64    -13       71
  AVERAGE         68                        76     -8       82

PRECIPITATION (IN)
  YESTERDAY        T             2.72 1966   0.14  -0.14     0.00
  MONTH TO DATE    4.93                      3.96   0.97     0.58
  SINCE JUN 1      4.93                      3.96   0.97     0.58
  SINCE JAN 1     18.04                     14.30   3.74    12.89

SNOWFALL (IN)
  YESTERDAY        0.0                       0.0    0.0      0.0
  MONTH TO DATE    T                         0.0    0.0      0.0
  SINCE JUL 1      7.5                      25.9  -18.4     20.5
  SNOW DEPTH       0

DEGREE DAYS
 HEATING
  YESTERDAY        0                         0      0        0
  MONTH TO DATE    2                        13    -11        0
  SINCE JUN 1      2                        13    -11        0
  SINCE JUL 1   5018                      6053  -1035     4880

 COOLING
  YESTERDAY        3                        11     -8       17
  MONTH TO DATE  275                       209     66      378
  SINCE JUN 1    275                       209     66      378
  SINCE JAN 1    358                       288     70      449
..................................................................


WIND (MPH)
  HIGHEST WIND SPEED    36   HIGHEST WIND DIRECTION     W (290)
  HIGHEST GUST SPEED    43   HIGHEST GUST DIRECTION     W (280)
  AVERAGE WIND SPEED    14.2


SKY COVER
  POSSIBLE SUNSHINE  MM
  AVERAGE SKY COVER 0.2


WEATHER CONDITIONS
 THE FOLLOWING WEATHER WAS RECORDED YESTERDAY.
  THUNDERSTORM
  LIGHT RAIN
  FOG
  FOG W/VISIBILITY <= 1/4 MILE
  HAZE


RELATIVE HUMIDITY (PERCENT)
 HIGHEST   100           500 AM
 LOWEST     54           200 PM
 AVERAGE    77

..........................................................


THE LINCOLN, NEBRASKA CLIMATE NORMALS FOR TODAY
                         NORMAL    RECORD    YEAR
 MAXIMUM TEMPERATURE (F)   88       103      1936
                                             1934
                                             1901
 MINIMUM TEMPERATURE (F)   65        52      2011
                                             1985


SUNRISE AND SUNSET
JUNE 28 2017..........SUNRISE   558 AM CDT   SUNSET   903 PM CDT
JUNE 29 2017..........SUNRISE   558 AM CDT   SUNSET   903 PM CDT


-  INDICATES NEGATIVE NUMBERS.
R  INDICATES RECORD WAS SET OR TIED.
MM INDICATES DATA IS MISSING.
T  INDICATES TRACE AMOUNT.




$$

KLISH
