000
CDUS43 KOAX 210621
CLILNK


CLIMATE REPORT
NATIONAL WEATHER SERVICE OMAHA NEBRASKA
121 AM CDT THU SEP 21 2017


...................................

...THE LINCOLN, NEBRASKA CLIMATE SUMMARY FOR SEPTEMBER 20 2017...

CLIMATE NORMAL PERIOD 1981 TO 2010
CLIMATE RECORD PERIOD 1887 TO 2017


WEATHER ITEM   OBSERVED TIME   RECORD YEAR NORMAL DEPARTURE LAST
                VALUE   (LST)  VALUE       VALUE  FROM      YEAR
                                                  NORMAL
..................................................................
TEMPERATURE (F)
 YESTERDAY
  MAXIMUM         82    406 PM  96    2016  77      5       96
  MINIMUM         60   1148 PM  31    1918  51      9       57
  AVERAGE         71                        64      7       77

PRECIPITATION (IN)
  YESTERDAY        0.00          2.61 1955   0.10  -0.10     0.00
  MONTH TO DATE    0.46                      2.13  -1.67     3.03
  SINCE SEP 1      0.46                      2.13  -1.67     3.03
  SINCE JAN 1     30.29                     23.71   6.58    24.42

SNOWFALL (IN)
  YESTERDAY        0.0                       0.0    0.0      0.0
  MONTH TO DATE    0.0                       0.0    0.0      0.0
  SINCE JUL 1      0.0                       0.0    0.0      0.0
  SNOW DEPTH       0

DEGREE DAYS
 HEATING
  YESTERDAY        0                         4     -4        0
  MONTH TO DATE   18                        39    -21        9
  SINCE SEP 1     18                        39    -21        9
  SINCE JUL 1     18                        45    -27       10

 COOLING
  YESTERDAY        6                         3      3       12
  MONTH TO DATE  134                       102     32      144
  SINCE SEP 1    134                       102     32      144
  SINCE JAN 1   1164                      1137     27     1373
..................................................................


WIND (MPH)
  HIGHEST WIND SPEED    25   HIGHEST WIND DIRECTION     S (180)
  HIGHEST GUST SPEED    32   HIGHEST GUST DIRECTION     S (180)
  AVERAGE WIND SPEED    10.3


SKY COVER
  POSSIBLE SUNSHINE  MM
  AVERAGE SKY COVER 0.0


WEATHER CONDITIONS
 THE FOLLOWING WEATHER WAS RECORDED YESTERDAY.
  NO SIGNIFICANT WEATHER WAS OBSERVED.


RELATIVE HUMIDITY (PERCENT)
 HIGHEST    79          1200 AM
 LOWEST     34           400 PM
 AVERAGE    57

..........................................................


THE LINCOLN, NEBRASKA CLIMATE NORMALS FOR TODAY
                         NORMAL    RECORD    YEAR
 MAXIMUM TEMPERATURE (F)   77       103      2005
 MINIMUM TEMPERATURE (F)   51        32      1999


SUNRISE AND SUNSET
SEPTEMBER 21 2017.....SUNRISE   714 AM CDT   SUNSET   725 PM CDT
SEPTEMBER 22 2017.....SUNRISE   715 AM CDT   SUNSET   724 PM CDT


-  INDICATES NEGATIVE NUMBERS.
R  INDICATES RECORD WAS SET OR TIED.
MM INDICATES DATA IS MISSING.
T  INDICATES TRACE AMOUNT.




$$
