186
CDUS43 KOAX 200639
CLILNK


CLIMATE REPORT
NATIONAL WEATHER SERVICE OMAHA NEBRASKA
1237 AM CST FRI JAN 20 2017


...................................

...THE LINCOLN, NEBRASKA CLIMATE SUMMARY FOR JANUARY 19 2017...

CLIMATE NORMAL PERIOD 1981 TO 2010
CLIMATE RECORD PERIOD 1887 TO 2017


WEATHER ITEM   OBSERVED TIME   RECORD YEAR NORMAL DEPARTURE LAST
                VALUE   (LST)  VALUE       VALUE  FROM      YEAR
                                                  NORMAL
..................................................................
TEMPERATURE (F)
 YESTERDAY
  MAXIMUM         44    107 PM  66    2014  35      9       24
  MINIMUM         31    628 AM -29    1892  14     17       19
  AVERAGE         38                        24     14       22

PRECIPITATION (IN)
  YESTERDAY        0.00          0.78 1889   0.02  -0.02     0.08
  MONTH TO DATE    0.95                      0.37   0.58     0.63
  SINCE DEC 1      2.57                      1.32   1.25     5.05
  SINCE JAN 1      0.95                      0.37   0.58     0.63

SNOWFALL (IN)
  YESTERDAY        0.0                       0.2   -0.2      1.4
  MONTH TO DATE    2.0                       3.1   -1.1      2.7
  SINCE JUL 1      3.7                      11.8   -8.1     10.1
  SNOW DEPTH       0

DEGREE DAYS
 HEATING
  YESTERDAY       27                        41    -14       43
  MONTH TO DATE  790                       776     14      778
  SINCE DEC 1   1973                      1960     13     1742
  SINCE JUL 1   2781                      3221   -440     2642

 COOLING
  YESTERDAY        0                         0      0        0
  MONTH TO DATE    0                         0      0        0
  SINCE DEC 1      0                         0      0        0
  SINCE JAN 1      0                         0      0        0
..................................................................


WIND (MPH)
  HIGHEST WIND SPEED    15   HIGHEST WIND DIRECTION     S (180)
  HIGHEST GUST SPEED    18   HIGHEST GUST DIRECTION     S (160)
  AVERAGE WIND SPEED     5.5


SKY COVER
  POSSIBLE SUNSHINE  MM
  AVERAGE SKY COVER 0.8


WEATHER CONDITIONS
 THE FOLLOWING WEATHER WAS RECORDED YESTERDAY.
  FOG


RELATIVE HUMIDITY (PERCENT)
 HIGHEST   100           700 AM
 LOWEST     82          1200 AM
 AVERAGE    91

..........................................................


THE LINCOLN, NEBRASKA CLIMATE NORMALS FOR TODAY
                         NORMAL    RECORD    YEAR
 MAXIMUM TEMPERATURE (F)   35        68      1944
 MINIMUM TEMPERATURE (F)   14       -18      1888


SUNRISE AND SUNSET
JANUARY 20 2017.......SUNRISE   747 AM CST   SUNSET   530 PM CST
JANUARY 21 2017.......SUNRISE   746 AM CST   SUNSET   531 PM CST


-  INDICATES NEGATIVE NUMBERS.
R  INDICATES RECORD WAS SET OR TIED.
MM INDICATES DATA IS MISSING.
T  INDICATES TRACE AMOUNT.




$$
