112
CDUS43 KOAX 040635
CLILNK


CLIMATE REPORT
NATIONAL WEATHER SERVICE OMAHA NEBRASKA
134 AM CDT WED MAY 4 2016


...................................

...THE LINCOLN, NEBRASKA CLIMATE SUMMARY FOR MAY 3 2016...

CLIMATE NORMAL PERIOD 1981 TO 2010
CLIMATE RECORD PERIOD 1887 TO 2016


WEATHER ITEM   OBSERVED TIME   RECORD YEAR NORMAL DEPARTURE LAST
                VALUE   (LST)  VALUE       VALUE  FROM      YEAR
                                                  NORMAL
..................................................................
TEMPERATURE (F)
 YESTERDAY
  MAXIMUM         72    540 PM  91    1949  70      2       84
  MINIMUM         39    525 AM  25    1976  46     -7       60
  AVERAGE         56                        58     -2       72

PRECIPITATION (IN)
  YESTERDAY        0.00          1.90 2001   0.13  -0.13     0.30
  MONTH TO DATE    0.06                      0.38  -0.32     0.38
  SINCE MAR 1      5.36                      5.02   0.34     3.14
  SINCE JAN 1      6.95                      6.43   0.52     4.98

SNOWFALL (IN)
  YESTERDAY        0.0                       0.0    0.0      0.0
  MONTH TO DATE    0.0                       0.0    0.0      0.0
  SINCE JUL 1     20.5                      25.9   -5.4     21.9
  SNOW DEPTH       0

DEGREE DAYS
 HEATING
  YESTERDAY        9                         8      1        0
  MONTH TO DATE   33                        25      8        2
  SINCE MAR 1    869                      1215   -346      998
  SINCE JUL 1   4786                      5918  -1132     5685

 COOLING
  YESTERDAY        0                         1     -1        7
  MONTH TO DATE    0                         3     -3       12
  SINCE MAR 1      9                        17     -8       17
  SINCE JAN 1      9                        17     -8       17
..................................................................


WIND (MPH)
  HIGHEST WIND SPEED    18   HIGHEST WIND DIRECTION     W (280)
  HIGHEST GUST SPEED    21   HIGHEST GUST DIRECTION     W (280)
  AVERAGE WIND SPEED     5.2


SKY COVER
  POSSIBLE SUNSHINE  MM
  AVERAGE SKY COVER 0.1


WEATHER CONDITIONS
 THE FOLLOWING WEATHER WAS RECORDED YESTERDAY.
  NO SIGNIFICANT WEATHER WAS OBSERVED.


RELATIVE HUMIDITY (PERCENT)
 HIGHEST    96           300 AM
 LOWEST     29           500 PM
 AVERAGE    63

..........................................................


THE LINCOLN, NEBRASKA CLIMATE NORMALS FOR TODAY
                         NORMAL    RECORD    YEAR
 MAXIMUM TEMPERATURE (F)   70        91      1952
 MINIMUM TEMPERATURE (F)   46        30      1944
                                             1907


SUNRISE AND SUNSET
MAY  4 2016...........SUNRISE   621 AM CDT   SUNSET   827 PM CDT
MAY  5 2016...........SUNRISE   620 AM CDT   SUNSET   828 PM CDT


-  INDICATES NEGATIVE NUMBERS.
R  INDICATES RECORD WAS SET OR TIED.
MM INDICATES DATA IS MISSING.
T  INDICATES TRACE AMOUNT.




$$
