000
CDUS43 KOAX 250639
CLILNK


CLIMATE REPORT
NATIONAL WEATHER SERVICE OMAHA NEBRASKA
1237 AM CST THU DEC 25 2014


...................................

...THE LINCOLN, NEBRASKA CLIMATE SUMMARY FOR DECEMBER 24 2014...

CLIMATE NORMAL PERIOD 1981 TO 2010
CLIMATE RECORD PERIOD 1887 TO 2014


WEATHER ITEM   OBSERVED TIME   RECORD YEAR NORMAL DEPARTURE LAST
                VALUE   (LST)  VALUE       VALUE  FROM      YEAR
                                                  NORMAL
..................................................................
TEMPERATURE (F)
 YESTERDAY
  MAXIMUM         34    145 AM  62    1889  35     -1       29
  MINIMUM         26   1142 PM -18    1983  15     11        5
  AVERAGE         30                        25      5       17

PRECIPITATION (IN)
  YESTERDAY        T             0.70 1982   0.03  -0.03      T
  MONTH TO DATE    1.14                      0.78   0.36     0.22
  SINCE DEC 1      1.14                      0.78   0.36     0.22
  SINCE JAN 1     34.66                     28.78   5.88    26.71

SNOWFALL (IN)
  YESTERDAY        T                         0.2   -0.2       T
  MONTH TO DATE    0.7                       4.6   -3.9      5.7
  SINCE JUL 1      3.7                       7.4   -3.7      5.9
  SNOW DEPTH       0

DEGREE DAYS
 HEATING
  YESTERDAY       35                        40     -5       48
  MONTH TO DATE  721                       903   -182     1067
  SINCE DEC 1    721                       903   -182     1067
  SINCE JUL 1   2030                      2164   -134     2364

 COOLING
  YESTERDAY        0                         0      0        0
  MONTH TO DATE    0                         0      0        0
  SINCE DEC 1      0                         0      0        0
  SINCE JAN 1   1237                      1173     64     1236
..................................................................


WIND (MPH)
  HIGHEST WIND SPEED    28   HIGHEST WIND DIRECTION     N (340)
  HIGHEST GUST SPEED    33   HIGHEST GUST DIRECTION     N (340)
  AVERAGE WIND SPEED    11.1


SKY COVER
  POSSIBLE SUNSHINE  MM
  AVERAGE SKY COVER 0.7


WEATHER CONDITIONS
 THE FOLLOWING WEATHER WAS RECORDED YESTERDAY.
  LIGHT RAIN
  LIGHT SNOW
  FOG


RELATIVE HUMIDITY (PERCENT)
 HIGHEST    92           600 PM
 LOWEST     78           700 AM
 AVERAGE    85

..........................................................


THE LINCOLN, NEBRASKA CLIMATE NORMALS FOR TODAY
                         NORMAL    RECORD    YEAR
 MAXIMUM TEMPERATURE (F)   35        65      1889
 MINIMUM TEMPERATURE (F)   15       -16      1983


SUNRISE AND SUNSET
DECEMBER 25 2014......SUNRISE   750 AM CST   SUNSET   505 PM CST
DECEMBER 26 2014......SUNRISE   750 AM CST   SUNSET   505 PM CST


-  INDICATES NEGATIVE NUMBERS.
R  INDICATES RECORD WAS SET OR TIED.
MM INDICATES DATA IS MISSING.
T  INDICATES TRACE AMOUNT.




$$
