000
CDUS43 KOAX 300651
CLILNK


CLIMATE REPORT
NATIONAL WEATHER SERVICE OMAHA NEBRASKA
150 AM CDT TUE AUG 30 2016


...................................

...THE LINCOLN, NEBRASKA CLIMATE SUMMARY FOR AUGUST 29 2016...

CLIMATE NORMAL PERIOD 1981 TO 2010
CLIMATE RECORD PERIOD 1887 TO 2016


WEATHER ITEM   OBSERVED TIME   RECORD YEAR NORMAL DEPARTURE LAST
                VALUE   (LST)  VALUE       VALUE  FROM      YEAR
                                                  NORMAL
..................................................................
TEMPERATURE (F)
 YESTERDAY
  MAXIMUM         89    116 PM 101    1947  85      4       74
  MINIMUM         68    552 AM  41    1946  61      7       61
  AVERAGE         79                        73      6       68

PRECIPITATION (IN)
  YESTERDAY        0.46          5.45 1910   0.12   0.34      T
  MONTH TO DATE    3.76                      3.26   0.50     3.78
  SINCE JUN 1      9.01                     11.01  -2.00    13.83
  SINCE JAN 1     21.32                     21.35  -0.03    29.33

SNOWFALL (IN)
  YESTERDAY        0.0                       0.0    0.0      0.0
  MONTH TO DATE    0.0                       0.0    0.0      0.0
  SINCE JUL 1      0.0                       0.0    0.0      0.0
  SNOW DEPTH       0

DEGREE DAYS
 HEATING
  YESTERDAY        0                         0      0        0
  MONTH TO DATE    1                         0      1        3
  SINCE JUN 1      1                        17    -16        4
  SINCE JUL 1      1                         1      0        4

 COOLING
  YESTERDAY       14                         8      6        3
  MONTH TO DATE  319                       309     10      268
  SINCE JUN 1   1141                       941    200      914
  SINCE JAN 1   1212                      1020    192      966
..................................................................


WIND (MPH)
  HIGHEST WIND SPEED    22   HIGHEST WIND DIRECTION     S (190)
  HIGHEST GUST SPEED    27   HIGHEST GUST DIRECTION     S (190)
  AVERAGE WIND SPEED     5.6


SKY COVER
  POSSIBLE SUNSHINE  MM
  AVERAGE SKY COVER 0.3


WEATHER CONDITIONS
 THE FOLLOWING WEATHER WAS RECORDED YESTERDAY.
  THUNDERSTORM
  HEAVY RAIN
  LIGHT RAIN
  FOG


RELATIVE HUMIDITY (PERCENT)
 HIGHEST   100          1100 PM
 LOWEST     59           200 PM
 AVERAGE    80

..........................................................


THE LINCOLN, NEBRASKA CLIMATE NORMALS FOR TODAY
                         NORMAL    RECORD    YEAR
 MAXIMUM TEMPERATURE (F)   85       103      1913
 MINIMUM TEMPERATURE (F)   61        42      1915


SUNRISE AND SUNSET
AUGUST 30 2016........SUNRISE   652 AM CDT   SUNSET   802 PM CDT
AUGUST 31 2016........SUNRISE   653 AM CDT   SUNSET   800 PM CDT


-  INDICATES NEGATIVE NUMBERS.
R  INDICATES RECORD WAS SET OR TIED.
MM INDICATES DATA IS MISSING.
T  INDICATES TRACE AMOUNT.




$$
