000
CDUS43 KOAX 202230
CLILNK


CLIMATE REPORT
NATIONAL WEATHER SERVICE OMAHA NEBRASKA
429 PM CST TUE FEB 20 2018


...................................

...THE LINCOLN, NEBRASKA CLIMATE SUMMARY FOR FEBRUARY 20 2018...
VALID TODAY AS OF 0400 PM LOCAL TIME.

CLIMATE NORMAL PERIOD 1981 TO 2010
CLIMATE RECORD PERIOD 1887 TO 2018


WEATHER ITEM   OBSERVED TIME   RECORD YEAR NORMAL DEPARTURE LAST
                VALUE   (LST)  VALUE       VALUE  FROM      YEAR
                                                  NORMAL
..................................................................
TEMPERATURE (F)
 TODAY
  MAXIMUM         22    352 PM  71    1991  42    -20       67
  MINIMUM         14    855 AM -10    1918  20     -6       34
  AVERAGE         18                        31    -13       51

PRECIPITATION (IN)
  TODAY            T             1.36 1954   0.02  -0.02     0.01
  MONTH TO DATE    0.49                      0.52  -0.03     0.02
  SINCE DEC 1      1.28                      2.11  -0.83     2.74
  SINCE JAN 1      0.90                      1.16  -0.26     1.12

SNOWFALL (IN)
  TODAY            T                         0.2   -0.2      0.0
  MONTH TO DATE    7.8                       4.2    3.6      0.2
  SINCE JUL 1     15.5                      18.3   -2.8      5.1
  SNOW DEPTH       T

DEGREE DAYS
 HEATING
  TODAY           47                        34     13       14
  MONTH TO DATE  873                       744    129      535
  SINCE DEC 1   3276                      3180     96     2869
  SINCE JUL 1   4329                      4441   -112     3677

 COOLING
  TODAY            0                         0      0        0
  MONTH TO DATE    0                         0      0        0
  SINCE DEC 1      0                         0      0        0
  SINCE JAN 1      0                         0      0        0
..................................................................


WIND (MPH)
  HIGHEST WIND SPEED    24   HIGHEST WIND DIRECTION    NW (330)
  HIGHEST GUST SPEED    31   HIGHEST GUST DIRECTION    NW (330)
  AVERAGE WIND SPEED    16.3


SKY COVER
  POSSIBLE SUNSHINE  MM
  AVERAGE SKY COVER 0.8


WEATHER CONDITIONS
 THE FOLLOWING WEATHER WAS RECORDED TODAY.
  LIGHT SNOW
  FOG


RELATIVE HUMIDITY (PERCENT)
 HIGHEST    92          1200 AM
 LOWEST     62           400 PM
 AVERAGE    77

..........................................................


THE LINCOLN, NEBRASKA CLIMATE NORMALS FOR TOMORROW
                         NORMAL    RECORD    YEAR
 MAXIMUM TEMPERATURE (F)   42        76      2017
 MINIMUM TEMPERATURE (F)   20        -9      1918


SUNRISE AND SUNSET
FEBRUARY 20 2018......SUNRISE   714 AM CST   SUNSET   608 PM CST
FEBRUARY 21 2018......SUNRISE   713 AM CST   SUNSET   609 PM CST


-  INDICATES NEGATIVE NUMBERS.
R  INDICATES RECORD WAS SET OR TIED.
MM INDICATES DATA IS MISSING.
T  INDICATES TRACE AMOUNT.




$$
