000
CDUS43 KOAX 170807
CLILNK


CLIMATE REPORT
NATIONAL WEATHER SERVICE OMAHA NEBRASKA
306 AM CDT THU APR 17 2014


...................................

...THE LINCOLN, NEBRASKA CLIMATE SUMMARY FOR APRIL 16 2014...

CLIMATE NORMAL PERIOD 1981 TO 2010
CLIMATE RECORD PERIOD 1887 TO 2014


WEATHER ITEM   OBSERVED TIME   RECORD YEAR NORMAL DEPARTURE LAST
                VALUE   (LST)  VALUE       VALUE  FROM      YEAR
                                                  NORMAL
..................................................................
TEMPERATURE (F)
 YESTERDAY
  MAXIMUM         70    137 PM  91    1964  65      5       50
  MINIMUM         37   1159 PM  21    1904  39     -2       35
  AVERAGE         54                        52      2       43

PRECIPITATION (IN)
  YESTERDAY        0.00          1.52 1969   0.09  -0.09     0.00
  MONTH TO DATE    1.48                      1.23   0.25     1.64
  SINCE MAR 1      1.61                      3.16  -1.55     3.76
  SINCE JAN 1      2.47                      4.57  -2.10     5.03

SNOWFALL (IN)
  YESTERDAY        0.0                       0.0    0.0      0.0
  MONTH TO DATE    0.5                       1.0   -0.5      0.5
  SINCE JUL 1     18.2                      25.5   -7.3     24.7
  SNOW DEPTH       0

DEGREE DAYS
 HEATING
  YESTERDAY       11                        14     -3       22
  MONTH TO DATE  270                       260     10      325
  SINCE MAR 1   1127                      1033     94     1254
  SINCE JUL 1   6244                      5736    508     5882

 COOLING
  YESTERDAY        0                         0      0        0
  MONTH TO DATE    5                         0      5        0
  SINCE MAR 1      5                         1      4        0
  SINCE JAN 1      5                         1      4        0
..................................................................


WIND (MPH)
  HIGHEST WIND SPEED    33   HIGHEST WIND DIRECTION     S (190)
  HIGHEST GUST SPEED    42   HIGHEST GUST DIRECTION     S (190)
  AVERAGE WIND SPEED    23.6


SKY COVER
  POSSIBLE SUNSHINE  MM
  AVERAGE SKY COVER 0.2


WEATHER CONDITIONS
 THE FOLLOWING WEATHER WAS RECORDED YESTERDAY.
  NO SIGNIFICANT WEATHER WAS OBSERVED.


RELATIVE HUMIDITY (PERCENT)
 HIGHEST    64          1100 PM
 LOWEST     19           100 PM
 AVERAGE    42

..........................................................


THE LINCOLN, NEBRASKA CLIMATE NORMALS FOR TODAY
                         NORMAL    RECORD    YEAR
 MAXIMUM TEMPERATURE (F)   65        90      2004
 MINIMUM TEMPERATURE (F)   39        20      1907


SUNRISE AND SUNSET
APRIL 17 2014.........SUNRISE   645 AM CDT   SUNSET   809 PM CDT
APRIL 18 2014.........SUNRISE   644 AM CDT   SUNSET   810 PM CDT


-  INDICATES NEGATIVE NUMBERS.
R  INDICATES RECORD WAS SET OR TIED.
MM INDICATES DATA IS MISSING.
T  INDICATES TRACE AMOUNT.




$$
