000
CDUS43 KOAX 290639
CLILNK


CLIMATE REPORT
NATIONAL WEATHER SERVICE OMAHA NEBRASKA
139 AM CDT TUE JUL 29 2014


...................................

...THE LINCOLN, NEBRASKA CLIMATE SUMMARY FOR JULY 28 2014...

CLIMATE NORMAL PERIOD 1981 TO 2010
CLIMATE RECORD PERIOD 1887 TO 2014


WEATHER ITEM   OBSERVED TIME   RECORD YEAR NORMAL DEPARTURE LAST
                VALUE   (LST)  VALUE       VALUE  FROM      YEAR
                                                  NORMAL
..................................................................
TEMPERATURE (F)
 YESTERDAY
  MAXIMUM         81    343 PM 106    1940  89     -8       80
  MINIMUM         57    257 AM  47    2013  66     -9       47
                                      1994
  AVERAGE         69                        78     -9       64

PRECIPITATION (IN)
  YESTERDAY        0.00          1.97 1892   0.10  -0.10     0.00
  MONTH TO DATE    0.51                      3.08  -2.57     0.28
  SINCE JUN 1      6.41                      7.43  -1.02     2.77
  SINCE JAN 1     16.16                     17.77  -1.61    18.62

SNOWFALL (IN)
  YESTERDAY        0.0                       0.0    0.0      0.0
  MONTH TO DATE    0.0                       0.0    0.0      0.0
  SINCE JUL 1      0.0                       0.0    0.0      0.0
  SNOW DEPTH       0

DEGREE DAYS
 HEATING
  YESTERDAY        0                         0      0        1
  MONTH TO DATE    2                         0      2        2
  SINCE JUN 1      4                        16    -12       22
  SINCE JUL 1      2                         0      2        2

 COOLING
  YESTERDAY        4                        13     -9        0
  MONTH TO DATE  306                       357    -51      330
  SINCE JUN 1    584                       599    -15      561
  SINCE JAN 1    744                       678     66      648
..................................................................


WIND (MPH)
  HIGHEST WIND SPEED    18   HIGHEST WIND DIRECTION     N (340)
  HIGHEST GUST SPEED    24   HIGHEST GUST DIRECTION     N (360)
  AVERAGE WIND SPEED     9.5


SKY COVER
  POSSIBLE SUNSHINE  MM
  AVERAGE SKY COVER 0.2


WEATHER CONDITIONS
 THE FOLLOWING WEATHER WAS RECORDED YESTERDAY.
  NO SIGNIFICANT WEATHER WAS OBSERVED.


RELATIVE HUMIDITY (PERCENT)
 HIGHEST    86           300 AM
 LOWEST     36           500 PM
 AVERAGE    61

..........................................................


THE LINCOLN, NEBRASKA CLIMATE NORMALS FOR TODAY
                         NORMAL    RECORD    YEAR
 MAXIMUM TEMPERATURE (F)   89       105      1947
                                             1917
 MINIMUM TEMPERATURE (F)   66        49      1994


SUNRISE AND SUNSET
JULY 29 2014..........SUNRISE   621 AM CDT   SUNSET   846 PM CDT
JULY 30 2014..........SUNRISE   621 AM CDT   SUNSET   845 PM CDT


-  INDICATES NEGATIVE NUMBERS.
R  INDICATES RECORD WAS SET OR TIED.
MM INDICATES DATA IS MISSING.
T  INDICATES TRACE AMOUNT.




$$
