000
CDUS43 KOAX 080625
CLILNK


CLIMATE REPORT
NATIONAL WEATHER SERVICE OMAHA NEBRASKA
1223 AM CST THU DEC 8 2016


...................................

...THE LINCOLN, NEBRASKA CLIMATE SUMMARY FOR DECEMBER 7 2016...

CLIMATE NORMAL PERIOD 1981 TO 2010
CLIMATE RECORD PERIOD 1887 TO 2016


WEATHER ITEM   OBSERVED TIME   RECORD YEAR NORMAL DEPARTURE LAST
                VALUE   (LST)  VALUE       VALUE  FROM      YEAR
                                                  NORMAL
..................................................................
TEMPERATURE (F)
 YESTERDAY
  MAXIMUM         27    304 PM  65    1984  39    -12       56
                                      1894
  MINIMUM         16   1159 PM  -9    1917  18     -2       27
  AVERAGE         22                        29     -7       42

PRECIPITATION (IN)
  YESTERDAY        0.00          0.74 1892   0.04  -0.04     0.00
  MONTH TO DATE    0.53                      0.25   0.28      T
  SINCE DEC 1      0.53                      0.25   0.28      T
  SINCE JAN 1     27.81                     28.25  -0.44    36.74

SNOWFALL (IN)
  YESTERDAY        0.0                       0.1   -0.1      0.0
  MONTH TO DATE    1.5                       1.2    0.3       T
  SINCE JUL 1      1.5                       4.0   -2.5      1.3
  SNOW DEPTH       0

DEGREE DAYS
 HEATING
  YESTERDAY       43                        36      7       23
  MONTH TO DATE  236                       246    -10      189
  SINCE DEC 1    236                       246    -10      189
  SINCE JUL 1   1044                      1507   -463     1089

 COOLING
  YESTERDAY        0                         0      0        0
  MONTH TO DATE    0                         0      0        0
  SINCE DEC 1      0                         0      0        0
  SINCE JAN 1   1449                      1173    276     1243
..................................................................


WIND (MPH)
  HIGHEST WIND SPEED    23   HIGHEST WIND DIRECTION    NW (320)
  HIGHEST GUST SPEED    29   HIGHEST GUST DIRECTION    NW (320)
  AVERAGE WIND SPEED    12.9


SKY COVER
  POSSIBLE SUNSHINE  MM
  AVERAGE SKY COVER 0.5


WEATHER CONDITIONS
 THE FOLLOWING WEATHER WAS RECORDED YESTERDAY.
  NO SIGNIFICANT WEATHER WAS OBSERVED.


RELATIVE HUMIDITY (PERCENT)
 HIGHEST    62           300 AM
 LOWEST     38           300 PM
 AVERAGE    50

..........................................................


THE LINCOLN, NEBRASKA CLIMATE NORMALS FOR TODAY
                         NORMAL    RECORD    YEAR
 MAXIMUM TEMPERATURE (F)   39        61      2015
                                             1990
                                             1984
 MINIMUM TEMPERATURE (F)   18       -12      1917


SUNRISE AND SUNSET
DECEMBER  8 2016......SUNRISE   739 AM CST   SUNSET   459 PM CST
DECEMBER  9 2016......SUNRISE   740 AM CST   SUNSET   459 PM CST


-  INDICATES NEGATIVE NUMBERS.
R  INDICATES RECORD WAS SET OR TIED.
MM INDICATES DATA IS MISSING.
T  INDICATES TRACE AMOUNT.


$$

BCM
