000
CDUS43 KLOT 270636
CLILOT


CLIMATE REPORT
NATIONAL WEATHER SERVICE CHICAGO IL
1235 AM CST MON FEB 27 2017


...................................

...THE ROMEOVILLE  WFO CLIMATE SUMMARY FOR FEBRUARY 26 2017...

CLIMATE NORMAL PERIOD 1981 TO 2010
CLIMATE RECORD PERIOD 1992 TO 2017


WEATHER ITEM   OBSERVED RECORD YEAR NORMAL DEPARTURE LAST
                VALUE   VALUE       VALUE  FROM      YEAR
                                           NORMAL
...........................................................
TEMPERATURE (F)
 YESTERDAY
  MAXIMUM         48     64    2000  40      8       34
  MINIMUM         20     -1    2014  23     -3       25
                               1994
  AVERAGE         34                 32      2       30

PRECIPITATION (IN)
  YESTERDAY        0.00   1.49 2009   0.08  -0.08     0.00
  MONTH TO DATE    0.89               1.62  -0.73     1.01
  SINCE DEC 1      5.08               5.80  -0.72     7.89
  SINCE JAN 1      3.56               3.55   0.01     2.04

SNOWFALL (IN)
  YESTERDAY        0.0    2.2  2013   0.2   -0.2      0.0
  MONTH TO DATE    1.3                6.0   -4.7      4.1
  SINCE DEC 1     19.4               26.1   -6.7     15.2
  SINCE JUL 1     19.4               27.0   -7.6     19.9
  SNOW DEPTH       0

DEGREE DAYS
 HEATING
  YESTERDAY       31                 34     -3
  MONTH TO DATE  717                982   -265
  SINCE DEC 1   3084               3444   -360
  SINCE JUL 1   3940               4663   -723

 COOLING
  YESTERDAY        0                  0      0
  MONTH TO DATE    0                  0      0
  SINCE DEC 1      0                  0      0
  SINCE JAN 1      0                  0      0
...........................................................







THE ROMEOVILLE  WFO CLIMATE NORMALS FOR TODAY
                         NORMAL    RECORD    YEAR
 MAXIMUM TEMPERATURE (F)   40        55      2016
                                             1996
 MINIMUM TEMPERATURE (F)   24        -9      2015


SUNRISE AND SUNSET
FEBRUARY 27 2017......SUNRISE   630 AM CST   SUNSET   541 PM CST
FEBRUARY 28 2017......SUNRISE   628 AM CST   SUNSET   542 PM CST


-  INDICATES NEGATIVE NUMBERS.
R  INDICATES RECORD WAS SET OR TIED.
MM INDICATES DATA IS MISSING.
T  INDICATES TRACE AMOUNT.




$$
