000
CDUS43 KLOT 300635
CLILOT


CLIMATE REPORT
NATIONAL WEATHER SERVICE CHICAGO IL
1234 AM CST FRI JAN 30 2015


...................................

...THE ROMEOVILLE  WFO CLIMATE SUMMARY FOR JANUARY 29 2015...

CLIMATE NORMAL PERIOD 1981 TO 2010
CLIMATE RECORD PERIOD 1992 TO 2015


WEATHER ITEM   OBSERVED RECORD YEAR NORMAL DEPARTURE LAST
                VALUE   VALUE       VALUE  FROM      YEAR
                                           NORMAL
...........................................................
TEMPERATURE (F)
 YESTERDAY
  MAXIMUM         36     62    2013  31      5       23
  MINIMUM         30     -8    2014  16     14       -8
  AVERAGE         33                 24      9        8

PRECIPITATION (IN)
  YESTERDAY        T      1.15 2013   0.05  -0.05     0.00
  MONTH TO DATE    1.27               1.83  -0.56     2.55
  SINCE DEC 1      2.32               4.08  -1.76     3.89
  SINCE JAN 1      1.27               1.83  -0.56     2.55

SNOWFALL (IN)
  YESTERDAY        T      2.5  2000   0.3   -0.3      0.0
  MONTH TO DATE    9.4               10.1   -0.7     29.2
  SINCE DEC 1      9.4               19.4  -10.0     41.4
  SINCE JUL 1     10.8               20.3   -9.5     42.3
  SNOW DEPTH       0

DEGREE DAYS
 HEATING
  YESTERDAY       32                 41     -9
  MONTH TO DATE 1248               1213     35
  SINCE DEC 1   2275               2380   -105
  SINCE JUL 1   3751               3599    152

 COOLING
  YESTERDAY        0                  0      0
  MONTH TO DATE    0                  0      0
  SINCE DEC 1      0                  0      0
  SINCE JAN 1      0                  0      0
...........................................................







THE ROMEOVILLE  WFO CLIMATE NORMALS FOR TODAY
                         NORMAL    RECORD    YEAR
 MAXIMUM TEMPERATURE (F)   31        53      2012
 MINIMUM TEMPERATURE (F)   16        -9      2004


SUNRISE AND SUNSET
JANUARY 30 2015.......SUNRISE   706 AM CST   SUNSET   505 PM CST
JANUARY 31 2015.......SUNRISE   705 AM CST   SUNSET   507 PM CST


-  INDICATES NEGATIVE NUMBERS.
R  INDICATES RECORD WAS SET OR TIED.
MM INDICATES DATA IS MISSING.
T  INDICATES TRACE AMOUNT.




$$
