000
CDUS43 KLOT 240636
CLILOT


CLIMATE REPORT
NATIONAL WEATHER SERVICE CHICAGO IL
136 AM CDT THU AUG 24 2017


...................................

...THE ROMEOVILLE  WFO CLIMATE SUMMARY FOR AUGUST 23 2017...

CLIMATE NORMAL PERIOD 1981 TO 2010
CLIMATE RECORD PERIOD 1992 TO 2017


WEATHER ITEM   OBSERVED RECORD YEAR NORMAL DEPARTURE LAST
                VALUE   VALUE       VALUE  FROM      YEAR
                                           NORMAL
...........................................................
TEMPERATURE (F)
 YESTERDAY
  MAXIMUM         77     91    2012  82     -5       80
  MINIMUM         56     51    1997  62     -6       61
  AVERAGE         67                 72     -5       71

PRECIPITATION (IN)
  YESTERDAY        0.00   2.15 2007   0.12  -0.12     0.00
  MONTH TO DATE    2.53               3.05  -0.52     5.17
  SINCE JUN 1     11.33              12.10  -0.77    14.93
  SINCE JAN 1     33.55              26.80   6.75    27.16

DEGREE DAYS
 HEATING
  YESTERDAY        0                  0      0
  MONTH TO DATE    4                  0      4
  SINCE JUN 1     14                 35    -21
  SINCE JUL 1      4                  2      2

 COOLING
  YESTERDAY        2                  7     -5
  MONTH TO DATE  131                179    -48
  SINCE JUN 1    635                641     -6
  SINCE JAN 1    672                699    -27
...........................................................







THE ROMEOVILLE  WFO CLIMATE NORMALS FOR TODAY
                         NORMAL    RECORD    YEAR
 MAXIMUM TEMPERATURE (F)   82        93      2012
 MINIMUM TEMPERATURE (F)   62        53      2015


SUNRISE AND SUNSET
AUGUST 24 2017........SUNRISE   610 AM CDT   SUNSET   738 PM CDT
AUGUST 25 2017........SUNRISE   611 AM CDT   SUNSET   736 PM CDT


-  INDICATES NEGATIVE NUMBERS.
R  INDICATES RECORD WAS SET OR TIED.
MM INDICATES DATA IS MISSING.
T  INDICATES TRACE AMOUNT.




$$
