000
CDUS43 KLOT 230636
CLILOT


CLIMATE REPORT
NATIONAL WEATHER SERVICE CHICAGO IL
136 AM CDT SUN APR 23 2017


...................................

...THE ROMEOVILLE  WFO CLIMATE SUMMARY FOR APRIL 22 2017...

CLIMATE NORMAL PERIOD 1981 TO 2010
CLIMATE RECORD PERIOD 1992 TO 2017


WEATHER ITEM   OBSERVED RECORD YEAR NORMAL DEPARTURE LAST
                VALUE   VALUE       VALUE  FROM      YEAR
                                           NORMAL
...........................................................
TEMPERATURE (F)
 YESTERDAY
  MAXIMUM         59     83    2007  63     -4       58
  MINIMUM         41     30    1993  42     -1       41
  AVERAGE         50                 53     -3       50

PRECIPITATION (IN)
  YESTERDAY        0.00   1.34 2011   0.14  -0.14     0.00
  MONTH TO DATE    2.75               2.74   0.01     1.40
  SINCE MAR 1      7.67               5.51   2.16     5.13
  SINCE JAN 1     13.38               9.22   4.16     7.20

SNOWFALL (IN)
  YESTERDAY        0.0    T    2015   0.0    0.0      0.0
  MONTH TO DATE    T                  0.5   -0.5      0.4
  SINCE MAR 1      4.9                4.9    0.0      2.4
  SINCE JUL 1     24.3               32.3   -8.0     22.3
  SNOW DEPTH       0

DEGREE DAYS
 HEATING
  YESTERDAY       15                 13      2
  MONTH TO DATE  253                361   -108
  SINCE MAR 1   1048               1178   -130
  SINCE JUL 1   5023               5906   -883

 COOLING
  YESTERDAY        0                  0      0
  MONTH TO DATE    7                  0      7
  SINCE MAR 1      7                  0      7
  SINCE JAN 1      7                  0      7
...........................................................







THE ROMEOVILLE  WFO CLIMATE NORMALS FOR TODAY
                         NORMAL    RECORD    YEAR
 MAXIMUM TEMPERATURE (F)   64        75      2008
 MINIMUM TEMPERATURE (F)   42        29      2015


SUNRISE AND SUNSET
APRIL 23 2017.........SUNRISE   600 AM CDT   SUNSET   742 PM CDT
APRIL 24 2017.........SUNRISE   558 AM CDT   SUNSET   743 PM CDT


-  INDICATES NEGATIVE NUMBERS.
R  INDICATES RECORD WAS SET OR TIED.
MM INDICATES DATA IS MISSING.
T  INDICATES TRACE AMOUNT.




$$
