000
CDUS43 KLOT 270636
CLILOT


CLIMATE REPORT
NATIONAL WEATHER SERVICE CHICAGO IL
134 AM CDT WED JUL 27 2016


...................................

...THE ROMEOVILLE  WFO CLIMATE SUMMARY FOR JULY 26 2016...

CLIMATE NORMAL PERIOD 1981 TO 2010
CLIMATE RECORD PERIOD 1992 TO 2016


WEATHER ITEM   OBSERVED RECORD YEAR NORMAL DEPARTURE LAST
                VALUE   VALUE       VALUE  FROM      YEAR
                                           NORMAL
...........................................................
TEMPERATURE (F)
 YESTERDAY
  MAXIMUM         86     97    1997  84      2       81
  MINIMUM         69     54    1994  64      5       68
  AVERAGE         78                 74      4       75

PRECIPITATION (IN)
  YESTERDAY        0.00   1.67 2005   0.16  -0.16     0.01
  MONTH TO DATE    6.88               3.89   2.99     3.73
  SINCE JUN 1      9.07               8.23   0.84    12.23
  SINCE JAN 1     21.30              22.93  -1.63    24.14

DEGREE DAYS
 HEATING
  YESTERDAY        0                  0      0
  MONTH TO DATE    2                  0      2
  SINCE JUN 1      9                 33    -24
  SINCE JUL 1      2                  0      2

 COOLING
  YESTERDAY       13                  9      4
  MONTH TO DATE  257                234     23
  SINCE JUN 1    475                414     61
  SINCE JAN 1    568                472     96
...........................................................







THE ROMEOVILLE  WFO CLIMATE NORMALS FOR TODAY
                         NORMAL    RECORD    YEAR
 MAXIMUM TEMPERATURE (F)   84        94      1997
 MINIMUM TEMPERATURE (F)   64        55      2013
                                             1994


SUNRISE AND SUNSET
JULY 27 2016..........SUNRISE   542 AM CDT   SUNSET   815 PM CDT
JULY 28 2016..........SUNRISE   543 AM CDT   SUNSET   814 PM CDT


-  INDICATES NEGATIVE NUMBERS.
R  INDICATES RECORD WAS SET OR TIED.
MM INDICATES DATA IS MISSING.
T  INDICATES TRACE AMOUNT.




$$
