000
CDUS43 KLOT 040631
CLILOT


CLIMATE REPORT
NATIONAL WEATHER SERVICE CHICAGO IL
131 AM CDT SAT JUL 4 2015


...................................

...THE ROMEOVILLE  WFO CLIMATE SUMMARY FOR JULY 3 2015...

CLIMATE NORMAL PERIOD 1981 TO 2010
CLIMATE RECORD PERIOD 1992 TO 2015


WEATHER ITEM   OBSERVED RECORD YEAR NORMAL DEPARTURE LAST
                VALUE   VALUE       VALUE  FROM      YEAR
                                           NORMAL
...........................................................
TEMPERATURE (F)
 YESTERDAY
  MAXIMUM         77     94    2012  84     -7       74
  MINIMUM         57     54    2014  64     -7       54
  AVERAGE         67                 74     -7       64

PRECIPITATION (IN)
  YESTERDAY        0.00   0.85 2001   0.14  -0.14     0.08
  MONTH TO DATE    0.02               0.40  -0.38     0.37
  SINCE JUN 1      8.52               4.74   3.78     9.59
  SINCE JAN 1     20.43              19.44   0.99    24.96

DEGREE DAYS
 HEATING
  YESTERDAY        0                  0      0
  MONTH TO DATE    5                  0      5
  SINCE JUN 1     32                 33     -1
  SINCE JUL 1      5                  0      5

 COOLING
  YESTERDAY        2                  9     -7
  MONTH TO DATE    2                 27    -25
  SINCE JUN 1    139                207    -68
  SINCE JAN 1    215                265    -50
...........................................................







THE ROMEOVILLE  WFO CLIMATE NORMALS FOR TODAY
                         NORMAL    RECORD    YEAR
 MAXIMUM TEMPERATURE (F)   84        99      2012
 MINIMUM TEMPERATURE (F)   64        52      1997


SUNRISE AND SUNSET
JULY  4 2015..........SUNRISE   523 AM CDT   SUNSET   830 PM CDT
JULY  5 2015..........SUNRISE   524 AM CDT   SUNSET   830 PM CDT


-  INDICATES NEGATIVE NUMBERS.
R  INDICATES RECORD WAS SET OR TIED.
MM INDICATES DATA IS MISSING.
T  INDICATES TRACE AMOUNT.




$$
