000
CDUS43 KLOT 062300
CLILOT


CLIMATE REPORT
NATIONAL WEATHER SERVICE CHICAGO IL
438 PM CST FRI MAR 6 2015


...................................

...THE ROMEOVILLE  WFO CLIMATE SUMMARY FOR MARCH 6 2015...
VALID TODAY AS OF 0400 PM LOCAL TIME.

CLIMATE NORMAL PERIOD 1981 TO 2010
CLIMATE RECORD PERIOD 1992 TO 2015


WEATHER ITEM   OBSERVED TIME   RECORD YEAR NORMAL DEPARTURE
                VALUE   (LST)  VALUE       VALUE  FROM
                                                  NORMAL
...............................................................
TEMPERATURE (F)
 TODAY
  MAXIMUM         26    300 PM  71    2000  43    -17
  MINIMUM         -2R       MM  10    1996  26    -28
  AVERAGE         12                        35    -23

PRECIPITATION (IN)
  TODAY            0.00          0.17 1992   0.09  -0.09
  MONTH TO DATE    0.11                      0.52  -0.41
  SINCE MAR 1      0.11                      0.52  -0.41
  SINCE JAN 1      2.95                      4.23  -1.28

SNOWFALL (IN)
  TODAY            0.0           2.4  1996   0.2   -0.2
  MONTH TO DATE    0.5                       1.4   -0.9
  SINCE MAR 1      0.5                       1.4   -0.9
  SINCE JUL 1     31.7                      28.8    2.9

DEGREE DAYS
 HEATING
  TODAY           53                        30     23
  MONTH TO DATE  280                       188     92
  SINCE MAR 1    280                       188     92
  SINCE JUL 1   5525                      4916    609

 COOLING
  TODAY            0                         0      0
  MONTH TO DATE    0                         0      0
  SINCE MAR 1      0                         0      0
  SINCE JAN 1      0                         0      0
...............................................................







THE ROMEOVILLE  WFO CLIMATE NORMALS FOR TOMORROW
                         NORMAL    RECORD    YEAR
 MAXIMUM TEMPERATURE (F)   44        79      2000
 MINIMUM TEMPERATURE (F)   27         6      1996


SUNRISE AND SUNSET
MARCH  6 2015.........SUNRISE   619 AM CST   SUNSET   548 PM CST
MARCH  7 2015.........SUNRISE   618 AM CST   SUNSET   550 PM CST


-  INDICATES NEGATIVE NUMBERS.
R  INDICATES RECORD WAS SET OR TIED.
MM INDICATES DATA IS MISSING.
T  INDICATES TRACE AMOUNT.




$$
