000
CDUS43 KLMK 200630
CLILOU


CLIMATE REPORT
NATIONAL WEATHER SERVICE LOUISVILLE KY
230 AM EDT SAT SEP 20 2014


...................................

...THE LOUISVILLE BOWMAN KY CLIMATE SUMMARY FOR SEPTEMBER 19 2014...

CLIMATE NORMAL PERIOD 1981 TO 2010
CLIMATE RECORD PERIOD 9999 TO 9999


WEATHER ITEM   OBSERVED TIME   RECORD YEAR NORMAL DEPARTURE LAST
                VALUE   (LST)  VALUE       VALUE  FROM      YEAR
                                                  NORMAL
..................................................................
TEMPERATURE (F)
 YESTERDAY
  MAXIMUM         79    434 PM  MM      MM  79      0       84
  MINIMUM         56    656 AM  MM      MM  58     -2       67
  AVERAGE         68                        68      0       76

PRECIPITATION (IN)
  YESTERDAY        0.00         MM      MM   0.10  -0.10     0.05
  MONTH TO DATE    3.05                      1.88   1.17     1.56
  SINCE SEP 1      3.05                      1.88   1.17     1.56
  SINCE JAN 1     33.51                     33.42   0.09    38.62

SNOWFALL (IN)
  YESTERDAY       MM            MM      MM  MM     MM       MM
  MONTH TO DATE   MM                        MM     MM       MM
  SINCE SEP 1     MM                        MM     MM       MM
  SINCE JUL 1     MM                        MM     MM       MM
  SNOW DEPTH      MM

DEGREE DAYS
 HEATING
  YESTERDAY        0                         1     -1        0
  MONTH TO DATE   22                         6     16        3
  SINCE SEP 1     22                         6     16        3
  SINCE JUL 1     22                         6     16        3

 COOLING
  YESTERDAY        3                         4     -1       11
  MONTH TO DATE  120                       139    -19      167
  SINCE SEP 1    120                       139    -19      167
  SINCE JAN 1   1465                      1378     87     1370
..................................................................


WIND (MPH)
  HIGHEST WIND SPEED    14   HIGHEST WIND DIRECTION     E (70)
  HIGHEST GUST SPEED    18   HIGHEST GUST DIRECTION     E (70)
  AVERAGE WIND SPEED     5.3


SKY COVER
  POSSIBLE SUNSHINE  MM
  AVERAGE SKY COVER 0.0


WEATHER CONDITIONS
 THE FOLLOWING WEATHER WAS RECORDED YESTERDAY.
  NO SIGNIFICANT WEATHER WAS OBSERVED.


RELATIVE HUMIDITY (PERCENT)
 HIGHEST    77           700 AM
 LOWEST     37           400 PM
 AVERAGE    57

..........................................................


THE LOUISVILLE BOWMAN KY CLIMATE NORMALS FOR TODAY
                         NORMAL
 MAXIMUM TEMPERATURE (F)   78
 MINIMUM TEMPERATURE (F)   57


SUNRISE AND SUNSET
SEPTEMBER 20 2014.....SUNRISE   729 AM EDT   SUNSET   743 PM EDT
SEPTEMBER 21 2014.....SUNRISE   729 AM EDT   SUNSET   741 PM EDT


-  INDICATES NEGATIVE NUMBERS.
R  INDICATES RECORD WAS SET OR TIED.
MM INDICATES DATA IS MISSING.
T  INDICATES TRACE AMOUNT.




$$
