000
CDUS44 KCRP 090758
CLILRD

CLIMATE REPORT
NATIONAL WEATHER SERVICE CORPUS CHRISTI TX
156 AM CST TUE FEB 9 2016


...................................

...THE LAREDO CLIMATE SUMMARY FOR FEBRUARY 8 2016...

CLIMATE NORMAL PERIOD 1981 TO 2010
CLIMATE RECORD PERIOD 1900 TO 2016


WEATHER ITEM   OBSERVED TIME   RECORD YEAR NORMAL DEPARTURE LAST
                VALUE   (LST)  VALUE       VALUE  FROM      YEAR
                                                  NORMAL
..................................................................
TEMPERATURE (F)
 YESTERDAY
  MAXIMUM         68        MM  94    1918  71     -3       85
  MINIMUM         48        MM  21    1933  49     -1       52
  AVERAGE         58                        60     -2       69

PRECIPITATION (IN)
  YESTERDAY        0.00          0.88 1972   0.04  -0.04     0.00
  MONTH TO DATE    0.00                      0.26  -0.26     0.17
  SINCE DEC 1      2.01                      2.04  -0.03     1.71
  SINCE JAN 1      1.88                      1.16   0.72     0.76

SNOWFALL (IN)
  YESTERDAY        0.0
  MONTH TO DATE    0.0
  SINCE DEC 1      0.0
  SINCE JUL 1      0.0

DEGREE DAYS
 HEATING
  YESTERDAY        7                         7      0        0
  MONTH TO DATE   64                        59      5       68
  SINCE DEC 1    475                       623   -148      624
  SINCE JUL 1    546                       738   -192      782

 COOLING
  YESTERDAY        0                         2     -2        4
  MONTH TO DATE    8                        12     -4        5
  SINCE DEC 1     78                        75      3       50
  SINCE JAN 1     15                        40    -25       14
..................................................................


WIND (MPH)
  HIGHEST WIND SPEED    18   HIGHEST WIND DIRECTION    NE (30)
  HIGHEST GUST SPEED    27   HIGHEST GUST DIRECTION     N (10)
  AVERAGE WIND SPEED     9.2


SKY COVER
  POSSIBLE SUNSHINE  MM
  AVERAGE SKY COVER 0.0


WEATHER CONDITIONS
 THE FOLLOWING WEATHER WAS RECORDED YESTERDAY.
  NO SIGNIFICANT WEATHER WAS OBSERVED.


RELATIVE HUMIDITY (PERCENT)
 HIGHEST    61           400 AM
 LOWEST     16           200 PM

..........................................................


THE LAREDO CLIMATE NORMALS FOR TODAY
                         NORMAL    RECORD    YEAR
 MAXIMUM TEMPERATURE (F)   71        98      1960
 MINIMUM TEMPERATURE (F)   49        23      1974


SUNRISE AND SUNSET
FEBRUARY  9 2016......SUNRISE   720 AM CST   SUNSET   625 PM CST
FEBRUARY 10 2016......SUNRISE   719 AM CST   SUNSET   625 PM CST


-  INDICATES NEGATIVE NUMBERS.
R  INDICATES RECORD WAS SET OR TIED.
MM INDICATES DATA IS MISSING.
T  INDICATES TRACE AMOUNT.

$$

GW
