000
CDUS44 KCRP 290647 RRB
CLILRD

CLIMATE REPORT
NATIONAL WEATHER SERVICE CORPUS CHRISTI TX
145 AM CDT SAT AUG 29 2015


...................................

...THE LAREDO CLIMATE SUMMARY FOR AUGUST 28 2015...

CLIMATE NORMAL PERIOD 1981 TO 2010
CLIMATE RECORD PERIOD 1900 TO 2015


WEATHER ITEM   OBSERVED TIME   RECORD YEAR NORMAL DEPARTURE LAST
                VALUE   (LST)  VALUE       VALUE  FROM      YEAR
                                                  NORMAL
..................................................................
TEMPERATURE (F)
 YESTERDAY
  MAXIMUM        100    443 PM 109    2011  98      2      102
  MINIMUM         71    642 AM  61    1973  77     -6       79
  AVERAGE         86                        87     -1       91

PRECIPITATION (IN)
  YESTERDAY        0.00          2.05 1946   0.09  -0.09      T
  MONTH TO DATE    0.03                      1.58  -1.55     0.49
  SINCE JUN 1      1.29                      5.82  -4.53     2.38
  SINCE JAN 1     19.99                     12.69   7.30     7.41

SNOWFALL (IN)
  YESTERDAY        0.0
  MONTH TO DATE    0.0
  SINCE JUN 1      0.0
  SINCE JUL 1      0.0

DEGREE DAYS
 HEATING
  YESTERDAY        0                         0      0        0
  MONTH TO DATE    0                         0      0        0
  SINCE JUN 1      0                         0      0        0
  SINCE JUL 1      0                         0      0        0

 COOLING
  YESTERDAY       21                        22     -1       26
  MONTH TO DATE  718                       663     55      734
  SINCE JUN 1   2077                      2036     41     2233
  SINCE JAN 1   3019                      3179   -160     3358
..................................................................


WIND (MPH)
  HIGHEST WIND SPEED    20   HIGHEST WIND DIRECTION     E (110)
  HIGHEST GUST SPEED    23   HIGHEST GUST DIRECTION     E (110)
  AVERAGE WIND SPEED     8.9


SKY COVER
  POSSIBLE SUNSHINE  MM
  AVERAGE SKY COVER 0.1


WEATHER CONDITIONS
 THE FOLLOWING WEATHER WAS RECORDED YESTERDAY.
  NO SIGNIFICANT WEATHER WAS OBSERVED.


RELATIVE HUMIDITY (PERCENT)
 HIGHEST    79           600 AM
 LOWEST     20           400 PM

..........................................................


THE LAREDO CLIMATE NORMALS FOR TODAY
                         NORMAL    RECORD    YEAR
 MAXIMUM TEMPERATURE (F)   98       109      2011
 MINIMUM TEMPERATURE (F)   76        65      1973


SUNRISE AND SUNSET
AUGUST 29 2015........SUNRISE   715 AM CDT   SUNSET   802 PM CDT
AUGUST 30 2015........SUNRISE   716 AM CDT   SUNSET   801 PM CDT


-  INDICATES NEGATIVE NUMBERS.
R  INDICATES RECORD WAS SET OR TIED.
MM INDICATES DATA IS MISSING.
T  INDICATES TRACE AMOUNT.

$$

GW
