000
CDUS44 KCRP 240748 RRA
CLILRD

CLIMATE REPORT
NATIONAL WEATHER SERVICE CORPUS CHRISTI TX
245 AM CDT TUE MAY 24 2016


...................................

...THE LAREDO CLIMATE SUMMARY FOR MAY 23 2016...

CLIMATE NORMAL PERIOD 1981 TO 2010
CLIMATE RECORD PERIOD 1900 TO 2016


WEATHER ITEM   OBSERVED TIME   RECORD YEAR NORMAL DEPARTURE LAST
                VALUE   (LST)  VALUE       VALUE  FROM      YEAR
                                                  NORMAL
..................................................................
TEMPERATURE (F)
 YESTERDAY
  MAXIMUM         95        MM 107    2011  95      0       92
                                      1989
  MINIMUM         75        MM  49    1928  73      2       68
  AVERAGE         85                        84      1       80

PRECIPITATION (IN)
  YESTERDAY        0.00          2.23 2014   0.08  -0.08     1.84
  MONTH TO DATE    2.33                      1.83   0.50     5.74
  SINCE MAR 1      8.21                      4.37   3.84    13.82
  SINCE JAN 1     10.10                      6.21   3.89    14.70

SNOWFALL (IN)
  YESTERDAY        0.0
  MONTH TO DATE    0.0
  SINCE MAR 1      0.0
  SINCE JUL 1      0.0

DEGREE DAYS
 HEATING
  YESTERDAY        0                         0      0        0
  MONTH TO DATE    0                         0      0        0
  SINCE MAR 1     18                        82    -64      129
  SINCE JUL 1    594                       926   -332     1064

 COOLING
  YESTERDAY       20                        19      1       15
  MONTH TO DATE  335                       385    -50      357
  SINCE MAR 1    976                       900     76      760
  SINCE JAN 1   1094                       985    109      808
..................................................................


WIND (MPH)
  HIGHEST WIND SPEED    22   HIGHEST WIND DIRECTION     E (110)
  HIGHEST GUST SPEED    33   HIGHEST GUST DIRECTION     E (110)
  AVERAGE WIND SPEED    13.0


SKY COVER
  POSSIBLE SUNSHINE  MM
  AVERAGE SKY COVER 0.6


WEATHER CONDITIONS
 THE FOLLOWING WEATHER WAS RECORDED YESTERDAY.
  THUNDERSTORM
  FOG


RELATIVE HUMIDITY (PERCENT)
 HIGHEST    94           400 AM
 LOWEST     52           500 PM

..........................................................


THE LAREDO CLIMATE NORMALS FOR TODAY
                         NORMAL    RECORD    YEAR
 MAXIMUM TEMPERATURE (F)   95       108      2011
                                             1989
 MINIMUM TEMPERATURE (F)   73        59      1940


SUNRISE AND SUNSET
MAY 24 2016...........SUNRISE   645 AM CDT   SUNSET   825 PM CDT
MAY 25 2016...........SUNRISE   644 AM CDT   SUNSET   826 PM CDT


-  INDICATES NEGATIVE NUMBERS.
R  INDICATES RECORD WAS SET OR TIED.
MM INDICATES DATA IS MISSING.
T  INDICATES TRACE AMOUNT.




$$
