000
CDUS44 KCRP 282321
CLILRD
CLILRD

CLIMATE REPORT
NATIONAL WEATHER SERVICE CORPUS CHRISTI TX
620 PM CDT THU MAY 28 2015

...................................

...THE LAREDO CLIMATE SUMMARY FOR MAY 28 2015...
VALID TODAY AS OF 620 PM LOCAL TIME.

CLIMATE NORMAL PERIOD 1981 TO 2010
CLIMATE RECORD PERIOD 1900 TO 2015


WEATHER ITEM   OBSERVED TIME   RECORD YEAR NORMAL DEPARTURE LAST
                VALUE   (LST)  VALUE       VALUE  FROM      YEAR
                                                  NORMAL
..................................................................
TEMPERATURE (F)
 TODAY
  MAXIMUM         94    437 PM 112    2011  96     -2       98
  MINIMUM         77    619 AM  60    1918  74      3       74
  AVERAGE         86                        85      1       86

PRECIPITATION (IN)
  TODAY            0.00          2.25 1914   0.09  -0.09     0.00
  MONTH TO DATE    5.83                      2.24   3.59     3.71
  SINCE MAR 1     13.91                      4.78   9.13     4.82
  SINCE JAN 1     14.79                      6.62   8.17     5.03

SNOWFALL (IN)
  TODAY            0.0
  MONTH TO DATE    0.0
  SINCE MAR 1      0.0
  SINCE JUL 1      0.0

DEGREE DAYS
 HEATING
  TODAY            0                         0      0        0
  MONTH TO DATE    0                         0      0        0
  SINCE MAR 1    129                        82     47      104
  SINCE JUL 1   1064                       926    138     1095

 COOLING
  TODAY           21                        20      1       21
  MONTH TO DATE  453                       483    -30      428
  SINCE MAR 1    856                       998   -142      950
  SINCE JAN 1    904                      1083   -179     1062
..................................................................


WIND (MPH)
  HIGHEST WIND SPEED    24   HIGHEST WIND DIRECTION    SE (150)
  HIGHEST GUST SPEED    28   HIGHEST GUST DIRECTION    SE (140)


SKY COVER
  POSSIBLE SUNSHINE  MM
  AVERAGE SKY COVER 0.5


WEATHER CONDITIONS
 THE FOLLOWING WEATHER WAS RECORDED TODAY.
  FOG
  HAZE


RELATIVE HUMIDITY (PERCENT)
 HIGHEST    91           600 AM
 LOWEST     51           300 PM
 AVERAGE    71

..........................................................


THE LAREDO CLIMATE NORMALS FOR TOMORROW
                         NORMAL    RECORD    YEAR
 MAXIMUM TEMPERATURE (F)   96       109      1912
 MINIMUM TEMPERATURE (F)   74        59      1917


SUNRISE AND SUNSET
MAY 28 2015...........SUNRISE   644 AM CDT   SUNSET   827 PM CDT
MAY 29 2015...........SUNRISE   643 AM CDT   SUNSET   827 PM CDT


-  INDICATES NEGATIVE NUMBERS.
R  INDICATES RECORD WAS SET OR TIED.
MM INDICATES DATA IS MISSING.
T  INDICATES TRACE AMOUNT.




$$
