000
CDUS44 KCRP 160703
CLILRD

CLIMATE REPORT
NATIONAL WEATHER SERVICE CORPUS CHRISTI TX
204 AM CDT WED APR 16 2014


...THE LAREDO CLIMATE SUMMARY FOR APRIL 15 2014...

CLIMATE NORMAL PERIOD 1981 TO 2010
CLIMATE RECORD PERIOD 1900 TO 2014


WEATHER ITEM   OBSERVED TIME   RECORD YEAR NORMAL DEPARTURE LAST
                VALUE   (LST)  VALUE       VALUE  FROM      YEAR
                                                  NORMAL
..................................................................
TEMPERATURE (F)
 YESTERDAY
  MAXIMUM         72    345 PM 104    1998  88    -16      102
  MINIMUM         49    720 AM  42    1987  64    -15       72
  AVERAGE         61                        76    -15       87

PRECIPITATION (IN)
  YESTERDAY        0.00          1.65 1905   0.05  -0.05     0.00
  MONTH TO DATE    0.03                      0.57  -0.54     0.01
  SINCE MAR 1      1.11                      1.69  -0.58     0.01
  SINCE JAN 1      1.32                      3.53  -2.21     0.76

SNOWFALL (IN)
  YESTERDAY        0.0
  MONTH TO DATE    0.0
  SINCE MAR 1      0.0
  SINCE JUL 1      0.0

DEGREE DAYS
 HEATING
  YESTERDAY        4                         0      4        0
  MONTH TO DATE    4                        12     -8        0
  SINCE MAR 1    103                        81     22       37
  SINCE JUL 1   1094                       925    169      513

 COOLING
  YESTERDAY        0                        11    -11       22
  MONTH TO DATE  171                       150     21      172
  SINCE MAR 1    307                       323    -16      387
  SINCE JAN 1    419                       408     11      541
..................................................................


WIND (MPH)
  HIGHEST WIND SPEED    16   HIGHEST WIND DIRECTION     N (20)
  HIGHEST GUST SPEED    24   HIGHEST GUST DIRECTION    NE (50)
  AVERAGE WIND SPEED     8.4


SKY COVER
  POSSIBLE SUNSHINE  MM
  AVERAGE SKY COVER 0.0


WEATHER CONDITIONS
 THE FOLLOWING WEATHER WAS RECORDED YESTERDAY.
  NO SIGNIFICANT WEATHER WAS OBSERVED.


RELATIVE HUMIDITY (PERCENT)
 HIGHEST    48           400 AM
 LOWEST     16           500 PM

..........................................................


THE LAREDO CLIMATE NORMALS FOR TODAY
                         NORMAL    RECORD    YEAR
 MAXIMUM TEMPERATURE (F)   88       104      1927
 MINIMUM TEMPERATURE (F)   64        43      1983


SUNRISE AND SUNSET
APRIL 16 2014.........SUNRISE   712 AM CDT   SUNSET   803 PM CDT
APRIL 17 2014.........SUNRISE   711 AM CDT   SUNSET   804 PM CDT


-  INDICATES NEGATIVE NUMBERS.
R  INDICATES RECORD WAS SET OR TIED.
MM INDICATES DATA IS MISSING.
T  INDICATES TRACE AMOUNT.


$$

TMT
