000
CDUS44 KCRP 220919
CLILRD

CLIMATE REPORT
NATIONAL WEATHER SERVICE CORPUS CHRISTI TX
311 AM CST SUN JAN 22 2017


...................................

...THE LAREDO CLIMATE SUMMARY FOR JANUARY 21 2017...

CLIMATE NORMAL PERIOD 1981 TO 2010
CLIMATE RECORD PERIOD 1900 TO 2017


WEATHER ITEM   OBSERVED TIME   RECORD YEAR NORMAL DEPARTURE LAST
                VALUE   (LST)  VALUE       VALUE  FROM      YEAR
                                                  NORMAL
..................................................................
TEMPERATURE (F)
 YESTERDAY
  MAXIMUM         94R   300 PM  93    1911  67     27       75
  MINIMUM         54    730 AM  20    1943  46      8       52
  AVERAGE         74                        57     17       64

PRECIPITATION (IN)
  YESTERDAY        0.00          0.62 1966   0.03  -0.03     0.00
  MONTH TO DATE    0.01                      0.61  -0.60     1.88
  SINCE DEC 1      1.63                      1.49   0.14     2.01
  SINCE JAN 1      0.01                      0.61  -0.60     1.88

SNOWFALL (IN)
  YESTERDAY        0.0
  MONTH TO DATE    0.0
  SINCE DEC 1      0.0
  SINCE JUL 1      0.0

DEGREE DAYS
 HEATING
  YESTERDAY        0                         9     -9        1
  MONTH TO DATE   94                       205   -111      196
  SINCE DEC 1    273                       480   -207      343
  SINCE JUL 1    290                       595   -305      414

 COOLING
  YESTERDAY        9                         1      8        0
  MONTH TO DATE   91                        21     70        0
  SINCE DEC 1    154                        56     98       63
  SINCE JAN 1     91                        21     70        0
..................................................................


WIND (MPH)
  HIGHEST WIND SPEED    22   HIGHEST WIND DIRECTION     N (340)
  HIGHEST GUST SPEED    32   HIGHEST GUST DIRECTION    NW (330)
  AVERAGE WIND SPEED    10.5


SKY COVER
  POSSIBLE SUNSHINE  MM
  AVERAGE SKY COVER 0.1


WEATHER CONDITIONS
 THE FOLLOWING WEATHER WAS RECORDED YESTERDAY.
  NO SIGNIFICANT WEATHER WAS OBSERVED.


RELATIVE HUMIDITY (PERCENT)
 HIGHEST   100           100 AM
 LOWEST     10           500 PM

..........................................................


THE LAREDO CLIMATE NORMALS FOR TODAY
                         NORMAL    RECORD    YEAR
 MAXIMUM TEMPERATURE (F)   68        91      1969
 MINIMUM TEMPERATURE (F)   46        20      1935


SUNRISE AND SUNSET
JANUARY 22 2017.......SUNRISE   728 AM CST   SUNSET   611 PM CST
JANUARY 23 2017.......SUNRISE   728 AM CST   SUNSET   612 PM CST


-  INDICATES NEGATIVE NUMBERS.
R  INDICATES RECORD WAS SET OR TIED.
MM INDICATES DATA IS MISSING.
T  INDICATES TRACE AMOUNT.




$$
