000
CDUS44 KCRP 252203
CLILRD

CLIMATE REPORT
NATIONAL WEATHER SERVICE CORPUS CHRISTI TX
349 PM CST SUN JAN 25 2015


...................................

...THE LAREDO CLIMATE SUMMARY FOR JANUARY 25 2015...
VALID TODAY AS OF 300 PM LOCAL TIME.

*** PLEASE NOTE: DUE TO THE INABILITY TO OBTAIN OBSERVED TEMPERATURE
AND WIND DATA FROM THE LAREDO AWSS SITE AND FROM BACKUP
SOURCES...PORTIONS OF THE LAREDO CLIMATE DATA ARE NOT AVAILABLE AT
THIS TIME. ONCE THIS DATA BECOMES AVAILABLE...THE LAREDO CLIMATE
REPORT WILL BE ISSUED. ***

CLIMATE NORMAL PERIOD 1981 TO 2010
CLIMATE RECORD PERIOD 1900 TO 2015


WEATHER ITEM   OBSERVED TIME   RECORD YEAR NORMAL DEPARTURE LAST
                VALUE   (LST)  VALUE       VALUE  FROM      YEAR
                                                  NORMAL
..................................................................
TEMPERATURE (F)
 TODAY
  MAXIMUM         MM        MM  93    1965  68     MM       63
  MINIMUM         MM        MM  24    1930  47     MM       32
  AVERAGE         MM                        57     MM       48

PRECIPITATION (IN)
  TODAY            0.00         1.47  1961   0.03  -0.03     0.00
  MONTH TO DATE    0.58                      0.73  -0.15     0.08
  SINCE DEC 1      1.53                      1.61  -0.08     1.31
  SINCE JAN 1      0.58                      0.73  -0.15     0.08

SNOWFALL (IN)
  TODAY            0.0
  MONTH TO DATE    0.0
  SINCE DEC 1      0.0
  SINCE JUL 1      0.0

DEGREE DAYS
 HEATING
  TODAY           MM                         9     MM       17
  MONTH TO DATE  362                       241    121      246
  SINCE DEC 1    542                       516     26      558
  SINCE JUL 1    700                       631     69      723

 COOLING
  TODAY           MM                         1     MM        0
  MONTH TO DATE    1                        25    -24        8
  SINCE DEC 1     37                        60    -23       45
  SINCE JAN 1      1                        25    -24        8
..................................................................


WIND (MPH)
  HIGHEST WIND SPEED    MM   HIGHEST WIND DIRECTION    MM
  HIGHEST GUST SPEED    MM   HIGHEST GUST DIRECTION    MM


SKY COVER
  POSSIBLE SUNSHINE  MM
  AVERAGE SKY COVER 0.0


WEATHER CONDITIONS
 THE FOLLOWING WEATHER WAS RECORDED TODAY.
  NO SIGNIFICANT WEATHER WAS OBSERVED.


RELATIVE HUMIDITY (PERCENT)
 HIGHEST    82           800 AM
 LOWEST     76           900 AM
 AVERAGE    79

..........................................................


THE LAREDO CLIMATE NORMALS FOR TOMORROW
                         NORMAL    RECORD    YEAR
 MAXIMUM TEMPERATURE (F)   68        95      1975
 MINIMUM TEMPERATURE (F)   47        26      1978


SUNRISE AND SUNSET
JANUARY 25 2015.......SUNRISE   727 AM CST   SUNSET   613 PM CST
JANUARY 26 2015.......SUNRISE   727 AM CST   SUNSET   614 PM CST


-  INDICATES NEGATIVE NUMBERS.
R  INDICATES RECORD WAS SET OR TIED.
MM INDICATES DATA IS MISSING.
T  INDICATES TRACE AMOUNT.

$$

GW
