000
CDUS44 KCRP 260926
CLILRD

CLIMATE REPORT
NATIONAL WEATHER SERVICE CORPUS CHRISTI TX
324 AM CST FRI DEC 26 2014


...................................

...THE LAREDO CLIMATE SUMMARY FOR DECEMBER 25 2014...

CLIMATE NORMAL PERIOD 1981 TO 2010
CLIMATE RECORD PERIOD 1900 TO 2014


WEATHER ITEM   OBSERVED TIME   RECORD YEAR NORMAL DEPARTURE LAST
                VALUE   (LST)  VALUE       VALUE  FROM      YEAR
                                                  NORMAL
..................................................................
TEMPERATURE (F)
 YESTERDAY
  MAXIMUM         69    412 PM  91    1955  66      3       65
  MINIMUM         39    450 AM  14    1983  46     -7       42
  AVERAGE         54                        56     -2       54

PRECIPITATION (IN)
  YESTERDAY        0.00          1.30 1938   0.04  -0.04     0.00
  MONTH TO DATE    0.14                      0.69  -0.55     0.01
  SINCE DEC 1      0.14                      0.69  -0.55     0.01
  SINCE JAN 1     15.81                     20.01  -4.20    20.41

SNOWFALL (IN)
  YESTERDAY        0.0
  MONTH TO DATE    0.0
  SINCE DEC 1      0.0
  SINCE JUL 1      0.0

DEGREE DAYS
 HEATING
  YESTERDAY       11                        10      1       11
  MONTH TO DATE  100                       215   -115      225
  SINCE DEC 1    100                       215   -115      225
  SINCE JUL 1    258                       330    -72      390

 COOLING
  YESTERDAY        0                         1     -1        0
  MONTH TO DATE   36                        29      7       37
  SINCE DEC 1     36                        29      7       37
  SINCE JAN 1   4511                      4284    227     4519
..................................................................


WIND (MPH)
  HIGHEST WIND SPEED    30   HIGHEST WIND DIRECTION     S (160)
  HIGHEST GUST SPEED    36   HIGHEST GUST DIRECTION     S (160)
  AVERAGE WIND SPEED    13.6


SKY COVER
  POSSIBLE SUNSHINE  MM
  AVERAGE SKY COVER 0.0


WEATHER CONDITIONS
 THE FOLLOWING WEATHER WAS RECORDED YESTERDAY.
  NO SIGNIFICANT WEATHER WAS OBSERVED.


RELATIVE HUMIDITY (PERCENT)
 HIGHEST    77          1100 PM
 LOWEST     28           100 PM

..........................................................


THE LAREDO CLIMATE NORMALS FOR TODAY
                         NORMAL    RECORD    YEAR
 MAXIMUM TEMPERATURE (F)   66        89      2005
 MINIMUM TEMPERATURE (F)   46        19      1983


SUNRISE AND SUNSET
DECEMBER 26 2014......SUNRISE   726 AM CST   SUNSET   551 PM CST
DECEMBER 27 2014......SUNRISE   727 AM CST   SUNSET   551 PM CST


-  INDICATES NEGATIVE NUMBERS.
R  INDICATES RECORD WAS SET OR TIED.
MM INDICATES DATA IS MISSING.
T  INDICATES TRACE AMOUNT.

$$

CB
