000
CDUS43 KARX 290712
CLILSE


CLIMATE REPORT
NATIONAL WEATHER SERVICE LA CROSSE WI
210 AM CDT SUN MAY 29 2016

...THE LA CROSSE WI CLIMATE SUMMARY FOR MAY 28 2016...

CLIMATE NORMAL PERIOD 1981 TO 2010
CLIMATE RECORD PERIOD 1873 TO 2016

WEATHER ITEM   OBSERVED TIME   RECORD YEAR NORMAL DEPARTURE LAST
                VALUE   (LST)  VALUE       VALUE  FROM      YEAR
                                                  NORMAL
..................................................................
TEMPERATURE (F)
 YESTERDAY
  MAXIMUM         80    250 PM  95    1874  74      6       85
  MINIMUM         63   1154 PM  34    1947  52     11       62
  AVERAGE         72                        63      9       74

PRECIPITATION (IN)
  YESTERDAY        0.60          1.62 1879   0.12   0.48      T
  MONTH TO DATE    2.60                      3.16  -0.56     3.98
  SINCE MAR 1      7.29                      8.54  -1.25     8.95
  SINCE JAN 1      8.94                     10.71  -1.77    10.16

SNOWFALL (IN)
  YESTERDAY        0.0           0.0  2002   0.0    0.0      0.0
                                      2001
  MONTH TO DATE    0.0                       0.1   -0.1      0.0
  SINCE JUL 1     40.3                      43.4   -3.1     38.8
  SNOW DEPTH       0

DEGREE DAYS
 HEATING
  YESTERDAY        0                         4     -4        0
  MONTH TO DATE  192                       193     -1      132
  SINCE JUL 1   5949                      7145  -1196     7039

 COOLING
  YESTERDAY        7                         2      5        9
  MONTH TO DATE   52                        34     18       57
  SINCE JAN 1     63                        41     22       58
..................................................................

WIND (MPH)
  HIGHEST WIND SPEED    23   HIGHEST WIND DIRECTION     S (170)
  HIGHEST GUST SPEED    29   HIGHEST GUST DIRECTION     S (180)
  AVERAGE WIND SPEED     7.1

SKY COVER
  POSSIBLE SUNSHINE  MM
  AVERAGE SKY COVER 0.8

WEATHER CONDITIONS
 THE FOLLOWING WEATHER WAS RECORDED YESTERDAY.
  THUNDERSTORM
  HEAVY RAIN
  RAIN
  LIGHT RAIN
  FOG

RELATIVE HUMIDITY (PERCENT)
 HIGHEST    93          1200 AM
 LOWEST     54           400 PM
 AVERAGE    74
..........................................................

THE LA CROSSE WI CLIMATE NORMALS FOR TODAY
                         NORMAL    RECORD    YEAR
 MAXIMUM TEMPERATURE (F)   75        95      2006
                                             1934
 MINIMUM TEMPERATURE (F)   53        32      1965

SUNRISE AND SUNSET
MAY 29 2016...........SUNRISE   527 AM CDT   SUNSET   838 PM CDT
MAY 30 2016...........SUNRISE   526 AM CDT   SUNSET   839 PM CDT

-  INDICATES NEGATIVE NUMBERS.
R  INDICATES RECORD WAS SET OR TIED.
MM INDICATES DATA IS MISSING.
T  INDICATES TRACE AMOUNT.

$$

BOYNE
