162
CDUS43 KARX 280639
CLILSE


CLIMATE REPORT
NATIONAL WEATHER SERVICE LA CROSSE WI
137 AM CDT SUN MAY 28 2017

...THE LA CROSSE WI CLIMATE SUMMARY FOR MAY 27 2017...

CLIMATE NORMAL PERIOD 1981 TO 2010
CLIMATE RECORD PERIOD 1873 TO 2017


WEATHER ITEM   OBSERVED TIME   RECORD YEAR NORMAL DEPARTURE LAST
                VALUE   (LST)  VALUE       VALUE  FROM      YEAR
                                                  NORMAL
..................................................................
TEMPERATURE (F)
 YESTERDAY
  MAXIMUM         77    142 PM  96    1874  74      3       77
  MINIMUM         56   1139 PM  30    1971  52      4       64
  AVERAGE         67                        63      4       71

PRECIPITATION (IN)
  YESTERDAY        0.04          2.36 1956   0.12  -0.08     0.16
  MONTH TO DATE    7.12                      3.04   4.08     2.00
  SINCE MAR 1     13.75                      8.42   5.33     6.69
  SINCE JAN 1     17.61                     10.59   7.02     8.34

SNOWFALL (IN)
  YESTERDAY        0.0           0.0  2002   0.0    0.0      0.0
                                      2001
  MONTH TO DATE    T                         0.1   -0.1      0.0
  SINCE JUL 1     42.2                      43.4   -1.2     40.3
  SNOW DEPTH       0

DEGREE DAYS
 HEATING
  YESTERDAY        0                         4     -4        0
  MONTH TO DATE  203                       189     14      192
  SINCE JUL 1   5757                      7141  -1384     5949

 COOLING
  YESTERDAY        2                         2      0        6
  MONTH TO DATE   30                        32     -2       45
  SINCE JAN 1     36                        39     -3       56
..................................................................

WIND (MPH)
  HIGHEST WIND SPEED    13   HIGHEST WIND DIRECTION    NW (320)
  HIGHEST GUST SPEED    16   HIGHEST GUST DIRECTION    NW (320)
  AVERAGE WIND SPEED     4.8

SKY COVER
  POSSIBLE SUNSHINE  MM
  AVERAGE SKY COVER 0.3

WEATHER CONDITIONS
 THE FOLLOWING WEATHER WAS RECORDED YESTERDAY.
  LIGHT RAIN
  FOG

RELATIVE HUMIDITY (PERCENT)
 HIGHEST    97           600 AM
 LOWEST     43           200 PM
 AVERAGE    70
..........................................................

THE LA CROSSE WI CLIMATE NORMALS FOR TODAY
                         NORMAL    RECORD    YEAR
 MAXIMUM TEMPERATURE (F)   74        95      1874
 MINIMUM TEMPERATURE (F)   52        34      1947

SUNRISE AND SUNSET
MAY 28 2017...........SUNRISE   528 AM CDT   SUNSET   837 PM CDT
MAY 29 2017...........SUNRISE   527 AM CDT   SUNSET   838 PM CDT

-  INDICATES NEGATIVE NUMBERS.
R  INDICATES RECORD WAS SET OR TIED.
MM INDICATES DATA IS MISSING.
T  INDICATES TRACE AMOUNT.

$$

BOYNE
