000
CDUS43 KARX 110638
CLILSE


CLIMATE REPORT
NATIONAL WEATHER SERVICE LA CROSSE WI
137 AM CDT FRI JUL 11 2014


...................................

...THE LA CROSSE WI CLIMATE SUMMARY FOR JULY 10 2014...

CLIMATE NORMAL PERIOD 1981 TO 2010
CLIMATE RECORD PERIOD 1873 TO 2014


WEATHER ITEM   OBSERVED TIME   RECORD YEAR NORMAL DEPARTURE LAST
                VALUE   (LST)  VALUE       VALUE  FROM      YEAR
                                                  NORMAL
..................................................................
TEMPERATURE (F)
 YESTERDAY
  MAXIMUM         84    403 PM 100    1980  85     -1       83
                                      1936
  MINIMUM         59    249 AM  48    1895  64     -5       61
  AVERAGE         72                        74     -2       72

PRECIPITATION (IN)
  YESTERDAY        0.00          1.34 1984   0.14  -0.14     0.00
  MONTH TO DATE    0.56                      1.38  -0.82     0.27
  SINCE JUN 1      7.26                      5.72   1.54     6.09
  SINCE JAN 1     20.42                     16.79   3.63    25.02

SNOWFALL (IN)
  YESTERDAY        0.0           0.0  2002   0.0    0.0      0.0
                                      2001
  MONTH TO DATE    0.0                       0.0    0.0      0.0
  SINCE JUL 1      0.0                       0.0    0.0      0.0
  SNOW DEPTH       0

DEGREE DAYS
 HEATING
  YESTERDAY        0                         0      0        0
  MONTH TO DATE    1                         0      1        0
  SINCE JUL 1      1                         0      1        0

 COOLING
  YESTERDAY        7                         9     -2        7
  MONTH TO DATE   59                        89    -30      113
  SINCE JAN 1    340                       303     37      327
..................................................................


WIND (MPH)
  HIGHEST WIND SPEED    16   HIGHEST WIND DIRECTION     S (180)
  HIGHEST GUST SPEED    20   HIGHEST GUST DIRECTION     S (200)
  AVERAGE WIND SPEED     9.0


SKY COVER
  POSSIBLE SUNSHINE  MM
  AVERAGE SKY COVER 0.1


WEATHER CONDITIONS
 THE FOLLOWING WEATHER WAS RECORDED YESTERDAY.
  HAZE


RELATIVE HUMIDITY (PERCENT)
 HIGHEST    84          1200 AM
 LOWEST     51           200 PM
 AVERAGE    68

..........................................................


THE LA CROSSE WI CLIMATE NORMALS FOR TODAY
                         NORMAL    RECORD    YEAR
 MAXIMUM TEMPERATURE (F)   85       104      1936
 MINIMUM TEMPERATURE (F)   64        50      1978
                                             1945


SUNRISE AND SUNSET
JULY 11 2014..........SUNRISE   533 AM CDT   SUNSET   847 PM CDT
JULY 12 2014..........SUNRISE   534 AM CDT   SUNSET   847 PM CDT


-  INDICATES NEGATIVE NUMBERS.
R  INDICATES RECORD WAS SET OR TIED.
MM INDICATES DATA IS MISSING.
T  INDICATES TRACE AMOUNT.




$$
