000
CDUS46 KMTR 300032
CLILVK


CLIMATE REPORT
NATIONAL WEATHER SERVICE SAN FRANCISCO BAY AREA
532 PM PDT WED JUL 29 2015


...................................

...THE LIVERMORE AIRPORT CLIMATE SUMMARY FOR JULY 29 2015...
VALID TODAY AS OF 0500 PM LOCAL TIME.

CLIMATE NORMAL PERIOD 1981 TO 2010
CLIMATE RECORD PERIOD 1930 TO 2015


WEATHER ITEM   OBSERVED TIME   RECORD YEAR NORMAL DEPARTURE LAST
                VALUE   (LST)  VALUE       VALUE  FROM      YEAR
                                                  NORMAL
..................................................................
TEMPERATURE (F)
 TODAY
  MAXIMUM        107    209 PM 108    1954  88     19       97
  MINIMUM         66    550 AM  48    1961  57      9       65
  AVERAGE         87                        73     14       81

PRECIPITATION (IN)
  TODAY            0.00          0.00 2006   0.00   0.00     0.00
  MONTH TO DATE    T                         0.00   0.00      T
  SINCE OCT 1     13.78                     15.48  -1.70     6.79
  SINCE JAN 1      4.16                      9.90  -5.74     4.88

DEGREE DAYS
 HEATING
  TODAY            0                         0      0        0
  MONTH TO DATE    0                         0      0        0
  SINCE JUN 1      0                        32    -32        4
  SINCE JUL 1      0                         0      0        0

 COOLING
  TODAY           22                         8     14       16
  MONTH TO DATE  309                       218     91      296
  SINCE JUN 1    570                       328    242      489
  SINCE JAN 1    608                       381    227      615
..................................................................


WIND (MPH)
  RESULTANT WIND SPEED   3   RESULTANT WIND DIRECTION   W (260)
  HIGHEST WIND SPEED    17   HIGHEST WIND DIRECTION     W (280)
  HIGHEST GUST SPEED    22   HIGHEST GUST DIRECTION     W (280)
  AVERAGE WIND SPEED     3.7


SKY COVER
  POSSIBLE SUNSHINE  MM
  AVERAGE SKY COVER 0.0


WEATHER CONDITIONS
 THE FOLLOWING WEATHER WAS RECORDED TODAY.
  NO SIGNIFICANT WEATHER WAS OBSERVED.


RELATIVE HUMIDITY (PERCENT)
 HIGHEST    45           600 AM
 LOWEST     10           100 PM
 AVERAGE    28

..........................................................


THE LIVERMORE AIRPORT CLIMATE NORMALS FOR TOMORROW
                         NORMAL    RECORD    YEAR
 MAXIMUM TEMPERATURE (F)   88       107      1979
 MINIMUM TEMPERATURE (F)   57        46      1975


SUNRISE AND SUNSET
JULY 29 2015..........SUNRISE   608 AM PDT   SUNSET   819 PM PDT
JULY 30 2015..........SUNRISE   609 AM PDT   SUNSET   818 PM PDT


-  INDICATES NEGATIVE NUMBERS.
R  INDICATES RECORD WAS SET OR TIED.
MM INDICATES DATA IS MISSING.
T  INDICATES TRACE AMOUNT.




$$
