430
CDUS45 KBYZ 260936
CLILVM


CLIMATE REPORT
NATIONAL WEATHER SERVICE BILLINGS MT
335 AM MDT TUE JUL 26 2016


...................................

...THE LIVINGSTON MT CLIMATE SUMMARY FOR JULY 25 2016...

CLIMATE NORMAL PERIOD 1981 TO 2010
CLIMATE RECORD PERIOD 1948 TO 2016


WEATHER ITEM   OBSERVED TIME   RECORD YEAR NORMAL DEPARTURE LAST
                VALUE   (LST)  VALUE       VALUE  FROM      YEAR
                                                  NORMAL
..................................................................
TEMPERATURE (F)
 YESTERDAY
  MAXIMUM         97R   339 PM  96    2010  87     10       86
  MINIMUM         46    351 AM  39    1948  50     -4       61
  AVERAGE         72                        68      4       74

PRECIPITATION (IN)
  YESTERDAY        0.03          0.58 2007   0.04  -0.01      T
  MONTH TO DATE    1.19                      1.24  -0.05     0.99
  SINCE OCT 1     10.69                     12.26  -1.57    10.47
  SINCE JAN 1      6.99                      9.89  -2.90     8.68

DEGREE DAYS
 HEATING
  YESTERDAY        0                         1     -1        0
  MONTH TO DATE   33                        44    -11        2
  SINCE JUN 1    111                       251   -140       56
  SINCE JUL 1     33                        44    -11        2

 COOLING
  YESTERDAY        7                         4      3        9
  MONTH TO DATE  107                        82     25      102
  SINCE JUN 1    177                       101     76      201
  SINCE JAN 1    177                       102     75      202
..................................................................


WIND (MPH)
  HIGHEST WIND SPEED    23   HIGHEST WIND DIRECTION     E (90)
  HIGHEST GUST SPEED    30   HIGHEST GUST DIRECTION     E (80)
  AVERAGE WIND SPEED     6.6


SKY COVER
  POSSIBLE SUNSHINE  MM
  AVERAGE SKY COVER 0.1


WEATHER CONDITIONS
 THE FOLLOWING WEATHER WAS RECORDED YESTERDAY.
  THUNDERSTORM
  LIGHT RAIN


RELATIVE HUMIDITY (PERCENT)
 HIGHEST    66           300 AM
 LOWEST     10           400 PM
 AVERAGE    38

..........................................................


THE LIVINGSTON MT CLIMATE NORMALS FOR TODAY
                         NORMAL    RECORD    YEAR
 MAXIMUM TEMPERATURE (F)   87        98      2008
                                             1988
 MINIMUM TEMPERATURE (F)   50        42      1971


SUNRISE AND SUNSET
JULY 26 2016..........SUNRISE   559 AM MDT   SUNSET   857 PM MDT
JULY 27 2016..........SUNRISE   600 AM MDT   SUNSET   856 PM MDT


-  INDICATES NEGATIVE NUMBERS.
R  INDICATES RECORD WAS SET OR TIED.
MM INDICATES DATA IS MISSING.
T  INDICATES TRACE AMOUNT.





&&

THIS IS AN AUTOMATED...UNATTENDED WEATHER STATION AND MAY
UNDERESTIMATE WINTER PRECIPITATION.

$$
