000
CDUS45 KBYZ 102226
CLILVM


CLIMATE REPORT
NATIONAL WEATHER SERVICE BILLINGS MT
426 PM MDT THU JUL 10 2014


...................................

...THE LIVINGSTON MT CLIMATE SUMMARY FOR JULY 10 2014...
VALID TODAY AS OF 0400 PM LOCAL TIME.

CLIMATE NORMAL PERIOD 1981 TO 2010
CLIMATE RECORD PERIOD 1948 TO 2014


WEATHER ITEM   OBSERVED TIME   RECORD YEAR NORMAL DEPARTURE LAST
                VALUE   (LST)  VALUE       VALUE  FROM      YEAR
                                                  NORMAL
..................................................................
TEMPERATURE (F)
 TODAY
  MAXIMUM         92    257 PM 100    1973  83      9       95
  MINIMUM         63    635 AM  40    2011  49     14       49
  AVERAGE         78                        66     12       72

PRECIPITATION (IN)
  TODAY            T             1.10 1983   0.05  -0.05     0.00
  MONTH TO DATE    T                         0.53  -0.53     1.23
  SINCE OCT 1     11.09                     11.55  -0.46     9.32
  SINCE JAN 1      8.80                      9.18  -0.38     7.02

DEGREE DAYS
 HEATING
  TODAY            0                         2     -2        0
  MONTH TO DATE    9                        25    -16        0
  SINCE JUN 1    204                       232    -28      137
  SINCE JUL 1      9                        25    -16        0

 COOLING
  TODAY           13                         3     10        7
  MONTH TO DATE   56                        24     32       68
  SINCE JUN 1     58                        43     15      110
  SINCE JAN 1     63                        44     19      118
..................................................................


WIND (MPH)
  HIGHEST WIND SPEED    22   HIGHEST WIND DIRECTION     W (250)
  HIGHEST GUST SPEED    28   HIGHEST GUST DIRECTION     W (260)
  AVERAGE WIND SPEED    10.8


SKY COVER
  POSSIBLE SUNSHINE  MM
  AVERAGE SKY COVER 0.2


WEATHER CONDITIONS
 THE FOLLOWING WEATHER WAS RECORDED TODAY.
  NO SIGNIFICANT WEATHER WAS OBSERVED.


RELATIVE HUMIDITY (PERCENT)
 HIGHEST    58           500 AM
 LOWEST     18          1200 PM
 AVERAGE    38

..........................................................


THE LIVINGSTON MT CLIMATE NORMALS FOR TOMORROW
                         NORMAL    RECORD    YEAR
 MAXIMUM TEMPERATURE (F)   84        98      2013
                                             2002
 MINIMUM TEMPERATURE (F)   49        38      1951


SUNRISE AND SUNSET
JULY 10 2014..........SUNRISE   543 AM MDT   SUNSET   911 PM MDT
JULY 11 2014..........SUNRISE   543 AM MDT   SUNSET   911 PM MDT


-  INDICATES NEGATIVE NUMBERS.
R  INDICATES RECORD WAS SET OR TIED.
MM INDICATES DATA IS MISSING.
T  INDICATES TRACE AMOUNT.





&&

THIS IS AN AUTOMATED...UNATTENDED WEATHER STATION AND MAY
UNDERESTIMATE WINTER PRECIPITATION.

$$
