000
CDUS45 KBYZ 240724
CLILVM


CLIMATE REPORT
NATIONAL WEATHER SERVICE BILLINGS MT
1224 AM MST FRI NOV 24 2017


...................................

...THE LIVINGSTON MT CLIMATE SUMMARY FOR NOVEMBER 23 2017...

CLIMATE NORMAL PERIOD 1981 TO 2010
CLIMATE RECORD PERIOD 1948 TO 2017


WEATHER ITEM   OBSERVED TIME   RECORD YEAR NORMAL DEPARTURE LAST
                VALUE   (LST)  VALUE       VALUE  FROM      YEAR
                                                  NORMAL
..................................................................
TEMPERATURE (F)
 YESTERDAY
  MAXIMUM         66R   129 PM  58    2005  40     26       50
                                      1995
  MINIMUM         52   1212 AM -15    1985  22     30       33
  AVERAGE         59                        31     28       42

PRECIPITATION (IN)
  YESTERDAY        0.00          0.49 1988   0.02  -0.02      T
  MONTH TO DATE    1.59                      0.45   1.14     0.19
  SINCE OCT 1      1.83                      1.71   0.12     3.51
  SINCE JAN 1     15.73                     14.15   1.58    13.50

DEGREE DAYS
 HEATING
  YESTERDAY        6                        34    -28       23
  MONTH TO DATE  740                       682     58      427
  SINCE SEP 1   1647                      1592     55     1189
  SINCE JUL 1   1670                      1710    -40     1277

 COOLING
  YESTERDAY        0                         0      0        0
  MONTH TO DATE    0                         0      0        0
  SINCE SEP 1     53                        15     38       18
  SINCE JAN 1    397                       230    167      330
..................................................................


WIND (MPH)
  HIGHEST WIND SPEED    52   HIGHEST WIND DIRECTION    SW (220)
  HIGHEST GUST SPEED    64   HIGHEST GUST DIRECTION    SW (220)
  AVERAGE WIND SPEED    38.8


SKY COVER
  POSSIBLE SUNSHINE  MM
  AVERAGE SKY COVER 0.1


WEATHER CONDITIONS
 THE FOLLOWING WEATHER WAS RECORDED YESTERDAY.
  NO SIGNIFICANT WEATHER WAS OBSERVED.


RELATIVE HUMIDITY (PERCENT)
 HIGHEST    59          1200 AM
 LOWEST     37           200 PM
 AVERAGE    48

..........................................................


THE LIVINGSTON MT CLIMATE NORMALS FOR TODAY
                         NORMAL    RECORD    YEAR
 MAXIMUM TEMPERATURE (F)   40        63      1954
 MINIMUM TEMPERATURE (F)   21       -13      2010


SUNRISE AND SUNSET
NOVEMBER 24 2017......SUNRISE   734 AM MST   SUNSET   443 PM MST
NOVEMBER 25 2017......SUNRISE   735 AM MST   SUNSET   442 PM MST


-  INDICATES NEGATIVE NUMBERS.
R  INDICATES RECORD WAS SET OR TIED.
MM INDICATES DATA IS MISSING.
T  INDICATES TRACE AMOUNT.




$$
