000
CDUS45 KBYZ 310939
CLILVM


CLIMATE REPORT
NATIONAL WEATHER SERVICE BILLINGS MT
337 AM MDT THU JUL 31 2014


...................................

...THE LIVINGSTON MT CLIMATE SUMMARY FOR JULY 30 2014...

CLIMATE NORMAL PERIOD 1981 TO 2010
CLIMATE RECORD PERIOD 1948 TO 2014


WEATHER ITEM   OBSERVED TIME   RECORD YEAR NORMAL DEPARTURE LAST
                VALUE   (LST)  VALUE       VALUE  FROM      YEAR
                                                  NORMAL
..................................................................
TEMPERATURE (F)
 YESTERDAY
  MAXIMUM         91    347 PM 104    2000  87      4       86
  MINIMUM         49    524 AM  39    1971  50     -1       50
  AVERAGE         70                        68      2       68

PRECIPITATION (IN)
  YESTERDAY        0.00          0.78 1975   0.04  -0.04      T
  MONTH TO DATE    0.45                      1.43  -0.98     1.29
  SINCE OCT 1     11.54                     12.45  -0.91     9.38
  SINCE JAN 1      9.25                     10.08  -0.83     7.08

DEGREE DAYS
 HEATING
  YESTERDAY        0                         1     -1        0
  MONTH TO DATE    9                        49    -40        0
  SINCE JUN 1    204                       256    -52      137
  SINCE JUL 1      9                        49    -40        0

 COOLING
  YESTERDAY        5                         4      1        3
  MONTH TO DATE  166                       102     64      183
  SINCE JUN 1    168                       121     47      225
  SINCE JAN 1    173                       122     51      233
..................................................................


WIND (MPH)
  HIGHEST WIND SPEED    20   HIGHEST WIND DIRECTION     E (70)
  HIGHEST GUST SPEED    25   HIGHEST GUST DIRECTION     E (70)
  AVERAGE WIND SPEED     7.1


SKY COVER
  POSSIBLE SUNSHINE  MM
  AVERAGE SKY COVER 0.0


WEATHER CONDITIONS
 THE FOLLOWING WEATHER WAS RECORDED YESTERDAY.
  NO SIGNIFICANT WEATHER WAS OBSERVED.


RELATIVE HUMIDITY (PERCENT)
 HIGHEST    86           500 AM
 LOWEST     13           300 PM
 AVERAGE    50

..........................................................


THE LIVINGSTON MT CLIMATE NORMALS FOR TODAY
                         NORMAL    RECORD    YEAR
 MAXIMUM TEMPERATURE (F)   87       100      2000
 MINIMUM TEMPERATURE (F)   50        37      1995


SUNRISE AND SUNSET
JULY 31 2014..........SUNRISE   604 AM MDT   SUNSET   852 PM MDT
AUGUST  1 2014........SUNRISE   605 AM MDT   SUNSET   850 PM MDT


-  INDICATES NEGATIVE NUMBERS.
R  INDICATES RECORD WAS SET OR TIED.
MM INDICATES DATA IS MISSING.
T  INDICATES TRACE AMOUNT.





&&

THIS IS AN AUTOMATED...UNATTENDED WEATHER STATION AND MAY
UNDERESTIMATE WINTER PRECIPITATION.

$$
