000
CDUS45 KBYZ 232329
CLILVM


CLIMATE REPORT
NATIONAL WEATHER SERVICE BILLINGS MT
429 PM MST THU FEB 23 2017


...................................

...THE LIVINGSTON MT CLIMATE SUMMARY FOR FEBRUARY 23 2017...
VALID TODAY AS OF 0400 PM LOCAL TIME.

CLIMATE NORMAL PERIOD 1981 TO 2010
CLIMATE RECORD PERIOD 1948 TO 2017


WEATHER ITEM   OBSERVED TIME   RECORD YEAR NORMAL DEPARTURE LAST
                VALUE   (LST)  VALUE       VALUE  FROM      YEAR
                                                  NORMAL
..................................................................
TEMPERATURE (F)
 TODAY
  MAXIMUM         29    147 AM  61    1995  42    -13       47
  MINIMUM         24    359 PM -18    2003  19      5       15
  AVERAGE         27                        30     -3       31

PRECIPITATION (IN)
  TODAY            0.06          0.12 2013   0.02   0.04     0.00
  MONTH TO DATE    0.86                      0.40   0.46     0.15
  SINCE OCT 1      5.20                      3.26   1.94     4.00
  SINCE JAN 1      1.27                      0.89   0.38     0.30

DEGREE DAYS
 HEATING
  TODAY           38                        35      3       34
  MONTH TO DATE  763                       836    -73      584
  SINCE DEC 1   3525                      3218    307     2786
  SINCE JUL 1   5023                      5177   -154     4463

 COOLING
  TODAY            0                         0      0        0
  MONTH TO DATE    0                         0      0        0
  SINCE DEC 1      0                         0      0        0
  SINCE JAN 1      0                         0      0        0
..................................................................


WIND (MPH)
  HIGHEST WIND SPEED    25   HIGHEST WIND DIRECTION     E (80)
  HIGHEST GUST SPEED    31   HIGHEST GUST DIRECTION    NE (60)
  AVERAGE WIND SPEED    17.1


SKY COVER
  POSSIBLE SUNSHINE  MM
  AVERAGE SKY COVER 0.9


WEATHER CONDITIONS
 THE FOLLOWING WEATHER WAS RECORDED TODAY.
  SNOW
  LIGHT SNOW
  FOG


RELATIVE HUMIDITY (PERCENT)
 HIGHEST    92           500 AM
 LOWEST     81           900 AM
 AVERAGE    87

..........................................................


THE LIVINGSTON MT CLIMATE NORMALS FOR TOMORROW
                         NORMAL    RECORD    YEAR
 MAXIMUM TEMPERATURE (F)   42        70      1995
 MINIMUM TEMPERATURE (F)   19       -24      2003


SUNRISE AND SUNSET
FEBRUARY 23 2017......SUNRISE   710 AM MST   SUNSET   601 PM MST
FEBRUARY 24 2017......SUNRISE   708 AM MST   SUNSET   602 PM MST


-  INDICATES NEGATIVE NUMBERS.
R  INDICATES RECORD WAS SET OR TIED.
MM INDICATES DATA IS MISSING.
T  INDICATES TRACE AMOUNT.





&&

THIS IS AN AUTOMATED...UNATTENDED WEATHER STATION AND MAY
UNDERESTIMATE WINTER PRECIPITATION.

$$
