000
CDUS45 KBYZ 230937
CLILVM


CLIMATE REPORT
NATIONAL WEATHER SERVICE BILLINGS MT
332 AM MDT SAT AUG 23 2014


...................................

...THE LIVINGSTON MT CLIMATE SUMMARY FOR AUGUST 22 2014...

CLIMATE NORMAL PERIOD 1981 TO 2010
CLIMATE RECORD PERIOD 1948 TO 2014


WEATHER ITEM   OBSERVED TIME   RECORD YEAR NORMAL DEPARTURE LAST
                VALUE   (LST)  VALUE       VALUE  FROM      YEAR
                                                  NORMAL
..................................................................
TEMPERATURE (F)
 YESTERDAY
  MAXIMUM         64   1248 PM  97    2011  83    -19       91
  MINIMUM         53   1127 PM  37    1996  46      7       48
  AVERAGE         59                        64     -5       70

PRECIPITATION (IN)
  YESTERDAY        0.26          0.78 1965   0.04   0.22     0.00
  MONTH TO DATE    0.90                      0.79   0.11     0.08
  SINCE OCT 1     12.44                     13.28  -0.84     9.46
  SINCE JAN 1     10.15                     10.91  -0.76     7.16

DEGREE DAYS
 HEATING
  YESTERDAY        6                         3      3        0
  MONTH TO DATE    8                        34    -26        0
  SINCE JUN 1    212                       291    -79      137
  SINCE JUL 1     17                        84    -67        0

 COOLING
  YESTERDAY        0                         2     -2        5
  MONTH TO DATE  116                        73     43      127
  SINCE JUN 1    291                       201     90      355
  SINCE JAN 1    296                       202     94      363
..................................................................


WIND (MPH)
  HIGHEST WIND SPEED    17   HIGHEST WIND DIRECTION     E (100)
  HIGHEST GUST SPEED    23   HIGHEST GUST DIRECTION     E (90)
  AVERAGE WIND SPEED     8.2


SKY COVER
  POSSIBLE SUNSHINE  MM
  AVERAGE SKY COVER 0.8


WEATHER CONDITIONS
 THE FOLLOWING WEATHER WAS RECORDED YESTERDAY.
  THUNDERSTORM
  RAIN
  LIGHT RAIN
  FOG


RELATIVE HUMIDITY (PERCENT)
 HIGHEST    93          1100 PM
 LOWEST     64          1100 AM
 AVERAGE    79

..........................................................


THE LIVINGSTON MT CLIMATE NORMALS FOR TODAY
                         NORMAL    RECORD    YEAR
 MAXIMUM TEMPERATURE (F)   82        98      1969
 MINIMUM TEMPERATURE (F)   46        35      2007


SUNRISE AND SUNSET
AUGUST 23 2014........SUNRISE   632 AM MDT   SUNSET   816 PM MDT
AUGUST 24 2014........SUNRISE   633 AM MDT   SUNSET   814 PM MDT


-  INDICATES NEGATIVE NUMBERS.
R  INDICATES RECORD WAS SET OR TIED.
MM INDICATES DATA IS MISSING.
T  INDICATES TRACE AMOUNT.





&&

THIS IS AN AUTOMATED...UNATTENDED WEATHER STATION AND MAY
UNDERESTIMATE WINTER PRECIPITATION.

$$
