000
CDUS45 KBYZ 311034
CLILVM


CLIMATE REPORT
NATIONAL WEATHER SERVICE BILLINGS MT
331 AM MST SAT JAN 31 2015


...................................

...THE LIVINGSTON MT CLIMATE SUMMARY FOR JANUARY 30 2015...

CLIMATE NORMAL PERIOD 1981 TO 2010
CLIMATE RECORD PERIOD 1948 TO 2015


WEATHER ITEM   OBSERVED TIME   RECORD YEAR NORMAL DEPARTURE LAST
                VALUE   (LST)  VALUE       VALUE  FROM      YEAR
                                                  NORMAL
..................................................................
TEMPERATURE (F)
 YESTERDAY
  MAXIMUM         47    359 PM  61    1962  37     10       37
  MINIMUM         26    738 PM -23    1985  18      8        7
  AVERAGE         37                        27     10       22

PRECIPITATION (IN)
  YESTERDAY        0.00          0.11        0.01  -0.01     0.10
  MONTH TO DATE    0.54                      0.47   0.07     0.30
  SINCE OCT 1      2.33                      2.84  -0.51     2.59
  SINCE JAN 1      0.54                      0.47   0.07     0.30

DEGREE DAYS
 HEATING
  YESTERDAY       28                        38    -10       43
  MONTH TO DATE  960                      1144   -184      942
  SINCE DEC 1   2007                      2350   -343     2190
  SINCE JUL 1   3745                      4309   -564     3897

 COOLING
  YESTERDAY        0                         0      0        0
  MONTH TO DATE    0                         0      0        0
  SINCE DEC 1      0                         0      0        0
  SINCE JAN 1      0                         0      0        0
..................................................................


WIND (MPH)
  HIGHEST WIND SPEED    24   HIGHEST WIND DIRECTION     W (250)
  HIGHEST GUST SPEED    29   HIGHEST GUST DIRECTION     W (250)
  AVERAGE WIND SPEED    12.5


SKY COVER
  POSSIBLE SUNSHINE  MM
  AVERAGE SKY COVER 0.0


WEATHER CONDITIONS
 THE FOLLOWING WEATHER WAS RECORDED YESTERDAY.
  HAZE


RELATIVE HUMIDITY (PERCENT)
 HIGHEST    63           600 PM
 LOWEST     28           200 PM
 AVERAGE    46

..........................................................


THE LIVINGSTON MT CLIMATE NORMALS FOR TODAY
                         NORMAL    RECORD    YEAR
 MAXIMUM TEMPERATURE (F)   37        60      1992
 MINIMUM TEMPERATURE (F)   18       -18      1975


SUNRISE AND SUNSET
JANUARY 31 2015.......SUNRISE   745 AM MST   SUNSET   526 PM MST
FEBRUARY  1 2015......SUNRISE   743 AM MST   SUNSET   528 PM MST


-  INDICATES NEGATIVE NUMBERS.
R  INDICATES RECORD WAS SET OR TIED.
MM INDICATES DATA IS MISSING.
T  INDICATES TRACE AMOUNT.





&&

THIS IS AN AUTOMATED...UNATTENDED WEATHER STATION AND MAY
UNDERESTIMATE WINTER PRECIPITATION.

$$
