000
CDUS45 KBYZ 181033
CLILVM


CLIMATE REPORT
NATIONAL WEATHER SERVICE BILLINGS MT
332 AM MST WED JAN 18 2017


...................................

...THE LIVINGSTON MT CLIMATE SUMMARY FOR JANUARY 17 2017...

CLIMATE NORMAL PERIOD 1981 TO 2010
CLIMATE RECORD PERIOD 1948 TO 2017


WEATHER ITEM   OBSERVED TIME   RECORD YEAR NORMAL DEPARTURE LAST
                VALUE   (LST)  VALUE       VALUE  FROM      YEAR
                                                  NORMAL
..................................................................
TEMPERATURE (F)
 YESTERDAY
  MAXIMUM         45    934 PM  55    1961  37      8       41
  MINIMUM         30    134 AM -12    1950  17     13       16
  AVERAGE         38                        27     11       29

PRECIPITATION (IN)
  YESTERDAY        0.00          0.31 1953   0.01  -0.01      T
  MONTH TO DATE    0.18                      0.27  -0.09     0.04
  SINCE OCT 1      4.11                      2.64   1.47     3.74
  SINCE JAN 1      0.18                      0.27  -0.09     0.04

DEGREE DAYS
 HEATING
  YESTERDAY       27                        38    -11       36
  MONTH TO DATE  869                       650    219      661
  SINCE DEC 1   2298                      1856    442     1792
  SINCE JUL 1   3796                      3815    -19     3469

 COOLING
  YESTERDAY        0                         0      0        0
  MONTH TO DATE    0                         0      0        0
  SINCE DEC 1      0                         0      0        0
  SINCE JAN 1      0                         0      0        0
..................................................................


WIND (MPH)
  HIGHEST WIND SPEED    43   HIGHEST WIND DIRECTION    SW (240)
  HIGHEST GUST SPEED    52   HIGHEST GUST DIRECTION    SW (240)
  AVERAGE WIND SPEED    29.9


SKY COVER
  POSSIBLE SUNSHINE  MM
  AVERAGE SKY COVER 0.0


WEATHER CONDITIONS
 THE FOLLOWING WEATHER WAS RECORDED YESTERDAY.
  NO SIGNIFICANT WEATHER WAS OBSERVED.


RELATIVE HUMIDITY (PERCENT)
 HIGHEST    47           100 AM
 LOWEST     33           400 PM
 AVERAGE    40

..........................................................


THE LIVINGSTON MT CLIMATE NORMALS FOR TODAY
                         NORMAL    RECORD    YEAR
 MAXIMUM TEMPERATURE (F)   37        53      2015
 MINIMUM TEMPERATURE (F)   18       -23      1963


SUNRISE AND SUNSET
JANUARY 18 2017.......SUNRISE   756 AM MST   SUNSET   509 PM MST
JANUARY 19 2017.......SUNRISE   756 AM MST   SUNSET   510 PM MST


-  INDICATES NEGATIVE NUMBERS.
R  INDICATES RECORD WAS SET OR TIED.
MM INDICATES DATA IS MISSING.
T  INDICATES TRACE AMOUNT.





&&

THIS IS AN AUTOMATED...UNATTENDED WEATHER STATION AND MAY
UNDERESTIMATE WINTER PRECIPITATION.

$$
