000
CDUS43 KTOP 210631
CLILWC


CLIMATE REPORT
NATIONAL WEATHER SERVICE TOPEKA KS
131 AM CDT THU SEP 21 2017


...................................

...THE LAWRENCE KS CLIMATE SUMMARY FOR SEPTEMBER 20 2017...

CLIMATE NORMAL PERIOD 1981 TO 2010
CLIMATE RECORD PERIOD 9999 TO 9999


WEATHER ITEM   OBSERVED NORMAL DEPARTURE LAST
                VALUE   VALUE  FROM      YEAR
                               NORMAL
...............................................
TEMPERATURE (F)
 YESTERDAY
  MAXIMUM         89     80      9       92
  MINIMUM         73     53     20       69
  AVERAGE         81     66     15       81

PRECIPITATION (IN)
  YESTERDAY        0.00   0.12  -0.12     0.00
  MONTH TO DATE    3.00   2.86   0.14     4.70
  SINCE SEP 1      3.00   2.86   0.14     4.70
  SINCE JAN 1     30.14  30.72  -0.58    28.29

DEGREE DAYS
 HEATING
  YESTERDAY        0      3     -3        0
  MONTH TO DATE   10     20    -10        2
  SINCE SEP 1     10     20    -10        2
  SINCE JUL 1     13     23    -10        2

 COOLING
  YESTERDAY       16      4     12       16
  MONTH TO DATE  128    124      4      166
  SINCE SEP 1    128    124      4      166
  SINCE JAN 1   1207   1315   -108     1483
...............................................


WIND (MPH)
  HIGHEST WIND SPEED    18   HIGHEST WIND DIRECTION     S (170)
  HIGHEST GUST SPEED    26   HIGHEST GUST DIRECTION    SE (150)
  AVERAGE WIND SPEED     8.9


SKY COVER
  AVERAGE SKY COVER 0.4


WEATHER CONDITIONS
 THE FOLLOWING WEATHER WAS RECORDED YESTERDAY.
  NO SIGNIFICANT WEATHER WAS OBSERVED.


RELATIVE HUMIDITY (PERCENT)
 HIGHEST    94
 LOWEST     63
 AVERAGE    79

..........................................................


THE LAWRENCE KS CLIMATE NORMALS FOR TODAY
                         NORMAL
 MAXIMUM TEMPERATURE (F)   79
 MINIMUM TEMPERATURE (F)   53


SUNRISE AND SUNSET
SEPTEMBER 21 2017.....SUNRISE   708 AM CDT   SUNSET   719 PM CDT
SEPTEMBER 22 2017.....SUNRISE   709 AM CDT   SUNSET   717 PM CDT


-  INDICATES NEGATIVE NUMBERS.
R  INDICATES RECORD WAS SET OR TIED.
MM INDICATES DATA IS MISSING.
T  INDICATES TRACE AMOUNT.




$$
