000
CDUS43 KTOP 050636
CLILWC


CLIMATE REPORT
NATIONAL WEATHER SERVICE TOPEKA KS
135 AM CDT SUN JUL 5 2015


...................................

...THE LAWRENCE KS CLIMATE SUMMARY FOR JULY 4 2015...

CLIMATE NORMAL PERIOD 1981 TO 2010
CLIMATE RECORD PERIOD 9999 TO 9999


WEATHER ITEM   OBSERVED NORMAL DEPARTURE LAST
                VALUE   VALUE  FROM      YEAR
                               NORMAL
...............................................
TEMPERATURE (F)
 YESTERDAY
  MAXIMUM         83     88     -5       85
  MINIMUM         57     67    -10       56
  AVERAGE         70     78     -8       71

PRECIPITATION (IN)
  YESTERDAY        0.00   0.16  -0.16     0.00
  MONTH TO DATE    1.94   0.69   1.25     0.00
  SINCE JUN 1      6.25   6.15   0.10     9.16
  SINCE JAN 1     20.53  20.04   0.49    16.82

DEGREE DAYS
 HEATING
  YESTERDAY        0      0      0        0
  MONTH TO DATE    0      0      0        1
  SINCE JUN 1      3      8     -5        1
  SINCE JUL 1      0      0      0        1

 COOLING
  YESTERDAY        5     12     -7        6
  MONTH TO DATE   35     48    -13       16
  SINCE JUN 1    375    323     52      334
  SINCE JAN 1    451    442      9      527
...............................................


WIND (MPH)
  HIGHEST WIND SPEED     9   HIGHEST WIND DIRECTION     E (100)
  HIGHEST GUST SPEED    17   HIGHEST GUST DIRECTION    SE (130)
  AVERAGE WIND SPEED     4.4


SKY COVER
  AVERAGE SKY COVER 0.0


WEATHER CONDITIONS
 THE FOLLOWING WEATHER WAS RECORDED YESTERDAY.
  FOG
  HAZE


RELATIVE HUMIDITY (PERCENT)
 HIGHEST   100
 LOWEST     47
 AVERAGE    74

..........................................................


THE LAWRENCE KS CLIMATE NORMALS FOR TODAY
                         NORMAL
 MAXIMUM TEMPERATURE (F)   89
 MINIMUM TEMPERATURE (F)   67


SUNRISE AND SUNSET
JULY  5 2015..........SUNRISE   601 AM CDT   SUNSET   850 PM CDT
JULY  6 2015..........SUNRISE   601 AM CDT   SUNSET   850 PM CDT


-  INDICATES NEGATIVE NUMBERS.
R  INDICATES RECORD WAS SET OR TIED.
MM INDICATES DATA IS MISSING.
T  INDICATES TRACE AMOUNT.




$$
