482
CDUS43 KTOP 230634
CLILWC


CLIMATE REPORT
NATIONAL WEATHER SERVICE TOPEKA KS
132 AM CDT SAT JUL 23 2016


...................................

...THE LAWRENCE KS CLIMATE SUMMARY FOR JULY 22 2016...

CLIMATE NORMAL PERIOD 1981 TO 2010
CLIMATE RECORD PERIOD 9999 TO 9999


WEATHER ITEM   OBSERVED NORMAL DEPARTURE LAST
                VALUE   VALUE  FROM      YEAR
                               NORMAL
...............................................
TEMPERATURE (F)
 YESTERDAY
  MAXIMUM         97     90      7       85
  MINIMUM         76     68      8       61
  AVERAGE         87     79      8       73

PRECIPITATION (IN)
  YESTERDAY        0.00   0.10  -0.10     0.00
  MONTH TO DATE    4.57   3.22   1.35     7.50
  SINCE JUN 1      5.66   8.68  -3.02    11.81
  SINCE JAN 1     20.30  22.57  -2.27    26.09

DEGREE DAYS
 HEATING
  YESTERDAY        0      0      0        0
  MONTH TO DATE    0      0      0        1
  SINCE JUN 1      0      8     -8        4
  SINCE JUL 1      0      0      0        1

 COOLING
  YESTERDAY       22     14      8        8
  MONTH TO DATE  316    289     27      271
  SINCE JUN 1    728    564    164      611
  SINCE JAN 1    808    683    125      687
...............................................


WIND (MPH)
  HIGHEST WIND SPEED    21   HIGHEST WIND DIRECTION    SE (130)
  HIGHEST GUST SPEED    25   HIGHEST GUST DIRECTION    SE (130)
  AVERAGE WIND SPEED     8.2


SKY COVER
  AVERAGE SKY COVER 0.0


WEATHER CONDITIONS
 THE FOLLOWING WEATHER WAS RECORDED YESTERDAY.
  NO SIGNIFICANT WEATHER WAS OBSERVED.


RELATIVE HUMIDITY (PERCENT)
 HIGHEST    91
 LOWEST     48
 AVERAGE    70

..........................................................


THE LAWRENCE KS CLIMATE NORMALS FOR TODAY
                         NORMAL
 MAXIMUM TEMPERATURE (F)   90
 MINIMUM TEMPERATURE (F)   68


SUNRISE AND SUNSET
JULY 23 2016..........SUNRISE   614 AM CDT   SUNSET   840 PM CDT
JULY 24 2016..........SUNRISE   615 AM CDT   SUNSET   839 PM CDT


-  INDICATES NEGATIVE NUMBERS.
R  INDICATES RECORD WAS SET OR TIED.
MM INDICATES DATA IS MISSING.
T  INDICATES TRACE AMOUNT.

$$
