000
CDUS43 KTOP 122132
CLILWC


CLIMATE REPORT
NATIONAL WEATHER SERVICE TOPEKA KS
431 PM CDT SAT JUL 12 2014


...................................

...THE LAWRENCE KS CLIMATE SUMMARY FOR JULY 12 2014...
VALID TODAY AS OF 0400 PM LOCAL TIME.

CLIMATE NORMAL PERIOD 1981 TO 2010
CLIMATE RECORD PERIOD 9999 TO 9999


WEATHER ITEM   OBSERVED NORMAL DEPARTURE LAST
                VALUE   VALUE  FROM      YEAR
                               NORMAL
...............................................
TEMPERATURE (F)
 TODAY
  MAXIMUM         96     89      7       95
  MINIMUM         70     67      3       64
  AVERAGE         83     78      5       80

PRECIPITATION (IN)
  TODAY            0.00   0.15  -0.15     0.00
  MONTH TO DATE    1.36   1.92  -0.56     0.21
  SINCE JUN 1     10.52   7.38   3.14     1.56
  SINCE JAN 1     18.18  21.27  -3.09    15.87

DEGREE DAYS
 HEATING
  TODAY            0      0      0        0
  MONTH TO DATE    1      0      1        0
  SINCE JUN 1      1      8     -7       13
  SINCE JUL 1      1      0      1        0

 COOLING
  TODAY           18     13      5       15
  MONTH TO DATE  127    152    -25      163
  SINCE JUN 1    445    427     18      475
  SINCE JAN 1    638    546     92      602
...............................................


WIND (MPH)
  HIGHEST WIND SPEED    17   HIGHEST WIND DIRECTION    SW (220)
  HIGHEST GUST SPEED    24   HIGHEST GUST DIRECTION    SW (240)
  AVERAGE WIND SPEED     8.1



WEATHER CONDITIONS
 THE FOLLOWING WEATHER WAS RECORDED TODAY.
  NO SIGNIFICANT WEATHER WAS OBSERVED.


RELATIVE HUMIDITY (PERCENT)
 HIGHEST    90
 LOWEST     39
 AVERAGE    65

..........................................................


THE LAWRENCE KS CLIMATE NORMALS FOR TOMORROW
                         NORMAL
 MAXIMUM TEMPERATURE (F)   89
 MINIMUM TEMPERATURE (F)   67


SUNRISE AND SUNSET
JULY 12 2014..........SUNRISE   605 AM CDT   SUNSET   847 PM CDT
JULY 13 2014..........SUNRISE   606 AM CDT   SUNSET   847 PM CDT


-  INDICATES NEGATIVE NUMBERS.
R  INDICATES RECORD WAS SET OR TIED.
MM INDICATES DATA IS MISSING.
T  INDICATES TRACE AMOUNT.




$$
