000
CDUS43 KTOP 290637
CLILWC


CLIMATE REPORT
NATIONAL WEATHER SERVICE TOPEKA KS
137 AM CDT SUN MAR 29 2015


...................................

...THE LAWRENCE KS CLIMATE SUMMARY FOR MARCH 28 2015...

CLIMATE NORMAL PERIOD 1981 TO 2010
CLIMATE RECORD PERIOD 9999 TO 9999


WEATHER ITEM   OBSERVED NORMAL DEPARTURE LAST
                VALUE   VALUE  FROM      YEAR
                               NORMAL
...............................................
TEMPERATURE (F)
 YESTERDAY
  MAXIMUM         55     62     -7       52
  MINIMUM         36     36      0       31
  AVERAGE         46     49     -3       42

PRECIPITATION (IN)
  YESTERDAY        0.00   0.10  -0.10      T
  MONTH TO DATE    0.72   2.35  -1.63     0.97
  SINCE MAR 1      0.72   2.35  -1.63     0.97
  SINCE JAN 1      2.41   4.66  -2.25     2.02

DEGREE DAYS
 HEATING
  YESTERDAY       19     16      3       23
  MONTH TO DATE  557    594    -37      707
  SINCE MAR 1    557    594    -37      707
  SINCE JUL 1   4846   4609    237     5133

 COOLING
  YESTERDAY        0      0      0        0
  MONTH TO DATE    0      0      0        0
  SINCE MAR 1      0      0      0        0
  SINCE JAN 1      0      0      0        0
...............................................


WIND (MPH)
  HIGHEST WIND SPEED    22   HIGHEST WIND DIRECTION    SE (130)
  HIGHEST GUST SPEED    27   HIGHEST GUST DIRECTION     E (110)
  AVERAGE WIND SPEED    13.4


SKY COVER
  AVERAGE SKY COVER 0.2


WEATHER CONDITIONS
 THE FOLLOWING WEATHER WAS RECORDED YESTERDAY.
  NO SIGNIFICANT WEATHER WAS OBSERVED.


RELATIVE HUMIDITY (PERCENT)
 HIGHEST    70
 LOWEST     38
 AVERAGE    54

..........................................................


THE LAWRENCE KS CLIMATE NORMALS FOR TODAY
                         NORMAL
 MAXIMUM TEMPERATURE (F)   62
 MINIMUM TEMPERATURE (F)   37


SUNRISE AND SUNSET
MARCH 29 2015.........SUNRISE   710 AM CDT   SUNSET   741 PM CDT
MARCH 30 2015.........SUNRISE   709 AM CDT   SUNSET   742 PM CDT


-  INDICATES NEGATIVE NUMBERS.
R  INDICATES RECORD WAS SET OR TIED.
MM INDICATES DATA IS MISSING.
T  INDICATES TRACE AMOUNT.




$$
