000
CDUS43 KTOP 060640
CLILWC


CLIMATE REPORT
NATIONAL WEATHER SERVICE TOPEKA KS
1240 AM CST SAT FEB 6 2016


...................................

...THE LAWRENCE KS CLIMATE SUMMARY FOR FEBRUARY 5 2016...

CLIMATE NORMAL PERIOD 1981 TO 2010
CLIMATE RECORD PERIOD 9999 TO 9999


WEATHER ITEM   OBSERVED NORMAL DEPARTURE LAST
                VALUE   VALUE  FROM      YEAR
                               NORMAL
...............................................
TEMPERATURE (F)
 YESTERDAY
  MAXIMUM         MM     43     MM       30
  MINIMUM         20     21     -1       -2
  AVERAGE         MM     32     MM       14

PRECIPITATION (IN)
  YESTERDAY        0.00   0.05  -0.05     0.00
  MONTH TO DATE    0.44   0.23   0.21     0.31
  SINCE DEC 1      4.33   2.71   1.62     3.23
  SINCE JAN 1      1.12   1.24  -0.12     1.37

DEGREE DAYS
 HEATING
  YESTERDAY       MM     33     MM       51
  MONTH TO DATE  116    169    -53      219
  SINCE DEC 1   2027   2312   -285     2238
  SINCE JUL 1   2850   3320   -470     3418

 COOLING
  YESTERDAY       MM      0     MM        0
  MONTH TO DATE    0      0      0        0
  SINCE DEC 1      0      0      0        0
  SINCE JAN 1      0      0      0        0
...............................................


WIND (MPH)
  HIGHEST WIND SPEED    10   HIGHEST WIND DIRECTION    SE (130)
  HIGHEST GUST SPEED    13   HIGHEST GUST DIRECTION    SE (140)
  AVERAGE WIND SPEED     3.3


SKY COVER
  AVERAGE SKY COVER 0.4


WEATHER CONDITIONS
 THE FOLLOWING WEATHER WAS RECORDED YESTERDAY.
  NO SIGNIFICANT WEATHER WAS OBSERVED.


RELATIVE HUMIDITY (PERCENT)
 HIGHEST    91
 LOWEST     39
 AVERAGE    65

..........................................................


THE LAWRENCE KS CLIMATE NORMALS FOR TODAY
                         NORMAL
 MAXIMUM TEMPERATURE (F)   43
 MINIMUM TEMPERATURE (F)   21


SUNRISE AND SUNSET
FEBRUARY  6 2016......SUNRISE   723 AM CST   SUNSET   547 PM CST
FEBRUARY  7 2016......SUNRISE   722 AM CST   SUNSET   549 PM CST


-  INDICATES NEGATIVE NUMBERS.
R  INDICATES RECORD WAS SET OR TIED.
MM INDICATES DATA IS MISSING.
T  INDICATES TRACE AMOUNT.




$$
