000
CDUS43 KTOP 062231
CLILWC


CLIMATE REPORT
NATIONAL WEATHER SERVICE TOPEKA KS
431 PM CST FRI MAR 6 2015


...................................

...THE LAWRENCE KS CLIMATE SUMMARY FOR MARCH 6 2015...
VALID TODAY AS OF 0400 PM LOCAL TIME.

CLIMATE NORMAL PERIOD 1981 TO 2010
CLIMATE RECORD PERIOD 9999 TO 9999


WEATHER ITEM   OBSERVED NORMAL DEPARTURE LAST
                VALUE   VALUE  FROM      YEAR
                               NORMAL
...............................................
TEMPERATURE (F)
 TODAY
  MAXIMUM         61     53      8       50
  MINIMUM         21     29     -8       18
  AVERAGE         41     41      0       34

PRECIPITATION (IN)
  TODAY            0.00   0.08  -0.08     0.00
  MONTH TO DATE    T      0.47  -0.47     0.14
  SINCE MAR 1      T      0.47  -0.47     0.14
  SINCE JAN 1      1.69   2.78  -1.09     1.19

DEGREE DAYS
 HEATING
  TODAY           24     24      0       31
  MONTH TO DATE  211    152     59      256
  SINCE MAR 1    211    152     59      256
  SINCE JUL 1   4500   4167    333     4682

 COOLING
  TODAY            0      0      0        0
  MONTH TO DATE    0      0      0        0
  SINCE MAR 1      0      0      0        0
  SINCE JAN 1      0      0      0        0
...............................................


WIND (MPH)
  HIGHEST WIND SPEED    17   HIGHEST WIND DIRECTION    SW (220)
  HIGHEST GUST SPEED    22   HIGHEST GUST DIRECTION    SW (230)
  AVERAGE WIND SPEED    10.5



WEATHER CONDITIONS
 THE FOLLOWING WEATHER WAS RECORDED TODAY.
  NO SIGNIFICANT WEATHER WAS OBSERVED.


RELATIVE HUMIDITY (PERCENT)
 HIGHEST    74
 LOWEST     22
 AVERAGE    48

..........................................................


THE LAWRENCE KS CLIMATE NORMALS FOR TOMORROW
                         NORMAL
 MAXIMUM TEMPERATURE (F)   53
 MINIMUM TEMPERATURE (F)   29


SUNRISE AND SUNSET
MARCH  6 2015.........SUNRISE   646 AM CST   SUNSET   619 PM CST
MARCH  7 2015.........SUNRISE   645 AM CST   SUNSET   620 PM CST


-  INDICATES NEGATIVE NUMBERS.
R  INDICATES RECORD WAS SET OR TIED.
MM INDICATES DATA IS MISSING.
T  INDICATES TRACE AMOUNT.




$$
