539
CDUS43 KTOP 222234
CLILWC


CLIMATE REPORT
NATIONAL WEATHER SERVICE TOPEKA KS
433 PM CST MON JAN 22 2018


...................................

...THE LAWRENCE KS CLIMATE SUMMARY FOR JANUARY 22 2018...
VALID TODAY AS OF 0400 PM LOCAL TIME.

CLIMATE NORMAL PERIOD 1981 TO 2010
CLIMATE RECORD PERIOD 9999 TO 9999


WEATHER ITEM   OBSERVED NORMAL DEPARTURE LAST
                VALUE   VALUE  FROM      YEAR
                               NORMAL
...............................................
TEMPERATURE (F)
 TODAY
  MAXIMUM         47     40      7       47
  MINIMUM         32     19     13       28
  AVERAGE         40     30     10       38

PRECIPITATION (IN)
  TODAY            0.04   0.03   0.01     0.00
  MONTH TO DATE    0.75   0.64   0.11     0.98
  SINCE DEC 1      0.99   2.11  -1.12     1.98
  SINCE JAN 1      0.75   0.64   0.11     0.98

DEGREE DAYS
 HEATING
  TODAY           25     35    -10       27
  MONTH TO DATE  875    791     84      759
  SINCE DEC 1   1880   1826     54     1790
  SINCE JUL 1   2770   2834    -64     2434

 COOLING
  TODAY            0      0      0        0
  MONTH TO DATE    0      0      0        0
  SINCE DEC 1      0      0      0        0
  SINCE JAN 1      0      0      0        0
...............................................


WIND (MPH)
  HIGHEST WIND SPEED    26   HIGHEST WIND DIRECTION     W (270)
  HIGHEST GUST SPEED    33   HIGHEST GUST DIRECTION     W (260)
  AVERAGE WIND SPEED    12.4



WEATHER CONDITIONS
 THE FOLLOWING WEATHER WAS RECORDED TODAY.
  THUNDERSTORM
  LIGHT RAIN
  LIGHT SNOW
  FOG


RELATIVE HUMIDITY (PERCENT)
 HIGHEST   100
 LOWEST     85
 AVERAGE    93

..........................................................


THE LAWRENCE KS CLIMATE NORMALS FOR TOMORROW
                         NORMAL
 MAXIMUM TEMPERATURE (F)   41
 MINIMUM TEMPERATURE (F)   19


SUNRISE AND SUNSET
JANUARY 22 2018.......SUNRISE   735 AM CST   SUNSET   531 PM CST
JANUARY 23 2018.......SUNRISE   734 AM CST   SUNSET   532 PM CST


-  INDICATES NEGATIVE NUMBERS.
R  INDICATES RECORD WAS SET OR TIED.
MM INDICATES DATA IS MISSING.
T  INDICATES TRACE AMOUNT.




$$
