000
CDUS43 KTOP 180633
CLILWC


CLIMATE REPORT
NATIONAL WEATHER SERVICE TOPEKA KS
1233 AM CST SAT NOV 18 2017


...................................

...THE LAWRENCE KS CLIMATE SUMMARY FOR NOVEMBER 17 2017...

CLIMATE NORMAL PERIOD 1981 TO 2010
CLIMATE RECORD PERIOD 9999 TO 9999


WEATHER ITEM   OBSERVED NORMAL DEPARTURE LAST
                VALUE   VALUE  FROM      YEAR
                               NORMAL
...............................................
TEMPERATURE (F)
 YESTERDAY
  MAXIMUM         73     55     18       77
  MINIMUM         51     31     20       64
  AVERAGE         62     43     19       71

PRECIPITATION (IN)
  YESTERDAY        0.00   0.05  -0.05     0.00
  MONTH TO DATE    0.09   1.33  -1.24     0.04
  SINCE SEP 1      6.96   8.37  -1.41     7.87
  SINCE JAN 1     34.10  36.23  -2.13    31.46

DEGREE DAYS
 HEATING
  YESTERDAY        3     22    -19        0
  MONTH TO DATE  355    313     42      175
  SINCE SEP 1    648    674    -26      365
  SINCE JUL 1    651    677    -26      365

 COOLING
  YESTERDAY        0      0      0        6
  MONTH TO DATE    0      0      0       12
  SINCE SEP 1    248    179     69      282
  SINCE JAN 1   1327   1370    -43     1599
...............................................


WIND (MPH)
  HIGHEST WIND SPEED    18   HIGHEST WIND DIRECTION     S (180)
  HIGHEST GUST SPEED    26   HIGHEST GUST DIRECTION    SE (150)
  AVERAGE WIND SPEED     9.3


SKY COVER
  AVERAGE SKY COVER 0.6


WEATHER CONDITIONS
 THE FOLLOWING WEATHER WAS RECORDED YESTERDAY.
  FOG
  HAZE


RELATIVE HUMIDITY (PERCENT)
 HIGHEST   100
 LOWEST     54
 AVERAGE    77

..........................................................


THE LAWRENCE KS CLIMATE NORMALS FOR TODAY
                         NORMAL
 MAXIMUM TEMPERATURE (F)   54
 MINIMUM TEMPERATURE (F)   31


SUNRISE AND SUNSET
NOVEMBER 18 2017......SUNRISE   707 AM CST   SUNSET   504 PM CST
NOVEMBER 19 2017......SUNRISE   708 AM CST   SUNSET   504 PM CST


-  INDICATES NEGATIVE NUMBERS.
R  INDICATES RECORD WAS SET OR TIED.
MM INDICATES DATA IS MISSING.
T  INDICATES TRACE AMOUNT.




$$
