000
CDUS43 KTOP 270635
CLILWC


CLIMATE REPORT
NATIONAL WEATHER SERVICE TOPEKA KS
133 AM CDT WED MAY 27 2015


...................................

...THE LAWRENCE KS CLIMATE SUMMARY FOR MAY 26 2015...

CLIMATE NORMAL PERIOD 1981 TO 2010
CLIMATE RECORD PERIOD 9999 TO 9999


WEATHER ITEM   OBSERVED NORMAL DEPARTURE LAST
                VALUE   VALUE  FROM      YEAR
                               NORMAL
...............................................
TEMPERATURE (F)
 YESTERDAY
  MAXIMUM         79     80     -1       83
  MINIMUM         60     57      3       65
  AVERAGE         70     68      2       74

PRECIPITATION (IN)
  YESTERDAY        0.10   0.19  -0.09     0.06
  MONTH TO DATE    8.22   4.31   3.91     1.89
  SINCE MAR 1     11.74  10.70   1.04     6.43
  SINCE JAN 1     13.43  13.01   0.42     7.48

DEGREE DAYS
 HEATING
  YESTERDAY        0      2     -2        0
  MONTH TO DATE   88    100    -12      114
  SINCE MAR 1    931   1064   -133     1209
  SINCE JUL 1   5220   5079    141     5635

 COOLING
  YESTERDAY        5      5      0        9
  MONTH TO DATE   61     69     -8      127
  SINCE MAR 1     66     92    -26      137
  SINCE JAN 1     66     92    -26      137
...............................................


WIND (MPH)
  HIGHEST WIND SPEED    25   HIGHEST WIND DIRECTION    SW (240)
  HIGHEST GUST SPEED    31   HIGHEST GUST DIRECTION     W (250)
  AVERAGE WIND SPEED    10.1


SKY COVER
  AVERAGE SKY COVER 0.4


WEATHER CONDITIONS
 THE FOLLOWING WEATHER WAS RECORDED YESTERDAY.
  LIGHT RAIN
  FOG


RELATIVE HUMIDITY (PERCENT)
 HIGHEST    97
 LOWEST     48
 AVERAGE    73

..........................................................


THE LAWRENCE KS CLIMATE NORMALS FOR TODAY
                         NORMAL
 MAXIMUM TEMPERATURE (F)   80
 MINIMUM TEMPERATURE (F)   57


SUNRISE AND SUNSET
MAY 27 2015...........SUNRISE   600 AM CDT   SUNSET   837 PM CDT
MAY 28 2015...........SUNRISE   559 AM CDT   SUNSET   838 PM CDT


-  INDICATES NEGATIVE NUMBERS.
R  INDICATES RECORD WAS SET OR TIED.
MM INDICATES DATA IS MISSING.
T  INDICATES TRACE AMOUNT.

$$
