000
CDUS46 KOTX 260826
CLILWS


CLIMATE REPORT
NATIONAL WEATHER SERVICE SPOKANE, WA
1225 AM PST MON JAN 26 2015


...................................

...THE LEWISTON ID AIRPORT CLIMATE SUMMARY FOR JANUARY 25 2015...

CLIMATE NORMAL PERIOD 1981 TO 2010
CLIMATE RECORD PERIOD 1881 TO 2015


WEATHER ITEM   OBSERVED TIME   RECORD YEAR NORMAL DEPARTURE LAST
                VALUE   (LST)  VALUE       VALUE  FROM      YEAR
                                                  NORMAL
..................................................................
TEMPERATURE (F)
 YESTERDAY
  MAXIMUM         60R   311 PM  60    1899  43     17       34
  MINIMUM         44    713 AM -11    1957  30     14       28
  AVERAGE         52                        37     15       31

PRECIPITATION (IN)
  YESTERDAY        0.00          0.87 1975   0.04  -0.04     0.00
  MONTH TO DATE    0.82                      0.89  -0.07     0.33
  SINCE OCT 1      5.01                      4.00   1.01     1.86
  SINCE JAN 1      0.82                      0.89  -0.07     0.33

SNOWFALL (IN)
  YESTERDAY        0.0           2.0  1940   0.1   -0.1      0.0
  MONTH TO DATE    1.5                       2.0   -0.5       T
  SINCE DEC 1      1.5                       5.5   -4.0      2.5
  SINCE JUL 1      1.5                       7.3   -5.8      2.5
  SNOW DEPTH       0

DEGREE DAYS
 HEATING
  YESTERDAY       13                        28    -15       34
  MONTH TO DATE  678                       743    -65      720
  SINCE DEC 1   1510                      1711   -201     1774
  SINCE JUL 1   2488                      2951   -463     3128

 COOLING
  YESTERDAY        0                         0      0        0
  MONTH TO DATE    0                         0      0        0
  SINCE DEC 1      0                         0      0        0
  SINCE JAN 1      0                         0      0        0
..................................................................


WIND (MPH)
  HIGHEST WIND SPEED    22   HIGHEST WIND DIRECTION    SE (150)
  HIGHEST GUST SPEED    26   HIGHEST GUST DIRECTION    SE (150)
  AVERAGE WIND SPEED     7.3


SKY COVER
  POSSIBLE SUNSHINE  MM
  AVERAGE SKY COVER 0.0


WEATHER CONDITIONS
 THE FOLLOWING WEATHER WAS RECORDED YESTERDAY.
  NO SIGNIFICANT WEATHER WAS OBSERVED.


RELATIVE HUMIDITY (PERCENT)
 HIGHEST    76           400 AM
 LOWEST     46           300 PM
 AVERAGE    61

..........................................................


THE LEWISTON ID AIRPORT CLIMATE NORMALS FOR TODAY
                         NORMAL    RECORD    YEAR
 MAXIMUM TEMPERATURE (F)   43        60      2003
 MINIMUM TEMPERATURE (F)   31       -15      1957


SUNRISE AND SUNSET
JANUARY 26 2015.......SUNRISE   718 AM PST   SUNSET   443 PM PST
JANUARY 27 2015.......SUNRISE   717 AM PST   SUNSET   445 PM PST


-  INDICATES NEGATIVE NUMBERS.
R  INDICATES RECORD WAS SET OR TIED.
MM INDICATES DATA IS MISSING.
T  INDICATES TRACE AMOUNT.




$$
