236
CDUS46 KOTX 220822
CLILWS


CLIMATE REPORT
NATIONAL WEATHER SERVICE SPOKANE, WA
1222 AM PST WED NOV 22 2017


...................................

...THE LEWISTON ID AIRPORT CLIMATE SUMMARY FOR NOVEMBER 21 2017...

CLIMATE NORMAL PERIOD 1981 TO 2010
CLIMATE RECORD PERIOD 1881 TO 2017


WEATHER ITEM   OBSERVED TIME   RECORD YEAR NORMAL DEPARTURE LAST
                VALUE   (LST)  VALUE       VALUE  FROM      YEAR
                                                  NORMAL
..................................................................
TEMPERATURE (F)
 YESTERDAY
  MAXIMUM         51   1159 PM  67    1974  46      5       47
  MINIMUM         34    158 AM   4    1900  33      1       37
  AVERAGE         43                        39      4       42

PRECIPITATION (IN)
  YESTERDAY        0.30          0.48 1924   0.04   0.26     0.01
  MONTH TO DATE    1.45                      0.85   0.60     0.50
  SINCE OCT 1      2.62                      1.81   0.81     3.16
  SINCE JAN 1     13.58                     11.01   2.57    13.35

SNOWFALL (IN)
  YESTERDAY       MM             5.2  1921   0.1   MM        0.0
  MONTH TO DATE    T                         1.0   -1.0      0.0
  SINCE SEP 1      T                         1.0   -1.0      0.0
  SINCE JUL 1      T                         1.0   -1.0      0.0
  SNOW DEPTH       0

DEGREE DAYS
 HEATING
  YESTERDAY       22                        26     -4       23
  MONTH TO DATE  473                       469      4      318
  SINCE SEP 1    983                       979      4      726
  SINCE JUL 1    983                       994    -11      737

 COOLING
  YESTERDAY        0                         0      0        0
  MONTH TO DATE    0                         0      0        0
  SINCE SEP 1    141                        90     51       47
  SINCE JAN 1   1160                       807    353      863
..................................................................


WIND (MPH)
  HIGHEST WIND SPEED    14   HIGHEST WIND DIRECTION    SE (120)
  HIGHEST GUST SPEED    17   HIGHEST GUST DIRECTION    SE (130)
  AVERAGE WIND SPEED     6.0


SKY COVER
  POSSIBLE SUNSHINE  MM
  AVERAGE SKY COVER 0.8


WEATHER CONDITIONS
 THE FOLLOWING WEATHER WAS RECORDED YESTERDAY.
  LIGHT RAIN
  FOG
  FOG W/VISIBILITY <= 1/4 MILE


RELATIVE HUMIDITY (PERCENT)
 HIGHEST   100           200 AM
 LOWEST     85           100 AM
 AVERAGE    93

..........................................................


THE LEWISTON ID AIRPORT CLIMATE NORMALS FOR TODAY
                         NORMAL    RECORD    YEAR
 MAXIMUM TEMPERATURE (F)   45        67      1909
 MINIMUM TEMPERATURE (F)   33         3      1985


SUNRISE AND SUNSET
NOVEMBER 22 2017......SUNRISE   700 AM PST   SUNSET   408 PM PST
NOVEMBER 23 2017......SUNRISE   701 AM PST   SUNSET   408 PM PST


-  INDICATES NEGATIVE NUMBERS.
R  INDICATES RECORD WAS SET OR TIED.
MM INDICATES DATA IS MISSING.
T  INDICATES TRACE AMOUNT.




$$
