000
CDUS46 KOTX 050824
CLILWS


CLIMATE REPORT
NATIONAL WEATHER SERVICE SPOKANE, WA
124 AM PDT SAT SEP 5 2015


...................................

...THE LEWISTON ID AIRPORT CLIMATE SUMMARY FOR SEPTEMBER 4 2015...

CLIMATE NORMAL PERIOD 1981 TO 2010
CLIMATE RECORD PERIOD 1881 TO 2015


WEATHER ITEM   OBSERVED TIME   RECORD YEAR NORMAL DEPARTURE LAST
                VALUE   (LST)  VALUE       VALUE  FROM      YEAR
                                                  NORMAL
..................................................................
TEMPERATURE (F)
 YESTERDAY
  MAXIMUM         75    308 PM 101    1942  83     -8       80
  MINIMUM         43    557 AM  39    1956  55    -12       49
                                      1894
  AVERAGE         59                        69    -10       65

PRECIPITATION (IN)
  YESTERDAY        T             0.48 1960   0.02  -0.02     0.00
  MONTH TO DATE    0.01                      0.09  -0.08      T
  SINCE OCT 1     10.32                     11.73  -1.41     9.20
  SINCE JAN 1      6.13                      8.62  -2.49     7.67

SNOWFALL (IN)
  YESTERDAY        0.0           0.0  1998   0.0    0.0      0.0
  MONTH TO DATE    0.0                       0.0    0.0      0.0
  SINCE SEP 1      0.0                       0.0    0.0      0.0
  SINCE JUL 1      0.0                       0.0    0.0      0.0
  SNOW DEPTH       0

DEGREE DAYS
 HEATING
  YESTERDAY        6                         1      5        0
  MONTH TO DATE   14                         4     10        0
  SINCE SEP 1     14                         4     10        0
  SINCE JUL 1     14                        19     -5        0

 COOLING
  YESTERDAY        0                         5     -5        0
  MONTH TO DATE    4                        21    -17        8
  SINCE SEP 1      4                        21    -17        8
  SINCE JAN 1   1153                       738    415      978
..................................................................


WIND (MPH)
  HIGHEST WIND SPEED    15   HIGHEST WIND DIRECTION     W (260)
  HIGHEST GUST SPEED    20   HIGHEST GUST DIRECTION     W (260)
  AVERAGE WIND SPEED     3.8


SKY COVER
  POSSIBLE SUNSHINE  MM
  AVERAGE SKY COVER 0.3


WEATHER CONDITIONS
 THE FOLLOWING WEATHER WAS RECORDED YESTERDAY.
  LIGHT RAIN


RELATIVE HUMIDITY (PERCENT)
 HIGHEST    96           600 AM
 LOWEST     20           300 PM
 AVERAGE    58

..........................................................


THE LEWISTON ID AIRPORT CLIMATE NORMALS FOR TODAY
                         NORMAL    RECORD    YEAR
 MAXIMUM TEMPERATURE (F)   83       103      1944
 MINIMUM TEMPERATURE (F)   55        40      1956


SUNRISE AND SUNSET
SEPTEMBER  5 2015.....SUNRISE   613 AM PDT   SUNSET   720 PM PDT
SEPTEMBER  6 2015.....SUNRISE   614 AM PDT   SUNSET   718 PM PDT


-  INDICATES NEGATIVE NUMBERS.
R  INDICATES RECORD WAS SET OR TIED.
MM INDICATES DATA IS MISSING.
T  INDICATES TRACE AMOUNT.




$$
