000
CDUS46 KOTX 010042
CLILWS


CLIMATE REPORT
NATIONAL WEATHER SERVICE SPOKANE, WA
442 PM PST SAT FEB 28 2015


...................................

...THE LEWISTON ID AIRPORT CLIMATE SUMMARY FOR FEBRUARY 28 2015...
VALID AS OF 0400 PM LOCAL TIME.

CLIMATE NORMAL PERIOD 1981 TO 2010
CLIMATE RECORD PERIOD 1881 TO 2015


WEATHER ITEM   OBSERVED TIME   RECORD YEAR NORMAL DEPARTURE LAST
                VALUE   (LST)  VALUE       VALUE  FROM      YEAR
                                                  NORMAL
..................................................................
TEMPERATURE (F)
 TODAY
  MAXIMUM         48    328 PM  67    1901  50     -2       40
                                      1897
  MINIMUM         30    646 AM   9    1960  32     -2       33
  AVERAGE         39                        41     -2       37

PRECIPITATION (IN)
  TODAY            0.00          0.43 1974   0.03  -0.03     0.06
  MONTH TO DATE    1.46                      0.78   0.68     1.37
  SINCE OCT 1      6.48                      4.97   1.51     3.95
  SINCE JAN 1      2.29                      1.86   0.43     2.42

SNOWFALL (IN)
  TODAY            0.0           1.7  1955   0.0    0.0     MM
  MONTH TO DATE    T                         2.1   -2.1     13.4
  SINCE DEC 1      1.5                       8.0   -6.5     15.9
  SINCE JUL 1      1.5                       9.8   -8.3     15.9
  SNOW DEPTH       0

DEGREE DAYS
 HEATING
  TODAY           26                        24      2       28
  MONTH TO DATE  591                       736   -145      852
  SINCE DEC 1   2244                      2615   -371     2807
  SINCE JUL 1   3222                      3855   -633     4161

 COOLING
  TODAY            0                         0      0        0
  MONTH TO DATE    0                         0      0        0
  SINCE DEC 1      0                         0      0        0
  SINCE JAN 1      0                         0      0        0
..................................................................


WIND (MPH)
  HIGHEST WIND SPEED    12   HIGHEST WIND DIRECTION    NE (40)
  HIGHEST GUST SPEED    16   HIGHEST GUST DIRECTION    NE (60)
  AVERAGE WIND SPEED     3.6


SKY COVER
  POSSIBLE SUNSHINE  MM
  AVERAGE SKY COVER 0.0


WEATHER CONDITIONS
 THE FOLLOWING WEATHER WAS RECORDED TODAY.
  NO SIGNIFICANT WEATHER WAS OBSERVED.


RELATIVE HUMIDITY (PERCENT)
 HIGHEST    69
 LOWEST     28
 AVERAGE    49

..........................................................


THE LEWISTON ID AIRPORT CLIMATE NORMALS FOR TOMORROW
                         NORMAL    RECORD    YEAR
 MAXIMUM TEMPERATURE (F)   50        68      1968
                                             1905
 MINIMUM TEMPERATURE (F)   32        14      1917


SUNRISE AND SUNSET
FEBRUARY 28 2015......SUNRISE   629 AM PST   SUNSET   532 PM PST
MARCH  1 2015.........SUNRISE   628 AM PST   SUNSET   534 PM PST


-  INDICATES NEGATIVE NUMBERS.
R  INDICATES RECORD WAS SET OR TIED.
MM INDICATES DATA IS MISSING.
T  INDICATES TRACE AMOUNT.




$$
