000
CDUS46 KOTX 270828
CLILWS


CLIMATE REPORT
NATIONAL WEATHER SERVICE SPOKANE, WA
128 AM PDT FRI MAY 27 2016


...................................

...THE LEWISTON ID AIRPORT CLIMATE SUMMARY FOR MAY 26 2016...

CLIMATE NORMAL PERIOD 1981 TO 2010
CLIMATE RECORD PERIOD 1881 TO 2016


WEATHER ITEM   OBSERVED TIME   RECORD YEAR NORMAL DEPARTURE LAST
                VALUE   (LST)  VALUE       VALUE  FROM      YEAR
                                                  NORMAL
..................................................................
TEMPERATURE (F)
 YESTERDAY
  MAXIMUM         72    113 PM 103    1936  73     -1       74
  MINIMUM         49    341 AM  34    1918  50     -1       53
  AVERAGE         61                        62     -1       64

PRECIPITATION (IN)
  YESTERDAY        0.00          1.28 1895   0.06  -0.06      T
  MONTH TO DATE    1.53                      1.33   0.20     1.02
  SINCE OCT 1     10.27                      8.77   1.50     8.97
  SINCE JAN 1      6.82                      5.66   1.16     4.78

SNOWFALL (IN)
  YESTERDAY        0.0           T    1953   0.0    0.0      0.0
  MONTH TO DATE    0.0                       0.0    0.0      0.0
  SINCE MAR 1      0.0                       0.7   -0.7      0.0
  SINCE JUL 1      6.4                      10.5   -4.1      1.5
  SNOW DEPTH       0

DEGREE DAYS
 HEATING
  YESTERDAY        4                         5     -1        1
  MONTH TO DATE  108                       197    -89       86
  SINCE MAR 1    888                      1222   -334      983
  SINCE JUL 1   4152                      5077   -925     4205

 COOLING
  YESTERDAY        0                         1     -1        0
  MONTH TO DATE   33                        23     10       21
  SINCE MAR 1     40                        25     15       22
  SINCE JAN 1     40                        25     15       22
..................................................................


WIND (MPH)
  HIGHEST WIND SPEED    17   HIGHEST WIND DIRECTION    NW (320)
  HIGHEST GUST SPEED    23   HIGHEST GUST DIRECTION    NW (320)
  AVERAGE WIND SPEED     5.6


SKY COVER
  POSSIBLE SUNSHINE  MM
  AVERAGE SKY COVER 0.4


WEATHER CONDITIONS
 THE FOLLOWING WEATHER WAS RECORDED YESTERDAY.
  NO SIGNIFICANT WEATHER WAS OBSERVED.


RELATIVE HUMIDITY (PERCENT)
 HIGHEST    83           300 AM
 LOWEST     34           600 PM
 AVERAGE    59

..........................................................


THE LEWISTON ID AIRPORT CLIMATE NORMALS FOR TODAY
                         NORMAL    RECORD    YEAR
 MAXIMUM TEMPERATURE (F)   74        99      1936
                                             1934
 MINIMUM TEMPERATURE (F)   50        35      1918


SUNRISE AND SUNSET
MAY 27 2016...........SUNRISE   502 AM PDT   SUNSET   829 PM PDT
MAY 28 2016...........SUNRISE   502 AM PDT   SUNSET   830 PM PDT


-  INDICATES NEGATIVE NUMBERS.
R  INDICATES RECORD WAS SET OR TIED.
MM INDICATES DATA IS MISSING.
T  INDICATES TRACE AMOUNT.




$$
