000
CDUS45 KTFX 032330
CLILWT


CLIMATE REPORT
NATIONAL WEATHER SERVICE GREAT FALLS MT
430 PM MST SAT DEC 3 2016


...................................

...THE LEWISTOWN MT CLIMATE SUMMARY FOR DECEMBER 3 2016...
VALID TODAY AS OF 0400 PM LOCAL TIME.

CLIMATE NORMAL PERIOD 1981 TO 2010
CLIMATE RECORD PERIOD 1896 TO 2016


WEATHER ITEM   OBSERVED TIME   RECORD YEAR NORMAL DEPARTURE LAST
                VALUE   (LST)  VALUE       VALUE  FROM      YEAR
                                                  NORMAL
..................................................................
TEMPERATURE (F)
 TODAY
  MAXIMUM         39    300 PM  66    1907  36      3       54
  MINIMUM         27    753 AM -22    1972  15     12       16
  AVERAGE         33                        25      8       35

PRECIPITATION (IN)
  TODAY            0.00          0.45 1948   0.03  -0.03     0.00
  MONTH TO DATE    0.05                      0.07  -0.02      T
  SINCE OCT 1      4.12                      1.91   2.21     1.41
  SINCE JAN 1     20.15                     16.26   3.89    13.49

DEGREE DAYS
 HEATING
  TODAY           32                        40     -8       30
  MONTH TO DATE  106                       118    -12      102
  SINCE DEC 1    106                       118    -12      102
  SINCE JUL 1   1832                      2246   -414     1859

 COOLING
  TODAY            0                         0      0        0
  MONTH TO DATE    0                         0      0        0
  SINCE DEC 1      0                         0      0        0
  SINCE JAN 1    259                       210     49      343
..................................................................


WIND (MPH)
  HIGHEST WIND SPEED    26   HIGHEST WIND DIRECTION     W (290)
  HIGHEST GUST SPEED    36   HIGHEST GUST DIRECTION    NW (300)
  AVERAGE WIND SPEED    15.5


SKY COVER
  AVERAGE SKY COVER 0.5


WEATHER CONDITIONS
 THE FOLLOWING WEATHER WAS RECORDED TODAY.
  NO SIGNIFICANT WEATHER WAS OBSERVED.


RELATIVE HUMIDITY (PERCENT)
 HIGHEST    69
 LOWEST     48
 AVERAGE    59

..........................................................


THE LEWISTOWN MT CLIMATE NORMALS FOR TOMORROW
                         NORMAL    RECORD    YEAR
 MAXIMUM TEMPERATURE (F)   36        71      1907
 MINIMUM TEMPERATURE (F)   14       -26      1928


SUNRISE AND SUNSET
DECEMBER  3 2016......SUNRISE   746 AM MST   SUNSET   430 PM MST
DECEMBER  4 2016......SUNRISE   747 AM MST   SUNSET   429 PM MST


-  INDICATES NEGATIVE NUMBERS.
R  INDICATES RECORD WAS SET OR TIED.
MM INDICATES DATA IS MISSING.
T  INDICATES TRACE AMOUNT.




$$
