000
CDUS45 KTFX 311101
CLILWT


CLIMATE REPORT
NATIONAL WEATHER SERVICE GREAT FALLS MT
501 AM MDT TUE MAY 31 2016


...................................

...THE LEWISTOWN MT CLIMATE SUMMARY FOR MAY 30 2016...

CLIMATE NORMAL PERIOD 1981 TO 2010
CLIMATE RECORD PERIOD 1896 TO 2016


WEATHER ITEM   OBSERVED TIME   RECORD YEAR NORMAL DEPARTURE LAST
                VALUE   (LST)  VALUE       VALUE  FROM      YEAR
                                                  NORMAL
..................................................................
TEMPERATURE (F)
 YESTERDAY
  MAXIMUM         56    506 PM  92    1936  66    -10       71
  MINIMUM         43   1159 PM  30    2001  42      1       46
                                      1982
  AVERAGE         50                        54     -4       59

PRECIPITATION (IN)
  YESTERDAY        0.16          1.25 2013   0.12   0.04     0.13
  MONTH TO DATE    3.84                      2.73   1.11     2.64
  SINCE OCT 1      9.63                      8.64   0.99     9.00
  SINCE JAN 1      7.55                      6.14   1.41     6.69

SNOWFALL (IN)
  YESTERDAY       MM
  SNOW DEPTH       0

DEGREE DAYS
 HEATING
  YESTERDAY       15                        11      4        6
  MONTH TO DATE  404                       455    -51      454
  SINCE MAR 1   1748                      2158   -410     1781
  SINCE JUL 1   6706                      7962  -1256     6979

 COOLING
  YESTERDAY        0                         0      0        0
  MONTH TO DATE    0                         0      0        0
  SINCE MAR 1      0                         0      0        0
  SINCE JAN 1      0                         0      0        0
..................................................................


WIND (MPH)
  HIGHEST WIND SPEED    25   HIGHEST WIND DIRECTION    SW (220)
  HIGHEST GUST SPEED    36   HIGHEST GUST DIRECTION    NW (310)
  AVERAGE WIND SPEED    11.7


SKY COVER
  AVERAGE SKY COVER 0.9


WEATHER CONDITIONS
 THE FOLLOWING WEATHER WAS RECORDED YESTERDAY.
  LIGHT RAIN
  FOG


RELATIVE HUMIDITY (PERCENT)
 HIGHEST    86           400 AM
 LOWEST     51           400 PM
 AVERAGE    69

..........................................................


THE LEWISTOWN MT CLIMATE NORMALS FOR TODAY
                         NORMAL    RECORD    YEAR
 MAXIMUM TEMPERATURE (F)   66        87      1936
 MINIMUM TEMPERATURE (F)   42        24      1982


SUNRISE AND SUNSET
MAY 31 2016...........SUNRISE   527 AM MDT   SUNSET   905 PM MDT
JUNE  1 2016..........SUNRISE   526 AM MDT   SUNSET   906 PM MDT


-  INDICATES NEGATIVE NUMBERS.
R  INDICATES RECORD WAS SET OR TIED.
MM INDICATES DATA IS MISSING.
T  INDICATES TRACE AMOUNT.




$$
