000
CDUS43 KILX 262151
CLILWV


CLIMATE REPORT
NATIONAL WEATHER SERVICE LINCOLN IL
450 PM CDT MON JUN 26 2017


...................................

...THE LAWRENCEVILLE IL AIRPORT CLIMATE SUMMARY FOR JUNE 26 2017...
VALID TODAY AS OF 0400 PM LOCAL TIME.

CLIMATE NORMAL PERIOD 1981 TO 2010
CLIMATE RECORD PERIOD 9999 TO 9999


WEATHER ITEM   OBSERVED TIME   RECORD YEAR NORMAL DEPARTURE LAST
                VALUE   (LST)  VALUE       VALUE  FROM      YEAR
                                                  NORMAL
..................................................................
TEMPERATURE (F)
 TODAY
  MAXIMUM         79   1222 PM  MM      MM  88     -9       97
  MINIMUM         52    256 AM  MM      MM  66    -14       73
  AVERAGE         66                        77    -11       85

PRECIPITATION (IN)
  TODAY            0.00         MM      MM   0.15  -0.15    MM
  MONTH TO DATE    2.33                      3.42  -1.09     1.78
  SINCE JUN 1      2.33                      3.42  -1.09     1.78
  SINCE JAN 1     20.14                     20.98  -0.84    19.45

DEGREE DAYS
 HEATING
  TODAY            0                         0      0        0
  MONTH TO DATE    0                         6     -6        0
  SINCE JUN 1      0                         6     -6        0
  SINCE JUL 1   3881                      4679   -798     4069

 COOLING
  TODAY            1                        12    -11       20
  MONTH TO DATE  263                       243     20      328
  SINCE JUN 1    263                       243     20      328
  SINCE JAN 1    436                       382     54      448
..................................................................


WIND (MPH)
  HIGHEST WIND SPEED    24   HIGHEST WIND DIRECTION    NW (330)
  HIGHEST GUST SPEED    30   HIGHEST GUST DIRECTION    NW (330)
  AVERAGE WIND SPEED     7.2


SKY COVER
  POSSIBLE SUNSHINE  MM
  AVERAGE SKY COVER 0.2


WEATHER CONDITIONS
 THE FOLLOWING WEATHER WAS RECORDED TODAY.
  NO SIGNIFICANT WEATHER WAS OBSERVED.


RELATIVE HUMIDITY (PERCENT)
 HIGHEST    93           300 AM
 LOWEST     36          1100 AM
 AVERAGE    65

..........................................................


THE LAWRENCEVILLE IL AIRPORT CLIMATE NORMALS FOR TOMORROW
                         NORMAL    RECORD    YEAR
 MAXIMUM TEMPERATURE (F)   88        MM        MM
 MINIMUM TEMPERATURE (F)   66        MM        MM


SUNRISE AND SUNSET
JUNE 26 2017..........SUNRISE   527 AM CDT   SUNSET   819 PM CDT
JUNE 27 2017..........SUNRISE   528 AM CDT   SUNSET   819 PM CDT


-  INDICATES NEGATIVE NUMBERS.
R  INDICATES RECORD WAS SET OR TIED.
MM INDICATES DATA IS MISSING.
T  INDICATES TRACE AMOUNT.




$$
