000
CDUS43 KILX 292130
CLILWV


CLIMATE REPORT
NATIONAL WEATHER SERVICE LINCOLN IL
429 PM CDT FRI AUG 29 2014


...................................

...THE LAWRENCEVILLE IL AIRPORT CLIMATE SUMMARY FOR AUGUST 29 2014...
VALID TODAY AS OF 0400 PM LOCAL TIME.

CLIMATE NORMAL PERIOD 1981 TO 2010
CLIMATE RECORD PERIOD 9999 TO 9999


WEATHER ITEM   OBSERVED TIME   RECORD YEAR NORMAL DEPARTURE LAST
                VALUE   (LST)  VALUE       VALUE  FROM      YEAR
                                                  NORMAL
..................................................................
TEMPERATURE (F)
 TODAY
  MAXIMUM         90    206 PM  MM      MM  87      3       93
  MINIMUM         74    616 AM  MM      MM  63     11       71
  AVERAGE         82                        75      7       82

PRECIPITATION (IN)
  TODAY            0.08         MM      MM   0.10  -0.02     0.00
  MONTH TO DATE    4.57                      3.19   1.38     0.80
  SINCE JUN 1     13.00                     11.59   1.41    15.70
  SINCE JAN 1     28.61                     29.15  -0.54    40.73

DEGREE DAYS
 HEATING
  TODAY            0                         0      0        0
  MONTH TO DATE    0                         0      0        4
  SINCE JUN 1      0                         7     -7        8
  SINCE JUL 1      0                         0      0        5

 COOLING
  TODAY           17                        10      7       17
  MONTH TO DATE  311                       334    -23      285
  SINCE JUN 1    858                      1022   -164      850
  SINCE JAN 1   1049                      1161   -112     1018
..................................................................


WIND (MPH)
  HIGHEST WIND SPEED    25   HIGHEST WIND DIRECTION    SE (150)
  HIGHEST GUST SPEED    33   HIGHEST GUST DIRECTION     S (160)
  AVERAGE WIND SPEED     5.8


SKY COVER
  POSSIBLE SUNSHINE  MM
  AVERAGE SKY COVER 0.2


WEATHER CONDITIONS
 THE FOLLOWING WEATHER WAS RECORDED TODAY.
  THUNDERSTORM
  HEAVY RAIN
  LIGHT RAIN
  FOG
  HAZE


RELATIVE HUMIDITY (PERCENT)
 HIGHEST    93          1200 AM
 LOWEST     56           100 PM
 AVERAGE    75

..........................................................


THE LAWRENCEVILLE IL AIRPORT CLIMATE NORMALS FOR TOMORROW
                         NORMAL    RECORD    YEAR
 MAXIMUM TEMPERATURE (F)   87        MM        MM
 MINIMUM TEMPERATURE (F)   63        MM        MM


SUNRISE AND SUNSET
AUGUST 29 2014........SUNRISE   617 AM CDT   SUNSET   725 PM CDT
AUGUST 30 2014........SUNRISE   618 AM CDT   SUNSET   724 PM CDT


-  INDICATES NEGATIVE NUMBERS.
R  INDICATES RECORD WAS SET OR TIED.
MM INDICATES DATA IS MISSING.
T  INDICATES TRACE AMOUNT.




$$
