000
CDUS43 KILX 222237
CLILWV


CLIMATE REPORT
NATIONAL WEATHER SERVICE LINCOLN IL
437 PM CST MON DEC 22 2014


...................................

...THE LAWRENCEVILLE IL AIRPORT CLIMATE SUMMARY FOR DECEMBER 22 2014...
VALID TODAY AS OF 0400 PM LOCAL TIME.

CLIMATE NORMAL PERIOD 1981 TO 2010
CLIMATE RECORD PERIOD 9999 TO 9999


WEATHER ITEM   OBSERVED TIME   RECORD YEAR NORMAL DEPARTURE LAST
                VALUE   (LST)  VALUE       VALUE  FROM      YEAR
                                                  NORMAL
..................................................................
TEMPERATURE (F)
 TODAY
  MAXIMUM         50    108 PM  MM      MM  40     10       41
  MINIMUM         30   1219 AM  MM      MM  25      5       33
  AVERAGE         40                        33      7       37

PRECIPITATION (IN)
  TODAY            0.05         MM      MM   0.13  -0.08     0.00
  MONTH TO DATE    2.51                      2.34   0.17     4.48
  SINCE DEC 1      2.51                      2.34   0.17     4.48
  SINCE JAN 1     41.25                     42.83  -1.58    55.06

DEGREE DAYS
 HEATING
  TODAY           25                        32     -7       28
  MONTH TO DATE  624                       643    -19      721
  SINCE DEC 1    624                       643    -19      721
  SINCE JUL 1   1759                      1501    258     1745

 COOLING
  TODAY            0                         0      0        0
  MONTH TO DATE    0                         0      0        0
  SINCE DEC 1      0                         0      0        0
  SINCE JAN 1   1218                      1387   -169     1287
..................................................................


WIND (MPH)
  HIGHEST WIND SPEED    18   HIGHEST WIND DIRECTION    SE (140)
  HIGHEST GUST SPEED    23   HIGHEST GUST DIRECTION    SE (150)
  AVERAGE WIND SPEED     9.9


SKY COVER
  POSSIBLE SUNSHINE  MM
  AVERAGE SKY COVER 1.0


WEATHER CONDITIONS
 THE FOLLOWING WEATHER WAS RECORDED TODAY.
  LIGHT RAIN
  FOG
  HAZE


RELATIVE HUMIDITY (PERCENT)
 HIGHEST    93           400 PM
 LOWEST     80          1200 PM
 AVERAGE    87

..........................................................


THE LAWRENCEVILLE IL AIRPORT CLIMATE NORMALS FOR TOMORROW
                         NORMAL    RECORD    YEAR
 MAXIMUM TEMPERATURE (F)   40        MM        MM
 MINIMUM TEMPERATURE (F)   25        MM        MM


SUNRISE AND SUNSET
DECEMBER 22 2014......SUNRISE   705 AM CST   SUNSET   433 PM CST
DECEMBER 23 2014......SUNRISE   706 AM CST   SUNSET   433 PM CST


-  INDICATES NEGATIVE NUMBERS.
R  INDICATES RECORD WAS SET OR TIED.
MM INDICATES DATA IS MISSING.
T  INDICATES TRACE AMOUNT.




$$
