000
CDUS43 KILX 250706
CLILWV


CLIMATE REPORT
NATIONAL WEATHER SERVICE LINCOLN IL
105 AM CST SAT FEB 25 2017


...................................

...THE LAWRENCEVILLE IL AIRPORT CLIMATE SUMMARY FOR FEBRUARY 24 2017...

CLIMATE NORMAL PERIOD 1981 TO 2010
CLIMATE RECORD PERIOD 9999 TO 9999


WEATHER ITEM   OBSERVED TIME   RECORD YEAR NORMAL DEPARTURE LAST
                VALUE   (LST)  VALUE       VALUE  FROM      YEAR
                                                  NORMAL
..................................................................
TEMPERATURE (F)
 YESTERDAY
  MAXIMUM         72   1125 AM  MM      MM  47     25       38
  MINIMUM         43   1159 PM  MM      MM  29     14       33
  AVERAGE         58                        38     20       36

PRECIPITATION (IN)
  YESTERDAY        0.15         MM      MM   0.06   0.09     1.21
  MONTH TO DATE    0.46                      1.77  -1.31     3.12
  SINCE DEC 1      5.57                      7.54  -1.97     9.12
  SINCE JAN 1      3.90                      4.15  -0.25     4.18

DEGREE DAYS
 HEATING
  YESTERDAY        7                        27    -20       29
  MONTH TO DATE  488                       722   -234      706
  SINCE DEC 1   2353                      2715   -362     2416
  SINCE JUL 1   2975                      3573   -598     3113

 COOLING
  YESTERDAY        0                         0      0        0
  MONTH TO DATE    0                         0      0        0
  SINCE DEC 1      0                         0      0        0
  SINCE JAN 1      0                         0      0        0
..................................................................


WIND (MPH)
  HIGHEST WIND SPEED    33   HIGHEST WIND DIRECTION    SW (210)
  HIGHEST GUST SPEED    41   HIGHEST GUST DIRECTION    SW (210)
  AVERAGE WIND SPEED    17.0


SKY COVER
  POSSIBLE SUNSHINE  MM
  AVERAGE SKY COVER 0.5


WEATHER CONDITIONS
 THE FOLLOWING WEATHER WAS RECORDED YESTERDAY.
  THUNDERSTORM
  HEAVY RAIN
  LIGHT RAIN
  FOG


RELATIVE HUMIDITY (PERCENT)
 HIGHEST    93           600 AM
 LOWEST     53          1100 AM
 AVERAGE    73

..........................................................


THE LAWRENCEVILLE IL AIRPORT CLIMATE NORMALS FOR TODAY
                         NORMAL    RECORD    YEAR
 MAXIMUM TEMPERATURE (F)   48        MM        MM
 MINIMUM TEMPERATURE (F)   30        MM        MM


SUNRISE AND SUNSET
FEBRUARY 25 2017......SUNRISE   628 AM CST   SUNSET   539 PM CST
FEBRUARY 26 2017......SUNRISE   627 AM CST   SUNSET   540 PM CST


-  INDICATES NEGATIVE NUMBERS.
R  INDICATES RECORD WAS SET OR TIED.
MM INDICATES DATA IS MISSING.
T  INDICATES TRACE AMOUNT.




$$
