000
CDUS41 KRNK 180821
CLILYH


CLIMATE REPORT
NATIONAL WEATHER SERVICE BLACKSBURG VA
315 AM EST SAT NOV 18 2017


...................................

...THE LYNCHBURG VA CLIMATE SUMMARY FOR NOVEMBER 17 2017...

CLIMATE NORMAL PERIOD 1981 TO 2010
CLIMATE RECORD PERIOD 1893 TO 2017


WEATHER ITEM   OBSERVED TIME   RECORD YEAR NORMAL DEPARTURE LAST
                VALUE   (LST)  VALUE       VALUE  FROM      YEAR
                                                  NORMAL
..................................................................
TEMPERATURE (F)
 YESTERDAY
  MAXIMUM         56    306 PM  76    1928  58     -2       68
  MINIMUM         28    553 AM  12    1933  35     -7       36
  AVERAGE         42                        46     -4       52

PRECIPITATION (IN)
  YESTERDAY        0.00          1.45 1956   0.12  -0.12     0.00
  MONTH TO DATE    0.92                      1.94  -1.02     0.22
  SINCE SEP 1      5.40                      8.93  -3.53     5.33
  SINCE JAN 1     32.13                     36.86  -4.73    38.45

SNOWFALL (IN)
  YESTERDAY        0.0                                       0.0
  MONTH TO DATE    0.0                                       0.0
  SINCE SEP 1      0.0                                       0.0
  SINCE JUL 1      0.0                                       0.0
  SNOW DEPTH       0

DEGREE DAYS
 HEATING
  YESTERDAY       23                        19      4       13
  MONTH TO DATE  294                       273     21      227
  SINCE SEP 1    544                       617    -73      388
  SINCE JUL 1    546                       620    -74      388

 COOLING
  YESTERDAY        0                         0      0        0
  MONTH TO DATE    0                         0      0        6
  SINCE SEP 1    196                       133     63      280
  SINCE JAN 1   1174                      1031    143     1358
..................................................................


WIND (MPH)
  HIGHEST WIND SPEED     9   HIGHEST WIND DIRECTION    NW (330)
  HIGHEST GUST SPEED    16   HIGHEST GUST DIRECTION     N (340)
  AVERAGE WIND SPEED     2.4


SKY COVER
  AVERAGE SKY COVER 0.0


WEATHER CONDITIONS
 THE FOLLOWING WEATHER WAS RECORDED YESTERDAY.
  NO SIGNIFICANT WEATHER WAS OBSERVED.


RELATIVE HUMIDITY (PERCENT)
 HIGHEST    85           600 AM
 LOWEST     24           400 PM
 AVERAGE    55

..........................................................


THE LYNCHBURG VA CLIMATE NORMALS FOR TODAY
                         NORMAL    RECORD    YEAR
 MAXIMUM TEMPERATURE (F)   58        78      1938
 MINIMUM TEMPERATURE (F)   34        18      1997


SUNRISE AND SUNSET
NOVEMBER 18 2017......SUNRISE   659 AM EST   SUNSET   504 PM EST
NOVEMBER 19 2017......SUNRISE   700 AM EST   SUNSET   504 PM EST


-  INDICATES NEGATIVE NUMBERS.
R  INDICATES RECORD WAS SET OR TIED.
MM INDICATES DATA IS MISSING.
T  INDICATES TRACE AMOUNT.

REMARKS:
DUE TO MISSING TEMPERATURES ON FEBRUARY 23 AND JULY 24-25...ALL
TEMPERATURE AND DEGREE DAY INFORMATION WILL BE CALCULATED WITHOUT
DATA FROM THESE DATES.

$$
