000
CDUS41 KRNK 070822
CLILYH


CLIMATE REPORT
NATIONAL WEATHER SERVICE BLACKSBURG VA
321 AM EST WED DEC 7 2016


...................................

...THE LYNCHBURG VA CLIMATE SUMMARY FOR DECEMBER 6 2016...

CLIMATE NORMAL PERIOD 1981 TO 2010
CLIMATE RECORD PERIOD 1893 TO 2016


WEATHER ITEM   OBSERVED TIME   RECORD YEAR NORMAL DEPARTURE LAST
                VALUE   (LST)  VALUE       VALUE  FROM      YEAR
                                                  NORMAL
..................................................................
TEMPERATURE (F)
 YESTERDAY
  MAXIMUM         46    157 AM  78    1998  50     -4       54
  MINIMUM         35   1159 PM  16    2002  29      6       24
                                      1992
  AVERAGE         41                        40      1       39

PRECIPITATION (IN)
  YESTERDAY        1.25          1.57 1953   0.11   1.14     0.00
  MONTH TO DATE    1.62                      0.69   0.93     1.53
  SINCE DEC 1      1.62                      0.69   0.93     1.53
  SINCE JAN 1     41.02                     39.02   2.00    41.86

SNOWFALL (IN)
  YESTERDAY        0.0                                       0.0
  MONTH TO DATE    0.0                                       0.0
  SINCE DEC 1      0.0                                       0.0
  SINCE JUL 1      0.0                                       0.0
  SNOW DEPTH       0

DEGREE DAYS
 HEATING
  YESTERDAY       24                        25     -1       26
  MONTH TO DATE  143                       147     -4      136
  SINCE DEC 1    143                       147     -4      136
  SINCE JUL 1    773                      1041   -268      846

 COOLING
  YESTERDAY        0                         0      0        0
  MONTH TO DATE    0                         0      0        0
  SINCE DEC 1      0                         0      0        0
  SINCE JAN 1   1358                      1032    326     1194
..................................................................


WIND (MPH)
  HIGHEST WIND SPEED    18   HIGHEST WIND DIRECTION    NE (30)
  HIGHEST GUST SPEED    22   HIGHEST GUST DIRECTION    NE (30)
  AVERAGE WIND SPEED     6.8


SKY COVER
  AVERAGE SKY COVER 0.9


WEATHER CONDITIONS
 THE FOLLOWING WEATHER WAS RECORDED YESTERDAY.
  HEAVY RAIN
  RAIN
  LIGHT RAIN
  FOG
  FOG W/VISIBILITY <= 1/4 MILE


RELATIVE HUMIDITY (PERCENT)
 HIGHEST   100           500 PM
 LOWEST     86           200 AM
 AVERAGE    93

..........................................................


THE LYNCHBURG VA CLIMATE NORMALS FOR TODAY
                         NORMAL    RECORD    YEAR
 MAXIMUM TEMPERATURE (F)   50        79      1998
 MINIMUM TEMPERATURE (F)   29         8      2002


SUNRISE AND SUNSET
DECEMBER  7 2016......SUNRISE   718 AM EST   SUNSET   459 PM EST
DECEMBER  8 2016......SUNRISE   719 AM EST   SUNSET   459 PM EST


-  INDICATES NEGATIVE NUMBERS.
R  INDICATES RECORD WAS SET OR TIED.
MM INDICATES DATA IS MISSING.
T  INDICATES TRACE AMOUNT.




$$
