000
CDUS41 KRNK 282151
CLILYH


CLIMATE REPORT
NATIONAL WEATHER SERVICE BLACKSBURG VA
449 PM EST SAT FEB 28 2015


...................................

...THE LYNCHBURG VA CLIMATE SUMMARY FOR FEBRUARY 28 2015...
VALID TODAY AS OF 0400 PM LOCAL TIME.

CLIMATE NORMAL PERIOD 1981 TO 2010
CLIMATE RECORD PERIOD 1893 TO 2015


WEATHER ITEM   OBSERVED TIME   RECORD YEAR NORMAL DEPARTURE LAST
                VALUE   (LST)  VALUE       VALUE  FROM      YEAR
                                                  NORMAL
..................................................................
TEMPERATURE (F)
 TODAY
  MAXIMUM         32    418 PM  80    1918  53    -21       36
  MINIMUM         18    751 AM  -5    1934  30    -12       15
  AVERAGE         25                        41    -16       26

PRECIPITATION (IN)
  TODAY            0.00          1.75 1902   0.10  -0.10     0.00
  MONTH TO DATE    2.52                      2.93  -0.41     3.81
  SINCE DEC 1      7.50                      9.31  -1.81    12.77
  SINCE JAN 1      4.38                      6.07  -1.69     7.08

SNOWFALL (IN)
  TODAY            0.0
  MONTH TO DATE   20.3
  SINCE DEC 1     20.4
  SINCE JUL 1     20.4
  SNOW DEPTH      MM

DEGREE DAYS
 HEATING
  TODAY           40                        24     16       39
  MONTH TO DATE 1006                       752    254      772
  SINCE DEC 1   2713                      2530    183     2596
  SINCE JUL 1   3689                      3424    265     3514

 COOLING
  TODAY            0                         0      0        0
  MONTH TO DATE    0                         0      0        0
  SINCE DEC 1      0                         0      0        0
  SINCE JAN 1      0                         0      0        0
..................................................................


WIND (MPH)
  HIGHEST WIND SPEED    13   HIGHEST WIND DIRECTION    NE (50)
  HIGHEST GUST SPEED    17   HIGHEST GUST DIRECTION    NE (50)
  AVERAGE WIND SPEED     5.6


SKY COVER
  POSSIBLE SUNSHINE  MM
  AVERAGE SKY COVER 0.3


WEATHER CONDITIONS
 THE FOLLOWING WEATHER WAS RECORDED TODAY.
  NO SIGNIFICANT WEATHER WAS OBSERVED.


RELATIVE HUMIDITY (PERCENT)
 HIGHEST    62           500 AM
 LOWEST     37           100 PM
 AVERAGE    50

..........................................................


THE LYNCHBURG VA CLIMATE NORMALS FOR TOMORROW
                         NORMAL    RECORD    YEAR
 MAXIMUM TEMPERATURE (F)   53        78      1918
 MINIMUM TEMPERATURE (F)   30         8      1934


SUNRISE AND SUNSET
FEBRUARY 28 2015......SUNRISE   650 AM EST   SUNSET   610 PM EST
MARCH  1 2015.........SUNRISE   648 AM EST   SUNSET   611 PM EST


-  INDICATES NEGATIVE NUMBERS.
R  INDICATES RECORD WAS SET OR TIED.
MM INDICATES DATA IS MISSING.
T  INDICATES TRACE AMOUNT.




$$
