000
CDUS41 KRNK 280723
CLILYH


CLIMATE REPORT
NATIONAL WEATHER SERVICE BLACKSBURG VA
322 AM EDT SAT MAR 28 2015


...................................

...THE LYNCHBURG VA CLIMATE SUMMARY FOR MARCH 27 2015...

CLIMATE NORMAL PERIOD 1981 TO 2010
CLIMATE RECORD PERIOD 1893 TO 2015


WEATHER ITEM   OBSERVED TIME   RECORD YEAR NORMAL DEPARTURE LAST
                VALUE   (LST)  VALUE       VALUE  FROM      YEAR
                                                  NORMAL
..................................................................
TEMPERATURE (F)
 YESTERDAY
  MAXIMUM         57   1210 AM  85    1921  62     -5       59
  MINIMUM         37   1159 PM  18    2001  37      0       21
                                      1955
  AVERAGE         47                        49     -2       40

PRECIPITATION (IN)
  YESTERDAY        0.52          2.14 1994   0.13   0.39     0.00
  MONTH TO DATE    3.27                      3.09   0.18     2.55
  SINCE MAR 1      3.27                      3.09   0.18     2.55
  SINCE JAN 1      7.65                      9.16  -1.51     9.63

SNOWFALL (IN)
  YESTERDAY        0.0
  MONTH TO DATE    2.5
  SINCE MAR 1      2.5
  SINCE JUL 1     22.9
  SNOW DEPTH       0

DEGREE DAYS
 HEATING
  YESTERDAY       18                        16      2       25
  MONTH TO DATE  518                       536    -18      611
  SINCE MAR 1    518                       536    -18      611
  SINCE JUL 1   4207                      3960    247     4125

 COOLING
  YESTERDAY        0                         0      0        0
  MONTH TO DATE    0                         0      0        0
  SINCE MAR 1      0                         0      0        0
  SINCE JAN 1      0                         0      0        0
..................................................................


WIND (MPH)
  HIGHEST WIND SPEED    13   HIGHEST WIND DIRECTION    NE (50)
  HIGHEST GUST SPEED    20   HIGHEST GUST DIRECTION    NW (320)
  AVERAGE WIND SPEED     5.5


SKY COVER
  POSSIBLE SUNSHINE  MM
  AVERAGE SKY COVER 1.0


WEATHER CONDITIONS
 THE FOLLOWING WEATHER WAS RECORDED YESTERDAY.
  RAIN
  LIGHT RAIN
  FOG


RELATIVE HUMIDITY (PERCENT)
 HIGHEST   100           800 AM
 LOWEST     59          1100 PM
 AVERAGE    80

..........................................................


THE LYNCHBURG VA CLIMATE NORMALS FOR TODAY
                         NORMAL    RECORD    YEAR
 MAXIMUM TEMPERATURE (F)   62        88      1910
 MINIMUM TEMPERATURE (F)   37        18      1969


SUNRISE AND SUNSET
MARCH 28 2015.........SUNRISE   709 AM EDT   SUNSET   736 PM EDT
MARCH 29 2015.........SUNRISE   707 AM EDT   SUNSET   737 PM EDT


-  INDICATES NEGATIVE NUMBERS.
R  INDICATES RECORD WAS SET OR TIED.
MM INDICATES DATA IS MISSING.
T  INDICATES TRACE AMOUNT.




$$
