000
CDUS41 KRNK 252140
CLILYH


CLIMATE REPORT
NATIONAL WEATHER SERVICE BLACKSBURG VA
539 PM EDT WED MAY 25 2016


...................................

...THE LYNCHBURG VA CLIMATE SUMMARY FOR MAY 25 2016...
VALID TODAY AS OF 0500 PM LOCAL TIME.

CLIMATE NORMAL PERIOD 1981 TO 2010
CLIMATE RECORD PERIOD 1893 TO 2016


WEATHER ITEM   OBSERVED TIME   RECORD YEAR NORMAL DEPARTURE LAST
                VALUE   (LST)  VALUE       VALUE  FROM      YEAR
                                                  NORMAL
..................................................................
TEMPERATURE (F)
 TODAY
  MAXIMUM         83    358 PM  93    1936  77      6       82
  MINIMUM         52    535 AM  36    2013  54     -2       57
  AVERAGE         68                        66      2       70

PRECIPITATION (IN)
  TODAY            0.00          0.77 1909   0.13  -0.13     0.00
  MONTH TO DATE    6.76                      2.93   3.83     1.56
  SINCE MAR 1     12.24                      9.82   2.42     8.90
  SINCE JAN 1     19.53                     15.89   3.64    13.28

SNOWFALL (IN)
  TODAY            0.0                                       0.0
  MONTH TO DATE    0.0                                       0.0
  SINCE MAR 1      T                                         2.5
  SINCE JUL 1     15.6                                      22.9
  SNOW DEPTH       0

DEGREE DAYS
 HEATING
  TODAY            0                         3     -3        0
  MONTH TO DATE  117                       110      7       59
  SINCE MAR 1    799                      1009   -210      938
  SINCE JUL 1   3765                      4433   -668     4627

 COOLING
  TODAY            3                         3      0        5
  MONTH TO DATE    9                        43    -34       88
  SINCE MAR 1     26                        61    -35       96
  SINCE JAN 1     26                        61    -35       96
..................................................................


WIND (MPH)
  HIGHEST WIND SPEED    14   HIGHEST WIND DIRECTION     S (200)
  HIGHEST GUST SPEED    19   HIGHEST GUST DIRECTION    SW (220)
  AVERAGE WIND SPEED     3.2


SKY COVER
  AVERAGE SKY COVER 0.0


WEATHER CONDITIONS
 THE FOLLOWING WEATHER WAS RECORDED TODAY.
  NO SIGNIFICANT WEATHER WAS OBSERVED.


RELATIVE HUMIDITY (PERCENT)
 HIGHEST   100           300 AM
 LOWEST     34           300 PM
 AVERAGE    67

..........................................................


THE LYNCHBURG VA CLIMATE NORMALS FOR TOMORROW
                         NORMAL    RECORD    YEAR
 MAXIMUM TEMPERATURE (F)   78        93      1933
 MINIMUM TEMPERATURE (F)   54        38      1988


SUNRISE AND SUNSET
MAY 25 2016...........SUNRISE   601 AM EDT   SUNSET   827 PM EDT
MAY 26 2016...........SUNRISE   600 AM EDT   SUNSET   828 PM EDT


-  INDICATES NEGATIVE NUMBERS.
R  INDICATES RECORD WAS SET OR TIED.
MM INDICATES DATA IS MISSING.
T  INDICATES TRACE AMOUNT.

REMARKS:

DUE TO A SENSOR FAILURE CAUSING MISSING TEMPERATURES ON OCTOBER 22
AND 23...THE SEASONAL HEATING DEGREE DAY TOTAL AND DEPARTURE FROM
NORMAL WILL BE CALCULATED WITHOUT DATA FROM THESE DATES.

$$
