000
CDUS41 KRNK 240938
CLILYH


CLIMATE REPORT
NATIONAL WEATHER SERVICE BLACKSBURG VA
434 AM EST TUE JAN 24 2017


...................................

...THE LYNCHBURG VA CLIMATE SUMMARY FOR JANUARY 23 2017...

CLIMATE NORMAL PERIOD 1981 TO 2010
CLIMATE RECORD PERIOD 1893 TO 2017


WEATHER ITEM   OBSERVED TIME   RECORD YEAR NORMAL DEPARTURE LAST
                VALUE   (LST)  VALUE       VALUE  FROM      YEAR
                                                  NORMAL
..................................................................
TEMPERATURE (F)
 YESTERDAY
  MAXIMUM         49    610 AM  74    1967  46      3       30
  MINIMUM         38   1159 PM  -1    1936  25     13       20
  AVERAGE         44                        35      9       25

PRECIPITATION (IN)
  YESTERDAY        1.47          1.55 1935   0.10   1.37     0.21
  MONTH TO DATE    3.71                      2.33   1.38     2.76
  SINCE DEC 1      6.81                      5.57   1.24     7.73
  SINCE JAN 1      3.71                      2.33   1.38     2.76

SNOWFALL (IN)
  YESTERDAY        0.0                                       1.6
  MONTH TO DATE    5.9                                      10.2
  SINCE DEC 1      5.9                                      10.2
  SINCE JUL 1      5.9                                      10.2
  SNOW DEPTH       0

DEGREE DAYS
 HEATING
  YESTERDAY       21                        30     -9       40
  MONTH TO DATE  579                       690   -111      749
  SINCE DEC 1   1388                      1541   -153     1233
  SINCE JUL 1   2018                      2435   -417     1943

 COOLING
  YESTERDAY        0                         0      0        0
  MONTH TO DATE    0                         0      0        0
  SINCE DEC 1      0                         0      0        0
  SINCE JAN 1      0                         0      0        0
..................................................................


WIND (MPH)
  HIGHEST WIND SPEED    29   HIGHEST WIND DIRECTION    NE (40)
  HIGHEST GUST SPEED    38   HIGHEST GUST DIRECTION    NE (50)
  AVERAGE WIND SPEED    17.1


SKY COVER
  AVERAGE SKY COVER 0.9


WEATHER CONDITIONS
 THE FOLLOWING WEATHER WAS RECORDED YESTERDAY.
  HEAVY RAIN
  RAIN
  LIGHT RAIN
  FOG


RELATIVE HUMIDITY (PERCENT)
 HIGHEST   100           800 AM
 LOWEST     76           700 PM
 AVERAGE    88

..........................................................


THE LYNCHBURG VA CLIMATE NORMALS FOR TODAY
                         NORMAL    RECORD    YEAR
 MAXIMUM TEMPERATURE (F)   46        77      1909
 MINIMUM TEMPERATURE (F)   25        -1      1963


SUNRISE AND SUNSET
JANUARY 24 2017.......SUNRISE   726 AM EST   SUNSET   533 PM EST
JANUARY 25 2017.......SUNRISE   725 AM EST   SUNSET   534 PM EST


-  INDICATES NEGATIVE NUMBERS.
R  INDICATES RECORD WAS SET OR TIED.
MM INDICATES DATA IS MISSING.
T  INDICATES TRACE AMOUNT.

$$
RCS
