000
CDUS41 KRNK 280630
CLILYH


CLIMATE REPORT
NATIONAL WEATHER SERVICE BLACKSBURG VA
225 AM EDT SUN AUG 28 2016


...................................

...THE LYNCHBURG VA CLIMATE SUMMARY FOR AUGUST 27 2016...

CLIMATE NORMAL PERIOD 1981 TO 2010
CLIMATE RECORD PERIOD 1893 TO 2016


WEATHER ITEM   OBSERVED TIME   RECORD YEAR NORMAL DEPARTURE LAST
                VALUE   (LST)  VALUE       VALUE  FROM      YEAR
                                                  NORMAL
..................................................................
TEMPERATURE (F)
 YESTERDAY
  MAXIMUM         92    239 PM  96    1948  84      8       80
  MINIMUM         72    658 AM  50    1945  62     10       59
                                      1917
  AVERAGE         82                        73      9       70

PRECIPITATION (IN)
  YESTERDAY        0.00          2.56 2008   0.11  -0.11     0.00
  MONTH TO DATE    1.19                      2.84  -1.65     1.98
  SINCE JUN 1     13.46                     10.82   2.64    11.36
  SINCE JAN 1     33.12                     27.51   5.61    24.74

SNOWFALL (IN)
  YESTERDAY        0.0                                       0.0
  MONTH TO DATE    0.0                                       0.0
  SINCE JUN 1      0.0                                       0.0
  SINCE JUL 1      0.0                                       0.0
  SNOW DEPTH       0

DEGREE DAYS
 HEATING
  YESTERDAY        0                         0      0        0
  MONTH TO DATE    0                         0      0        0
  SINCE JUN 1      1                        15    -14       13
  SINCE JUL 1      0                         1     -1        0

 COOLING
  YESTERDAY       17                         8      9        5
  MONTH TO DATE  332                       254     78      240
  SINCE JUN 1    954                       786    168      847
  SINCE JAN 1   1025                       868    157      995
..................................................................


WIND (MPH)
  HIGHEST WIND SPEED    14   HIGHEST WIND DIRECTION     N (20)
  HIGHEST GUST SPEED    19   HIGHEST GUST DIRECTION    NE (40)
  AVERAGE WIND SPEED     6.6


SKY COVER
  AVERAGE SKY COVER 0.1


WEATHER CONDITIONS
 THE FOLLOWING WEATHER WAS RECORDED YESTERDAY.
  NO SIGNIFICANT WEATHER WAS OBSERVED.


RELATIVE HUMIDITY (PERCENT)
 HIGHEST   100           100 AM
 LOWEST     52           200 PM
 AVERAGE    76

..........................................................


THE LYNCHBURG VA CLIMATE NORMALS FOR TODAY
                         NORMAL    RECORD    YEAR
 MAXIMUM TEMPERATURE (F)   84        98      1948
 MINIMUM TEMPERATURE (F)   62        51      1986
                                             1905


SUNRISE AND SUNSET
AUGUST 28 2016........SUNRISE   644 AM EDT   SUNSET   751 PM EDT
AUGUST 29 2016........SUNRISE   645 AM EDT   SUNSET   749 PM EDT


-  INDICATES NEGATIVE NUMBERS.
R  INDICATES RECORD WAS SET OR TIED.
MM INDICATES DATA IS MISSING.
T  INDICATES TRACE AMOUNT.




$$
