000
CDUS41 KRNK 200927
CLILYH


CLIMATE REPORT
NATIONAL WEATHER SERVICE BLACKSBURG VA
524 AM EDT MON OCT 20 2014


...................................

...THE LYNCHBURG VA CLIMATE SUMMARY FOR OCTOBER 19 2014...

CLIMATE NORMAL PERIOD 1981 TO 2010
CLIMATE RECORD PERIOD 1893 TO 2014


WEATHER ITEM   OBSERVED TIME   RECORD YEAR NORMAL DEPARTURE LAST
                VALUE   (LST)  VALUE       VALUE  FROM      YEAR
                                                  NORMAL
..................................................................
TEMPERATURE (F)
 YESTERDAY
  MAXIMUM         63    259 PM  88    1938  68     -5       61
  MINIMUM         37   1156 PM  26    1948  43     -6       46
  AVERAGE         50                        55     -5       54

PRECIPITATION (IN)
  YESTERDAY        0.00          2.80 1937   0.10  -0.10     0.01
  MONTH TO DATE    3.53                      1.87   1.66     1.71
  SINCE SEP 1      5.15                      5.75  -0.60     2.19
  SINCE JAN 1     39.14                     33.68   5.46    35.91

SNOWFALL (IN)
  YESTERDAY        0.0
  MONTH TO DATE    0.0
  SINCE SEP 1      0.0
  SINCE JUL 1      0.0
  SNOW DEPTH       0

DEGREE DAYS
 HEATING
  YESTERDAY       15                        10      5       11
  MONTH TO DATE  122                       144    -22       62
  SINCE SEP 1    153                       202    -49      105
  SINCE JUL 1    153                       205    -52      110

 COOLING
  YESTERDAY        0                         0      0        0
  MONTH TO DATE   15                        11      4       35
  SINCE SEP 1    137                       129      8      155
  SINCE JAN 1    967                      1027    -60     1184
..................................................................


WIND (MPH)
  HIGHEST WIND SPEED    13   HIGHEST WIND DIRECTION    NW (300)
  HIGHEST GUST SPEED    20   HIGHEST GUST DIRECTION    NW (320)
  AVERAGE WIND SPEED     3.6


SKY COVER
  POSSIBLE SUNSHINE  MM
  AVERAGE SKY COVER 0.1


WEATHER CONDITIONS
 THE FOLLOWING WEATHER WAS RECORDED YESTERDAY.
  NO SIGNIFICANT WEATHER WAS OBSERVED.


RELATIVE HUMIDITY (PERCENT)
 HIGHEST   100           900 PM
 LOWEST     34           300 PM
 AVERAGE    67

..........................................................


THE LYNCHBURG VA CLIMATE NORMALS FOR TODAY
                         NORMAL    RECORD    YEAR
 MAXIMUM TEMPERATURE (F)   67        85      1993
 MINIMUM TEMPERATURE (F)   43        25      1992
                                             1972


SUNRISE AND SUNSET
OCTOBER 20 2014.......SUNRISE   729 AM EDT   SUNSET   633 PM EDT
OCTOBER 21 2014.......SUNRISE   730 AM EDT   SUNSET   632 PM EDT


-  INDICATES NEGATIVE NUMBERS.
R  INDICATES RECORD WAS SET OR TIED.
MM INDICATES DATA IS MISSING.
T  INDICATES TRACE AMOUNT.

REMARKS

DUE TO A SYSTEM FAILURE CAUSING MISSING TEMPERATURES ON
AUGUST 21-24...THE SEASONAL TOTAL AND DEPARTURE FROM NORMAL
FOR CDD WILL BE CALCULATED WITHOUT DATA FROM THOSE DATES.

$$

MBS
