000
CDUS41 KRNK 012123
CLILYH


CLIMATE REPORT
NATIONAL WEATHER SERVICE BLACKSBURG VA
521 PM EDT SAT OCT 1 2016


...................................

...THE LYNCHBURG VA CLIMATE SUMMARY FOR OCTOBER 1 2016...
VALID TODAY AS OF 0500 PM LOCAL TIME.

CLIMATE NORMAL PERIOD 1981 TO 2010
CLIMATE RECORD PERIOD 1893 TO 2016


WEATHER ITEM   OBSERVED TIME   RECORD YEAR NORMAL DEPARTURE LAST
                VALUE   (LST)  VALUE       VALUE  FROM      YEAR
                                                  NORMAL
..................................................................
TEMPERATURE (F)
 TODAY
  MAXIMUM         77    159 PM  93    1933  73      4       64
  MINIMUM         62    659 AM  34    2001  49     13       54
                                      1993
                                      1947
  AVERAGE         70                        61      9       59

PRECIPITATION (IN)
  TODAY            0.00          2.04 1929   0.10  -0.10     0.02
  MONTH TO DATE    0.00                      0.10  -0.10     0.02
  SINCE SEP 1      3.38                      3.98  -0.60     7.15
  SINCE JAN 1     36.50                     31.91   4.59    31.89

SNOWFALL (IN)
  TODAY            0.0                                       0.0
  MONTH TO DATE    0.0                                       0.0
  SINCE SEP 1      0.0                                       0.0
  SINCE JUL 1      0.0                                       0.0
  SNOW DEPTH       0

DEGREE DAYS
 HEATING
  TODAY            0                         5     -5        6
  MONTH TO DATE    0                         5     -5        6
  SINCE SEP 1      0                        63    -63       33
  SINCE JUL 1      0                        66    -66       33

 COOLING
  TODAY            5                         1      4        0
  MONTH TO DATE    5                         1      4        0
  SINCE SEP 1    245                       119    126      162
  SINCE JAN 1   1323                      1017    306     1187
..................................................................


WIND (MPH)
  HIGHEST WIND SPEED     9   HIGHEST WIND DIRECTION    NE (50)
  HIGHEST GUST SPEED    13   HIGHEST GUST DIRECTION    NE (50)
  AVERAGE WIND SPEED     4.7


SKY COVER
  AVERAGE SKY COVER 0.9


WEATHER CONDITIONS
 THE FOLLOWING WEATHER WAS RECORDED TODAY.
  FOG


RELATIVE HUMIDITY (PERCENT)
 HIGHEST   100          1200 AM
 LOWEST     50           200 PM
 AVERAGE    75

..........................................................


THE LYNCHBURG VA CLIMATE NORMALS FOR TOMORROW
                         NORMAL    RECORD    YEAR
 MAXIMUM TEMPERATURE (F)   72        88      1905
 MINIMUM TEMPERATURE (F)   49        32      2003
                                             1899


SUNRISE AND SUNSET
OCTOBER  1 2016.......SUNRISE   713 AM EDT   SUNSET   659 PM EDT
OCTOBER  2 2016.......SUNRISE   714 AM EDT   SUNSET   658 PM EDT


-  INDICATES NEGATIVE NUMBERS.
R  INDICATES RECORD WAS SET OR TIED.
MM INDICATES DATA IS MISSING.
T  INDICATES TRACE AMOUNT.




$$
