460
CDUS44 KLZK 030650
CLILZK


CLIMATE REPORT
NATIONAL WEATHER SERVICE LITTLE ROCK AR
150 AM CDT TUE MAY 3 2016


...................................

...THE NORTH LITTLE ROCK CLIMATE SUMMARY FOR MAY 2 2016...

CLIMATE NORMAL PERIOD 1981 TO 2010
CLIMATE RECORD PERIOD 1975 TO 2016


WEATHER ITEM   OBSERVED TIME   RECORD YEAR NORMAL DEPARTURE LAST
                VALUE   (LST)  VALUE       VALUE  FROM      YEAR
                                                  NORMAL
..................................................................
TEMPERATURE (F)
 YESTERDAY
  MAXIMUM         66        MM  87    2012  77    -11       78
  MINIMUM         53        MM  40    1994  58     -5       50
                                      1978
  AVERAGE         60                        67     -7       64

PRECIPITATION (IN)
  YESTERDAY        0.00          3.86 1984   0.18  -0.18     0.00
  MONTH TO DATE    0.00                      0.36  -0.36     0.00
  SINCE MAR 1     20.45                      9.92  10.53    13.61
  SINCE JAN 1     25.51                     17.00   8.51    19.79

SNOWFALL (IN)
  YESTERDAY        0.0          MM      MM   0.0    0.0      0.0
  MONTH TO DATE    0.0                       0.0    0.0      0.0
  SINCE MAR 1      T                         0.4   -0.4      6.4
  SINCE JUL 1      7.2                       4.4    2.8     10.6
  SNOW DEPTH       0

DEGREE DAYS
 HEATING
  YESTERDAY        5                         2      3        1
  MONTH TO DATE    5                         4      1        3
  SINCE MAR 1    332                       500   -168      500
  SINCE JUL 1   2293                      2986   -693     3297

 COOLING
  YESTERDAY        0                         4     -4        0
  MONTH TO DATE    6                         8     -2        0
  SINCE MAR 1     83                        95    -12       75
  SINCE JAN 1     86                        97    -11       75
..................................................................


WIND (MPH)
  HIGHEST WIND SPEED     9   HIGHEST WIND DIRECTION     N (360)
  HIGHEST GUST SPEED    17   HIGHEST GUST DIRECTION     N (360)
  AVERAGE WIND SPEED     4.7


SKY COVER
  POSSIBLE SUNSHINE  MM
  AVERAGE SKY COVER 0.0


WEATHER CONDITIONS
 THE FOLLOWING WEATHER WAS RECORDED YESTERDAY.
  NO SIGNIFICANT WEATHER WAS OBSERVED.


RELATIVE HUMIDITY (PERCENT)
 HIGHEST    93           600 AM
 LOWEST     67           300 AM
 AVERAGE    80

..........................................................


THE NORTH LITTLE ROCK CLIMATE NORMALS FOR TODAY
                         NORMAL    RECORD    YEAR
 MAXIMUM TEMPERATURE (F)   77        87      2001
 MINIMUM TEMPERATURE (F)   58        39      2013


SUNRISE AND SUNSET
MAY  3 2016...........SUNRISE   616 AM CDT   SUNSET   756 PM CDT
MAY  4 2016...........SUNRISE   615 AM CDT   SUNSET   757 PM CDT


-  INDICATES NEGATIVE NUMBERS.
R  INDICATES RECORD WAS SET OR TIED.
MM INDICATES DATA IS MISSING.
T  INDICATES TRACE AMOUNT.




$$
