000
CDUS44 KLZK 292114
CLILZK


CLIMATE REPORT
NATIONAL WEATHER SERVICE LITTLE ROCK AR
413 PM CDT MON MAY 29 2017


...................................

...THE NORTH LITTLE ROCK CLIMATE SUMMARY FOR MAY 29 2017...
VALID TODAY AS OF 0400 PM LOCAL TIME.

CLIMATE NORMAL PERIOD 1981 TO 2010
CLIMATE RECORD PERIOD 1975 TO 2017


WEATHER ITEM   OBSERVED TIME   RECORD YEAR NORMAL DEPARTURE LAST
                VALUE   (LST)  VALUE       VALUE  FROM      YEAR
                                                  NORMAL
..................................................................
TEMPERATURE (F)
 TODAY
  MAXIMUM         83        MM  96    2012  84     -1       86
  MINIMUM         64        MM  49    1984  65     -1       66
  AVERAGE         74                        74      0       76

PRECIPITATION (IN)
  TODAY            0.00          1.39 2015   0.14  -0.14     0.02
  MONTH TO DATE    7.23                      4.69   2.54     1.86
  SINCE MAR 1     20.63                     14.25   6.38    22.31
  SINCE JAN 1     25.91                     21.33   4.58    27.37

SNOWFALL (IN)
  TODAY            0.0          MM      MM   0.0    0.0      0.0
  MONTH TO DATE    0.0                       0.0    0.0      0.0
  SINCE MAR 1      T                         0.4   -0.4       T
  SINCE JUL 1      0.8                       4.4   -3.6      7.2
  SNOW DEPTH       0

DEGREE DAYS
 HEATING
  TODAY            0                         0      0        0
  MONTH TO DATE   25                        21      4       33
  SINCE MAR 1    367                       517   -150      360
  SINCE JUL 1   2198                      3003   -805     2321

 COOLING
  TODAY            9                        10     -1       11
  MONTH TO DATE  154                       188    -34      129
  SINCE MAR 1    264                       275    -11      206
  SINCE JAN 1    281                       277      4      209
..................................................................


WIND (MPH)
  HIGHEST WIND SPEED     6   HIGHEST WIND DIRECTION    NW (320)
  HIGHEST GUST SPEED    MM   HIGHEST GUST DIRECTION    MM
  AVERAGE WIND SPEED     3.7


SKY COVER
  POSSIBLE SUNSHINE  MM
  AVERAGE SKY COVER 0.0


WEATHER CONDITIONS
 THE FOLLOWING WEATHER WAS RECORDED TODAY.
  NO SIGNIFICANT WEATHER WAS OBSERVED.


RELATIVE HUMIDITY (PERCENT)
 HIGHEST    87           300 AM
 LOWEST     40           100 PM
 AVERAGE    64

..........................................................


THE NORTH LITTLE ROCK CLIMATE NORMALS FOR TOMORROW
                         NORMAL    RECORD    YEAR
 MAXIMUM TEMPERATURE (F)   84        98      1977
 MINIMUM TEMPERATURE (F)   65        49      1984


SUNRISE AND SUNSET
MAY 29 2017...........SUNRISE   558 AM CDT   SUNSET   816 PM CDT
MAY 30 2017...........SUNRISE   557 AM CDT   SUNSET   816 PM CDT


-  INDICATES NEGATIVE NUMBERS.
R  INDICATES RECORD WAS SET OR TIED.
MM INDICATES DATA IS MISSING.
T  INDICATES TRACE AMOUNT.




$$
