000
CDUS44 KLZK 280902
CLILZK


CLIMATE REPORT
NATIONAL WEATHER SERVICE LITTLE ROCK AR
401 AM CDT THU MAY 28 2015


...................................

...THE NORTH LITTLE ROCK CLIMATE SUMMARY FOR MAY 27 2015...

CLIMATE NORMAL PERIOD 1981 TO 2010
CLIMATE RECORD PERIOD 1975 TO 2015


WEATHER ITEM   OBSERVED TIME   RECORD YEAR NORMAL DEPARTURE LAST
                VALUE   (LST)  VALUE       VALUE  FROM      YEAR
                                                  NORMAL
..................................................................
TEMPERATURE (F)
 YESTERDAY
  MAXIMUM         83        MM  93    2012  83      0       83
  MINIMUM         68        MM  52    1992  65      3       67
  AVERAGE         76                        74      2       75

PRECIPITATION (IN)
  YESTERDAY        0.00          2.74 1996   0.14  -0.14     0.36
  MONTH TO DATE    9.46                      4.41   5.05     4.27
  SINCE MAR 1     23.07                     13.97   9.10    14.03
  SINCE JAN 1     29.25                     21.05   8.20    19.35

SNOWFALL (IN)
  YESTERDAY        0.0          MM      MM   0.0    0.0      0.0
  MONTH TO DATE    0.0                       0.0    0.0      0.0
  SINCE MAR 1      6.4                       0.4    6.0      1.6
  SINCE JUL 1     10.6                       4.4    6.2      5.2
  SNOW DEPTH       0

DEGREE DAYS
 HEATING
  YESTERDAY        0                         0      0        0
  MONTH TO DATE   18                        21     -3       67
  SINCE MAR 1    515                       517     -2      707
  SINCE JUL 1   3312                      3003    309     3534

 COOLING
  YESTERDAY       11                         9      2       10
  MONTH TO DATE  174                       169      5      175
  SINCE MAR 1    249                       256     -7      231
  SINCE JAN 1    249                       258     -9      231
..................................................................


WIND (MPH)
  HIGHEST WIND SPEED     9   HIGHEST WIND DIRECTION     S (200)
  HIGHEST GUST SPEED    MM   HIGHEST GUST DIRECTION    MM
  AVERAGE WIND SPEED     6.0


SKY COVER
  POSSIBLE SUNSHINE  MM
  AVERAGE SKY COVER 0.4


WEATHER CONDITIONS
 THE FOLLOWING WEATHER WAS RECORDED YESTERDAY.
  NO SIGNIFICANT WEATHER WAS OBSERVED.


RELATIVE HUMIDITY (PERCENT)
 HIGHEST   100          1100 PM
 LOWEST     67           400 PM
 AVERAGE    84

..........................................................


THE NORTH LITTLE ROCK CLIMATE NORMALS FOR TODAY
                         NORMAL    RECORD    YEAR
 MAXIMUM TEMPERATURE (F)   84        93      2012
 MINIMUM TEMPERATURE (F)   65        49      1992


SUNRISE AND SUNSET
MAY 28 2015...........SUNRISE   558 AM CDT   SUNSET   815 PM CDT
MAY 29 2015...........SUNRISE   558 AM CDT   SUNSET   815 PM CDT


-  INDICATES NEGATIVE NUMBERS.
R  INDICATES RECORD WAS SET OR TIED.
MM INDICATES DATA IS MISSING.
T  INDICATES TRACE AMOUNT.




$$
