000
CDUS44 KLZK 190653
CLILZK


CLIMATE REPORT
NATIONAL WEATHER SERVICE LITTLE ROCK AR
1252 AM CST MON FEB 19 2018


...................................

...THE NORTH LITTLE ROCK CLIMATE SUMMARY FOR FEBRUARY 18 2018...

CLIMATE NORMAL PERIOD 1981 TO 2010
CLIMATE RECORD PERIOD 1975 TO 2018


WEATHER ITEM   OBSERVED TIME   RECORD YEAR NORMAL DEPARTURE LAST
                VALUE   (LST)  VALUE       VALUE  FROM      YEAR
                                                  NORMAL
..................................................................
TEMPERATURE (F)
 YESTERDAY
  MAXIMUM         50   1100 PM  74    1986  55     -5       64
  MINIMUM         37        MM  13    1993  37      0       52
  AVERAGE         44                        46     -2       58

PRECIPITATION (IN)
  YESTERDAY        T             0.85 1991   0.13  -0.13     0.00
  MONTH TO DATE    2.32                      2.23   0.09     1.24
  SINCE DEC 1     11.64                     10.66   0.98     6.71
  SINCE JAN 1      4.81                      5.65  -0.84     3.54

SNOWFALL (IN)
  YESTERDAY        0.0           0.3  2006   0.0    0.0      0.0
  MONTH TO DATE    T                         1.3   -1.3      0.0
  SINCE DEC 1      1.5                       3.5   -2.0      0.8
  SINCE JUL 1      1.5                       3.5   -2.0      0.8
  SNOW DEPTH       0

DEGREE DAYS
 HEATING
  YESTERDAY       21                        19      2        7
  MONTH TO DATE  425                       379     46      243
  SINCE DEC 1   1924                      1800    124     1460
  SINCE JUL 1   2330                      2312     18     1754

 COOLING
  YESTERDAY        0                         0      0        0
  MONTH TO DATE    0                         0      0       11
  SINCE DEC 1      0                         2     -2       13
  SINCE JAN 1      0                         1     -1       12
..................................................................


WIND (MPH)
  HIGHEST WIND SPEED    13   HIGHEST WIND DIRECTION     E (90)
  HIGHEST GUST SPEED    22   HIGHEST GUST DIRECTION     E (90)
  AVERAGE WIND SPEED     7.2


SKY COVER
  POSSIBLE SUNSHINE  MM
  AVERAGE SKY COVER 0.0


WEATHER CONDITIONS
 THE FOLLOWING WEATHER WAS RECORDED YESTERDAY.
  RAIN
  LIGHT RAIN
  FOG
  FOG W/VISIBILITY <= 1/4 MILE
  HAZE


RELATIVE HUMIDITY (PERCENT)
 HIGHEST   100          1200 AM
 LOWEST     86          1100 AM
 AVERAGE    93

..........................................................


THE NORTH LITTLE ROCK CLIMATE NORMALS FOR TODAY
                         NORMAL    RECORD    YEAR
 MAXIMUM TEMPERATURE (F)   55        81      1986
 MINIMUM TEMPERATURE (F)   37        14      1978


SUNRISE AND SUNSET
FEBRUARY 19 2018......SUNRISE   650 AM CST   SUNSET   556 PM CST
FEBRUARY 20 2018......SUNRISE   649 AM CST   SUNSET   557 PM CST


-  INDICATES NEGATIVE NUMBERS.
R  INDICATES RECORD WAS SET OR TIED.
MM INDICATES DATA IS MISSING.
T  INDICATES TRACE AMOUNT.




$$
