000
CDUS44 KLZK 140757
CLILZK


CLIMATE REPORT
NATIONAL WEATHER SERVICE LITTLE ROCK AR
157 AM CST THU DEC 14 2017


...................................

...THE NORTH LITTLE ROCK CLIMATE SUMMARY FOR DECEMBER 13 2017...

CLIMATE NORMAL PERIOD 1981 TO 2010
CLIMATE RECORD PERIOD 1975 TO 2017


WEATHER ITEM   OBSERVED TIME   RECORD YEAR NORMAL DEPARTURE LAST
                VALUE   (LST)  VALUE       VALUE  FROM      YEAR
                                                  NORMAL
..................................................................
TEMPERATURE (F)
 YESTERDAY
  MAXIMUM         65        MM  71    1984  51     14       56
  MINIMUM         34        MM  17    1985  35     -1       43
  AVERAGE         50                        43      7       50

PRECIPITATION (IN)
  YESTERDAY        0.00          1.93 1987   0.17  -0.17     0.01
  MONTH TO DATE    0.87                      2.27  -1.40     1.14
  SINCE DEC 1      0.87                      2.27  -1.40     1.14
  SINCE JAN 1     45.52                     47.29  -1.77    50.44

SNOWFALL (IN)
  YESTERDAY        0.0           1.0  2000   0.0    0.0      0.0
  MONTH TO DATE    0.0                       0.1   -0.1       T
  SINCE DEC 1      0.0                       0.1   -0.1       T
  SINCE JUL 1      T                         0.1   -0.1       T
  SNOW DEPTH       0

DEGREE DAYS
 HEATING
  YESTERDAY       15                        22     -7       15
  MONTH TO DATE  207                       263    -56      276
  SINCE DEC 1    207                       263    -56      276
  SINCE JUL 1    613                       775   -162      570

 COOLING
  YESTERDAY        0                         0      0        0
  MONTH TO DATE    0                         0      0        0
  SINCE DEC 1      0                         0      0        0
  SINCE JAN 1   2083                      2169    -86     2374
..................................................................


WIND (MPH)
  HIGHEST WIND SPEED    13   HIGHEST WIND DIRECTION    SW (220)
  HIGHEST GUST SPEED    23   HIGHEST GUST DIRECTION    SW (220)
  AVERAGE WIND SPEED     4.8


SKY COVER
  POSSIBLE SUNSHINE  MM
  AVERAGE SKY COVER 0.0


WEATHER CONDITIONS
 THE FOLLOWING WEATHER WAS RECORDED YESTERDAY.
  NO SIGNIFICANT WEATHER WAS OBSERVED.


RELATIVE HUMIDITY (PERCENT)
 HIGHEST    51           500 AM
 LOWEST     24           300 PM
 AVERAGE    38

..........................................................


THE NORTH LITTLE ROCK CLIMATE NORMALS FOR TODAY
                         NORMAL    RECORD    YEAR
 MAXIMUM TEMPERATURE (F)   51        71      1995
                                             1984
 MINIMUM TEMPERATURE (F)   35        12      1985


SUNRISE AND SUNSET
DECEMBER 14 2017......SUNRISE   709 AM CST   SUNSET   459 PM CST
DECEMBER 15 2017......SUNRISE   709 AM CST   SUNSET   459 PM CST


-  INDICATES NEGATIVE NUMBERS.
R  INDICATES RECORD WAS SET OR TIED.
MM INDICATES DATA IS MISSING.
T  INDICATES TRACE AMOUNT.




$$
