000
CDUS46 KHNX 250824
CLIMAE


CLIMATE REPORT
NATIONAL WEATHER SERVICE SAN JOAQUIN VALLEY, CA
124 AM PDT SUN JUN 25 2017


...................................

...THE MADERA CA AIRPORT CLIMATE SUMMARY FOR JUNE 24 2017...

CLIMATE NORMAL PERIOD 1981 TO 2010
CLIMATE RECORD PERIOD 1998 TO 2017


WEATHER ITEM   OBSERVED TIME   RECORD YEAR NORMAL DEPARTURE
                VALUE   (LST)  VALUE       VALUE  FROM
                                                  NORMAL
...............................................................
TEMPERATURE (F)
 YESTERDAY
  MAXIMUM        102        MM 105    2006  93      9
  MINIMUM         67        MM  50    2003  60      7
  AVERAGE         85                        76      9

PRECIPITATION (IN)
  YESTERDAY        0.00          T    2013   0.01  -0.01
  MONTH TO DATE    0.00                      0.18  -0.18
  SINCE OCT 1     14.18                     11.72   2.46
  SINCE JAN 1     10.11                      7.99   2.12

SNOWFALL (IN)
  YESTERDAY        0.0
  MONTH TO DATE    0.0
  SINCE JUN 1      0.0
  SINCE JUL 1      0.0
  SNOW DEPTH       0

DEGREE DAYS
 HEATING
  YESTERDAY        0
  MONTH TO DATE    6
  SINCE JUN 1      6
  SINCE JUL 1   2074

 COOLING
  YESTERDAY       20
  MONTH TO DATE  311
  SINCE JUN 1    311
  SINCE JAN 1    496
...............................................................


WIND (MPH)
  HIGHEST WIND SPEED     9   HIGHEST WIND DIRECTION     W (280)
  HIGHEST GUST SPEED    MM   HIGHEST GUST DIRECTION    MM
  AVERAGE WIND SPEED     7.1




RELATIVE HUMIDITY (PERCENT)
 HIGHEST    81
 LOWEST     29
 AVERAGE    55

..........................................................


THE MADERA CA AIRPORT CLIMATE NORMALS FOR TODAY
                         NORMAL    RECORD    YEAR
 MAXIMUM TEMPERATURE (F)   94       105      2006
 MINIMUM TEMPERATURE (F)   60        52      2007


SUNRISE AND SUNSET
JUNE 25 2017..........SUNRISE   542 AM PDT   SUNSET   824 PM PDT
JUNE 26 2017..........SUNRISE   543 AM PDT   SUNSET   824 PM PDT


-  INDICATES NEGATIVE NUMBERS.
R  INDICATES RECORD WAS SET OR TIED.
MM INDICATES DATA IS MISSING.
T  INDICATES TRACE AMOUNT.




$$
