000
CDUS46 KHNX 230022
CLIMAE


CLIMATE REPORT
NATIONAL WEATHER SERVICE SAN JOAQUIN VALLEY, CA
422 PM PST THU FEB 22 2018


...................................

...THE MADERA CA CLIMATE SUMMARY FOR FEBRUARY 22 2018...
VALID AS OF 0400 PM LOCAL TIME.

CLIMATE NORMAL PERIOD 1981 TO 2010
CLIMATE RECORD PERIOD 1998 TO 2018


WEATHER ITEM   OBSERVED TIME   RECORD YEAR NORMAL DEPARTURE LAST
                VALUE   (LST)  VALUE       VALUE  FROM      YEAR
                                                  NORMAL
..................................................................
TEMPERATURE (F)
 TODAY
  MAXIMUM         58    201 PM  76    2002  63     -5       57
  MINIMUM         32R   221 AM  32    2006  41     -9       39
  AVERAGE         45                        52     -7       48

PRECIPITATION (IN)
  TODAY            0.00          0.52 2007   0.09  -0.09     0.01
  MONTH TO DATE    0.00                      1.61  -1.61     3.85
  SINCE OCT 1      1.55                      7.79  -6.24    13.09
  SINCE JAN 1      1.14                      4.06  -2.92     9.02

SNOWFALL (IN)
  TODAY            0.0
  MONTH TO DATE    0.0
  SINCE DEC 1      0.0
  SINCE JUL 1      0.0
  SNOW DEPTH       0

DEGREE DAYS
 HEATING
  TODAY           20                                        17
  MONTH TO DATE  265                                       195
  SINCE DEC 1   1253                                      1258
  SINCE JUL 1   1580                                      1566

 COOLING
  TODAY            0                                         0
  MONTH TO DATE    0                                         0
  SINCE DEC 1      0                                         0
  SINCE JAN 1      0                                         0
..................................................................


WIND (MPH)
  HIGHEST WIND SPEED    15   HIGHEST WIND DIRECTION     W (270)
  HIGHEST GUST SPEED    20   HIGHEST GUST DIRECTION     W (270)
  AVERAGE WIND SPEED     3.7




RELATIVE HUMIDITY (PERCENT)
 HIGHEST    75
 LOWEST     35
 AVERAGE    55

..........................................................


THE MADERA CA CLIMATE NORMALS FOR TOMORROW
                         NORMAL    RECORD    YEAR
 MAXIMUM TEMPERATURE (F)   63        75      2014
 MINIMUM TEMPERATURE (F)   41        32      2011
                                             2006


SUNRISE AND SUNSET
FEBRUARY 22 2018......SUNRISE   640 AM PST   SUNSET   548 PM PST
FEBRUARY 23 2018......SUNRISE   639 AM PST   SUNSET   549 PM PST


-  INDICATES NEGATIVE NUMBERS.
R  INDICATES RECORD WAS SET OR TIED.
MM INDICATES DATA IS MISSING.
T  INDICATES TRACE AMOUNT.




$$
