000
CDUS46 KHNX 240823
CLIMAE


CLIMATE REPORT
NATIONAL WEATHER SERVICE SAN JOAQUIN VALLEY, CA
1222 AM PST FRI FEB 24 2017


...................................

...THE MADERA CA AIRPORT CLIMATE SUMMARY FOR FEBRUARY 23 2017...

CLIMATE NORMAL PERIOD 1981 TO 2010
CLIMATE RECORD PERIOD 1998 TO 2017


WEATHER ITEM   OBSERVED TIME   RECORD YEAR NORMAL DEPARTURE
                VALUE   (LST)  VALUE       VALUE  FROM
                                                  NORMAL
...............................................................
TEMPERATURE (F)
 YESTERDAY
  MAXIMUM         55    332 PM  75    2014  63     -8
  MINIMUM         34   1128 PM  32    2011  41     -7
                                      2006
  AVERAGE         45                        52     -7

PRECIPITATION (IN)
  YESTERDAY        0.00          0.47 2010   0.09  -0.09
  MONTH TO DATE    3.85                      1.70   2.15
  SINCE OCT 1     13.09                      7.88   5.21
  SINCE JAN 1      9.02                      4.15   4.87

SNOWFALL (IN)
  YESTERDAY        0.0
  MONTH TO DATE    0.0
  SINCE DEC 1      0.0
  SINCE JUL 1      0.0
  SNOW DEPTH       0

DEGREE DAYS
 HEATING
  YESTERDAY       20
  MONTH TO DATE  215
  SINCE DEC 1   1278
  SINCE JUL 1   1586

 COOLING
  YESTERDAY        0
  MONTH TO DATE    0
  SINCE DEC 1      0
  SINCE JAN 1      0
...............................................................


WIND (MPH)
  HIGHEST WIND SPEED    16   HIGHEST WIND DIRECTION     W (290)
  HIGHEST GUST SPEED    21   HIGHEST GUST DIRECTION     W (280)
  AVERAGE WIND SPEED     7.7




RELATIVE HUMIDITY (PERCENT)
 HIGHEST    92
 LOWEST     38
 AVERAGE    65

..........................................................


THE MADERA CA AIRPORT CLIMATE NORMALS FOR TODAY
                         NORMAL    RECORD    YEAR
 MAXIMUM TEMPERATURE (F)   63        78      2014
 MINIMUM TEMPERATURE (F)   41        30      2013


SUNRISE AND SUNSET
FEBRUARY 24 2017......SUNRISE   637 AM PST   SUNSET   550 PM PST
FEBRUARY 25 2017......SUNRISE   636 AM PST   SUNSET   551 PM PST


-  INDICATES NEGATIVE NUMBERS.
R  INDICATES RECORD WAS SET OR TIED.
MM INDICATES DATA IS MISSING.
T  INDICATES TRACE AMOUNT.




$$
