000
CDUS46 KHNX 270021
CLIMAE


CLIMATE REPORT
NATIONAL WEATHER SERVICE SAN JOAQUIN VALLEY, CA
420 PM PST THU FEB 26 2015


...................................

...THE MADERA CA CLIMATE SUMMARY FOR FEBRUARY 26 2015...
VALID AS OF 0400 PM LOCAL TIME.

CLIMATE NORMAL PERIOD 1981 TO 2010
CLIMATE RECORD PERIOD 1998 TO 2015


WEATHER ITEM   OBSERVED TIME   RECORD YEAR NORMAL DEPARTURE LAST
                VALUE   (LST)  VALUE       VALUE  FROM      YEAR
                                                  NORMAL
..................................................................
TEMPERATURE (F)
 TODAY
  MAXIMUM         67    359 PM  72    2002  64      3       66
  MINIMUM         39    650 AM  31    2011  41     -2       50
  AVERAGE         53                        52      1       58

PRECIPITATION (IN)
  TODAY            0.00          0.42 2014   0.08  -0.08     0.42
  MONTH TO DATE    0.54                      1.96  -1.42     1.49
  SINCE OCT 1      4.25                      8.14  -3.89     2.52
  SINCE JAN 1      0.57                      4.41  -3.84     1.83

SNOWFALL (IN)
  TODAY            0.0
  MONTH TO DATE    0.0
  SINCE DEC 1      0.0
  SINCE JUL 1      0.0
  SNOW DEPTH       0

DEGREE DAYS
 HEATING
  TODAY           12                                         7
  MONTH TO DATE  231                                       300
  SINCE DEC 1   1108                                      1397
  SINCE JUL 1   1424                                      1815

 COOLING
  TODAY            0                                         0
  MONTH TO DATE    2                                         0
  SINCE DEC 1      3                                         0
  SINCE JAN 1      2                                         0
..................................................................


WIND (MPH)
  HIGHEST WIND SPEED    12   HIGHEST WIND DIRECTION    NW (320)
  HIGHEST GUST SPEED    17   HIGHEST GUST DIRECTION    NW (330)
  AVERAGE WIND SPEED     2.7




RELATIVE HUMIDITY (PERCENT)
 HIGHEST    86
 LOWEST     40
 AVERAGE    63

..........................................................


THE MADERA CA CLIMATE NORMALS FOR TOMORROW
                         NORMAL    RECORD    YEAR
 MAXIMUM TEMPERATURE (F)   64        72      2002
 MINIMUM TEMPERATURE (F)   41        28      2011


SUNRISE AND SUNSET
FEBRUARY 26 2015......SUNRISE   636 AM PST   SUNSET   552 PM PST
FEBRUARY 27 2015......SUNRISE   634 AM PST   SUNSET   553 PM PST


-  INDICATES NEGATIVE NUMBERS.
R  INDICATES RECORD WAS SET OR TIED.
MM INDICATES DATA IS MISSING.
T  INDICATES TRACE AMOUNT.




$$
