000
CDUS46 KHNX 240023
CLIMAE


CLIMATE REPORT
NATIONAL WEATHER SERVICE SAN JOAQUIN VALLEY, CA
522 PM PDT SAT JUL 23 2016


...................................

...THE MADERA CA CLIMATE SUMMARY FOR JULY 23 2016...
VALID AS OF 0400 PM LOCAL TIME.

CLIMATE NORMAL PERIOD 1981 TO 2010
CLIMATE RECORD PERIOD 1998 TO 2016


WEATHER ITEM   OBSERVED TIME   RECORD YEAR NORMAL DEPARTURE LAST
                VALUE   (LST)  VALUE       VALUE  FROM      YEAR
                                                  NORMAL
..................................................................
TEMPERATURE (F)
 TODAY
  MAXIMUM        100    359 PM 112    2006  98      2       92
  MINIMUM         59    404 AM  56    2002  60     -1       61
  AVERAGE         80                        79      1       77

PRECIPITATION (IN)
  TODAY            0.00          T    2003   0.00   0.00     0.00
                                      2003
                                      2013
  MONTH TO DATE    0.00                      0.02  -0.02     0.11
  SINCE OCT 1     12.96                     11.75   1.21     5.82
  SINCE JAN 1      8.40                      8.02   0.38     2.14

SNOWFALL (IN)
  TODAY            0.0
  MONTH TO DATE    0.0
  SINCE JUN 1      0.0
  SINCE JUL 1      0.0
  SNOW DEPTH       0

DEGREE DAYS
 HEATING
  TODAY            0                                         0
  MONTH TO DATE    0                                         0
  SINCE JUN 1      1                                         0
  SINCE JUL 1      0                                         0

 COOLING
  TODAY           15                                        12
  MONTH TO DATE  309                                       356
  SINCE JUN 1    692                                       785
  SINCE JAN 1    885                                       966
..................................................................


WIND (MPH)
  HIGHEST WIND SPEED    13   HIGHEST WIND DIRECTION     W (290)
  HIGHEST GUST SPEED    16   HIGHEST GUST DIRECTION     W (290)
  AVERAGE WIND SPEED     6.7




RELATIVE HUMIDITY (PERCENT)
 HIGHEST    72
 LOWEST     17
 AVERAGE    45

..........................................................


THE MADERA CA CLIMATE NORMALS FOR TOMORROW
                         NORMAL    RECORD    YEAR
 MAXIMUM TEMPERATURE (F)   98       111      2006
 MINIMUM TEMPERATURE (F)   60        52      1999


SUNRISE AND SUNSET
JULY 23 2016..........SUNRISE   559 AM PDT   SUNSET   814 PM PDT
JULY 24 2016..........SUNRISE   600 AM PDT   SUNSET   814 PM PDT


-  INDICATES NEGATIVE NUMBERS.
R  INDICATES RECORD WAS SET OR TIED.
MM INDICATES DATA IS MISSING.
T  INDICATES TRACE AMOUNT.




$$
