000
CDUS46 KHNX 050023
CLIMAE


CLIMATE REPORT
NATIONAL WEATHER SERVICE SAN JOAQUIN VALLEY, CA
522 PM PDT FRI SEP 4 2015


...................................

...THE MADERA CA CLIMATE SUMMARY FOR SEPTEMBER 4 2015...
VALID AS OF 0500 PM LOCAL TIME.

CLIMATE NORMAL PERIOD 1981 TO 2010
CLIMATE RECORD PERIOD 1998 TO 2015


WEATHER ITEM   OBSERVED TIME   RECORD YEAR NORMAL DEPARTURE LAST
                VALUE   (LST)  VALUE       VALUE  FROM      YEAR
                                                  NORMAL
..................................................................
TEMPERATURE (F)
 TODAY
  MAXIMUM         87    347 PM 100    2001  92     -5       96
  MINIMUM         58    551 AM  54    2005  58      0       60
  AVERAGE         73                        75     -2       78

PRECIPITATION (IN)
  TODAY            0.00          T    2002   0.00   0.00     0.00
  MONTH TO DATE    0.00                      0.01  -0.01     0.00
  SINCE OCT 1      5.83                     11.78  -5.95     4.30
  SINCE JAN 1      2.15                      8.05  -5.90     3.61

SNOWFALL (IN)
  TODAY            0.0
  MONTH TO DATE    0.0
  SINCE SEP 1      0.0
  SINCE JUL 1      0.0
  SNOW DEPTH       0

DEGREE DAYS
 HEATING
  TODAY            0                                         0
  MONTH TO DATE    0                                         0
  SINCE SEP 1      0                                         0
  SINCE JUL 1      0                                         0

 COOLING
  TODAY            8                                        13
  MONTH TO DATE   42                                        58
  SINCE SEP 1     42                                        58
  SINCE JAN 1   1600                                      2544
..................................................................


WIND (MPH)
  HIGHEST WIND SPEED    15   HIGHEST WIND DIRECTION    NW (310)
  HIGHEST GUST SPEED    19   HIGHEST GUST DIRECTION     W (260)
  AVERAGE WIND SPEED     6.2




RELATIVE HUMIDITY (PERCENT)
 HIGHEST    72
 LOWEST     11
 AVERAGE    42

..........................................................


THE MADERA CA CLIMATE NORMALS FOR TOMORROW
                         NORMAL    RECORD    YEAR
 MAXIMUM TEMPERATURE (F)   92        99      2008
 MINIMUM TEMPERATURE (F)   58        49      2000


SUNRISE AND SUNSET
SEPTEMBER  4 2015.....SUNRISE   634 AM PDT   SUNSET   725 PM PDT
SEPTEMBER  5 2015.....SUNRISE   634 AM PDT   SUNSET   723 PM PDT


-  INDICATES NEGATIVE NUMBERS.
R  INDICATES RECORD WAS SET OR TIED.
MM INDICATES DATA IS MISSING.
T  INDICATES TRACE AMOUNT.




$$
