000
CDUS46 KHNX 220834
CLIMAE


CLIMATE REPORT
NATIONAL WEATHER SERVICE SAN JOAQUIN VALLEY, CA
1234 AM PST MON DEC 22 2014


...................................

...THE MADERA CA AIRPORT CLIMATE SUMMARY FOR DECEMBER 21 2014...

CLIMATE NORMAL PERIOD 1981 TO 2010
CLIMATE RECORD PERIOD 1998 TO 2014


WEATHER ITEM   OBSERVED TIME   RECORD YEAR NORMAL DEPARTURE
                VALUE   (LST)  VALUE       VALUE  FROM
                                                  NORMAL
...............................................................
TEMPERATURE (F)
 YESTERDAY
  MAXIMUM         62    500 PM  65    2000  53      9
  MINIMUM         48    728 AM  19    1998  36     12
  AVERAGE         55                        45     10

PRECIPITATION (IN)
  YESTERDAY        0.00          0.46 2009   0.06  -0.06
  MONTH TO DATE    2.87                      1.01   1.86
  SINCE JUL 1      3.70                      3.33   0.37
  SINCE JAN 1      7.31                     11.33  -4.02

SNOWFALL (IN)
  YESTERDAY        0.0
  MONTH TO DATE    0.0
  SINCE DEC 1      0.0
  SINCE JUL 1      0.0
  SNOW DEPTH       0

DEGREE DAYS
 HEATING
  YESTERDAY       10
  MONTH TO DATE  194
  SINCE DEC 1    194
  SINCE JUL 1    510

 COOLING
  YESTERDAY        0
  MONTH TO DATE    1
  SINCE DEC 1      1
  SINCE JAN 1   2953
...............................................................


WIND (MPH)
  HIGHEST WIND SPEED     7   HIGHEST WIND DIRECTION    NW (300)
  HIGHEST GUST SPEED    16   HIGHEST GUST DIRECTION    SW (240)
  AVERAGE WIND SPEED     1.2




RELATIVE HUMIDITY (PERCENT)
 HIGHEST    96
 LOWEST     72
 AVERAGE    84

..........................................................


THE MADERA CA AIRPORT CLIMATE NORMALS FOR TODAY
                         NORMAL    RECORD    YEAR
 MAXIMUM TEMPERATURE (F)   53        68      2005
 MINIMUM TEMPERATURE (F)   36        21      1998


SUNRISE AND SUNSET
DECEMBER 22 2014......SUNRISE   710 AM PST   SUNSET   448 PM PST
DECEMBER 23 2014......SUNRISE   711 AM PST   SUNSET   448 PM PST


-  INDICATES NEGATIVE NUMBERS.
R  INDICATES RECORD WAS SET OR TIED.
MM INDICATES DATA IS MISSING.
T  INDICATES TRACE AMOUNT.




$$
