000
CDUS44 KMAF 200830
CLIMAF


CLIMATE REPORT
NATIONAL WEATHER SERVICE MIDLAND TX
230 AM CST FRI JAN 20 2017


...................................

...THE MIDLAND CLIMATE SUMMARY FOR JANUARY 19 2017...

CLIMATE NORMAL PERIOD 1981 TO 2010
CLIMATE RECORD PERIOD 1930 TO 2017


WEATHER ITEM   OBSERVED TIME   RECORD YEAR NORMAL DEPARTURE LAST
                VALUE   (LST)  VALUE       VALUE  FROM      YEAR
                                                  NORMAL
..................................................................
TEMPERATURE (F)
 YESTERDAY
  MAXIMUM         67    416 PM  83    2000  57     10       71
  MINIMUM         43    441 AM   8    1963  30     13       41
  AVERAGE         55                        44     11       56

PRECIPITATION (IN)
  YESTERDAY        0.00          0.95 1993   0.01  -0.01     0.00
  MONTH TO DATE    1.12                      0.29   0.83     0.09
  SINCE DEC 1      1.53                      0.89   0.64     1.33
  SINCE JAN 1      1.12                      0.29   0.83     0.09

SNOWFALL (IN)
  YESTERDAY        0.0
  MONTH TO DATE    T
  SINCE DEC 1      0.3
  SINCE JUL 1      0.3
  SNOW DEPTH       0

DEGREE DAYS
 HEATING
  YESTERDAY       10                        21    -11        9
  MONTH TO DATE  345                       413    -68      405
  SINCE DEC 1    879                      1050   -171      931
  SINCE JUL 1   1090                      1529   -439     1283
..................................................................


WIND (MPH)
  HIGHEST WIND SPEED    35   HIGHEST WIND DIRECTION    SW (240)
  HIGHEST GUST SPEED    40   HIGHEST GUST DIRECTION    SW (240)
  AVERAGE WIND SPEED    18.4


SKY COVER
  POSSIBLE SUNSHINE  MM
  AVERAGE SKY COVER 0.0


WEATHER CONDITIONS
 THE FOLLOWING WEATHER WAS RECORDED YESTERDAY.
  NO SIGNIFICANT WEATHER WAS OBSERVED.


RELATIVE HUMIDITY (PERCENT)
 HIGHEST    83           300 AM
 LOWEST     24           500 PM
 AVERAGE    54

..........................................................


THE MIDLAND CLIMATE NORMALS FOR TODAY
                         NORMAL    RECORD    YEAR
 MAXIMUM TEMPERATURE (F)   58        81      2012
 MINIMUM TEMPERATURE (F)   30        11      1985


SUNRISE AND SUNSET
JANUARY 20 2017.......SUNRISE   748 AM CST   SUNSET   612 PM CST
JANUARY 21 2017.......SUNRISE   748 AM CST   SUNSET   613 PM CST


-  INDICATES NEGATIVE NUMBERS.
R  INDICATES RECORD WAS SET OR TIED.
MM INDICATES DATA IS MISSING.
T  INDICATES TRACE AMOUNT.




$$
