000
CDUS44 KMAF 270735
CLIMAF


CLIMATE REPORT
NATIONAL WEATHER SERVICE MIDLAND/ODESSA TX
235 AM CDT WED AUG 27 2014


...................................

...THE MIDLAND CLIMATE SUMMARY FOR AUGUST 26 2014...

CLIMATE NORMAL PERIOD 1981 TO 2010
CLIMATE RECORD PERIOD 1930 TO 2014


WEATHER ITEM   OBSERVED TIME   RECORD YEAR NORMAL DEPARTURE LAST
                VALUE   (LST)  VALUE       VALUE  FROM      YEAR
                                                  NORMAL
..................................................................
TEMPERATURE (F)
 YESTERDAY
  MAXIMUM         97    450 PM 105    2002  92      5       93
  MINIMUM         73    653 AM  56    1966  68      5       72
  AVERAGE         85                        80      5       83

PRECIPITATION (IN)
  YESTERDAY        0.00          1.34 1972   0.07  -0.07     0.00
  MONTH TO DATE    0.77                      1.51  -0.74     1.18
  SINCE JUN 1      1.58                      5.13  -3.55     3.01
  SINCE JAN 1      4.74                      9.39  -4.65     4.57

DEGREE DAYS
 COOLING
  YESTERDAY       20                        15      5       18
  MONTH TO DATE  497                       429     68      518
  SINCE JUN 1   1623                      1422    201     1600
  SINCE JAN 1   2099                      1811    288     2088
..................................................................


WIND (MPH)
  HIGHEST WIND SPEED    20   HIGHEST WIND DIRECTION    SE (150)
  HIGHEST GUST SPEED    24   HIGHEST GUST DIRECTION     S (160)
  AVERAGE WIND SPEED     8.3


SKY COVER
  POSSIBLE SUNSHINE  MM
  AVERAGE SKY COVER 0.1


WEATHER CONDITIONS
 THE FOLLOWING WEATHER WAS RECORDED YESTERDAY.
  NO SIGNIFICANT WEATHER WAS OBSERVED.


RELATIVE HUMIDITY (PERCENT)
 HIGHEST    57           500 AM
 LOWEST     23           600 PM
 AVERAGE    40

..........................................................


THE MIDLAND CLIMATE NORMALS FOR TODAY
                         NORMAL    RECORD    YEAR
 MAXIMUM TEMPERATURE (F)   92       106      2002
 MINIMUM TEMPERATURE (F)   68        60      1992


SUNRISE AND SUNSET
AUGUST 27 2014........SUNRISE   721 AM CDT   SUNSET   819 PM CDT
AUGUST 28 2014........SUNRISE   722 AM CDT   SUNSET   818 PM CDT


-  INDICATES NEGATIVE NUMBERS.
R  INDICATES RECORD WAS SET OR TIED.
MM INDICATES DATA IS MISSING.
T  INDICATES TRACE AMOUNT.




$$
