000
CDUS44 KMAF 272214
CLIMAF


CLIMATE REPORT
NATIONAL WEATHER SERVICE MIDLAND TX
513 PM CDT MON JUL 27 2015...Updated


...................................

...THE MIDLAND CLIMATE SUMMARY FOR JULY 27 2015...
VALID TODAY AS OF 0500 PM LOCAL TIME.

CLIMATE NORMAL PERIOD 1981 TO 2010
CLIMATE RECORD PERIOD 1930 TO 2015


WEATHER ITEM   OBSERVED TIME   RECORD YEAR NORMAL DEPARTURE LAST
                VALUE   (LST)  VALUE       VALUE  FROM      YEAR
                                                  NORMAL
..................................................................
TEMPERATURE (F)
 TODAY
  MAXIMUM        103    413 PM 106    1995  95      8      100
                                      1954
                                      1944
  MINIMUM         79    634 AM  60    1973  70      9       74
  AVERAGE         91                        82      9       87

PRECIPITATION (IN)
  TODAY            0.00          0.85 1955   0.05  -0.05     0.00
  MONTH TO DATE    0.52                      1.59  -1.07     0.28
  SINCE JUN 1      3.81                      3.39   0.42     0.76
  SINCE JAN 1     12.80                      7.65   5.15     3.92

DEGREE DAYS
 COOLING
  TODAY           26                        17      9       22
  MONTH TO DATE  530                       459     71      501
  SINCE JUN 1    979                       920     59     1038
  SINCE JAN 1   1337                      1309     28     1514
..................................................................


WIND (MPH)
  HIGHEST WIND SPEED    15   HIGHEST WIND DIRECTION    SE (150)
  HIGHEST GUST SPEED    23   HIGHEST GUST DIRECTION     S (170)
  AVERAGE WIND SPEED    10.9


SKY COVER
  POSSIBLE SUNSHINE  MM
  AVERAGE SKY COVER 0.0


WEATHER CONDITIONS
 THE FOLLOWING WEATHER WAS RECORDED TODAY.
  NO SIGNIFICANT WEATHER WAS OBSERVED.


RELATIVE HUMIDITY (PERCENT)
 HIGHEST    62           600 AM
 LOWEST     24           300 PM
 AVERAGE    43

..........................................................


THE MIDLAND CLIMATE NORMALS FOR TOMORROW
                         NORMAL    RECORD    YEAR
 MAXIMUM TEMPERATURE (F)   95       106      1944
 MINIMUM TEMPERATURE (F)   70        61      1933


SUNRISE AND SUNSET
JULY 27 2015..........SUNRISE   701 AM CDT   SUNSET   849 PM CDT
JULY 28 2015..........SUNRISE   701 AM CDT   SUNSET   849 PM CDT


-  INDICATES NEGATIVE NUMBERS.
R  INDICATES RECORD WAS SET OR TIED.
MM INDICATES DATA IS MISSING.
T  INDICATES TRACE AMOUNT.




$$
