000
CDUS44 KMAF 200748
CLIMAF


CLIMATE REPORT
NATIONAL WEATHER SERVICE MIDLAND/ODESSA TX
248 AM CDT MON OCT 20 2014


...................................

...THE MIDLAND CLIMATE SUMMARY FOR OCTOBER 19 2014...

CLIMATE NORMAL PERIOD 1981 TO 2010
CLIMATE RECORD PERIOD 1930 TO 2014


WEATHER ITEM   OBSERVED TIME   RECORD YEAR NORMAL DEPARTURE LAST
                VALUE   (LST)  VALUE       VALUE  FROM      YEAR
                                                  NORMAL
..................................................................
TEMPERATURE (F)
 YESTERDAY
  MAXIMUM         82    254 PM  90    1936  77      5       64
  MINIMUM         56    524 AM  27    1989  51      5       38
  AVERAGE         69                        64      5       51

PRECIPITATION (IN)
  YESTERDAY        0.00          2.77 1983   0.06  -0.06     0.00
  MONTH TO DATE    0.00                      1.22  -1.22     1.66
  SINCE SEP 1      1.69                      3.08  -1.39     1.93
  SINCE JAN 1      6.43                     12.80  -6.37     6.50

SNOWFALL (IN)
  YESTERDAY        0.0
  MONTH TO DATE    0.0
  SINCE SEP 1      0.0
  SINCE JUL 1      0.0
  SNOW DEPTH       0

DEGREE DAYS
 HEATING
  YESTERDAY        0                         3     -3       14
  MONTH TO DATE   14                        40    -26       45
  SINCE SEP 1     28                        51    -23       45
  SINCE JUL 1     28                        51    -23       45

 COOLING
  YESTERDAY        4                         2      2        0
  MONTH TO DATE  117                        77     40      109
  SINCE SEP 1    437                       372     65      493
  SINCE JAN 1   2634                      2256    378     2668
..................................................................


WIND (MPH)
  HIGHEST WIND SPEED    25   HIGHEST WIND DIRECTION    SE (140)
  HIGHEST GUST SPEED    32   HIGHEST GUST DIRECTION    SE (140)
  AVERAGE WIND SPEED     9.5


SKY COVER
  POSSIBLE SUNSHINE  MM
  AVERAGE SKY COVER 0.2


WEATHER CONDITIONS
 THE FOLLOWING WEATHER WAS RECORDED YESTERDAY.
  NO SIGNIFICANT WEATHER WAS OBSERVED.


RELATIVE HUMIDITY (PERCENT)
 HIGHEST    84          1100 PM
 LOWEST     40           300 PM
 AVERAGE    62

..........................................................


THE MIDLAND CLIMATE NORMALS FOR TODAY
                         NORMAL    RECORD    YEAR
 MAXIMUM TEMPERATURE (F)   77        94      2007
 MINIMUM TEMPERATURE (F)   51        35      1976


SUNRISE AND SUNSET
OCTOBER 20 2014.......SUNRISE   756 AM CDT   SUNSET   711 PM CDT
OCTOBER 21 2014.......SUNRISE   757 AM CDT   SUNSET   710 PM CDT


-  INDICATES NEGATIVE NUMBERS.
R  INDICATES RECORD WAS SET OR TIED.
MM INDICATES DATA IS MISSING.
T  INDICATES TRACE AMOUNT.




$$
