000
CDUS44 KMAF 270731
CLIMAF

CLIMATE REPORT
NATIONAL WEATHER SERVICE MIDLAND TX
230 AM CDT FRI MAY 27 2016

...................................

...THE MIDLAND CLIMATE SUMMARY FOR MAY 26 2016...

CLIMATE NORMAL PERIOD 1981 TO 2010
CLIMATE RECORD PERIOD 1930 TO 2016

WEATHER ITEM   OBSERVED TIME   RECORD YEAR NORMAL DEPARTURE LAST
                VALUE   (LST)  VALUE       VALUE  FROM      YEAR
                                                  NORMAL
..................................................................
TEMPERATURE (F)
 YESTERDAY
  MAXIMUM         99    226 PM 100    1991  90      9       89
                                      1945
  MINIMUM         73   1156 PM  48    1950  63     10       57
                                      1947
  AVERAGE         86                        76     10       73

PRECIPITATION (IN)
  YESTERDAY        T             2.97 1941   0.07  -0.07     0.00
  MONTH TO DATE    0.26                      1.36  -1.10     3.13
  SINCE MAR 1      2.05                      2.61  -0.56     6.08
  SINCE JAN 1      2.53                      3.88  -1.35     8.77

DEGREE DAYS
 COOLING
  YESTERDAY       21                        12      9        8
  MONTH TO DATE  253                       221     32      182
  SINCE MAR 1    411                       327     84      315
  SINCE JAN 1    426                       329     97      316
..................................................................

WIND (MPH)
  HIGHEST WIND SPEED    43   HIGHEST WIND DIRECTION     W (260)
  HIGHEST GUST SPEED    55   HIGHEST GUST DIRECTION     W (260)
  AVERAGE WIND SPEED    14.1

SKY COVER
  POSSIBLE SUNSHINE  MM
  AVERAGE SKY COVER 0.1

WEATHER CONDITIONS
 THE FOLLOWING WEATHER WAS RECORDED YESTERDAY.
  THUNDERSTORM
  HAZE

RELATIVE HUMIDITY (PERCENT)
 HIGHEST    69          1200 AM
 LOWEST     10          1200 PM
 AVERAGE    40

..........................................................

THE MIDLAND CLIMATE NORMALS FOR TODAY
                         NORMAL    RECORD    YEAR
 MAXIMUM TEMPERATURE (F)   90       106      2011
 MINIMUM TEMPERATURE (F)   63        48      1947

SUNRISE AND SUNSET
MAY 27 2016...........SUNRISE   645 AM CDT   SUNSET   847 PM CDT
MAY 28 2016...........SUNRISE   645 AM CDT   SUNSET   848 PM CDT

-  INDICATES NEGATIVE NUMBERS.
R  INDICATES RECORD WAS SET OR TIED.
MM INDICATES DATA IS MISSING.
T  INDICATES TRACE AMOUNT.

$$

44
