000
CDUS44 KMAF 210737
CLIMAF


CLIMATE REPORT
NATIONAL WEATHER SERVICE MIDLAND TX
237 AM CDT MON AUG 21 2017


...................................

...THE MIDLAND CLIMATE SUMMARY FOR AUGUST 20 2017...

CLIMATE NORMAL PERIOD 1981 TO 2010
CLIMATE RECORD PERIOD 1930 TO 2017


WEATHER ITEM   OBSERVED TIME   RECORD YEAR NORMAL DEPARTURE LAST
                VALUE   (LST)  VALUE       VALUE  FROM      YEAR
                                                  NORMAL
..................................................................
TEMPERATURE (F)
 YESTERDAY
  MAXIMUM         97    348 PM 105    1986  94      3       84
                                      1964
  MINIMUM         73    433 AM  58    1940  69      4       70
  AVERAGE         85                        81      4       77

PRECIPITATION (IN)
  YESTERDAY        0.00          1.13 1946   0.06  -0.06     0.00
  MONTH TO DATE    1.87                      1.12   0.75     2.62
  SINCE JUN 1      6.40                      4.74   1.66     6.02
  SINCE JAN 1     12.09                      9.00   3.09     9.76

DEGREE DAYS
 COOLING
  YESTERDAY       20                        16      4       12
  MONTH TO DATE  348                       336     12      386
  SINCE JUN 1   1531                      1329    202     1598
  SINCE JAN 1   2092                      1718    374     2078
..................................................................


WIND (MPH)
  HIGHEST WIND SPEED    26   HIGHEST WIND DIRECTION     W (260)
  HIGHEST GUST SPEED    31   HIGHEST GUST DIRECTION    SE (130)
  AVERAGE WIND SPEED     8.9


SKY COVER
  POSSIBLE SUNSHINE  MM
  AVERAGE SKY COVER 0.1


WEATHER CONDITIONS
 THE FOLLOWING WEATHER WAS RECORDED YESTERDAY.
  NO SIGNIFICANT WEATHER WAS OBSERVED.


RELATIVE HUMIDITY (PERCENT)
 HIGHEST    68           400 AM
 LOWEST     24           300 PM
 AVERAGE    46

..........................................................


THE MIDLAND CLIMATE NORMALS FOR TODAY
                         NORMAL    RECORD    YEAR
 MAXIMUM TEMPERATURE (F)   93       102      1964
 MINIMUM TEMPERATURE (F)   69        54      1947


SUNRISE AND SUNSET
AUGUST 21 2017........SUNRISE   717 AM CDT   SUNSET   826 PM CDT
AUGUST 22 2017........SUNRISE   718 AM CDT   SUNSET   824 PM CDT


-  INDICATES NEGATIVE NUMBERS.
R  INDICATES RECORD WAS SET OR TIED.
MM INDICATES DATA IS MISSING.
T  INDICATES TRACE AMOUNT.




$$
