000
CDUS44 KMAF 240731
CLIMAF

CLIMATE REPORT
NATIONAL WEATHER SERVICE MIDLAND TX
230 AM CDT FRI MAR 24 2017

...................................

...THE MIDLAND CLIMATE SUMMARY FOR MARCH 23 2017...

CLIMATE NORMAL PERIOD 1981 TO 2010
CLIMATE RECORD PERIOD 1930 TO 2017

WEATHER ITEM   OBSERVED TIME   RECORD YEAR NORMAL DEPARTURE LAST
                VALUE   (LST)  VALUE       VALUE  FROM      YEAR
                                                  NORMAL
..................................................................
TEMPERATURE (F)
 YESTERDAY
  MAXIMUM         83    429 PM  90    2009  72     11       82
                                      1998
  MINIMUM         59    959 PM  20    1952  43     16       50
  AVERAGE         71                        57     14       66

PRECIPITATION (IN)
  YESTERDAY        0.12          0.35 2008   0.02   0.10     0.00
  MONTH TO DATE    0.13                      0.43  -0.30     0.34
  SINCE MAR 1      0.13                      0.43  -0.30     0.34
  SINCE JAN 1      1.97                      1.70   0.27     0.82

SNOWFALL (IN)
  YESTERDAY        0.0
  MONTH TO DATE    0.0
  SINCE MAR 1      0.0
  SINCE JUL 1      0.3
  SNOW DEPTH       0

DEGREE DAYS
 HEATING
  YESTERDAY        0                         8     -8        0
  MONTH TO DATE   99                       248   -149      118
  SINCE MAR 1     99                       248   -149      118
  SINCE JUL 1   1599                      2485   -886     1948

 COOLING
  YESTERDAY        6                         1      5        1
  MONTH TO DATE   89                         6     83       20
  SINCE MAR 1     89                         6     83       20
  SINCE JAN 1    106                         8     98       35
..................................................................

WIND (MPH)
  HIGHEST WIND SPEED    47   HIGHEST WIND DIRECTION     S (160)
  HIGHEST GUST SPEED    57   HIGHEST GUST DIRECTION     S (160)
  AVERAGE WIND SPEED    26.1

SKY COVER
  POSSIBLE SUNSHINE  MM
  AVERAGE SKY COVER 0.3

WEATHER CONDITIONS
 THE FOLLOWING WEATHER WAS RECORDED YESTERDAY.
  THUNDERSTORM
  HEAVY RAIN
  LIGHT RAIN
  HAZE

RELATIVE HUMIDITY (PERCENT)
 HIGHEST    81          1200 AM
 LOWEST     33           200 PM
 AVERAGE    57

..........................................................

THE MIDLAND CLIMATE NORMALS FOR TODAY
                         NORMAL    RECORD    YEAR
 MAXIMUM TEMPERATURE (F)   73        91      2012
                                             1988
 MINIMUM TEMPERATURE (F)   43        24      2006

SUNRISE AND SUNSET
MARCH 24 2017.........SUNRISE   747 AM CDT   SUNSET   803 PM CDT
MARCH 25 2017.........SUNRISE   746 AM CDT   SUNSET   804 PM CDT

-  INDICATES NEGATIVE NUMBERS.
R  INDICATES RECORD WAS SET OR TIED.
MM INDICATES DATA IS MISSING.
T  INDICATES TRACE AMOUNT.

$$

44
