000
CDUS44 KMAF 270732
CLIMAF


CLIMATE REPORT
NATIONAL WEATHER SERVICE MIDLAND TX
231 AM CDT TUE JUN 27 2017


...................................

...THE MIDLAND CLIMATE SUMMARY FOR JUNE 26 2017...

CLIMATE NORMAL PERIOD 1981 TO 2010
CLIMATE RECORD PERIOD 1930 TO 2017


WEATHER ITEM   OBSERVED TIME   RECORD YEAR NORMAL DEPARTURE LAST
                VALUE   (LST)  VALUE       VALUE  FROM      YEAR
                                                  NORMAL
..................................................................
TEMPERATURE (F)
 YESTERDAY
  MAXIMUM         81    525 PM 112    1994  94    -13       82
  MINIMUM         63    412 AM  59    1958  69     -6       68
                                      1940
  AVERAGE         72                        82    -10       75

PRECIPITATION (IN)
  YESTERDAY        1.47          3.23 1938   0.06   1.41     0.35
  MONTH TO DATE    3.05                      1.57   1.48     3.04
  SINCE JUN 1      3.05                      1.57   1.48     3.04
  SINCE JAN 1      8.74                      5.83   2.91     6.78

DEGREE DAYS
 COOLING
  YESTERDAY        7                        17    -10       10
  MONTH TO DATE  490                       394     96      425
  SINCE JUN 1    490                       394     96      425
  SINCE JAN 1   1051                       783    268      905
..................................................................


WIND (MPH)
  HIGHEST WIND SPEED    31   HIGHEST WIND DIRECTION     N (20)
  HIGHEST GUST SPEED    40   HIGHEST GUST DIRECTION     N (20)
  AVERAGE WIND SPEED    11.1


SKY COVER
  POSSIBLE SUNSHINE  MM
  AVERAGE SKY COVER 0.6


WEATHER CONDITIONS
 THE FOLLOWING WEATHER WAS RECORDED YESTERDAY.
  THUNDERSTORM
  HEAVY RAIN
  RAIN
  LIGHT RAIN
  FOG


RELATIVE HUMIDITY (PERCENT)
 HIGHEST    93           600 AM
 LOWEST     54          1200 AM
 AVERAGE    74

..........................................................


THE MIDLAND CLIMATE NORMALS FOR TODAY
                         NORMAL    RECORD    YEAR
 MAXIMUM TEMPERATURE (F)   94       116      1994
 MINIMUM TEMPERATURE (F)   69        59      2006


SUNRISE AND SUNSET
JUNE 27 2017..........SUNRISE   645 AM CDT   SUNSET   859 PM CDT
JUNE 28 2017..........SUNRISE   645 AM CDT   SUNSET   859 PM CDT


-  INDICATES NEGATIVE NUMBERS.
R  INDICATES RECORD WAS SET OR TIED.
MM INDICATES DATA IS MISSING.
T  INDICATES TRACE AMOUNT.




$$
