000
CDUS42 KTAE 180634
CLIMAI


CLIMATE REPORT
NATIONAL WEATHER SERVICE TALLAHASSEE FL
233 AM EDT WED OCT 18 2017


...................................

...THE MARIANNA CLIMATE SUMMARY FOR OCTOBER 17 2017...

CLIMATE NORMAL PERIOD 1981 TO 2010
CLIMATE RECORD PERIOD 1950 TO 2017


WEATHER ITEM   OBSERVED NORMAL DEPARTURE LAST
                VALUE   VALUE  FROM      YEAR
                               NORMAL
...............................................
TEMPERATURE (F)
 YESTERDAY
  MAXIMUM         77     80     -3       87
  MINIMUM         52     56     -4       64
  AVERAGE         65     68     -3       76

PRECIPITATION (IN)
  YESTERDAY        T      0.12  -0.12     0.00
  MONTH TO DATE    0.46   1.78  -1.32     0.23
  SINCE SEP 1      3.59   5.58  -1.99     4.04
  SINCE JAN 1     43.29  43.91  -0.62    37.83

DEGREE DAYS
 HEATING
  YESTERDAY        0            -1
  MONTH TO DATE    0           -11
  SINCE SEP 1      2           -10
  SINCE JUL 1      2           -10

 COOLING
  YESTERDAY        0            -4
  MONTH TO DATE  227           117
  SINCE SEP 1    639           142
  SINCE JAN 1   2902           440
...............................................


WIND (MPH)
  HIGHEST WIND SPEED    24   HIGHEST WIND DIRECTION    NE (60)
  HIGHEST GUST SPEED    31   HIGHEST GUST DIRECTION    NE (60)
  AVERAGE WIND SPEED    10.7




RELATIVE HUMIDITY (PERCENT)
 HIGHEST    75
 LOWEST     29
 AVERAGE    52

..........................................................




SUNRISE AND SUNSET
OCTOBER 18 2017.......SUNRISE   645 AM CDT   SUNSET   606 PM CDT
OCTOBER 19 2017.......SUNRISE   646 AM CDT   SUNSET   605 PM CDT


-  INDICATES NEGATIVE NUMBERS.
R  INDICATES RECORD WAS SET OR TIED.
MM INDICATES DATA IS MISSING.
T  INDICATES TRACE AMOUNT.




$$
