000
CDUS42 KTAE 220633
CLIMAI


CLIMATE REPORT
NATIONAL WEATHER SERVICE TALLAHASSEE FL
132 AM EST THU FEB 22 2018


...................................

...THE MARIANNA CLIMATE SUMMARY FOR FEBRUARY 21 2018...

CLIMATE NORMAL PERIOD 1981 TO 2010
CLIMATE RECORD PERIOD 1950 TO 2018


WEATHER ITEM   OBSERVED NORMAL DEPARTURE LAST
                VALUE   VALUE  FROM      YEAR
                               NORMAL
...............................................
TEMPERATURE (F)
 YESTERDAY
  MAXIMUM         85     68     17       74
  MINIMUM         64     44     20       57
  AVERAGE         75     56     19       66

PRECIPITATION (IN)
  YESTERDAY        0.00   0.19  -0.19     1.29
  MONTH TO DATE    9.96   3.60   6.36     3.07
  SINCE DEC 1     16.31  12.55   3.76    21.52
  SINCE JAN 1     13.78   8.64   5.14     9.75

DEGREE DAYS
 HEATING
  YESTERDAY        0           -10
  MONTH TO DATE   79          -163
  SINCE DEC 1    955          -149
  SINCE JUL 1   1136          -206

 COOLING
  YESTERDAY       10            10
  MONTH TO DATE   63            63
  SINCE DEC 1    100            84
  SINCE JAN 1     72            68
...............................................


WIND (MPH)
  HIGHEST WIND SPEED    20   HIGHEST WIND DIRECTION     S (180)
  HIGHEST GUST SPEED    25   HIGHEST GUST DIRECTION     S (180)
  AVERAGE WIND SPEED     6.5




RELATIVE HUMIDITY (PERCENT)
 HIGHEST   100
 LOWEST     48
 AVERAGE    74

..........................................................




SUNRISE AND SUNSET
FEBRUARY 22 2018......SUNRISE   615 AM CST   SUNSET   534 PM CST
FEBRUARY 23 2018......SUNRISE   614 AM CST   SUNSET   535 PM CST


-  INDICATES NEGATIVE NUMBERS.
R  INDICATES RECORD WAS SET OR TIED.
MM INDICATES DATA IS MISSING.
T  INDICATES TRACE AMOUNT.




$$
