000
CDUS42 KTAE 310637
CLIMAI


CLIMATE REPORT
NATIONAL WEATHER SERVICE TALLAHASSEE FL
236 AM EDT MON AUG 31 2015


...................................

...THE MARIANNA CLIMATE SUMMARY FOR AUGUST 30 2015...

CLIMATE NORMAL PERIOD 1981 TO 2010
CLIMATE RECORD PERIOD 1950 TO 2015


WEATHER ITEM   OBSERVED NORMAL DEPARTURE LAST
                VALUE   VALUE  FROM      YEAR
                               NORMAL
...............................................
TEMPERATURE (F)
 YESTERDAY
  MAXIMUM         91     91      0       95
  MINIMUM         70     71     -1       74
  AVERAGE         81     81      0       85

PRECIPITATION (IN)
  YESTERDAY        0.00   0.13  -0.13     0.07
  MONTH TO DATE    2.78   5.28  -2.50     3.72
  SINCE JUN 1     11.41  15.96  -4.55    11.22
  SINCE JAN 1     36.98  38.18  -1.20    42.94

DEGREE DAYS
 HEATING
  YESTERDAY        0             0
  MONTH TO DATE    0             0
  SINCE JUN 1      0             0
  SINCE JUL 1      0             0

 COOLING
  YESTERDAY       16             0
  MONTH TO DATE  545            47
  SINCE JUN 1   1652           170
  SINCE JAN 1   2332           380
...............................................


WIND (MPH)
  HIGHEST WIND SPEED    14   HIGHEST WIND DIRECTION     N (360)
  HIGHEST GUST SPEED    17   HIGHEST GUST DIRECTION    NW (310)
  AVERAGE WIND SPEED     3.0




RELATIVE HUMIDITY (PERCENT)
 HIGHEST   100
 LOWEST     47
 AVERAGE    74

..........................................................




SUNRISE AND SUNSET
AUGUST 31 2015........SUNRISE   616 AM CDT   SUNSET   705 PM CDT
SEPTEMBER  1 2015.....SUNRISE   617 AM CDT   SUNSET   704 PM CDT


-  INDICATES NEGATIVE NUMBERS.
R  INDICATES RECORD WAS SET OR TIED.
MM INDICATES DATA IS MISSING.
T  INDICATES TRACE AMOUNT.




$$
