420
CDUS42 KTAE 260631
CLIMAI


CLIMATE REPORT
NATIONAL WEATHER SERVICE TALLAHASSEE FL
231 AM EDT WED APR 26 2017


...................................

...THE MARIANNA CLIMATE SUMMARY FOR APRIL 25 2017...

CLIMATE NORMAL PERIOD 1981 TO 2010
CLIMATE RECORD PERIOD 1950 TO 2017


WEATHER ITEM   OBSERVED NORMAL DEPARTURE LAST
                VALUE   VALUE  FROM      YEAR
                               NORMAL
...............................................
TEMPERATURE (F)
 YESTERDAY
  MAXIMUM         83     82      1       83
  MINIMUM         52     56     -4       61
  AVERAGE         68     69     -1       72

PRECIPITATION (IN)
  YESTERDAY        0.00   0.07  -0.07     0.05
  MONTH TO DATE    2.03   3.42  -1.39     4.66
  SINCE MAR 1      4.11   8.96  -4.85    11.74
  SINCE JAN 1     14.51  18.94  -4.43    20.18

DEGREE DAYS
 HEATING
  YESTERDAY        0            -1
  MONTH TO DATE   19           -40
  SINCE MAR 1    147           -92
  SINCE JUL 1    836          -808

 COOLING
  YESTERDAY        3            -2
  MONTH TO DATE  143            60
  SINCE MAR 1    242           127
  SINCE JAN 1    299           169
...............................................


WIND (MPH)
  HIGHEST WIND SPEED    13   HIGHEST WIND DIRECTION     W (280)
  HIGHEST GUST SPEED    19   HIGHEST GUST DIRECTION     W (280)
  AVERAGE WIND SPEED     5.7




RELATIVE HUMIDITY (PERCENT)
 HIGHEST   100
 LOWEST     34
 AVERAGE    67

..........................................................




SUNRISE AND SUNSET
APRIL 26 2017.........SUNRISE   601 AM CDT   SUNSET   716 PM CDT
APRIL 27 2017.........SUNRISE   600 AM CDT   SUNSET   717 PM CDT


-  INDICATES NEGATIVE NUMBERS.
R  INDICATES RECORD WAS SET OR TIED.
MM INDICATES DATA IS MISSING.
T  INDICATES TRACE AMOUNT.




$$
