000
CDUS42 KTAE 050633
CLIMAI


CLIMATE REPORT
NATIONAL WEATHER SERVICE TALLAHASSEE FL
132 AM EST MON DEC 5 2016


...................................

...THE MARIANNA CLIMATE SUMMARY FOR DECEMBER 4 2016...

CLIMATE NORMAL PERIOD 1981 TO 2010
CLIMATE RECORD PERIOD 1950 TO 2016


WEATHER ITEM   OBSERVED NORMAL DEPARTURE LAST
                VALUE   VALUE  FROM      YEAR
                               NORMAL
...............................................
TEMPERATURE (F)
 YESTERDAY
  MAXIMUM         75     67      8       63
  MINIMUM         56     44     12       43
  AVERAGE         66     55     11       53

PRECIPITATION (IN)
  YESTERDAY        1.03   0.15   0.88     0.00
  MONTH TO DATE    1.03   0.58   0.45     1.54
  SINCE DEC 1      1.03   0.58   0.45     1.54
  SINCE JAN 1     39.71  50.25 -10.54    51.08

DEGREE DAYS
 HEATING
  YESTERDAY        0           -10
  MONTH TO DATE   30           -10
  SINCE DEC 1     30           -10
  SINCE JUL 1    162          -116

 COOLING
  YESTERDAY        1             0
  MONTH TO DATE    1            -3
  SINCE DEC 1      1            -3
  SINCE JAN 1   2955           402
...............................................


WIND (MPH)
  HIGHEST WIND SPEED    17   HIGHEST WIND DIRECTION     S (180)
  HIGHEST GUST SPEED    22   HIGHEST GUST DIRECTION     S (180)
  AVERAGE WIND SPEED     6.4




RELATIVE HUMIDITY (PERCENT)
 HIGHEST    93
 LOWEST     59
 AVERAGE    76

..........................................................




SUNRISE AND SUNSET
DECEMBER  5 2016......SUNRISE   624 AM CST   SUNSET   439 PM CST
DECEMBER  6 2016......SUNRISE   625 AM CST   SUNSET   439 PM CST


-  INDICATES NEGATIVE NUMBERS.
R  INDICATES RECORD WAS SET OR TIED.
MM INDICATES DATA IS MISSING.
T  INDICATES TRACE AMOUNT.




$$
