000
CDUS42 KTAE 240630
CLIMAI


CLIMATE REPORT
NATIONAL WEATHER SERVICE TALLAHASSEE FL
230 AM EDT SAT JUN 24 2017


...................................

...THE MARIANNA CLIMATE SUMMARY FOR JUNE 23 2017...

CLIMATE NORMAL PERIOD 1981 TO 2010
CLIMATE RECORD PERIOD 1950 TO 2017


WEATHER ITEM   OBSERVED NORMAL DEPARTURE LAST
                VALUE   VALUE  FROM      YEAR
                               NORMAL
...............................................
TEMPERATURE (F)
 YESTERDAY
  MAXIMUM         93     92      1       93
  MINIMUM         75     71      4       69
  AVERAGE         84     81      3       81

PRECIPITATION (IN)
  YESTERDAY        0.00   0.21  -0.21     0.00
  MONTH TO DATE    9.32   4.27   5.05     2.62
  SINCE JUN 1      9.32   4.27   5.05     2.62
  SINCE JAN 1     27.83  26.49   1.34    24.80

DEGREE DAYS
 HEATING
  YESTERDAY        0             0
  MONTH TO DATE    0             0
  SINCE JUN 1      0             0
  SINCE JUL 1    842          -807

 COOLING
  YESTERDAY       19             3
  MONTH TO DATE  328           -17
  SINCE JUN 1    328           -17
  SINCE JAN 1   1014           199
...............................................


WIND (MPH)
  HIGHEST WIND SPEED    21   HIGHEST WIND DIRECTION    SW (230)
  HIGHEST GUST SPEED    26   HIGHEST GUST DIRECTION    SW (240)
  AVERAGE WIND SPEED     9.4




RELATIVE HUMIDITY (PERCENT)
 HIGHEST   100
 LOWEST     56
 AVERAGE    78

..........................................................




SUNRISE AND SUNSET
JUNE 24 2017..........SUNRISE   539 AM CDT   SUNSET   748 PM CDT
JUNE 25 2017..........SUNRISE   539 AM CDT   SUNSET   748 PM CDT


-  INDICATES NEGATIVE NUMBERS.
R  INDICATES RECORD WAS SET OR TIED.
MM INDICATES DATA IS MISSING.
T  INDICATES TRACE AMOUNT.




$$
