000
CDUS43 KABR 131027
CLIMBG


CLIMATE REPORT
NATIONAL WEATHER SERVICE ABERDEEN SD
527 AM CDT SUN JUL 13 2014


...................................

...THE MOBRIDGE SD CLIMATE SUMMARY FOR JULY 12 2014...

CLIMATE NORMAL PERIOD 1981 TO 2010
CLIMATE RECORD PERIOD 1911 TO 2014


WEATHER ITEM   OBSERVED TIME   RECORD YEAR NORMAL DEPARTURE LAST
                VALUE   (LST)  VALUE       VALUE  FROM      YEAR
                                                  NORMAL
..................................................................
TEMPERATURE (F)
 YESTERDAY
  MAXIMUM         82    407 PM 104    1936  86     -4       87
  MINIMUM         62   1133 PM  46    1950  60      2       70
  AVERAGE         72                        73     -1       79

PRECIPITATION (IN)
  YESTERDAY        0.43          1.35 1927   0.09   0.34     0.00
  MONTH TO DATE    0.52                      1.03  -0.51     1.18
  SINCE JUN 1      8.43                      4.19   4.24     2.50
  SINCE JAN 1     14.55                     10.21   4.34    10.18

DEGREE DAYS
 HEATING
  YESTERDAY        0                         0      0        0
  MONTH TO DATE   10                         5      5        0
  SINCE JUN 1     85                        80      5       68
  SINCE JUL 1     10                         5      5        0

 COOLING
  YESTERDAY        7                         8     -1       14
  MONTH TO DATE   66                        86    -20       92
  SINCE JUN 1    111                       185    -74      203
  SINCE JAN 1    161                       201    -40      218
..................................................................


WIND (MPH)
  HIGHEST WIND SPEED    21   HIGHEST WIND DIRECTION    NW (320)
  HIGHEST GUST SPEED    26   HIGHEST GUST DIRECTION     N (340)
  AVERAGE WIND SPEED     5.9


SKY COVER
  POSSIBLE SUNSHINE  MM
  AVERAGE SKY COVER 0.5


WEATHER CONDITIONS
 THE FOLLOWING WEATHER WAS RECORDED YESTERDAY.
  THUNDERSTORM
  HEAVY RAIN
  RAIN
  LIGHT RAIN
  FOG


RELATIVE HUMIDITY (PERCENT)
 HIGHEST    93           600 AM
 LOWEST     58           400 PM
 AVERAGE    76

..........................................................


THE MOBRIDGE SD CLIMATE NORMALS FOR TODAY
                         NORMAL    RECORD    YEAR
 MAXIMUM TEMPERATURE (F)   86       105      1940
 MINIMUM TEMPERATURE (F)   60        41      1950


SUNRISE AND SUNSET
JULY 13 2014..........SUNRISE   605 AM CDT   SUNSET   929 PM CDT
JULY 14 2014..........SUNRISE   606 AM CDT   SUNSET   928 PM CDT


-  INDICATES NEGATIVE NUMBERS.
R  INDICATES RECORD WAS SET OR TIED.
MM INDICATES DATA IS MISSING.
T  INDICATES TRACE AMOUNT.




$$
