000
CDUS43 KABR 282228
CLIMBG


CLIMATE REPORT
NATIONAL WEATHER SERVICE ABERDEEN SD
527 PM CDT SAT MAR 28 2015


...................................

...THE MOBRIDGE SD CLIMATE SUMMARY FOR MARCH 28 2015...
VALID TODAY AS OF 0500 PM LOCAL TIME.

CLIMATE NORMAL PERIOD 1981 TO 2010
CLIMATE RECORD PERIOD 1911 TO 2015


WEATHER ITEM   OBSERVED TIME   RECORD YEAR NORMAL DEPARTURE LAST
                VALUE   (LST)  VALUE       VALUE  FROM      YEAR
                                                  NORMAL
..................................................................
TEMPERATURE (F)
 TODAY
  MAXIMUM         67    359 PM  83    1946  49     18       33
  MINIMUM         24    704 AM  -4    1913  26     -2       15
  AVERAGE         46                        37      9       24

PRECIPITATION (IN)
  TODAY            0.00          0.70 1931   0.04  -0.04     0.01
  MONTH TO DATE    0.03                      0.78  -0.75     0.36
  SINCE MAR 1      0.03                      0.78  -0.75     0.36
  SINCE JAN 1      0.83                      1.51  -0.68     0.97

SNOWFALL (IN)
  TODAY            0.0
  MONTH TO DATE    T
  SINCE OCT 1     18.7
  SINCE JUL 1     18.7
  SNOW DEPTH       0

DEGREE DAYS
 HEATING
  TODAY           19                        28     -9       41
  MONTH TO DATE  773                       947   -174     1058
  SINCE MAR 1    773                       947   -174     1058
  SINCE JUL 1   6532                      6922   -390     7598

 COOLING
  TODAY            0                         0      0        0
  MONTH TO DATE    0                         0      0        0
  SINCE MAR 1      0                         0      0        0
  SINCE JAN 1      0                         0      0        0
..................................................................


WIND (MPH)
  HIGHEST WIND SPEED    28   HIGHEST WIND DIRECTION     S (170)
  HIGHEST GUST SPEED    32   HIGHEST GUST DIRECTION     S (170)
  AVERAGE WIND SPEED    15.4


SKY COVER
  POSSIBLE SUNSHINE  MM
  AVERAGE SKY COVER 0.0


WEATHER CONDITIONS
 THE FOLLOWING WEATHER WAS RECORDED TODAY.
  FOG


RELATIVE HUMIDITY (PERCENT)
 HIGHEST    92          1200 AM
 LOWEST     32           400 PM
 AVERAGE    62

..........................................................


THE MOBRIDGE SD CLIMATE NORMALS FOR TOMORROW
                         NORMAL    RECORD    YEAR
 MAXIMUM TEMPERATURE (F)   49        76      1967
 MINIMUM TEMPERATURE (F)   26        -5      1964


SUNRISE AND SUNSET
MARCH 28 2015.........SUNRISE   730 AM CDT   SUNSET   804 PM CDT
MARCH 29 2015.........SUNRISE   728 AM CDT   SUNSET   806 PM CDT


-  INDICATES NEGATIVE NUMBERS.
R  INDICATES RECORD WAS SET OR TIED.
MM INDICATES DATA IS MISSING.
T  INDICATES TRACE AMOUNT.




$$
