000
CDUS43 KABR 231028
CLIMBG


CLIMATE REPORT
NATIONAL WEATHER SERVICE ABERDEEN SD
528 AM CDT TUE SEP 23 2014


...................................

...THE MOBRIDGE SD CLIMATE SUMMARY FOR SEPTEMBER 22 2014...

CLIMATE NORMAL PERIOD 1981 TO 2010
CLIMATE RECORD PERIOD 1911 TO 2014


WEATHER ITEM   OBSERVED TIME   RECORD YEAR NORMAL DEPARTURE LAST
                VALUE   (LST)  VALUE       VALUE  FROM      YEAR
                                                  NORMAL
..................................................................
TEMPERATURE (F)
 YESTERDAY
  MAXIMUM         84    205 PM 101    1936  71     13       92
  MINIMUM         46    441 AM  25    1947  45      1       51
  AVERAGE         65                        58      7       72

PRECIPITATION (IN)
  YESTERDAY        0.00          0.74 2006   0.05  -0.05      T
  MONTH TO DATE    0.56                      1.13  -0.57     2.97
  SINCE SEP 1      0.56                      1.13  -0.57     2.97
  SINCE JAN 1     19.88                     15.04   4.84    16.79

DEGREE DAYS
 HEATING
  YESTERDAY        0                         8     -8        0
  MONTH TO DATE  136                       108     28       35
  SINCE SEP 1    136                       108     28       35
  SINCE JUL 1    183                       141     42       48

 COOLING
  YESTERDAY        0                         1     -1        7
  MONTH TO DATE   21                        56    -35      113
  SINCE SEP 1     21                        56    -35      113
  SINCE JAN 1    424                       637   -213      697
..................................................................


WIND (MPH)
  HIGHEST WIND SPEED    23   HIGHEST WIND DIRECTION    SE (150)
  HIGHEST GUST SPEED    29   HIGHEST GUST DIRECTION     S (170)
  AVERAGE WIND SPEED    13.4


SKY COVER
  POSSIBLE SUNSHINE  MM
  AVERAGE SKY COVER 0.0


WEATHER CONDITIONS
 THE FOLLOWING WEATHER WAS RECORDED YESTERDAY.
  NO SIGNIFICANT WEATHER WAS OBSERVED.


RELATIVE HUMIDITY (PERCENT)
 HIGHEST   100           200 AM
 LOWEST     33           200 PM
 AVERAGE    67

..........................................................


THE MOBRIDGE SD CLIMATE NORMALS FOR TODAY
                         NORMAL    RECORD    YEAR
 MAXIMUM TEMPERATURE (F)   71        97      1958
 MINIMUM TEMPERATURE (F)   44        25      1942


SUNRISE AND SUNSET
SEPTEMBER 23 2014.....SUNRISE   730 AM CDT   SUNSET   737 PM CDT
SEPTEMBER 24 2014.....SUNRISE   731 AM CDT   SUNSET   735 PM CDT


-  INDICATES NEGATIVE NUMBERS.
R  INDICATES RECORD WAS SET OR TIED.
MM INDICATES DATA IS MISSING.
T  INDICATES TRACE AMOUNT.




$$
