000
CDUS43 KABR 292234
CLIMBG


CLIMATE REPORT
NATIONAL WEATHER SERVICE ABERDEEN SD
532 PM CDT SAT APR 29 2017


...................................

...THE MOBRIDGE SD CLIMATE SUMMARY FOR APRIL 29 2017...
VALID TODAY AS OF 0500 PM LOCAL TIME.

CLIMATE NORMAL PERIOD 1981 TO 2010
CLIMATE RECORD PERIOD 1911 TO 2017


WEATHER ITEM   OBSERVED TIME   RECORD YEAR NORMAL DEPARTURE LAST
                VALUE   (LST)  VALUE       VALUE  FROM      YEAR
                                                  NORMAL
..................................................................
TEMPERATURE (F)
 TODAY
  MAXIMUM         64    359 PM  89    1934  64      0       62
  MINIMUM         25    429 AM  19    1958  38    -13       38
  AVERAGE         45                        51     -6       50

PRECIPITATION (IN)
  TODAY            0.00          1.11 1953   0.09  -0.09     0.00
  MONTH TO DATE    0.48                      1.48  -1.00     4.62
  SINCE MAR 1      1.10                      2.38  -1.28     5.41
  SINCE JAN 1      1.86                      3.11  -1.25     6.63

SNOWFALL (IN)
  TODAY            0.0
  MONTH TO DATE    0.0
  SINCE OCT 1     47.3
  SINCE JUL 1     47.3
  SNOW DEPTH       0

DEGREE DAYS
 HEATING
  TODAY           20                        14      6       15
  MONTH TO DATE  506                       579    -73      481
  SINCE MAR 1   1441                      1606   -165     1215
  SINCE JUL 1   6878                      7581   -703     6090

 COOLING
  TODAY            0                         0      0        0
  MONTH TO DATE    0                         0      0        2
  SINCE MAR 1      0                         0      0        2
  SINCE JAN 1      0                         0      0        2
..................................................................


WIND (MPH)
  HIGHEST WIND SPEED    12   HIGHEST WIND DIRECTION     E (90)
  HIGHEST GUST SPEED    18   HIGHEST GUST DIRECTION     S (160)
  AVERAGE WIND SPEED     3.8


SKY COVER
  POSSIBLE SUNSHINE  MM
  AVERAGE SKY COVER 0.0


WEATHER CONDITIONS
 THE FOLLOWING WEATHER WAS RECORDED TODAY.
  NO SIGNIFICANT WEATHER WAS OBSERVED.


RELATIVE HUMIDITY (PERCENT)
 HIGHEST    81           500 AM
 LOWEST     14           300 PM
 AVERAGE    48

..........................................................


THE MOBRIDGE SD CLIMATE NORMALS FOR TOMORROW
                         NORMAL    RECORD    YEAR
 MAXIMUM TEMPERATURE (F)   64        96      1992
 MINIMUM TEMPERATURE (F)   38        18      1960


SUNRISE AND SUNSET
APRIL 29 2017.........SUNRISE   632 AM CDT   SUNSET   846 PM CDT
APRIL 30 2017.........SUNRISE   631 AM CDT   SUNSET   848 PM CDT


-  INDICATES NEGATIVE NUMBERS.
R  INDICATES RECORD WAS SET OR TIED.
MM INDICATES DATA IS MISSING.
T  INDICATES TRACE AMOUNT.




$$
