000
CDUS43 KABR 042229
CLIMBG


CLIMATE REPORT
NATIONAL WEATHER SERVICE ABERDEEN SD
528 PM CDT TUE AUG 4 2015


...................................

...THE MOBRIDGE SD CLIMATE SUMMARY FOR AUGUST 4 2015...
VALID TODAY AS OF 0500 PM LOCAL TIME.

CLIMATE NORMAL PERIOD 1981 TO 2010
CLIMATE RECORD PERIOD 1911 TO 2015


WEATHER ITEM   OBSERVED TIME   RECORD YEAR NORMAL DEPARTURE LAST
                VALUE   (LST)  VALUE       VALUE  FROM      YEAR
                                                  NORMAL
..................................................................
TEMPERATURE (F)
 TODAY
  MAXIMUM         86    359 PM 109    1947  87     -1       67
  MINIMUM         60    548 AM  45    2009  60      0       58
  AVERAGE         73                        73      0       63

PRECIPITATION (IN)
  TODAY            0.00          1.52 1918   0.07  -0.07     0.63
  MONTH TO DATE    0.00                      0.30  -0.30     0.71
  SINCE JUN 1      5.83                      6.16  -0.33     9.15
  SINCE JAN 1     16.62                     12.18   4.44    15.27

DEGREE DAYS
 HEATING
  TODAY            0                         0      0        2
  MONTH TO DATE    0                         0      0        2
  SINCE JUN 1     18                        87    -69      100
  SINCE JUL 1      0                        12    -12       25

 COOLING
  TODAY            8                         9     -1        0
  MONTH TO DATE   34                        36     -2       23
  SINCE JUN 1    503                       384    119      238
  SINCE JAN 1    519                       400    119      288
..................................................................


WIND (MPH)
  HIGHEST WIND SPEED    16   HIGHEST WIND DIRECTION    SE (150)
  HIGHEST GUST SPEED    20   HIGHEST GUST DIRECTION     S (160)
  AVERAGE WIND SPEED    10.0


SKY COVER
  POSSIBLE SUNSHINE  MM
  AVERAGE SKY COVER 0.0


WEATHER CONDITIONS
 THE FOLLOWING WEATHER WAS RECORDED TODAY.
  NO SIGNIFICANT WEATHER WAS OBSERVED.


RELATIVE HUMIDITY (PERCENT)
 HIGHEST    90           500 AM
 LOWEST     45           300 PM
 AVERAGE    68

..........................................................


THE MOBRIDGE SD CLIMATE NORMALS FOR TOMORROW
                         NORMAL    RECORD    YEAR
 MAXIMUM TEMPERATURE (F)   87       108      1941
 MINIMUM TEMPERATURE (F)   60        46      2012


SUNRISE AND SUNSET
AUGUST  4 2015........SUNRISE   629 AM CDT   SUNSET   906 PM CDT
AUGUST  5 2015........SUNRISE   630 AM CDT   SUNSET   905 PM CDT


-  INDICATES NEGATIVE NUMBERS.
R  INDICATES RECORD WAS SET OR TIED.
MM INDICATES DATA IS MISSING.
T  INDICATES TRACE AMOUNT.




$$
