191
CDUS43 KABR 181200
CLIMBG


CLIMATE REPORT
NATIONAL WEATHER SERVICE ABERDEEN SD
700 AM CDT FRI AUG 18 2017


...................................

...THE MOBRIDGE SD CLIMATE SUMMARY FOR AUGUST 17 2017...

CLIMATE NORMAL PERIOD 1981 TO 2010
CLIMATE RECORD PERIOD 1911 TO 2017


WEATHER ITEM   OBSERVED TIME   RECORD YEAR NORMAL DEPARTURE LAST
                VALUE   (LST)  VALUE       VALUE  FROM      YEAR
                                                  NORMAL
..................................................................
TEMPERATURE (F)
 YESTERDAY
  MAXIMUM         84    411 PM 105    2003  85     -1       94
  MINIMUM         53    602 AM  39    1943  58     -5       63
  AVERAGE         69                        72     -3       79

PRECIPITATION (IN)
  YESTERDAY        0.00          4.43 2007   0.06  -0.06     0.00
  MONTH TO DATE    5.48                      1.20   4.28     1.61
  SINCE JUN 1      9.95                      7.06   2.89     6.35
  SINCE JAN 1     12.48                     13.08  -0.60    16.73

DEGREE DAYS
 HEATING
  YESTERDAY        0                         0      0        0
  MONTH TO DATE    5                         0      5        0
  SINCE JUN 1     34                        87    -53       13
  SINCE JUL 1      5                        12     -7        1

 COOLING
  YESTERDAY        4                         7     -3       14
  MONTH TO DATE   45                       138    -93      211
  SINCE JUN 1    617                       486    131      780
  SINCE JAN 1    637                       502    135      796
..................................................................


WIND (MPH)
  HIGHEST WIND SPEED    16   HIGHEST WIND DIRECTION    SE (150)
  HIGHEST GUST SPEED    20   HIGHEST GUST DIRECTION    SE (140)
  AVERAGE WIND SPEED     6.5


SKY COVER
  POSSIBLE SUNSHINE  MM
  AVERAGE SKY COVER 0.0


WEATHER CONDITIONS
 THE FOLLOWING WEATHER WAS RECORDED YESTERDAY.
  FOG
  HAZE


RELATIVE HUMIDITY (PERCENT)
 HIGHEST    93          1200 AM
 LOWEST     39          1200 PM
 AVERAGE    66

..........................................................


THE MOBRIDGE SD CLIMATE NORMALS FOR TODAY
                         NORMAL    RECORD    YEAR
 MAXIMUM TEMPERATURE (F)   85       104      1959
 MINIMUM TEMPERATURE (F)   58        40      2004


SUNRISE AND SUNSET
AUGUST 18 2017........SUNRISE   646 AM CDT   SUNSET   844 PM CDT
AUGUST 19 2017........SUNRISE   647 AM CDT   SUNSET   842 PM CDT


-  INDICATES NEGATIVE NUMBERS.
R  INDICATES RECORD WAS SET OR TIED.
MM INDICATES DATA IS MISSING.
T  INDICATES TRACE AMOUNT.




$$
