000
CDUS43 KABR 242231
CLIMBG


CLIMATE REPORT
NATIONAL WEATHER SERVICE ABERDEEN SD
531 PM CDT SUN JUL 24 2016


...................................

...THE MOBRIDGE SD CLIMATE SUMMARY FOR JULY 24 2016...
VALID TODAY AS OF 0500 PM LOCAL TIME.

CLIMATE NORMAL PERIOD 1981 TO 2010
CLIMATE RECORD PERIOD 1911 TO 2016


WEATHER ITEM   OBSERVED TIME   RECORD YEAR NORMAL DEPARTURE LAST
                VALUE   (LST)  VALUE       VALUE  FROM      YEAR
                                                  NORMAL
..................................................................
TEMPERATURE (F)
 TODAY
  MAXIMUM         89    328 PM 109    1952  87      2       91
  MINIMUM         60    231 AM  47    2004  60      0       66
  AVERAGE         75                        74      1       79

PRECIPITATION (IN)
  TODAY            0.00          0.41 1960   0.08  -0.08     0.00
  MONTH TO DATE    1.10                      2.11  -1.01     1.41
  SINCE JUN 1      3.51                      5.27  -1.76     4.96
  SINCE JAN 1     13.89                     11.29   2.60    15.75

DEGREE DAYS
 HEATING
  TODAY            0                         0      0        0
  MONTH TO DATE    1                         5     -4        0
  SINCE JUN 1     13                        80    -67       18
  SINCE JUL 1      1                         5     -4        0

 COOLING
  TODAY           10                         9      1       14
  MONTH TO DATE  263                       189     74      251
  SINCE JUN 1    483                       288    195      400
  SINCE JAN 1    499                       304    195      416
..................................................................


WIND (MPH)
  HIGHEST WIND SPEED    15   HIGHEST WIND DIRECTION     W (290)
  HIGHEST GUST SPEED    21   HIGHEST GUST DIRECTION    SW (230)
  AVERAGE WIND SPEED     8.1


SKY COVER
  POSSIBLE SUNSHINE  MM
  AVERAGE SKY COVER 0.0


WEATHER CONDITIONS
 THE FOLLOWING WEATHER WAS RECORDED TODAY.
  NO SIGNIFICANT WEATHER WAS OBSERVED.


RELATIVE HUMIDITY (PERCENT)
 HIGHEST    84           400 AM
 LOWEST     26           200 PM
 AVERAGE    55

..........................................................


THE MOBRIDGE SD CLIMATE NORMALS FOR TOMORROW
                         NORMAL    RECORD    YEAR
 MAXIMUM TEMPERATURE (F)   87       108      1931
 MINIMUM TEMPERATURE (F)   60        46      1915


SUNRISE AND SUNSET
JULY 24 2016..........SUNRISE   617 AM CDT   SUNSET   919 PM CDT
JULY 25 2016..........SUNRISE   618 AM CDT   SUNSET   918 PM CDT


-  INDICATES NEGATIVE NUMBERS.
R  INDICATES RECORD WAS SET OR TIED.
MM INDICATES DATA IS MISSING.
T  INDICATES TRACE AMOUNT.




$$
