000
CDUS43 KABR 251032
CLIMBG


CLIMATE REPORT
NATIONAL WEATHER SERVICE ABERDEEN SD
531 AM CDT SAT MAR 25 2017


...................................

...THE MOBRIDGE SD CLIMATE SUMMARY FOR MARCH 24 2017...

CLIMATE NORMAL PERIOD 1981 TO 2010
CLIMATE RECORD PERIOD 1911 TO 2017


WEATHER ITEM   OBSERVED TIME   RECORD YEAR NORMAL DEPARTURE LAST
                VALUE   (LST)  VALUE       VALUE  FROM      YEAR
                                                  NORMAL
..................................................................
TEMPERATURE (F)
 YESTERDAY
  MAXIMUM         58    431 PM  81    1939  47     11       56
  MINIMUM         33    722 AM  -8    1913  24      9       16
  AVERAGE         46                        35     11       36

PRECIPITATION (IN)
  YESTERDAY        0.00          1.08 1989   0.03  -0.03     0.00
  MONTH TO DATE    0.62                      0.66  -0.04     0.57
  SINCE MAR 1      0.62                      0.66  -0.04     0.57
  SINCE JAN 1      1.38                      1.39  -0.01     1.79

SNOWFALL (IN)
  YESTERDAY        0.0
  MONTH TO DATE    8.3
  SINCE OCT 1     47.3
  SINCE JUL 1     47.3
  SNOW DEPTH       0

DEGREE DAYS
 HEATING
  YESTERDAY       19                        30    -11       29
  MONTH TO DATE  802                       833    -31      578
  SINCE MAR 1    802                       833    -31      578
  SINCE JUL 1   6239                      6808   -569     5453

 COOLING
  YESTERDAY        0                         0      0        0
  MONTH TO DATE    0                         0      0        0
  SINCE MAR 1      0                         0      0        0
  SINCE JAN 1      0                         0      0        0
..................................................................


WIND (MPH)
  HIGHEST WIND SPEED    14   HIGHEST WIND DIRECTION    SE (130)
  HIGHEST GUST SPEED    18   HIGHEST GUST DIRECTION     N (20)
  AVERAGE WIND SPEED     8.2


SKY COVER
  POSSIBLE SUNSHINE  MM
  AVERAGE SKY COVER 0.0


WEATHER CONDITIONS
 THE FOLLOWING WEATHER WAS RECORDED YESTERDAY.
  FOG
  HAZE


RELATIVE HUMIDITY (PERCENT)
 HIGHEST    82           200 AM
 LOWEST     36           400 PM
 AVERAGE    59

..........................................................


THE MOBRIDGE SD CLIMATE NORMALS FOR TODAY
                         NORMAL    RECORD    YEAR
 MAXIMUM TEMPERATURE (F)   47        78      1939
 MINIMUM TEMPERATURE (F)   25        -8      1964


SUNRISE AND SUNSET
MARCH 25 2017.........SUNRISE   735 AM CDT   SUNSET   801 PM CDT
MARCH 26 2017.........SUNRISE   733 AM CDT   SUNSET   802 PM CDT


-  INDICATES NEGATIVE NUMBERS.
R  INDICATES RECORD WAS SET OR TIED.
MM INDICATES DATA IS MISSING.
T  INDICATES TRACE AMOUNT.




$$
