000
CDUS43 KDTX 270543
CLIMBS


CLIMATE REPORT
NATIONAL WEATHER SERVICE DETROIT/PONTIAC MI
1243 AM EST TUE JAN 27 2015


...................................

...THE TRI CITIES MI CLIMATE SUMMARY FOR JANUARY 26 2015...

CLIMATE NORMAL PERIOD 1981 TO 2010
CLIMATE RECORD PERIOD 1898 TO 2015


WEATHER ITEM   OBSERVED TIME   NORMAL DEPARTURE LAST
                VALUE   (LST)  VALUE  FROM      YEAR
                                      NORMAL
......................................................
TEMPERATURE (F)
 YESTERDAY
  MAXIMUM         24    305 PM  29     -5       21
  MINIMUM          7    807 AM  15     -8        1
  AVERAGE         16            22     -6

PRECIPITATION (IN)
  YESTERDAY        T             0.04  -0.04
  MONTH TO DATE    0.98          1.47  -0.49
  SINCE DEC 1      2.45          3.33  -0.88
  SINCE JAN 1      0.98          1.47  -0.49

SNOWFALL (IN)
  YESTERDAY        T
  MONTH TO DATE   10.5
  SINCE DEC 1     11.4
  SINCE JUL 1     14.3
  SNOW DEPTH       0

DEGREE DAYS
 HEATING
  YESTERDAY       49                    6
  MONTH TO DATE 1147                   38
  SINCE DEC 1   2160                 -116
  SINCE JUL 1   3656                  -93

 COOLING
  YESTERDAY        0                    0
  MONTH TO DATE    0                    0
  SINCE DEC 1      0                    0
  SINCE JAN 1      0                    0
......................................................


WIND (MPH)
  HIGHEST WIND SPEED    10   HIGHEST WIND DIRECTION    NE (40)
  HIGHEST GUST SPEED    13   HIGHEST GUST DIRECTION    SE (120)
  AVERAGE WIND SPEED     5.9



WEATHER CONDITIONS
 THE FOLLOWING WEATHER WAS RECORDED YESTERDAY.
  LIGHT SNOW


RELATIVE HUMIDITY (PERCENT)
 HIGHEST    88
 LOWEST     50
 AVERAGE    69

..........................................................


THE TRI CITIES MI CLIMATE NORMALS FOR TODAY
                         NORMAL
 MAXIMUM TEMPERATURE (F)   29
 MINIMUM TEMPERATURE (F)   15


SUNRISE AND SUNSET
JANUARY 27 2015.......SUNRISE   758 AM EST   SUNSET   541 PM EST
JANUARY 28 2015.......SUNRISE   757 AM EST   SUNSET   542 PM EST


-  INDICATES NEGATIVE NUMBERS.
R  INDICATES RECORD WAS SET OR TIED.
MM INDICATES DATA IS MISSING.
T  INDICATES TRACE AMOUNT.




$$
