942
CDUS43 KDTX 110542
CLIMBS


CLIMATE REPORT
NATIONAL WEATHER SERVICE DETROIT/PONTIAC MI
1242 AM EST THU FEB 11 2016


...................................

...THE TRI CITIES MI CLIMATE SUMMARY FOR FEBRUARY 10 2016...

CLIMATE NORMAL PERIOD 1981 TO 2010
CLIMATE RECORD PERIOD 1898 TO 2016


WEATHER ITEM   OBSERVED TIME   NORMAL DEPARTURE LAST
                VALUE   (LST)  VALUE  FROM      YEAR
                                      NORMAL
......................................................
TEMPERATURE (F)
 YESTERDAY
  MAXIMUM         24   1232 AM  30     -6       28
  MINIMUM          9   1159 PM  16     -7        4
  AVERAGE         17            23     -6

PRECIPITATION (IN)
  YESTERDAY        0.05          0.05   0.00
  MONTH TO DATE    1.12          0.46   0.66
  SINCE DEC 1      6.26          4.03   2.23
  SINCE JAN 1      3.16          2.17   0.99

SNOWFALL (IN)
  YESTERDAY        0.8
  MONTH TO DATE    6.9
  SINCE DEC 1     19.2
  SINCE JUL 1     22.7
  SNOW DEPTH       7

DEGREE DAYS
 HEATING
  YESTERDAY       48                    6
  MONTH TO DATE  329                  -95
  SINCE DEC 1   2303                 -613
  SINCE JUL 1   3314                -1075

 COOLING
  YESTERDAY        0                    0
  MONTH TO DATE    0                    0
  SINCE DEC 1      0                    0
  SINCE JAN 1      0                    0
......................................................


WIND (MPH)
  HIGHEST WIND SPEED    22   HIGHEST WIND DIRECTION    NW (330)
  HIGHEST GUST SPEED    27   HIGHEST GUST DIRECTION    NW (320)
  AVERAGE WIND SPEED    13.4



WEATHER CONDITIONS
 THE FOLLOWING WEATHER WAS RECORDED YESTERDAY.
  LIGHT SNOW
  HAZE


RELATIVE HUMIDITY (PERCENT)
 HIGHEST    80
 LOWEST     49
 AVERAGE    65

..........................................................


THE TRI CITIES MI CLIMATE NORMALS FOR TODAY
                         NORMAL
 MAXIMUM TEMPERATURE (F)   31
 MINIMUM TEMPERATURE (F)   16


SUNRISE AND SUNSET
FEBRUARY 11 2016......SUNRISE   741 AM EST   SUNSET   601 PM EST
FEBRUARY 12 2016......SUNRISE   740 AM EST   SUNSET   602 PM EST


-  INDICATES NEGATIVE NUMBERS.
R  INDICATES RECORD WAS SET OR TIED.
MM INDICATES DATA IS MISSING.
T  INDICATES TRACE AMOUNT.




$$
