000
CDUS43 KDTX 230542
CLIMBS


CLIMATE REPORT
NATIONAL WEATHER SERVICE DETROIT/PONTIAC MI
142 AM EDT FRI JUN 23 2017


...................................

...THE TRI CITIES MI CLIMATE SUMMARY FOR JUNE 22 2017...

CLIMATE NORMAL PERIOD 1981 TO 2010
CLIMATE RECORD PERIOD 1898 TO 2017


WEATHER ITEM   OBSERVED TIME   NORMAL DEPARTURE LAST
                VALUE   (LST)  VALUE  FROM      YEAR
                                      NORMAL
......................................................
TEMPERATURE (F)
 YESTERDAY
  MAXIMUM         86    223 PM  80      6       79
  MINIMUM         61    631 AM  58      3       55
  AVERAGE         74            69      5

PRECIPITATION (IN)
  YESTERDAY        1.66          0.10   1.56
  MONTH TO DATE    7.73          2.18   5.55
  SINCE JUN 1      7.73          2.18   5.55
  SINCE JAN 1     22.99         13.83   9.16

SNOWFALL (IN)
  YESTERDAY        0.0
  MONTH TO DATE    0.0
  SINCE JUN 1      0.0
  SINCE JUL 1     37.4
  SNOW DEPTH       0

DEGREE DAYS
 HEATING
  YESTERDAY        0                   -1
  MONTH TO DATE   17                  -35
  SINCE JUN 1     17                  -35
  SINCE JUL 1   5869                -1094

 COOLING
  YESTERDAY        9                    4
  MONTH TO DATE  125                   47
  SINCE JUN 1    125                   47
  SINCE JAN 1    151                   37
......................................................


WIND (MPH)
  HIGHEST WIND SPEED    24   HIGHEST WIND DIRECTION    NW (320)
  HIGHEST GUST SPEED    30   HIGHEST GUST DIRECTION    NW (330)
  AVERAGE WIND SPEED     7.9



WEATHER CONDITIONS
 THE FOLLOWING WEATHER WAS RECORDED YESTERDAY.
  THUNDERSTORM
  HEAVY RAIN
  RAIN
  LIGHT RAIN
  FOG


RELATIVE HUMIDITY (PERCENT)
 HIGHEST    93
 LOWEST     61
 AVERAGE    77

..........................................................


THE TRI CITIES MI CLIMATE NORMALS FOR TODAY
                         NORMAL
 MAXIMUM TEMPERATURE (F)   80
 MINIMUM TEMPERATURE (F)   59


SUNRISE AND SUNSET
JUNE 23 2017..........SUNRISE   556 AM EDT   SUNSET   921 PM EDT
JUNE 24 2017..........SUNRISE   556 AM EDT   SUNSET   921 PM EDT


-  INDICATES NEGATIVE NUMBERS.
R  INDICATES RECORD WAS SET OR TIED.
MM INDICATES DATA IS MISSING.
T  INDICATES TRACE AMOUNT.




$$
