000
CDUS43 KDTX 040537
CLIMBS


CLIMATE REPORT
NATIONAL WEATHER SERVICE DETROIT/PONTIAC MI
137 AM EDT TUE AUG 4 2015


...................................

...THE TRI CITIES MI CLIMATE SUMMARY FOR AUGUST 3 2015...

CLIMATE NORMAL PERIOD 1981 TO 2010
CLIMATE RECORD PERIOD 1898 TO 2015


WEATHER ITEM   OBSERVED TIME   NORMAL DEPARTURE LAST
                VALUE   (LST)  VALUE  FROM      YEAR
                                      NORMAL
......................................................
TEMPERATURE (F)
 YESTERDAY
  MAXIMUM         80    252 PM  81     -1       84
  MINIMUM         60   1159 PM  60      0       60
  AVERAGE         70            70      0

PRECIPITATION (IN)
  YESTERDAY        0.02          0.10  -0.08
  MONTH TO DATE    1.57          0.29   1.28
  SINCE JUN 1      8.03          5.85   2.18
  SINCE JAN 1     16.67         17.50  -0.83

SNOWFALL (IN)
  YESTERDAY        0.0
  MONTH TO DATE    0.0
  SINCE JUN 1      0.0
  SINCE JUL 1      0.0
  SNOW DEPTH       0

DEGREE DAYS
 HEATING
  YESTERDAY        0                   -1
  MONTH TO DATE    0                   -1
  SINCE JUN 1     49                  -24
  SINCE JUL 1      9                   -5

 COOLING
  YESTERDAY        5                   -1
  MONTH TO DATE   21                    3
  SINCE JUN 1    365                   25
  SINCE JAN 1    429                   53
......................................................


WIND (MPH)
  HIGHEST WIND SPEED    17   HIGHEST WIND DIRECTION     W (290)
  HIGHEST GUST SPEED    23   HIGHEST GUST DIRECTION     W (290)
  AVERAGE WIND SPEED     8.1



WEATHER CONDITIONS
 THE FOLLOWING WEATHER WAS RECORDED YESTERDAY.
  FOG


RELATIVE HUMIDITY (PERCENT)
 HIGHEST    93
 LOWEST     39
 AVERAGE    66

..........................................................


THE TRI CITIES MI CLIMATE NORMALS FOR TODAY
                         NORMAL
 MAXIMUM TEMPERATURE (F)   81
 MINIMUM TEMPERATURE (F)   60


SUNRISE AND SUNSET
AUGUST  4 2015........SUNRISE   629 AM EDT   SUNSET   855 PM EDT
AUGUST  5 2015........SUNRISE   630 AM EDT   SUNSET   854 PM EDT


-  INDICATES NEGATIVE NUMBERS.
R  INDICATES RECORD WAS SET OR TIED.
MM INDICATES DATA IS MISSING.
T  INDICATES TRACE AMOUNT.




$$
