000
CDUS43 KDTX 252030
CLIMBS


CLIMATE REPORT
NATIONAL WEATHER SERVICE DETROIT/PONTIAC MI
429 PM EDT SAT MAR 25 2017


...................................

...THE TRI CITIES MI CLIMATE SUMMARY FOR MARCH 25 2017...
VALID TODAY AS OF 0400 PM LOCAL TIME.

CLIMATE NORMAL PERIOD 1981 TO 2010
CLIMATE RECORD PERIOD 1898 TO 2017


WEATHER ITEM   OBSERVED TIME   NORMAL DEPARTURE LAST
                VALUE   (LST)  VALUE  FROM      YEAR
                                      NORMAL
......................................................
TEMPERATURE (F)
 TODAY
  MAXIMUM         38    259 PM  46     -8       42
  MINIMUM         35    856 AM  28      7       28
  AVERAGE         37            37      0       35

PRECIPITATION (IN)
  TODAY            0.19          0.06   0.13     0.00
  MONTH TO DATE    1.46          1.63  -0.17     2.31
  SINCE MAR 1      1.46          1.63  -0.17     2.31
  SINCE JAN 1      5.97          4.95   1.02     6.23

SNOWFALL (IN)
  TODAY            0.0           0.1   -0.1      0.0
  MONTH TO DATE    7.5           5.6    1.9     14.9
  SINCE MAR 1      7.5           5.6    1.9     14.9
  SINCE JUL 1     37.4          39.0   -1.6     48.6
  SNOW DEPTH       0

DEGREE DAYS
 HEATING
  TODAY           28            28      0       30
  MONTH TO DATE  835           811     24      672
  SINCE MAR 1    835           811     24      672
  SINCE JUL 1   5004          5910   -906     4685

 COOLING
  TODAY            0             0      0        0
  MONTH TO DATE    0             0      0        0
  SINCE MAR 1      0             0      0        0
  SINCE JAN 1      0             0      0        0
......................................................


WIND (MPH)
  HIGHEST WIND SPEED    24   HIGHEST WIND DIRECTION    NE (60)
  HIGHEST GUST SPEED    30   HIGHEST GUST DIRECTION    NE (60)
  AVERAGE WIND SPEED    16.0


SKY COVER
  AVERAGE SKY COVER 1.0


WEATHER CONDITIONS
 THE FOLLOWING WEATHER WAS RECORDED TODAY.
  LIGHT RAIN
  FOG


..........................................................


THE TRI CITIES MI CLIMATE NORMALS FOR TOMORROW
                         NORMAL
 MAXIMUM TEMPERATURE (F)   47
 MINIMUM TEMPERATURE (F)   29


SUNRISE AND SUNSET
MARCH 25 2017.........SUNRISE   730 AM EDT   SUNSET   755 PM EDT
MARCH 26 2017.........SUNRISE   728 AM EDT   SUNSET   756 PM EDT


-  INDICATES NEGATIVE NUMBERS.
R  INDICATES RECORD WAS SET OR TIED.
MM INDICATES DATA IS MISSING.
T  INDICATES TRACE AMOUNT.




$$
