000
CDUS46 KHNX 190837
CLIMCE


CLIMATE REPORT
NATIONAL WEATHER SERVICE SAN JOAQUIN VALLEY, CA
1235 AM PST THU JAN 19 2017


...................................

...THE MERCED  CA CLIMATE SUMMARY FOR JANUARY 18 2017...

CLIMATE NORMAL PERIOD 1981 TO 2010
CLIMATE RECORD PERIOD 1998 TO 2017


WEATHER ITEM   OBSERVED TIME   RECORD YEAR NORMAL DEPARTURE
                VALUE   (LST)  VALUE       VALUE  FROM
                                                  NORMAL
...............................................................
TEMPERATURE (F)
 YESTERDAY
  MAXIMUM         50    854 PM  70    2014  53     -3
                                      2000
  MINIMUM         36   1205 AM  23    2007  37     -1
  AVERAGE         43                        45     -2

PRECIPITATION (IN)
  YESTERDAY        0.56          0.76 2016   0.08   0.48
  MONTH TO DATE    4.75                      1.81   2.94
  SINCE OCT 1      8.98                      5.32   3.66
  SINCE JAN 1      4.75                      1.81   2.94

SNOWFALL (IN)
  YESTERDAY       MM
  MONTH TO DATE    0.0
  SINCE DEC 1      0.0
  SINCE JUL 1      0.0
  SNOW DEPTH       0

DEGREE DAYS
 HEATING
  YESTERDAY       22
  MONTH TO DATE  329
  SINCE DEC 1    935
  SINCE JUL 1   1280

 COOLING
  YESTERDAY        0
  MONTH TO DATE    0
  SINCE DEC 1      0
  SINCE JAN 1      0
...............................................................


WIND (MPH)
  HIGHEST WIND SPEED    35   HIGHEST WIND DIRECTION    SE (130)
  HIGHEST GUST SPEED    43   HIGHEST GUST DIRECTION    SE (120)
  AVERAGE WIND SPEED    11.9




RELATIVE HUMIDITY (PERCENT)
 HIGHEST    96
 LOWEST     80
 AVERAGE    88

..........................................................


THE MERCED  CA CLIMATE NORMALS FOR TODAY
                         NORMAL    RECORD    YEAR
 MAXIMUM TEMPERATURE (F)   53        71      2009
 MINIMUM TEMPERATURE (F)   37        25      2012
                                             2007


SUNRISE AND SUNSET
JANUARY 19 2017.......SUNRISE   714 AM PST   SUNSET   513 PM PST
JANUARY 20 2017.......SUNRISE   713 AM PST   SUNSET   514 PM PST


-  INDICATES NEGATIVE NUMBERS.
R  INDICATES RECORD WAS SET OR TIED.
MM INDICATES DATA IS MISSING.
T  INDICATES TRACE AMOUNT.




$$
