000
CDUS46 KHNX 280023
CLIMCE


CLIMATE REPORT
NATIONAL WEATHER SERVICE SAN JOAQUIN VALLEY, CA
522 PM PDT SAT MAY 27 2017


...................................

...THE MERCED  CA CLIMATE SUMMARY FOR MAY 27 2017...
VALID AS OF 0400 PM LOCAL TIME.

CLIMATE NORMAL PERIOD 1981 TO 2010
CLIMATE RECORD PERIOD 1998 TO 2017


WEATHER ITEM   OBSERVED TIME   RECORD YEAR NORMAL DEPARTURE LAST
                VALUE   (LST)  VALUE       VALUE  FROM      YEAR
                                                  NORMAL
..................................................................
TEMPERATURE (F)
 TODAY
  MAXIMUM         81        MM  97    2009  85     -4       89
  MINIMUM         53        MM  49    2012  54     -1       53
  AVERAGE         67                        69     -2       71

PRECIPITATION (IN)
  TODAY            0.00          T    2008   0.01  -0.01     0.00
                                      2008
                                      2013
  MONTH TO DATE    0.00                      0.55  -0.55     0.11
  SINCE OCT 1     15.79                     12.03   3.76    14.66
  SINCE JAN 1     11.56                      8.52   3.04    10.94

SNOWFALL (IN)
  TODAY            0.0
  MONTH TO DATE    0.0
  SINCE MAR 1      0.0
  SINCE JUL 1      0.0
  SNOW DEPTH       0

DEGREE DAYS
 HEATING
  TODAY            0                                         0
  MONTH TO DATE   38                                        30
  SINCE MAR 1    501                                       369
  SINCE JUL 1   2371                                      2266

 COOLING
  TODAY            2                                         6
  MONTH TO DATE  128                                        94
  SINCE MAR 1    128                                       123
  SINCE JAN 1    128                                       123
..................................................................


WIND (MPH)
  HIGHEST WIND SPEED    12   HIGHEST WIND DIRECTION    NW (310)
  HIGHEST GUST SPEED    MM   HIGHEST GUST DIRECTION    MM
  AVERAGE WIND SPEED     7.7




RELATIVE HUMIDITY (PERCENT)
 HIGHEST    83
 LOWEST     37
 AVERAGE    60

..........................................................


THE MERCED  CA CLIMATE NORMALS FOR TOMORROW
                         NORMAL    RECORD    YEAR
 MAXIMUM TEMPERATURE (F)   85       102      2003
 MINIMUM TEMPERATURE (F)   54        45      2010


SUNRISE AND SUNSET
MAY 27 2017...........SUNRISE   546 AM PDT   SUNSET   814 PM PDT
MAY 28 2017...........SUNRISE   545 AM PDT   SUNSET   815 PM PDT


-  INDICATES NEGATIVE NUMBERS.
R  INDICATES RECORD WAS SET OR TIED.
MM INDICATES DATA IS MISSING.
T  INDICATES TRACE AMOUNT.




$$
