000
CDUS46 KHNX 300834
CLIMCE


CLIMATE REPORT
NATIONAL WEATHER SERVICE SAN JOAQUIN VALLEY, CA
134 AM PDT SAT APR 30 2016


...................................

...THE MERCED  CA CLIMATE SUMMARY FOR APRIL 29 2016...

CLIMATE NORMAL PERIOD 1981 TO 2010
CLIMATE RECORD PERIOD 1998 TO 2016


WEATHER ITEM   OBSERVED TIME   RECORD YEAR NORMAL DEPARTURE
                VALUE   (LST)  VALUE       VALUE  FROM
                                                  NORMAL
...............................................................
TEMPERATURE (F)
 YESTERDAY
  MAXIMUM         78    305 PM  93    2013  78      0
                                      2007
  MINIMUM         49    523 AM  40    2010  48      1
                                      2009
  AVERAGE         64                        63      1

PRECIPITATION (IN)
  YESTERDAY        0.00          0.05 2002   0.02  -0.02
  MONTH TO DATE    3.59                      0.92   2.67
  SINCE OCT 1     14.55                     11.45   3.10
  SINCE JAN 1     10.83                      7.94   2.89

SNOWFALL (IN)
  YESTERDAY        0.0
  MONTH TO DATE    0.0
  SINCE MAR 1      0.0
  SINCE JUL 1      0.0
  SNOW DEPTH       0

DEGREE DAYS
 HEATING
  YESTERDAY        1
  MONTH TO DATE   89
  SINCE MAR 1    339
  SINCE JUL 1   2236

 COOLING
  YESTERDAY        0
  MONTH TO DATE   27
  SINCE MAR 1     27
  SINCE JAN 1     27
...............................................................


WIND (MPH)
  HIGHEST WIND SPEED    15   HIGHEST WIND DIRECTION     W (260)
  HIGHEST GUST SPEED    19   HIGHEST GUST DIRECTION     W (260)
  AVERAGE WIND SPEED     6.4




RELATIVE HUMIDITY (PERCENT)
 HIGHEST    93
 LOWEST     33
 AVERAGE    63

..........................................................


THE MERCED  CA CLIMATE NORMALS FOR TODAY
                         NORMAL    RECORD    YEAR
 MAXIMUM TEMPERATURE (F)   78        94      2014
 MINIMUM TEMPERATURE (F)   48        40      2003


SUNRISE AND SUNSET
APRIL 30 2016.........SUNRISE   608 AM PDT   SUNSET   752 PM PDT
MAY  1 2016...........SUNRISE   607 AM PDT   SUNSET   752 PM PDT


-  INDICATES NEGATIVE NUMBERS.
R  INDICATES RECORD WAS SET OR TIED.
MM INDICATES DATA IS MISSING.
T  INDICATES TRACE AMOUNT.




$$
