000
CDUS46 KHNX 240821
CLIMCE


CLIMATE REPORT
NATIONAL WEATHER SERVICE SAN JOAQUIN VALLEY, CA
121 AM PDT SUN MAY 24 2015


...................................

...THE MERCED  CA CLIMATE SUMMARY FOR MAY 23 2015...

CLIMATE NORMAL PERIOD 1981 TO 2010
CLIMATE RECORD PERIOD 1998 TO 2015


WEATHER ITEM   OBSERVED TIME   RECORD YEAR NORMAL DEPARTURE
                VALUE   (LST)  VALUE       VALUE  FROM
                                                  NORMAL
...............................................................
TEMPERATURE (F)
 YESTERDAY
  MAXIMUM         78    411 PM  98    2003  84     -6
  MINIMUM         52    519 AM  43    2010  53     -1
  AVERAGE         65                        68     -3

PRECIPITATION (IN)
  YESTERDAY        0.00          0.00   MM   0.01  -0.01
  MONTH TO DATE    0.74                      0.51   0.23
  SINCE OCT 1      7.84                     11.99  -4.15
  SINCE JAN 1      3.09                      8.48  -5.39

SNOWFALL (IN)
  YESTERDAY        0.0
  MONTH TO DATE    0.0
  SINCE MAR 1      0.0
  SINCE JUL 1      0.0
  SNOW DEPTH       0

DEGREE DAYS
 HEATING
  YESTERDAY        0
  MONTH TO DATE   50
  SINCE MAR 1    309
  SINCE JUL 1   1773

 COOLING
  YESTERDAY        0
  MONTH TO DATE   27
  SINCE MAR 1     71
  SINCE JAN 1     71
...............................................................


WIND (MPH)
  HIGHEST WIND SPEED    17   HIGHEST WIND DIRECTION     W (260)
  HIGHEST GUST SPEED    21   HIGHEST GUST DIRECTION     W (250)
  AVERAGE WIND SPEED     6.5




RELATIVE HUMIDITY (PERCENT)
 HIGHEST    83
 LOWEST     38
 AVERAGE    61

..........................................................


THE MERCED  CA CLIMATE NORMALS FOR TODAY
                         NORMAL    RECORD    YEAR
 MAXIMUM TEMPERATURE (F)   84        97      2001
 MINIMUM TEMPERATURE (F)   53        46      2011


SUNRISE AND SUNSET
MAY 24 2015...........SUNRISE   547 AM PDT   SUNSET   811 PM PDT
MAY 25 2015...........SUNRISE   547 AM PDT   SUNSET   812 PM PDT


-  INDICATES NEGATIVE NUMBERS.
R  INDICATES RECORD WAS SET OR TIED.
MM INDICATES DATA IS MISSING.
T  INDICATES TRACE AMOUNT.




$$
