000
CDUS46 KHNX 100028
CLIMCE


CLIMATE REPORT
NATIONAL WEATHER SERVICE SAN JOAQUIN VALLEY, CA
426 PM PST TUE FEB 9 2016


...................................

...THE MERCED  CA CLIMATE SUMMARY FOR FEBRUARY 9 2016...
VALID TODAY AS OF 0400 PM LOCAL TIME.

CLIMATE NORMAL PERIOD 1981 TO 2010
CLIMATE RECORD PERIOD 1998 TO 2016


WEATHER ITEM   OBSERVED TIME   RECORD YEAR NORMAL DEPARTURE LAST
                VALUE   (LST)  VALUE       VALUE  FROM      YEAR
                                                  NORMAL
..................................................................
TEMPERATURE (F)
 TODAY
  MAXIMUM         70    341 PM  72    2012  59     11       70
  MINIMUM         42    734 AM  26    2003  38      4       52
  AVERAGE         56                        49      7       61

PRECIPITATION (IN)
  TODAY            0.00          0.53 1999   0.08  -0.08     0.01
  MONTH TO DATE    T                         0.69  -0.69     1.03
  SINCE OCT 1      8.21                      6.81   1.40     5.80
  SINCE JAN 1      4.49                      3.30   1.19     1.05

SNOWFALL (IN)
  TODAY            0.0
  MONTH TO DATE    0.0
  SINCE DEC 1      0.0
  SINCE JUL 1      0.0
  SNOW DEPTH       0

DEGREE DAYS
 HEATING
  TODAY            9                                         4
  MONTH TO DATE  148                                        66
  SINCE DEC 1   1251                                       952
  SINCE JUL 1   1704                                      1237

 COOLING
  TODAY            0                                         0
  MONTH TO DATE    0                                         0
  SINCE DEC 1      0                                         0
  SINCE JAN 1      0                                         0
..................................................................


WIND (MPH)
  HIGHEST WIND SPEED     6   HIGHEST WIND DIRECTION    SW (240)
  HIGHEST GUST SPEED     9   HIGHEST GUST DIRECTION     W (290)
  AVERAGE WIND SPEED     2.5




RELATIVE HUMIDITY (PERCENT)
 HIGHEST   100
 LOWEST     53
 AVERAGE    77

..........................................................


THE MERCED  CA CLIMATE NORMALS FOR TOMORROW
                         NORMAL    RECORD    YEAR
 MAXIMUM TEMPERATURE (F)   59        74      2012
 MINIMUM TEMPERATURE (F)   39        27      2003


SUNRISE AND SUNSET
FEBRUARY  9 2016......SUNRISE   658 AM PST   SUNSET   535 PM PST
FEBRUARY 10 2016......SUNRISE   657 AM PST   SUNSET   536 PM PST


-  INDICATES NEGATIVE NUMBERS.
R  INDICATES RECORD WAS SET OR TIED.
MM INDICATES DATA IS MISSING.
T  INDICATES TRACE AMOUNT.




$$
