000
CDAK49 PAFG 170952
CLIMCG

CLIMATE REPORT
NATIONAL WEATHER SERVICE FAIRBANKS AK
1252 AM AKST SAT FEB 17 2018


...................................

...THE MCGRATH AK CLIMATE SUMMARY FOR FEBRUARY 16 2018...

CLIMATE NORMAL PERIOD 1981 TO 2010
CLIMATE RECORD PERIOD 1946 TO 2018


WEATHER ITEM   OBSERVED TIME   RECORD YEAR NORMAL DEPARTURE LAST
                VALUE   (LST)  VALUE       VALUE  FROM      YEAR
                                                  NORMAL
..................................................................
TEMPERATURE (F)
 YESTERDAY
  MAXIMUM         22    531 PM  47    1947  13      9       17
  MINIMUM          5    552 AM -42    1974  -9     14       -3
                                      1972
  AVERAGE         14                         2     12        7

PRECIPITATION (IN)
  YESTERDAY        0.00          0.48 1941   0.03  -0.03     0.00
  MONTH TO DATE    0.83                      0.53   0.30     0.12
  SINCE DEC 1      2.06                      2.91  -0.85     1.63
  SINCE JAN 1      0.93                      1.62  -0.69     0.66

SNOWFALL (IN)
  YESTERDAY        0.0           4.8  1941   0.5   -0.5      0.0
  MONTH TO DATE   12.1                       7.4    4.7      2.8
  SINCE DEC 1     22.5                      43.3  -20.8     31.4
  SINCE JUL 1     49.3                      74.3  -25.0     39.7
  SNOW DEPTH      22

DEGREE DAYS
 HEATING
  YESTERDAY       51                        63    -12       58
  MONTH TO DATE  966                      1052    -86     1094
  SINCE DEC 1   4508                      5382   -874     5334
  SINCE JUL 1   7933                      9505  -1572     9080

 COOLING
  YESTERDAY        0                         0      0        0
  MONTH TO DATE    0                         0      0        0
  SINCE DEC 1      0                         0      0        0
  SINCE JAN 1      0                         0      0        0
..................................................................


WIND (MPH)
  HIGHEST GUST SPEED     6   HIGHEST GUST DIRECTION     E (80)


SKY COVER
  AVERAGE SKY COVER 0.5


WEATHER CONDITIONS
 THE FOLLOWING WEATHER WAS RECORDED YESTERDAY.
  FOG


RELATIVE HUMIDITY (PERCENT)
 HIGHEST    88
 LOWEST     76
 AVERAGE    82

..........................................................


THE MCGRATH AK CLIMATE NORMALS FOR TODAY
                         NORMAL    RECORD    YEAR
 MAXIMUM TEMPERATURE (F)   14        46      2001
 MINIMUM TEMPERATURE (F)   -9       -48      1974


SUNRISE AND SUNSET
FEBRUARY 17 2018......SUNRISE   905 AM AKST  SUNSET   609 PM AKST
FEBRUARY 18 2018......SUNRISE   902 AM AKST  SUNSET   612 PM AKST

-  INDICATES NEGATIVE NUMBERS.
R  INDICATES RECORD WAS SET OR TIED.
MM INDICATES DATA IS MISSING.
T  INDICATES TRACE AMOUNT.

&&

SNOW DEPTH IS MEASURED AT 3AM AKST/4AM AKDT.

----------------------------
AVAILABLE DAYLIGHT

AMOUNT OF DAYLIGHT TODAY  (HOUR:MIN)........9:04
GAIN/LOSS SINCE YESTERDAY (HOUR:MIN:SEC)....+0:06:10

$$
FEB 18
