000
CDAK49 PAMC 282315
CLIMCG

CLIMATE REPORT
NATIONAL WEATHER SERVICE MCGRATH, AK
215 PM AKST FRI NOV 28 2014

...................................
...THE MCGRATH AIRPORT CLIMATE SUMMARY FOR NOVEMBER 28 2014...
VALID TODAY AS OF 2:00 PM LOCAL TIME

CLIMATE NORMAL PERIOD  1981 TO  2010
CLIMATE RECORD PERIOD  1940 TO  2014

WEATHER ITEM   OBSERVED TIME    RECORD YEAR NORMAL DEPARTURE LAST
               VALUE    (LST)   VALUE       VALUE  FROM      YEAR
                                                   NORMAL
...................................................................
TEMPERATURE
TODAY
 MAXIMUM            10  0159 PM    45  1983      9       1     10
 MINIMUM             4  0216 AM   -40  1990     -8      12     -6
 AVERAGE             7                           1       6      2

PRECIPITATION
(INCHES)
 TODAY            0.05           0.35  1961   0.05    0.00      T
 MONTH TO DATE    0.37                        1.33   -0.96   1.42
 SINCE SEP 1      1.49                        5.26   -3.77  10.21
 SINCE JAN 1     10.06                       16.63   -6.57  19.44

SNOWFALL
(INCHES)
 TODAY             0.6            6.1  1961    0.6     0.0      T
 MONTH TO DATE     1.5                        18.0   -16.5   11.4
 SINCE SEP 1       5.2                        29.7   -24.5   12.9
 SINCE JUL 1       5.2                        29.7   -24.5   12.9
 SNOW DEPTH (IN)     1                                          4

DEGREE DAYS
 HEATING
  TODAY             58                          64      -6     63
  MONTH TO DATE   1363                        1654    -291   1400
  SINCE SEP 1     3126                        3505    -379   2882
  SINCE JUL 1     3549                        4002    -453   3301

 COOLING
  TODAY              0                           0       0      0
  MONTH TO DATE      0                           0       0      0
  SINCE SEP 1        0                           0       0      0
  SINCE JAN 1       11                          16      -5     78
...................................................................

WIND (MPH)
 HIGHEST WIND SPEED     5     HIGHEST WIND DIRECTION    120
 HIGHEST GUST SPEED     5     HIGHEST GUST DIRECTION    110

WEATHER CONDITIONS
 THE FOLLOWING WEATHER WAS RECORDED TODAY.
 SNOW

...................................................................

THE MCGRATH CLIMATE NORMALS FOR TOMORROW
                        NORMAL    RECORD   YEAR
 MAXIMUM TEMPERATURE       9        47     1983
 MINIMUM TEMPERATURE      -8       -46     1990

SUNRISE AND SUNSET
 NOV 28 2014..........SUNRISE 10:20 AM      SUNSET  4:02 PM
 NOV 29 2014..........SUNRISE 10:22 AM      SUNSET  4:00 PM

-  INDICATES NEGATIVE NUMBERS.
R  INDICATES RECORD HAS BEEN SET OR TIED.
MM INDICATES DATA IS MISSING.
T  INDICATES TRACE OF PRECIPITATION.

&&
-------------------------------------------------------------------

AMOUNT OF DAYLIGHT TODAY  (HOUR:MIN)........5 HOURS 42 MINUTES
LOSS SINCE YESTERDAY (HOUR:MIN:SEC)....-0:04:36

$$
JMC NOV 14
