000
CDAK49 PAFG 221003
CLIMCG

CLIMATE REPORT
NATIONAL WEATHER SERVICE FAIRBANKS AK
203 AM AKDT SAT JUL 22 2017


...................................

...THE MCGRATH AK CLIMATE SUMMARY FOR JULY 21 2017...

CLIMATE NORMAL PERIOD 1981 TO 2010
CLIMATE RECORD PERIOD 1946 TO 2017


WEATHER ITEM   OBSERVED TIME   RECORD YEAR NORMAL DEPARTURE LAST
                VALUE   (LST)  VALUE       VALUE  FROM      YEAR
                                                  NORMAL
..................................................................
TEMPERATURE (F)
 YESTERDAY
  MAXIMUM         78    701 PM  87    1993  69      9       60
  MINIMUM         58   1159 PM  34    1965  51      7       54
  AVERAGE         68                        60      8       57

PRECIPITATION (IN)
  YESTERDAY        0.00          0.67 2012   0.08  -0.08     0.31
  MONTH TO DATE    1.30                      1.53  -0.23     2.57
  SINCE JUN 1      2.53                      3.05  -0.52     4.97
  SINCE JAN 1      5.52                      7.72  -2.20     7.62

SNOWFALL (IN)
  YESTERDAY        0.0           0.0    MM   0.0    0.0      0.0
  MONTH TO DATE    0.0                       0.0    0.0      0.0
  SINCE JUN 1      T                         0.0    0.0      0.0
  SINCE JUL 1      0.0                       0.0    0.0      0.0
  SNOW DEPTH       0

DEGREE DAYS
 HEATING
  YESTERDAY        0                         6     -6        8
  MONTH TO DATE   37                       107    -70       46
  SINCE JUN 1    196                       341   -145      236
  SINCE JUL 1     37                       107    -70       46

 COOLING
  YESTERDAY        3                         0      3        0
  MONTH TO DATE   26                        11     15       23
  SINCE JUN 1     27                        17     10       29
  SINCE JAN 1     27                        17     10       29
..................................................................


WIND (MPH)
  HIGHEST GUST SPEED    17   HIGHEST GUST DIRECTION    NW (330)


SKY COVER
  AVERAGE SKY COVER 0.3


WEATHER CONDITIONS
 THE FOLLOWING WEATHER WAS RECORDED YESTERDAY.
  NO SIGNIFICANT WEATHER WAS OBSERVED.


RELATIVE HUMIDITY (PERCENT)
 HIGHEST    84
 LOWEST     30
 AVERAGE    57

..........................................................


THE MCGRATH AK CLIMATE NORMALS FOR TODAY
                         NORMAL    RECORD    YEAR
 MAXIMUM TEMPERATURE (F)   68        86      1955
 MINIMUM TEMPERATURE (F)   51        37      1999


SUNRISE AND SUNSET
JULY 22 2017..........SUNRISE   514 AM AKDT  SUNSET  1143 PM AKDT
JULY 23 2017..........SUNRISE   517 AM AKDT  SUNSET  1140 PM AKDT

-  INDICATES NEGATIVE NUMBERS.
R  INDICATES RECORD WAS SET OR TIED.
MM INDICATES DATA IS MISSING.
T  INDICATES TRACE AMOUNT.

&&

SNOW DEPTH IS MEASURED AT 3AM AKST/4AM AKDT.

----------------------------
AVAILABLE DAYLIGHT

AMOUNT OF DAYLIGHT TODAY  (HOUR:MIN)........18:29
GAIN/LOSS SINCE YESTERDAY (HOUR:MIN:SEC)....-0:05:29

$$
DJH JUL 17
