986
CDAK49 PAFG 231015
CLIMCG

CLIMATE REPORT
NATIONAL WEATHER SERVICE FAIRBANKS AK
215 AM AKDT THU MAR 23 2017


...................................

...THE MCGRATH AK CLIMATE SUMMARY FOR MARCH 22 2017...

CLIMATE NORMAL PERIOD 1981 TO 2010
CLIMATE RECORD PERIOD 1946 TO 2017


WEATHER ITEM   OBSERVED TIME   RECORD YEAR NORMAL DEPARTURE LAST
                VALUE   (LST)  VALUE       VALUE  FROM      YEAR
                                                  NORMAL
..................................................................
TEMPERATURE (F)
 YESTERDAY
  MAXIMUM         23    623 PM  49    1987  27     -4       37
  MINIMUM        -11    709 AM -37    1946   0    -11        4
  AVERAGE          6                        14     -8       21

PRECIPITATION (IN)
  YESTERDAY        0.00          0.29 1964   0.02  -0.02     0.00
  MONTH TO DATE    T                         0.61  -0.61     0.02
  SINCE MAR 1      T                         0.61  -0.61     0.02
  SINCE JAN 1      1.20                      2.64  -1.44     0.08

SNOWFALL (IN)
  YESTERDAY        0.0           3.9  1964   0.3   -0.3      0.0
  MONTH TO DATE    T                         8.8   -8.8      0.0
  SINCE MAR 1      T                         8.8   -8.8      0.0
  SINCE JUL 1     48.7                      88.8  -40.1      0.0
  SNOW DEPTH      13

DEGREE DAYS
 HEATING
  YESTERDAY       59                        51      8       44
  MONTH TO DATE 1442                      1218    224     1154
  SINCE MAR 1   1442                      1218    224     1154
  SINCE JUL 1  11200                     11450   -250     2122

 COOLING
  YESTERDAY        0                         0      0        0
  MONTH TO DATE    0                         0      0        0
  SINCE MAR 1      0                         0      0        0
  SINCE JAN 1      0                         0      0        0
..................................................................


WIND (MPH)
  HIGHEST GUST SPEED    23   HIGHEST GUST DIRECTION    NE (40)


SKY COVER
  AVERAGE SKY COVER 0.0


WEATHER CONDITIONS
 THE FOLLOWING WEATHER WAS RECORDED YESTERDAY.
  NO SIGNIFICANT WEATHER WAS OBSERVED.


RELATIVE HUMIDITY (PERCENT)
 HIGHEST    72
 LOWEST     34
 AVERAGE    53

..........................................................


THE MCGRATH AK CLIMATE NORMALS FOR TODAY
                         NORMAL    RECORD    YEAR
 MAXIMUM TEMPERATURE (F)   27        49      1965
 MINIMUM TEMPERATURE (F)    1       -39      1972


SUNRISE AND SUNSET
MARCH 23 2017.........SUNRISE   812 AM AKDT  SUNSET   848 PM AKDT
MARCH 24 2017.........SUNRISE   809 AM AKDT  SUNSET   851 PM AKDT

-  INDICATES NEGATIVE NUMBERS.
R  INDICATES RECORD WAS SET OR TIED.
MM INDICATES DATA IS MISSING.
T  INDICATES TRACE AMOUNT.

&&

SNOW DEPTH IS MEASURED AT 3AM AKST/4AM AKDT.

----------------------------
AVAILABLE DAYLIGHT

AMOUNT OF DAYLIGHT TODAY  (HOUR:MIN)........12:36
GAIN/LOSS SINCE YESTERDAY (HOUR:MIN:SEC)....+0:06:11

$$
MAR 17
