000
CDAK49 PAMC 101112
CLIMCG

CLIMATE REPORT
NATIONAL WEATHER SERVICE MCGRATH, AK
312 AM AKDT THU JUL 10 2014

...................................
...THE MCGRATH AIRPORT CLIMATE SUMMARY FOR JULY 9 2014...

CLIMATE NORMAL PERIOD  1981 TO  2010
CLIMATE RECORD PERIOD  1940 TO  2014

WEATHER ITEM   OBSERVED TIME    RECORD YEAR NORMAL DEPARTURE LAST
               VALUE    (LST)   VALUE       VALUE  FROM      YEAR
                                                   NORMAL
...................................................................
TEMPERATURE
YESTERDAY
 MAXIMUM            64  0632 PM    84  1972     71      -7     57
 MINIMUM            56  0239 PM    38  1942     51       5     49
 AVERAGE            60                          61      -1     53

PRECIPITATION
(INCHES)
 YESTERDAY        0.08           0.58  1981   0.06    0.02   0.04
 MONTH TO DATE    0.77                        0.60    0.17   1.11
 SINCE JUN 1      2.29                        2.12    0.17   1.97
 SINCE JAN 1      5.02                        6.79   -1.77   5.83

SNOWFALL
(INCHES)
 YESTERDAY         0.0            0.0  2014    0.0     0.0    0.0
 MONTH TO DATE     0.0                         0.0     0.0    0.0
 SINCE JUN 1       0.0                         0.0     0.0    0.0
 SINCE JUL 1       0.0                         0.0     0.0    0.0
 SNOW DEPTH (IN)     0                                          0

DEGREE DAYS
 HEATING
  YESTERDAY          5                           5       0     12
  MONTH TO DATE     19                          45     -26    100
  SINCE JUN 1      324                         279      45    235
  SINCE JUL 1       19                          45     -26    100

 COOLING
  YESTERDAY          0                           1      -1      0
  MONTH TO DATE     11                           9       2      0
  SINCE JUN 1       11                          14      -3     51
  SINCE JAN 1       11                          14      -3     60
...................................................................

WIND (MPH)
 HIGHEST WIND SPEED    13     HIGHEST WIND DIRECTION    210
 HIGHEST GUST SPEED    17     HIGHEST GUST DIRECTION    220
 AVERAGE WIND SPEED   5.4

WEATHER CONDITIONS
 THE FOLLOWING WEATHER WAS RECORDED YESTERDAY.
 FOG
 RAIN
...................................................................

THE MCGRATH CLIMATE NORMALS FOR TODAY
                           NORMAL    RECORD   YEAR
 MAXIMUM TEMPERATURE (F)     71        84     1944
 MINIMUM TEMPERATURE (F)     51        38     2012

SUNRISE AND SUNSET
 JUL 10 2014..........SUNRISE  4:42 AM      SUNSET 12:13 AM
 JUL 11 2014..........SUNRISE  4:44 AM      SUNSET 12:11 AM

-  INDICATES NEGATIVE NUMBERS.
R  INDICATES RECORD HAS BEEN SET OR TIED.
MM INDICATES DATA IS MISSING.
T  INDICATES TRACE OF PRECIPITATION.

&&
-------------------------------------------------------------------

AMOUNT OF DAYLIGHT TODAY  (HOUR:MIN)........19 HOURS 31 MINUTES
LOSS SINCE YESTERDAY (HOUR:MIN:SEC)....-0:04:11

$$
ADJ JUL 14
