000
CDAK49 PAMC 200918
CLIMCG

CLIMATE REPORT
NATIONAL WEATHER SERVICE MCGRATH, AK
119 AM AKDT SAT SEP 20 2014

...................................
...THE MCGRATH AIRPORT CLIMATE SUMMARY FOR SEPTEMBER 19 2014...

CLIMATE NORMAL PERIOD  1981 TO  2010
CLIMATE RECORD PERIOD  1940 TO  2014

WEATHER ITEM   OBSERVED TIME    RECORD YEAR NORMAL DEPARTURE LAST
               VALUE    (LST)   VALUE       VALUE  FROM      YEAR
                                                   NORMAL
...................................................................
TEMPERATURE
YESTERDAY
 MAXIMUM            57  0542 PM    66  2006     52       5     38
 MINIMUM            41  0746 AM    20  1960     35       6     31
 AVERAGE            49                          43       6     35

PRECIPITATION
(INCHES)
 YESTERDAY        0.00           0.82  2012   0.09   -0.09   0.00
 MONTH TO DATE    0.73                        1.63   -0.90   2.95
 SINCE SEP 1      0.73                        1.63   -0.90   2.95
 SINCE JAN 1      9.30                       13.00   -3.70  12.18

SNOWFALL
(INCHES)
 YESTERDAY         0.0            1.4  1958    0.0     0.0    0.0
 MONTH TO DATE     0.0                         0.4    -0.4    0.0
 SINCE SEP 1       0.0                         0.4    -0.4    0.0
 SINCE JUL 1       0.0                         0.4    -0.4    0.0
 SNOW DEPTH (IN)     0                                          0

DEGREE DAYS
 HEATING
  YESTERDAY         16                          22      -6     30
  MONTH TO DATE    297                         337     -40    352
  SINCE SEP 1      297                         337     -40    352
  SINCE JUL 1      720                         834    -114    770

 COOLING
  YESTERDAY          0                           0       0      0
  MONTH TO DATE      0                           0       0      0
  SINCE SEP 1        0                           0       0      0
  SINCE JAN 1       11                          16      -5     78
...................................................................

WIND (MPH)
 HIGHEST WIND SPEED     8     HIGHEST WIND DIRECTION    300
 HIGHEST GUST SPEED     9     HIGHEST GUST DIRECTION    310
 AVERAGE WIND SPEED   1.2

WEATHER CONDITIONS
 THE FOLLOWING WEATHER WAS RECORDED YESTERDAY.
 NO SIGNIFICANT WEATHER WAS OBSERVED.

...................................................................

THE MCGRATH CLIMATE NORMALS FOR TODAY
                           NORMAL    RECORD   YEAR
 MAXIMUM TEMPERATURE (F)     51        70     1995
 MINIMUM TEMPERATURE (F)     35        19     1947

SUNRISE AND SUNSET
 SEP 20 2014..........SUNRISE  8:02 AM      SUNSET  8:29 PM
 SEP 21 2014..........SUNRISE  8:04 AM      SUNSET  8:26 PM

-  INDICATES NEGATIVE NUMBERS.
R  INDICATES RECORD HAS BEEN SET OR TIED.
MM INDICATES DATA IS MISSING.
T  INDICATES TRACE OF PRECIPITATION.

&&
-------------------------------------------------------------------

AMOUNT OF DAYLIGHT TODAY  (HOUR:MIN)........12 HOURS 27 MINUTES
LOSS SINCE YESTERDAY (HOUR:MIN:SEC)....-0:06:06

$$
JMC SEP 14
