000
CDAK49 PAFG 210943
CLIMCG

CLIMATE REPORT
NATIONAL WEATHER SERVICE FAIRBANKS AK
1243 AM AKST TUE NOV 21 2017


...................................

...THE MCGRATH AK CLIMATE SUMMARY FOR NOVEMBER 20 2017...

CLIMATE NORMAL PERIOD 1981 TO 2010
CLIMATE RECORD PERIOD 1946 TO 2017


WEATHER ITEM   OBSERVED TIME   RECORD YEAR NORMAL DEPARTURE LAST
                VALUE   (LST)  VALUE       VALUE  FROM      YEAR
                                                  NORMAL
..................................................................
TEMPERATURE (F)
 YESTERDAY
  MAXIMUM          7   1203 AM  42    1949  11     -4       -3
  MINIMUM        -18   1018 PM -38    2011  -5    -13      -17
                                      2009
  AVERAGE         -5                         3     -8      -10

PRECIPITATION (IN)
  YESTERDAY        0.00          0.54 1951   0.05  -0.05     0.00
  MONTH TO DATE    1.19                      0.96   0.23     0.15
  SINCE SEP 1      6.37                      4.89   1.48     5.61
  SINCE JAN 1     16.74                     16.26   0.48    18.44

SNOWFALL (IN)
  YESTERDAY        0.0           7.5  1951   0.7   -0.7      0.0
  MONTH TO DATE   16.5                      12.8    3.7      3.3
  SINCE SEP 1     22.8                      24.5   -1.7      4.9
  SINCE JUL 1     22.8                      24.5   -1.7      4.9
  SNOW DEPTH      12

DEGREE DAYS
 HEATING
  YESTERDAY       70                        62      8       75
  MONTH TO DATE  917                      1147   -230     1072
  SINCE SEP 1   2404                      2996   -592     2700
  SINCE JUL 1   2757                      3487   -730     2976

 COOLING
  YESTERDAY        0                         0      0        0
  MONTH TO DATE    0                         0      0        0
  SINCE SEP 1      0                         0      0        0
  SINCE JAN 1     37                        20     17       29
..................................................................


WIND (MPH)
  HIGHEST GUST SPEED    20   HIGHEST GUST DIRECTION    NE (30)


SKY COVER
  AVERAGE SKY COVER 0.2


WEATHER CONDITIONS
 THE FOLLOWING WEATHER WAS RECORDED YESTERDAY.
  FOG
  FOG W/VISIBILITY <= 1/4 MILE
  HAZE


RELATIVE HUMIDITY (PERCENT)
 HIGHEST    86
 LOWEST     66
 AVERAGE    76

..........................................................


THE MCGRATH AK CLIMATE NORMALS FOR TODAY
                         NORMAL    RECORD    YEAR
 MAXIMUM TEMPERATURE (F)   11        47      1949
 MINIMUM TEMPERATURE (F)   -5       -39      1948


SUNRISE AND SUNSET
NOVEMBER 21 2017......SUNRISE  1001 AM AKST  SUNSET   416 PM AKST
NOVEMBER 22 2017......SUNRISE  1004 AM AKST  SUNSET   414 PM AKST

-  INDICATES NEGATIVE NUMBERS.
R  INDICATES RECORD WAS SET OR TIED.
MM INDICATES DATA IS MISSING.
T  INDICATES TRACE AMOUNT.

&&

SNOW DEPTH IS MEASURED AT 3AM AKST/4AM AKDT.

----------------------------
AVAILABLE DAYLIGHT

AMOUNT OF DAYLIGHT TODAY  (HOUR:MIN)........6:16
GAIN/LOSS SINCE YESTERDAY (HOUR:MIN:SEC)....-0:05:14

$$
SDB NOV 17
