082
CDAK49 PAFG 261003
CLIMCG

CLIMATE REPORT
NATIONAL WEATHER SERVICE FAIRBANKS AK
203 AM AKDT TUE SEP 26 2017


...................................

...THE MCGRATH AK CLIMATE SUMMARY FOR SEPTEMBER 25 2017...

CLIMATE NORMAL PERIOD 1981 TO 2010
CLIMATE RECORD PERIOD 1946 TO 2017


WEATHER ITEM   OBSERVED TIME   RECORD YEAR NORMAL DEPARTURE LAST
                VALUE   (LST)  VALUE       VALUE  FROM      YEAR
                                                  NORMAL
..................................................................
TEMPERATURE (F)
 YESTERDAY
  MAXIMUM         55    435 PM  65    1976  48      7       46
  MINIMUM         39   1159 PM   9    1992  32      7       28
  AVERAGE         47                        40      7       37

PRECIPITATION (IN)
  YESTERDAY        0.00          0.72 2013   0.08  -0.08      T
  MONTH TO DATE    1.65                      2.10  -0.45     5.08
  SINCE SEP 1      1.65                      2.10  -0.45     5.08
  SINCE JAN 1     12.02                     13.47  -1.45    17.91

SNOWFALL (IN)
  YESTERDAY        0.0           2.5  1996   0.1   -0.1      0.0
  MONTH TO DATE    0.0                       0.9   -0.9      0.0
  SINCE SEP 1      0.0                       0.9   -0.9      0.0
  SINCE JUL 1      0.0                       0.9   -0.9      0.0
  SNOW DEPTH       0

DEGREE DAYS
 HEATING
  YESTERDAY       18                        25     -7       28
  MONTH TO DATE  401                       478    -77      423
  SINCE SEP 1    401                       478    -77      423
  SINCE JUL 1    754                       969   -215      699

 COOLING
  YESTERDAY        0                         0      0        0
  MONTH TO DATE    0                         0      0        0
  SINCE SEP 1      0                         0      0        0
  SINCE JAN 1     37                        20     17       29
..................................................................


WIND (MPH)
  HIGHEST GUST SPEED    12   HIGHEST GUST DIRECTION     S (190)


SKY COVER
  AVERAGE SKY COVER 0.8


WEATHER CONDITIONS
 THE FOLLOWING WEATHER WAS RECORDED YESTERDAY.
  NO SIGNIFICANT WEATHER WAS OBSERVED.


RELATIVE HUMIDITY (PERCENT)
 HIGHEST    92
 LOWEST     54
 AVERAGE    73

..........................................................


THE MCGRATH AK CLIMATE NORMALS FOR TODAY
                         NORMAL    RECORD    YEAR
 MAXIMUM TEMPERATURE (F)   47        60      2012
                                             1979
                                             1966
 MINIMUM TEMPERATURE (F)   32         9      1983


SUNRISE AND SUNSET
SEPTEMBER 26 2017.....SUNRISE   818 AM AKDT  SUNSET   808 PM AKDT
SEPTEMBER 27 2017.....SUNRISE   821 AM AKDT  SUNSET   805 PM AKDT

-  INDICATES NEGATIVE NUMBERS.
R  INDICATES RECORD WAS SET OR TIED.
MM INDICATES DATA IS MISSING.
T  INDICATES TRACE AMOUNT.

&&

SNOW DEPTH IS MEASURED AT 3AM AKST/4AM AKDT.

----------------------------
AVAILABLE DAYLIGHT

AMOUNT OF DAYLIGHT TODAY  (HOUR:MIN)........11:49
GAIN/LOSS SINCE YESTERDAY (HOUR:MIN:SEC)....-0:06:05

$$
CCC SEP 17
