000
CDAK49 PAMC 292314
CLIMCG

CLIMATE REPORT
NATIONAL WEATHER SERVICE MCGRATH, AK
314 PM AKDT MON JUN 29 2015

...................................
...THE MCGRATH AIRPORT CLIMATE SUMMARY FOR JUNE 29 2015...
VALID TODAY AS OF 2:00 PM LOCAL TIME

CLIMATE NORMAL PERIOD  1981 TO  2010
CLIMATE RECORD PERIOD  1940 TO  2015

WEATHER ITEM   OBSERVED TIME    RECORD YEAR NORMAL DEPARTURE LAST
               VALUE    (LST)   VALUE       VALUE  FROM      YEAR
                                                   NORMAL
...................................................................
TEMPERATURE
TODAY
 MAXIMUM            75  0146 PM    86  1990     71       4     64
 MINIMUM            47  0530 AM    38  1979     50      -3     52
 AVERAGE            61                          61       0     58

PRECIPITATION
(INCHES)
 TODAY            0.00           0.65  2008   0.06   -0.06   0.04
 MONTH TO DATE    1.02                        1.46   -0.44   1.52
 SINCE JUN 1      1.02                        1.46   -0.44   1.52
 SINCE JAN 1      2.36                        6.13   -3.77   4.25

SNOWFALL
(INCHES)
 TODAY             0.0            0.0  2015    0.0     0.0    0.0
 MONTH TO DATE     0.0                         0.0     0.0    0.0
 SINCE JUN 1       0.0                         0.0     0.0    0.0
 SINCE JUL 1      41.6                        97.3   -55.7   47.1
 SNOW DEPTH (IN)     0                                          0

DEGREE DAYS
 HEATING
  TODAY              4                           5      -1      7
  MONTH TO DATE    189                         229     -40    298
  SINCE JUN 1      189                         229     -40    298
  SINCE JUL 1    11982                       13750   -1768  12192

 COOLING
  TODAY              0                           1      -1      0
  MONTH TO DATE     26                           4      22      0
  SINCE JUN 1       26                           4      22      0
  SINCE JAN 1       26                           4      22      0
...................................................................

WIND (MPH)
 HIGHEST WIND SPEED     7     HIGHEST WIND DIRECTION     80
 HIGHEST GUST SPEED     9     HIGHEST GUST DIRECTION     70

WEATHER CONDITIONS
 THE FOLLOWING WEATHER WAS RECORDED TODAY.
 NO SIGNIFICANT WEATHER WAS OBSERVED.
...................................................................

THE MCGRATH CLIMATE NORMALS FOR TOMORROW
                        NORMAL    RECORD   YEAR
 MAXIMUM TEMPERATURE      71        87     1998
 MINIMUM TEMPERATURE      51        35     1949

SUNRISE AND SUNSET
 JUN 29 2015..........SUNRISE  4:22 AM      SUNSET 12:30 AM
 JUN 30 2015..........SUNRISE  4:23 AM      SUNSET 12:29 AM

-  INDICATES NEGATIVE NUMBERS.
R  INDICATES RECORD HAS BEEN SET OR TIED.
MM INDICATES DATA IS MISSING.
T  INDICATES TRACE OF PRECIPITATION.

&&
-------------------------------------------------------------------

AMOUNT OF DAYLIGHT TODAY  (HOUR:MIN)........20 HOURS 8 MINUTES
LOSS SINCE YESTERDAY (HOUR:MIN:SEC)....-0:01:56

$$
ADJ JUN 15
