624
CDAK49 PAMC 271115
CLIMCG

CLIMATE REPORT
NATIONAL WEATHER SERVICE MCGRATH, AK
315 AM AKDT WED JUL 27 2016

...................................
...THE MCGRATH AIRPORT CLIMATE SUMMARY FOR JULY 26 2016...

CLIMATE NORMAL PERIOD  1981 TO  2010
CLIMATE RECORD PERIOD  1940 TO  2016

WEATHER ITEM   OBSERVED TIME    RECORD YEAR NORMAL DEPARTURE LAST
               VALUE    (LST)   VALUE       VALUE  FROM      YEAR
                                                   NORMAL
...................................................................
TEMPERATURE
YESTERDAY
 MAXIMUM            72  0505 PM    87  1953     68       4     64
 MINIMUM            52  0402 AM    42  2014     50       2     53
 AVERAGE            62                          59       3     59

PRECIPITATION
(INCHES)
 YESTERDAY        0.03           0.95  2003   0.08   -0.05   0.08
 MONTH TO DATE    3.13                        1.94    1.19   2.96
 SINCE JUN 1      5.54                        3.46    2.08   4.04
 SINCE JAN 1      8.35                        8.13    0.22   5.38

SNOWFALL
(INCHES)
 YESTERDAY         0.0            0.0  2016    0.0     0.0    0.0
 MONTH TO DATE     0.0                         0.0     0.0    0.0
 SINCE JUN 1       0.0                         0.0     0.0    0.0
 SINCE JUL 1       0.0                         0.0     0.0    0.0
 SNOW DEPTH (IN)     0                                          0

DEGREE DAYS
 HEATING
  YESTERDAY          3                           6      -3      6
  MONTH TO DATE    105                         137     -32     MM
  SINCE JUN 1      295                         371     -76    945
  SINCE JUL 1      105                         137     -32     MM

 COOLING
  YESTERDAY          0                           0       0      0
  MONTH TO DATE     22                          11      11     MM
  SINCE JUN 1       28                          16      12     26
  SINCE JAN 1       28                          16      12     MM
...................................................................

WIND (MPH)
 HIGHEST WIND SPEED    18     HIGHEST WIND DIRECTION    160
 HIGHEST GUST SPEED    28     HIGHEST GUST DIRECTION    170
 AVERAGE WIND SPEED   2.9

WEATHER CONDITIONS
 THE FOLLOWING WEATHER WAS RECORDED YESTERDAY.
 RAIN

...................................................................

THE MCGRATH CLIMATE NORMALS FOR TODAY
                           NORMAL    RECORD   YEAR
 MAXIMUM TEMPERATURE (F)     67        86     1953
 MINIMUM TEMPERATURE (F)     50        36     2014

SUNRISE AND SUNSET
 JUL 27 2016..........SUNRISE  5:29 AM      SUNSET 11:28 PM
 JUL 28 2016..........SUNRISE  5:31 AM      SUNSET 11:25 PM

-  INDICATES NEGATIVE NUMBERS.
R  INDICATES RECORD HAS BEEN SET OR TIED.
MM INDICATES DATA IS MISSING.
T  INDICATES TRACE OF PRECIPITATION.

&&
-------------------------------------------------------------------

AMOUNT OF DAYLIGHT TODAY  (HOUR:MIN)........17 HOURS 59 MINUTES
LOSS SINCE YESTERDAY (HOUR:MIN:SEC)....-0:05:46

$$
SBY JUL 16
