000
CDUS43 KEAX 290634
CLIMCI

CLIMATE REPORT
NATIONAL WEATHER SERVICE KANSAS CITY/PLEASANT HILL MO
133 AM CDT SUN MAY 29 2016


...................................

...THE KANSAS CITY INTERNATIONAL MO CLIMATE SUMMARY FOR MAY 28 2016...

CLIMATE NORMAL PERIOD 1981 TO 2010
CLIMATE RECORD PERIOD 1888 TO 2016


WEATHER ITEM   OBSERVED TIME   RECORD YEAR NORMAL DEPARTURE LAST
                VALUE   (LST)  VALUE       VALUE  FROM      YEAR
                                                  NORMAL
..................................................................
TEMPERATURE (F)
 YESTERDAY
  MAXIMUM         76    411 PM  93    2006  78     -2       72
  MINIMUM         56    205 AM  38    1947  58     -2       62
  AVERAGE         66                        68     -2       67

PRECIPITATION (IN)
  YESTERDAY        0.01          1.71 1975   0.17  -0.16     0.24
  MONTH TO DATE    9.43                      4.73   4.70     9.95
  SINCE MAR 1     19.30                     10.80   8.50    14.12
  SINCE JAN 1     20.46                     13.33   7.13    16.30

SNOWFALL (IN)
  YESTERDAY        0.0           0.0    MM   0.0    0.0      0.0
  MONTH TO DATE    0.0                       0.0    0.0      0.0
  SINCE MAR 1      0.6                       2.6   -2.0       T
  SINCE JUL 1      5.9                      18.8  -12.9     14.2
  SNOW DEPTH       0

DEGREE DAYS
 HEATING
  YESTERDAY        0                         2     -2        0
  MONTH TO DATE  120                       101     19       89
  SINCE MAR 1    805                      1076   -271      895
  SINCE JUL 1   4162                      5121   -959     5109

 COOLING
  YESTERDAY        1                         5     -4        2
  MONTH TO DATE   37                        72    -35       58
  SINCE MAR 1     51                       100    -49       67
  SINCE JAN 1     51                       100    -49       67
..................................................................


WIND (MPH)
  HIGHEST WIND SPEED    20   HIGHEST WIND DIRECTION    SW (230)
  HIGHEST GUST SPEED    25   HIGHEST GUST DIRECTION    SW (230)
  AVERAGE WIND SPEED     9.2


SKY COVER
  POSSIBLE SUNSHINE  MM
  AVERAGE SKY COVER 0.5


WEATHER CONDITIONS
 THE FOLLOWING WEATHER WAS RECORDED YESTERDAY.
  LIGHT RAIN
  FOG


RELATIVE HUMIDITY (PERCENT)
 HIGHEST   100           300 AM
 LOWEST     54           500 PM
 AVERAGE    77

..........................................................


THE KANSAS CITY INTERNATIONAL MO CLIMATE NORMALS FOR TODAY
                         NORMAL    RECORD    YEAR
 MAXIMUM TEMPERATURE (F)   79        98      1934
 MINIMUM TEMPERATURE (F)   58        35      1947


SUNRISE AND SUNSET
MAY 29 2016...........SUNRISE   555 AM CDT   SUNSET   838 PM CDT
MAY 30 2016...........SUNRISE   555 AM CDT   SUNSET   839 PM CDT


-  INDICATES NEGATIVE NUMBERS.
R  INDICATES RECORD WAS SET OR TIED.
MM INDICATES DATA IS MISSING.
T  INDICATES TRACE AMOUNT.


&&

...MISCELLANEOUS CLIMATE DATA FROM YESTERDAY...

LOCATION                HIGH    LOW      PRECIP
ST. JOSEPH               77      59       T
DOWNTOWN KANSAS CITY     78      59       0.00
OLATHE NEW CENTURY       77      57       0.01
OLATHE JO CO EXEC        76      57       0.00
LEES SUMMIT              76      58       0.00
KIRKSVILLE               78      63       0.03
CHILLICOTHE              78      60       0.13
SEDALIA                  80      61       T
NWS PLEASANT HILL MO     78      56       T


THIS PRODUCT...ALONG WITH OTHER WEATHER...HYDROLOGICAL AND CLIMATE
INFORMATION...IS AVAILABLE ON THE WEB AT HTTP://WWW.WEATHER.GOV/EAX
OR AT HTTP://WEATHER.GOV

$$

MJ
