000
CDUS43 KEAX 110659
CLIMCI

CLIMATE REPORT
NATIONAL WEATHER SERVICE KANSAS CITY/PLEASANT HILL MO
1258 AM CST THU FEB 11 2016


...................................

...THE KANSAS CITY INTERNATIONAL MO CLIMATE SUMMARY FOR FEBRUARY 10 2016...

CLIMATE NORMAL PERIOD 1981 TO 2010
CLIMATE RECORD PERIOD 1888 TO 2016


WEATHER ITEM   OBSERVED TIME   RECORD YEAR NORMAL DEPARTURE LAST
                VALUE   (LST)  VALUE       VALUE  FROM      YEAR
                                                  NORMAL
..................................................................
TEMPERATURE (F)
 YESTERDAY
  MAXIMUM         49    420 PM  75    1932  42      7       50
  MINIMUM         17    108 AM  -7    1982  22     -5       28
  AVERAGE         33                        32      1       39

PRECIPITATION (IN)
  YESTERDAY        T             0.46 1953   0.05  -0.05     0.00
  MONTH TO DATE    0.40                      0.48  -0.08     0.39
  SINCE DEC 1      4.40                      3.08   1.32     3.43
  SINCE JAN 1      1.16                      1.55  -0.39     1.59

SNOWFALL (IN)
  YESTERDAY        T             4.0  1988   0.2   -0.2      0.0
  MONTH TO DATE    T                         2.1   -2.1      3.3
  SINCE DEC 1      5.3                      11.5   -6.2      8.2
  SINCE JUL 1      5.3                      12.9   -7.6      8.7
  SNOW DEPTH       0

DEGREE DAYS
 HEATING
  YESTERDAY       32                        33     -1       26
  MONTH TO DATE  307                       342    -35      331
  SINCE DEC 1   2174                      2504   -330     2312
  SINCE JUL 1   2921                      3506   -585     3433

 COOLING
  YESTERDAY        0                         0      0        0
  MONTH TO DATE    0                         0      0        0
  SINCE DEC 1      0                         0      0        0
  SINCE JAN 1      0                         0      0        0
..................................................................


WIND (MPH)
  HIGHEST WIND SPEED    23   HIGHEST WIND DIRECTION    SW (210)
  HIGHEST GUST SPEED    27   HIGHEST GUST DIRECTION     S (200)
  AVERAGE WIND SPEED    10.6


SKY COVER
  POSSIBLE SUNSHINE  MM
  AVERAGE SKY COVER 0.5


WEATHER CONDITIONS
 THE FOLLOWING WEATHER WAS RECORDED YESTERDAY.
  LIGHT SNOW
  HAZE


RELATIVE HUMIDITY (PERCENT)
 HIGHEST    81          1100 PM
 LOWEST     34           400 PM
 AVERAGE    58

..........................................................


THE KANSAS CITY INTERNATIONAL MO CLIMATE NORMALS FOR TODAY
                         NORMAL    RECORD    YEAR
 MAXIMUM TEMPERATURE (F)   42        73      1951
 MINIMUM TEMPERATURE (F)   23       -19      1899


SUNRISE AND SUNSET
FEBRUARY 11 2016......SUNRISE   716 AM CST   SUNSET   551 PM CST
FEBRUARY 12 2016......SUNRISE   715 AM CST   SUNSET   552 PM CST


-  INDICATES NEGATIVE NUMBERS.
R  INDICATES RECORD WAS SET OR TIED.
MM INDICATES DATA IS MISSING.
T  INDICATES TRACE AMOUNT.


&&

...MISCELLANEOUS CLIMATE DATA FROM YESTERDAY...

LOCATION                HIGH    LOW      PRECIP
ST. JOSEPH               48      16       T
DOWNTOWN KANSAS CITY     50      20       0.00
OLATHE NEW CENTURY       51      17       0.00
OLATHE JO CO EXEC        48      18       0.00
LEES SUMMIT              48      20       0.00
KIRKSVILLE               22      10       0.09
CHILLICOTHE              34      17       0.01
SEDALIA                  44      17       T
NWS PLEASANT HILL MO     47      18       0.00


THIS PRODUCT...ALONG WITH OTHER WEATHER...HYDROLOGICAL AND CLIMATE
INFORMATION...IS AVAILABLE ON THE WEB AT HTTP://WWW.WEATHER.GOV/EAX
OR AT HTTP://WEATHER.GOV

$$
