000
CDUS43 KEAX 030639
CLIMCI

CLIMATE REPORT
NATIONAL WEATHER SERVICE KANSAS CITY/PLEASANT HILL MO
1237 AM CST TUE MAR 3 2015


...................................

...THE KANSAS CITY INTERNATIONAL MO CLIMATE SUMMARY FOR MARCH 2 2015...

CLIMATE NORMAL PERIOD 1981 TO 2010
CLIMATE RECORD PERIOD 1888 TO 2015


WEATHER ITEM   OBSERVED TIME   RECORD YEAR NORMAL DEPARTURE LAST
                VALUE   (LST)  VALUE       VALUE  FROM      YEAR
                                                  NORMAL
..................................................................
TEMPERATURE (F)
 YESTERDAY
  MAXIMUM         40    141 PM  80    1901  49     -9        5
  MINIMUM         20    505 AM  -7    1980  29     -9        0
  AVERAGE         30                        39     -9        3

PRECIPITATION (IN)
  YESTERDAY        0.00          1.23 1940   0.06  -0.06     0.11
  MONTH TO DATE    T                         0.12  -0.12     0.28
  SINCE MAR 1      T                         0.12  -0.12     0.28
  SINCE JAN 1      2.18                      2.65  -0.47     2.03

SNOWFALL (IN)
  YESTERDAY        0.0           8.6  1960   0.1   -0.1      2.1
  MONTH TO DATE    T                         0.2   -0.2      3.2
  SINCE MAR 1      T                         0.2   -0.2      3.2
  SINCE JUL 1     14.2                      16.4   -2.2     25.8
  SNOW DEPTH       1

DEGREE DAYS
 HEATING
  YESTERDAY       35                        26      9       62
  MONTH TO DATE   73                        52     21      108
  SINCE MAR 1     73                        52     21      108
  SINCE JUL 1   4287                      4097    190     4674

 COOLING
  YESTERDAY        0                         0      0        0
  MONTH TO DATE    0                         0      0        0
  SINCE MAR 1      0                         0      0        0
  SINCE JAN 1      0                         0      0        0
..................................................................


WIND (MPH)
  HIGHEST WIND SPEED    21   HIGHEST WIND DIRECTION    SE (120)
  HIGHEST GUST SPEED    24   HIGHEST GUST DIRECTION    SE (130)
  AVERAGE WIND SPEED     9.2


SKY COVER
  POSSIBLE SUNSHINE  MM
  AVERAGE SKY COVER 0.8


WEATHER CONDITIONS
 THE FOLLOWING WEATHER WAS RECORDED YESTERDAY.
  NO SIGNIFICANT WEATHER WAS OBSERVED.


RELATIVE HUMIDITY (PERCENT)
 HIGHEST    84           300 AM
 LOWEST     44           200 PM
 AVERAGE    64

..........................................................


THE KANSAS CITY INTERNATIONAL MO CLIMATE NORMALS FOR TODAY
                         NORMAL    RECORD    YEAR
 MAXIMUM TEMPERATURE (F)   50        81      1983
 MINIMUM TEMPERATURE (F)   29        -7      2014


SUNRISE AND SUNSET
MARCH  3 2015.........SUNRISE   649 AM CST   SUNSET   613 PM CST
MARCH  4 2015.........SUNRISE   647 AM CST   SUNSET   614 PM CST


-  INDICATES NEGATIVE NUMBERS.
R  INDICATES RECORD WAS SET OR TIED.
MM INDICATES DATA IS MISSING.
T  INDICATES TRACE AMOUNT.




&&

...MISCELLANEOUS CLIMATE DATA FROM YESTERDAY...

LOCATION                HIGH    LOW      PRECIP
ST. JOSEPH               42      20       0.00
DOWNTOWN KANSAS CITY     41      21       0.00
OLATHE NEW CENTURY       37      17       0.00
OLATHE JO CO EXEC        38      18       0.00
LEES SUMMIT              37      20       0.00
KIRKSVILLE               35      18       0.00
CHILLICOTHE              38      18       0.00
SEDALIA                  36      13       0.00
NWS PLEASANT HILL MO     37      14       0.00


THIS PRODUCT...ALONG WITH OTHER WEATHER...HYDROLOGICAL AND CLIMATE
INFORMATION...IS AVAILABLE ON THE WEB AT HTTP://WWW.CRH.NOAA.GOV/EAX
OR AT HTTP://WEATHER.GOV

$$

73
