360
CDUS43 KGLD 240738 RRA
CLIMCK

CLIMATE REPORT
NATIONAL WEATHER SERVICE GOODLAND
135 AM MDT WED MAY 24 2017

...................................

...THE MCCOOK NE CLIMATE SUMMARY FOR MAY 23 2017...

CLIMATE NORMAL PERIOD 1981 TO 2010
CLIMATE RECORD PERIOD 1896 TO 2017


WEATHER ITEM   OBSERVED TIME   RECORD YEAR NORMAL DEPARTURE LAST
                VALUE   (LST)  VALUE       VALUE  FROM      YEAR
                                                  NORMAL
..................................................................
TEMPERATURE (F)
 YESTERDAY
  MAXIMUM         66    305 PM  97    1950  75     -9       80
  MINIMUM         42   1159 PM  34    1924  48     -6       52
  AVERAGE         54                        62     -8       66

PRECIPITATION (IN)
  YESTERDAY        0.00                      0.11  -0.11     0.19
  MONTH TO DATE    2.83                      2.23   0.60     1.02
  SINCE MAR 1      6.61                      5.90   0.71     7.60
  SINCE JAN 1      7.31                      7.03   0.28     8.61

..................................................................


THE MCCOOK NE CLIMATE NORMALS FOR TODAY
                         NORMAL    RECORD    YEAR
 MAXIMUM TEMPERATURE (F)   76        99      1967
 MINIMUM TEMPERATURE (F)   49        32      1910


-  INDICATES NEGATIVE NUMBERS.
R  INDICATES RECORD WAS SET OR TIED.
MM INDICATES DATA IS MISSING.
T  INDICATES TRACE AMOUNT.


$$
