000
CDUS43 KGLD 030041 RRA
CLIMCK

CLIMATE REPORT
NATIONAL WEATHER SERVICE GOODLAND
636 PM MDT MON MAY 2 2016
...................................

...THE MCCOOK NE CLIMATE SUMMARY FOR MAY 2 2016...
VALID TODAY AS OF 0600 PM LOCAL TIME.

CLIMATE NORMAL PERIOD 1981 TO 2010
CLIMATE RECORD PERIOD 1896 TO 2016

WEATHER ITEM   OBSERVED TIME   RECORD YEAR NORMAL DEPARTURE LAST
                VALUE   (LST)  VALUE       VALUE  FROM      YEAR
                                                  NORMAL
..................................................................
TEMPERATURE (F)
 TODAY
  MAXIMUM         64    425 PM  96    1959  70     -6       89
  MINIMUM         32    548 AM  24    2005  41     -9       51
                                      1989
  AVERAGE         48                        55     -7       70

PRECIPITATION (IN)
  TODAY            0.00                      0.10  -0.10     0.00
  MONTH TO DATE    0.01                      0.19  -0.18     0.00
  SINCE MAR 1      6.59                      3.86   2.73     1.98
  SINCE JAN 1      7.60                      4.99   2.61     2.32

..................................................................

THE MCCOOK NE CLIMATE NORMALS FOR TOMORROW
                         NORMAL    RECORD    YEAR
 MAXIMUM TEMPERATURE (F)   70        96      1949
 MINIMUM TEMPERATURE (F)   41        24      1954

-  INDICATES NEGATIVE NUMBERS.
R  INDICATES RECORD WAS SET OR TIED.
MM INDICATES DATA IS MISSING.
T  INDICATES TRACE AMOUNT.

$$
