000
CDUS43 KGLD 160747
CLIMCK

CLIMATE REPORT
NATIONAL WEATHER SERVICE GOODLAND
140 AM MDT WED APR 16 2014

...................................

...THE MCCOOK NE CLIMATE SUMMARY FOR APRIL 15 2014...

CLIMATE NORMAL PERIOD 1981 TO 2010
CLIMATE RECORD PERIOD 1896 TO 2014


WEATHER ITEM   OBSERVED TIME   RECORD YEAR NORMAL DEPARTURE LAST
                VALUE   (LST)  VALUE       VALUE  FROM      YEAR
                                                  NORMAL
..................................................................
TEMPERATURE (F)
 YESTERDAY
  MAXIMUM         68    517 PM  97    2002  64      4       49
  MINIMUM         24    613 AM  19    1983  34    -10       32
  AVERAGE         46                        49     -3       41

PRECIPITATION (IN)
  YESTERDAY        0.00                      0.08  -0.08     0.00
  MONTH TO DATE    0.78                      0.95  -0.17     0.76
  SINCE MAR 1      1.04                      2.31  -1.27     1.43
  SINCE JAN 1      1.53                      3.44  -1.91     2.60

..................................................................

THE MCCOOK NE CLIMATE NORMALS FOR TODAY
                         NORMAL    RECORD    YEAR
 MAXIMUM TEMPERATURE (F)   65        90      1964
 MINIMUM TEMPERATURE (F)   35        18      1951



-  INDICATES NEGATIVE NUMBERS.
R  INDICATES RECORD WAS SET OR TIED.
MM INDICATES DATA IS MISSING.
T  INDICATES TRACE AMOUNT.




$$
