000
CDUS42 KFFC 230820
CLIMCN


CLIMATE REPORT
NATIONAL WEATHER SERVICE PEACHTREE CITY GA
420 AM EDT TUE SEP 23 2014


...................................

...THE MACON CLIMATE SUMMARY FOR SEPTEMBER 22 2014...

CLIMATE NORMAL PERIOD 1981 TO 2010
CLIMATE RECORD PERIOD 1899 TO 2014


WEATHER ITEM   OBSERVED TIME   RECORD YEAR NORMAL DEPARTURE LAST
                VALUE   (LST)  VALUE       VALUE  FROM      YEAR
                                                  NORMAL
..................................................................
TEMPERATURE (F)
 YESTERDAY
  MAXIMUM         76   1023 AM 100    1925  85     -9       82
  MINIMUM         62   1159 PM  45    1913  62      0       62
  AVERAGE         69                        73     -4       72

PRECIPITATION (IN)
  YESTERDAY        0.60          3.74 1923   0.10   0.50      T
  MONTH TO DATE    2.63                      2.72  -0.09     1.48
  SINCE SEP 1      2.63                      2.72  -0.09     1.48
  SINCE JAN 1     36.56                     34.66   1.90    59.61

DEGREE DAYS
 HEATING
  YESTERDAY        0                         0      0        0
  MONTH TO DATE    0                         0      0        0
  SINCE SEP 1      0                         0      0        0
  SINCE JUL 1      0                         0      0        0

 COOLING
  YESTERDAY        4                         8     -4        7
  MONTH TO DATE  299                       249     50      268
  SINCE SEP 1    299                       249     50      268
  SINCE JAN 1   1897                      1993    -96     1743
..................................................................


WIND (MPH)
  RESULTANT WIND SPEED   2   RESULTANT WIND DIRECTION  NW (310)
  HIGHEST WIND SPEED    14   HIGHEST WIND DIRECTION    NW (310)
  HIGHEST GUST SPEED    17   HIGHEST GUST DIRECTION    NW (320)
  AVERAGE WIND SPEED     3.8


SKY COVER
  AVERAGE SKY COVER 0.6


WEATHER CONDITIONS
 THE FOLLOWING WEATHER WAS RECORDED YESTERDAY.
  THUNDERSTORM
  RAIN
  LIGHT RAIN
  FOG


RELATIVE HUMIDITY (PERCENT)
 HIGHEST   100           700 PM
 LOWEST     74          1100 AM
 AVERAGE    87

..........................................................


THE MACON CLIMATE NORMALS FOR TODAY
                         NORMAL    RECORD    YEAR
 MAXIMUM TEMPERATURE (F)   84        98      1970
                                             1925
 MINIMUM TEMPERATURE (F)   61        46      1999


SUNRISE AND SUNSET
SEPTEMBER 23 2014.....SUNRISE   723 AM EDT   SUNSET   730 PM EDT
SEPTEMBER 24 2014.....SUNRISE   724 AM EDT   SUNSET   729 PM EDT


-  INDICATES NEGATIVE NUMBERS.
R  INDICATES RECORD WAS SET OR TIED.
MM INDICATES DATA IS MISSING.
T  INDICATES TRACE AMOUNT.




$$
