000
CDUS42 KFFC 080023
CLIMCN


CLIMATE REPORT
NATIONAL WEATHER SERVICE PEACHTREE CITY GA
822 PM EDT TUE JUL 7 2015


...................................

...THE MACON CLIMATE SUMMARY FOR JULY 7 2015...
VALID AS OF 0800 PM LOCAL TIME.

CLIMATE NORMAL PERIOD 1981 TO 2010
CLIMATE RECORD PERIOD 1899 TO 2015


WEATHER ITEM   OBSERVED TIME   RECORD YEAR NORMAL DEPARTURE LAST
                VALUE   (LST)  VALUE       VALUE  FROM      YEAR
                                                  NORMAL
..................................................................
TEMPERATURE (F)
 TODAY
  MAXIMUM         95    430 PM 104    1990  92      3       91
  MINIMUM         68    614 AM  58    1988  71     -3       69
  AVERAGE         82                        82      0       80

PRECIPITATION (IN)
  TODAY            0.00          1.54 1927   0.16  -0.16     0.00
  MONTH TO DATE    0.33                      1.09  -0.76     0.00
  SINCE JUN 1      4.11                      5.15  -1.04     5.65
  SINCE JAN 1     20.61                     23.98  -3.37    27.84

DEGREE DAYS
 COOLING
  TODAY           17                        17      0       15
  MONTH TO DATE  104                       113     -9      105
  SINCE JUN 1    585                       532     53      520
  SINCE JAN 1    970                       845    125      798
..................................................................


WIND (MPH)
  HIGHEST WIND SPEED    13   HIGHEST WIND DIRECTION     E (100)
  HIGHEST GUST SPEED    MM   HIGHEST GUST DIRECTION    NW (330)
  AVERAGE WIND SPEED     2.9


SKY COVER
  AVERAGE SKY COVER 0.2


WEATHER CONDITIONS
 THE FOLLOWING WEATHER WAS RECORDED TODAY.
  FOG


RELATIVE HUMIDITY (PERCENT)
 HIGHEST    97           400 AM
 LOWEST     41           500 PM

..........................................................


THE MACON CLIMATE NORMALS FOR TOMORROW
                         NORMAL    RECORD
 MAXIMUM TEMPERATURE (F)   93       102
 MINIMUM TEMPERATURE (F)   71        59


SUNRISE AND SUNSET
JULY  7 2015..........SUNRISE   633 AM EDT   SUNSET   846 PM EDT
JULY  8 2015..........SUNRISE   634 AM EDT   SUNSET   846 PM EDT


-  INDICATES NEGATIVE NUMBERS.
R  INDICATES RECORD WAS SET OR TIED.
MM INDICATES DATA IS MISSING.
T  INDICATES TRACE AMOUNT.




$$
