000
CDUS42 KFFC 250818
CLIMCN


CLIMATE REPORT
NATIONAL WEATHER SERVICE PEACHTREE CITY GA
418 AM EDT SUN JUN 25 2017


...................................

...THE MACON CLIMATE SUMMARY FOR JUNE 24 2017...

CLIMATE NORMAL PERIOD 1981 TO 2010
CLIMATE RECORD PERIOD 1899 TO 2017


WEATHER ITEM   OBSERVED TIME   RECORD YEAR NORMAL DEPARTURE LAST
                VALUE   (LST)  VALUE       VALUE  FROM      YEAR
                                                  NORMAL
..................................................................
TEMPERATURE (F)
 YESTERDAY
  MAXIMUM         88   1238 PM 101    1988  91     -3      100
                                      1930
  MINIMUM         74    538 AM  53    1947  69      5       69
  AVERAGE         81                        80      1       85

PRECIPITATION (IN)
  YESTERDAY        0.17          1.99 1912   0.15   0.02     0.00
  MONTH TO DATE    4.55                      3.19   1.36     1.22
  SINCE JUN 1      4.55                      3.19   1.36     1.22
  SINCE JAN 1     28.28                     22.02   6.26    19.18

DEGREE DAYS
 HEATING
  YESTERDAY        0                         0      0        0
  MONTH TO DATE    0                         0      0        0
  SINCE JUN 1      0                         0      0        0
  SINCE JUL 1   1480                      2322   -842     1798

 COOLING
  YESTERDAY       16                        15      1       20
  MONTH TO DATE  315                       325    -10      385
  SINCE JUN 1    315                       325    -10      385
  SINCE JAN 1    760                       638    122      737
..................................................................


WIND (MPH)
  RESULTANT WIND SPEED   5   RESULTANT WIND DIRECTION  SW (240)
  HIGHEST WIND SPEED    20   HIGHEST WIND DIRECTION    NW (310)
  HIGHEST GUST SPEED    26   HIGHEST GUST DIRECTION    NW (320)
  AVERAGE WIND SPEED     5.6


SKY COVER
  AVERAGE SKY COVER 0.7


WEATHER CONDITIONS
 THE FOLLOWING WEATHER WAS RECORDED YESTERDAY.
  THUNDERSTORM
  LIGHT RAIN
  FOG


RELATIVE HUMIDITY (PERCENT)
 HIGHEST    91           500 PM
 LOWEST     65          1200 PM
 AVERAGE    78

..........................................................


THE MACON CLIMATE NORMALS FOR TODAY
                         NORMAL    RECORD    YEAR
 MAXIMUM TEMPERATURE (F)   92       103      2016
                                             1914
 MINIMUM TEMPERATURE (F)   69        59      1990


SUNRISE AND SUNSET
JUNE 25 2017..........SUNRISE   628 AM EDT   SUNSET   846 PM EDT
JUNE 26 2017..........SUNRISE   629 AM EDT   SUNSET   846 PM EDT


-  INDICATES NEGATIVE NUMBERS.
R  INDICATES RECORD WAS SET OR TIED.
MM INDICATES DATA IS MISSING.
T  INDICATES TRACE AMOUNT.




$$
