000
CDUS42 KFFC 310821
CLIMCN


CLIMATE REPORT
NATIONAL WEATHER SERVICE PEACHTREE CITY GA
420 AM EDT TUE MAY 31 2016


...................................

...THE MACON CLIMATE SUMMARY FOR MAY 30 2016...

CLIMATE NORMAL PERIOD 1981 TO 2010
CLIMATE RECORD PERIOD 1899 TO 2016


WEATHER ITEM   OBSERVED TIME   RECORD YEAR NORMAL DEPARTURE LAST
                VALUE   (LST)  VALUE       VALUE  FROM      YEAR
                                                  NORMAL
..................................................................
TEMPERATURE (F)
 YESTERDAY
  MAXIMUM         93    410 PM  98    1898  88      5       90
  MINIMUM         63    516 AM  49    1984  64     -1       63
  AVERAGE         78                        76      2       77

PRECIPITATION (IN)
  YESTERDAY        0.00          1.49 1950   0.11  -0.11     0.00
  MONTH TO DATE    1.96                      2.60  -0.64     1.15
  SINCE MAR 1     12.23                     10.11   2.12     9.70
  SINCE JAN 1     17.96                     18.71  -0.75    16.50

DEGREE DAYS
 HEATING
  YESTERDAY        0                         0      0        0
  MONTH TO DATE   11                        11      0        6
  SINCE MAR 1    268                       393   -125      258
  SINCE JUL 1   1798                      2318   -520     2471

 COOLING
  YESTERDAY       13                        11      2       12
  MONTH TO DATE  217                       217      0      246
  SINCE MAR 1    336                       298     38      370
  SINCE JAN 1    337                       301     36      370
..................................................................


WIND (MPH)
  RESULTANT WIND SPEED   2   RESULTANT WIND DIRECTION   N (350)
  HIGHEST WIND SPEED    13   HIGHEST WIND DIRECTION     N (360)
  HIGHEST GUST SPEED    18   HIGHEST GUST DIRECTION     N (340)
  AVERAGE WIND SPEED     2.5


SKY COVER
  AVERAGE SKY COVER 0.1


WEATHER CONDITIONS
 THE FOLLOWING WEATHER WAS RECORDED YESTERDAY.
  NO SIGNIFICANT WEATHER WAS OBSERVED.


RELATIVE HUMIDITY (PERCENT)
 HIGHEST    93           200 AM
 LOWEST     34           300 PM
 AVERAGE    64

..........................................................


THE MACON CLIMATE NORMALS FOR TODAY
                         NORMAL    RECORD    YEAR
 MAXIMUM TEMPERATURE (F)   88        99      1953
                                             1898
 MINIMUM TEMPERATURE (F)   64        48      1984


SUNRISE AND SUNSET
MAY 31 2016...........SUNRISE   628 AM EDT   SUNSET   837 PM EDT
JUNE  1 2016..........SUNRISE   628 AM EDT   SUNSET   838 PM EDT


-  INDICATES NEGATIVE NUMBERS.
R  INDICATES RECORD WAS SET OR TIED.
MM INDICATES DATA IS MISSING.
T  INDICATES TRACE AMOUNT.




$$
