000
CDUS42 KFFC 180919
CLIMCN


CLIMATE REPORT
NATIONAL WEATHER SERVICE PEACHTREE CITY GA
418 AM EST WED JAN 18 2017


...................................

...THE MACON CLIMATE SUMMARY FOR JANUARY 17 2017...

CLIMATE NORMAL PERIOD 1981 TO 2010
CLIMATE RECORD PERIOD 1899 TO 2017


WEATHER ITEM   OBSERVED TIME   RECORD YEAR NORMAL DEPARTURE LAST
                VALUE   (LST)  VALUE       VALUE  FROM      YEAR
                                                  NORMAL
..................................................................
TEMPERATURE (F)
 YESTERDAY
  MAXIMUM         77    401 PM  78    1928  58     19       55
  MINIMUM         48    634 AM   9    1977  35     13       35
  AVERAGE         63                        46     17       45

PRECIPITATION (IN)
  YESTERDAY        0.00          3.90 1943   0.14  -0.14     0.11
  MONTH TO DATE    7.83                      2.24   5.59     1.17
  SINCE DEC 1     13.78                      6.28   7.50    13.79
  SINCE JAN 1      7.83                      2.24   5.59     1.17

SNOWFALL (IN)
  YESTERDAY        0.0           0.0  2002   0.0    0.0      0.0
  MONTH TO DATE    0.0                       0.3   -0.3      0.0
  SINCE DEC 1      0.0                       0.4   -0.4      0.0
  SINCE JUL 1      0.0                       0.4   -0.4      0.0
  SNOW DEPTH       0

DEGREE DAYS
 HEATING
  YESTERDAY        2                        19    -17       20
  MONTH TO DATE  206                       323   -117      325
  SINCE DEC 1    597                       853   -256      556
  SINCE JUL 1    839                      1248   -409      828

 COOLING
  YESTERDAY        0                         0      0        0
  MONTH TO DATE    0                         0      0        0
  SINCE DEC 1      2                         3     -1       42
  SINCE JAN 1      0                         0      0        0
..................................................................


WIND (MPH)
  RESULTANT WIND SPEED   4   RESULTANT WIND DIRECTION   S (200)
  HIGHEST WIND SPEED    17   HIGHEST WIND DIRECTION    SW (240)
  HIGHEST GUST SPEED    23   HIGHEST GUST DIRECTION    SW (240)
  AVERAGE WIND SPEED     5.6


SKY COVER
  AVERAGE SKY COVER 0.3


WEATHER CONDITIONS
 THE FOLLOWING WEATHER WAS RECORDED YESTERDAY.
  FOG
  FOG W/VISIBILITY <= 1/4 MILE


RELATIVE HUMIDITY (PERCENT)
 HIGHEST   100           800 AM
 LOWEST     50           200 PM
 AVERAGE    75

..........................................................


THE MACON CLIMATE NORMALS FOR TODAY
                         NORMAL    RECORD    YEAR
 MAXIMUM TEMPERATURE (F)   58        78      1907
 MINIMUM TEMPERATURE (F)   35        16      2003
                                             1976


SUNRISE AND SUNSET
JANUARY 18 2017.......SUNRISE   736 AM EST   SUNSET   554 PM EST
JANUARY 19 2017.......SUNRISE   736 AM EST   SUNSET   555 PM EST


-  INDICATES NEGATIVE NUMBERS.
R  INDICATES RECORD WAS SET OR TIED.
MM INDICATES DATA IS MISSING.
T  INDICATES TRACE AMOUNT.




$$
