000
CDUS42 KFFC 230817
CLIMCN


CLIMATE REPORT
NATIONAL WEATHER SERVICE PEACHTREE CITY GA
417 AM EDT SAT AUG 23 2014


...................................

...THE MACON CLIMATE SUMMARY FOR AUGUST 22 2014...

CLIMATE NORMAL PERIOD 1981 TO 2010
CLIMATE RECORD PERIOD 1899 TO 2014


WEATHER ITEM   OBSERVED TIME   RECORD YEAR NORMAL DEPARTURE LAST
                VALUE   (LST)  VALUE       VALUE  FROM      YEAR
                                                  NORMAL
..................................................................
TEMPERATURE (F)
 YESTERDAY
  MAXIMUM         99    237 PM 103    1968  91      8       91
  MINIMUM         69    622 AM  58    1930  70     -1       69
                                      1918
  AVERAGE         84                        80      4       80

PRECIPITATION (IN)
  YESTERDAY        0.00          2.09 2004   0.13  -0.13     0.02
  MONTH TO DATE    0.92                      2.89  -1.97     8.05
  SINCE JUN 1     11.61                     11.90  -0.29    27.29
  SINCE JAN 1     33.80                     30.73   3.07    55.98

DEGREE DAYS
 HEATING
  YESTERDAY        0                         0      0        0
  MONTH TO DATE    0                         0      0        0
  SINCE JUN 1      0                         0      0        0
  SINCE JUL 1      0                         0      0        0

 COOLING
  YESTERDAY       19                        15      4       15
  MONTH TO DATE  332                       360    -28      308
  SINCE JUN 1   1186                      1300   -114     1153
  SINCE JAN 1   1464                      1613   -149     1363
..................................................................


WIND (MPH)
  RESULTANT WIND SPEED   1   RESULTANT WIND DIRECTION   N (350)
  HIGHEST WIND SPEED    13   HIGHEST WIND DIRECTION     N (350)
  HIGHEST GUST SPEED    28   HIGHEST GUST DIRECTION    SE (150)
  AVERAGE WIND SPEED     2.8


SKY COVER
  AVERAGE SKY COVER 0.1


WEATHER CONDITIONS
 THE FOLLOWING WEATHER WAS RECORDED YESTERDAY.
  NO SIGNIFICANT WEATHER WAS OBSERVED.


RELATIVE HUMIDITY (PERCENT)
 HIGHEST   100           400 AM
 LOWEST     40           500 PM
 AVERAGE    70

..........................................................


THE MACON CLIMATE NORMALS FOR TODAY
                         NORMAL    RECORD    YEAR
 MAXIMUM TEMPERATURE (F)   91       104      1968
 MINIMUM TEMPERATURE (F)   70        59      1930


SUNRISE AND SUNSET
AUGUST 23 2014........SUNRISE   703 AM EDT   SUNSET   810 PM EDT
AUGUST 24 2014........SUNRISE   704 AM EDT   SUNSET   809 PM EDT


-  INDICATES NEGATIVE NUMBERS.
R  INDICATES RECORD WAS SET OR TIED.
MM INDICATES DATA IS MISSING.
T  INDICATES TRACE AMOUNT.




$$
