000
CDUS42 KFFC 170818
CLIMCN


CLIMATE REPORT
NATIONAL WEATHER SERVICE PEACHTREE CITY GA
417 AM EDT TUE OCT 17 2017


...................................

...THE MACON CLIMATE SUMMARY FOR OCTOBER 16 2017...

CLIMATE NORMAL PERIOD 1981 TO 2010
CLIMATE RECORD PERIOD 1899 TO 2017


WEATHER ITEM   OBSERVED TIME   RECORD YEAR NORMAL DEPARTURE LAST
                VALUE   (LST)  VALUE       VALUE  FROM      YEAR
                                                  NORMAL
..................................................................
TEMPERATURE (F)
 YESTERDAY
  MAXIMUM         78    156 PM  88    2015  77      1       84
                                      1971
  MINIMUM         62   1156 PM  35    1987  52     10       60
  AVERAGE         70                        65      5       72

PRECIPITATION (IN)
  YESTERDAY        0.00          1.20 1922   0.09  -0.09     0.00
  MONTH TO DATE    1.05                      1.52  -0.47     0.20
  SINCE SEP 1      4.92                      5.11  -0.19     2.38
  SINCE JAN 1     42.45                     37.05   5.40    26.60

DEGREE DAYS
 HEATING
  YESTERDAY        0                         3     -3        0
  MONTH TO DATE    0                        30    -30        7
  SINCE SEP 1      1                        36    -35        7
  SINCE JUL 1      1                        36    -35        7

 COOLING
  YESTERDAY        5                         3      2        7
  MONTH TO DATE  171                        67    104       89
  SINCE SEP 1    474                       373    101      505
  SINCE JAN 1   2336                      2117    219     2532
..................................................................


WIND (MPH)
  RESULTANT WIND SPEED   5   RESULTANT WIND DIRECTION   N (340)
  HIGHEST WIND SPEED    22   HIGHEST WIND DIRECTION    NE (60)
  HIGHEST GUST SPEED    27   HIGHEST GUST DIRECTION    NE (60)
  AVERAGE WIND SPEED     7.1


SKY COVER
  AVERAGE SKY COVER 0.3


WEATHER CONDITIONS
 THE FOLLOWING WEATHER WAS RECORDED YESTERDAY.
  NO SIGNIFICANT WEATHER WAS OBSERVED.


RELATIVE HUMIDITY (PERCENT)
 HIGHEST   100           200 AM
 LOWEST     43           300 PM
 AVERAGE    72

..........................................................


THE MACON CLIMATE NORMALS FOR TODAY
                         NORMAL    RECORD    YEAR
 MAXIMUM TEMPERATURE (F)   77        89      1972
                                             1925
 MINIMUM TEMPERATURE (F)   52        36      2001
                                             1954


SUNRISE AND SUNSET
OCTOBER 17 2017.......SUNRISE   740 AM EDT   SUNSET   659 PM EDT
OCTOBER 18 2017.......SUNRISE   741 AM EDT   SUNSET   658 PM EDT


-  INDICATES NEGATIVE NUMBERS.
R  INDICATES RECORD WAS SET OR TIED.
MM INDICATES DATA IS MISSING.
T  INDICATES TRACE AMOUNT.




$$
