000
CDUS42 KFFC 300835
CLIMCN


CLIMATE REPORT
NATIONAL WEATHER SERVICE PEACHTREE CITY GA
434 AM EDT THU MAR 30 2017


...................................

...THE MACON CLIMATE SUMMARY FOR MARCH 29 2017...

CLIMATE NORMAL PERIOD 1981 TO 2010
CLIMATE RECORD PERIOD 1899 TO 2017


WEATHER ITEM   OBSERVED TIME   RECORD YEAR NORMAL DEPARTURE LAST
                VALUE   (LST)  VALUE       VALUE  FROM      YEAR
                                                  NORMAL
..................................................................
TEMPERATURE (F)
 YESTERDAY
  MAXIMUM         88R   239 PM  87    1907  73     15       75
  MINIMUM         56    657 AM  27    2015  47      9       41
  AVERAGE         72                        60     12       58

PRECIPITATION (IN)
  YESTERDAY        0.00          4.28 1991   0.15  -0.15     0.00
  MONTH TO DATE    1.29                      4.28  -2.99     2.59
  SINCE MAR 1      1.29                      4.28  -2.99     2.59
  SINCE JAN 1     14.49                     12.88   1.61     8.32

SNOWFALL (IN)
  YESTERDAY        0.0           0.0  2002   0.0    0.0      0.0
                                      2001
                                      2000
  MONTH TO DATE    0.0                       0.2   -0.2      0.0
  SINCE MAR 1      0.0                       0.2   -0.2      0.0
  SINCE JUL 1      0.0                       0.7   -0.7       T
  SNOW DEPTH       0

DEGREE DAYS
 HEATING
  YESTERDAY        0                         6     -6        7
  MONTH TO DATE  237                       260    -23      157
  SINCE MAR 1    237                       260    -23      157
  SINCE JUL 1   1424                      2185   -761     1687

 COOLING
  YESTERDAY        7                         1      6        0
  MONTH TO DATE   45                        18     27       46
  SINCE MAR 1     45                        18     27       46
  SINCE JAN 1     56                        21     35       47
..................................................................


WIND (MPH)
  RESULTANT WIND SPEED   1   RESULTANT WIND DIRECTION  SE (140)
  HIGHEST WIND SPEED    16   HIGHEST WIND DIRECTION    SW (220)
  HIGHEST GUST SPEED    22   HIGHEST GUST DIRECTION    SW (210)
  AVERAGE WIND SPEED     3.2


SKY COVER
  AVERAGE SKY COVER 0.2


WEATHER CONDITIONS
 THE FOLLOWING WEATHER WAS RECORDED YESTERDAY.
  FOG


RELATIVE HUMIDITY (PERCENT)
 HIGHEST   100           600 AM
 LOWEST     37           300 PM
 AVERAGE    69

..........................................................


THE MACON CLIMATE NORMALS FOR TODAY
                         NORMAL    RECORD    YEAR
 MAXIMUM TEMPERATURE (F)   73        89      1907
 MINIMUM TEMPERATURE (F)   47        30      1964


SUNRISE AND SUNSET
MARCH 30 2017.........SUNRISE   725 AM EDT   SUNSET   753 PM EDT
MARCH 31 2017.........SUNRISE   724 AM EDT   SUNSET   754 PM EDT


-  INDICATES NEGATIVE NUMBERS.
R  INDICATES RECORD WAS SET OR TIED.
MM INDICATES DATA IS MISSING.
T  INDICATES TRACE AMOUNT.




$$
