000
CDUS42 KMLB 230635
CLIMCO


CLIMATE REPORT
NATIONAL WEATHER SERVICE MELBOURNE FL
235 AM EDT SAT JUL 23 2016


...................................

...THE ORLANDO  CLIMATE SUMMARY FOR JULY 22 2016...

CLIMATE NORMAL PERIOD 1981 TO 2010
CLIMATE RECORD PERIOD 1892 TO 2016


WEATHER ITEM   OBSERVED TIME   RECORD YEAR NORMAL DEPARTURE LAST
                VALUE   (LST)  VALUE       VALUE  FROM      YEAR
                                                  NORMAL
..................................................................
TEMPERATURE (F)
 YESTERDAY
  MAXIMUM         93    125 PM  97    1908  92      1       93
                                      1907
                                      1903
  MINIMUM         73   1159 PM  66    1938  74     -1       76
  AVERAGE         83                        83      0       85

PRECIPITATION (IN)
  YESTERDAY        T             1.88 2011   0.24  -0.24     0.03
  MONTH TO DATE    2.54                      5.10  -2.56     3.29
  SINCE JUN 1     10.25                     12.68  -2.43    10.08
  SINCE JAN 1     30.34                     27.31   3.03    24.07

SNOWFALL (IN)
  YESTERDAY        0.0
  MONTH TO DATE    0.0
  SINCE JUN 1      0.0
  SINCE JUL 1      0.0

DEGREE DAYS
 HEATING
  YESTERDAY        0                         0      0        0
  MONTH TO DATE    0                         0      0        0
  SINCE JUN 1      0                         0      0        0
  SINCE JUL 1      0                         0      0        0

 COOLING
  YESTERDAY       18                        18      0       20
  MONTH TO DATE  454                       388     66      420
  SINCE JUN 1    993                       878    115      966
  SINCE JAN 1   1908                      1679    229     2146
..................................................................


WIND (MPH)
  HIGHEST WIND SPEED    24   HIGHEST WIND DIRECTION     S (200)
  HIGHEST GUST SPEED    30   HIGHEST GUST DIRECTION     S (190)
  AVERAGE WIND SPEED     4.2


SKY COVER
  AVERAGE SKY COVER 0.6


WEATHER CONDITIONS
 THE FOLLOWING WEATHER WAS RECORDED YESTERDAY.
  THUNDERSTORM
  LIGHT RAIN


RELATIVE HUMIDITY (PERCENT)
 HIGHEST    91          1200 AM
 LOWEST     49           100 PM
 AVERAGE    70

..........................................................


THE ORLANDO  CLIMATE NORMALS FOR TODAY
                         NORMAL    RECORD    YEAR
 MAXIMUM TEMPERATURE (F)   92        98      1962
 MINIMUM TEMPERATURE (F)   74        65      1909


SUNRISE AND SUNSET
JULY 23 2016..........SUNRISE   642 AM EDT   SUNSET   821 PM EDT
JULY 24 2016..........SUNRISE   643 AM EDT   SUNSET   820 PM EDT


-  INDICATES NEGATIVE NUMBERS.
R  INDICATES RECORD WAS SET OR TIED.
MM INDICATES DATA IS MISSING.
T  INDICATES TRACE AMOUNT.




$$
