000
CDUS42 KMLB 172017
CLIMCO


CLIMATE REPORT
NATIONAL WEATHER SERVICE MELBOURNE
416 PM EDT THU APR 17 2014


...................................

...THE ORLANDO  CLIMATE SUMMARY FOR APRIL 17 2014...
VALID TODAY AS OF 0400 PM LOCAL TIME.

CLIMATE NORMAL PERIOD 1981 TO 2010
CLIMATE RECORD PERIOD 1892 TO 2014


WEATHER ITEM   OBSERVED TIME   RECORD YEAR NORMAL DEPARTURE LAST
                VALUE   (LST)  VALUE       VALUE  FROM      YEAR
                                                  NORMAL
..................................................................
TEMPERATURE (F)
 TODAY
  MAXIMUM         77    236 PM  95    1922  83     -6       85
  MINIMUM         62    110 AM  39    1923  60      2       66
  AVERAGE         70                        71     -1       76

PRECIPITATION (IN)
  TODAY            T             2.65 1903   0.09  -0.09     0.00
  MONTH TO DATE    T                         1.65  -1.65     1.13
  SINCE MAR 1      T                         5.42  -5.42     2.40
  SINCE JAN 1      T                        10.15 -10.15     3.31

SNOWFALL (IN)
  TODAY            0.0
  MONTH TO DATE    0.0
  SINCE MAR 1      0.0
  SINCE JUL 1      0.0

DEGREE DAYS
 HEATING
  TODAY            0                         0      0        0
  MONTH TO DATE    0                        11    -11        0
  SINCE MAR 1      0                        70    -70      149
  SINCE JUL 1      0                       569   -569      461

 COOLING
  TODAY            5                         7     -2       11
  MONTH TO DATE    5                        97    -92      162
  SINCE MAR 1      5                       215   -210      213
  SINCE JAN 1      5                       319   -314      413
..................................................................


WIND (MPH)
  HIGHEST WIND SPEED    23   HIGHEST WIND DIRECTION    NE (50)
  HIGHEST GUST SPEED    29   HIGHEST GUST DIRECTION    NE (40)
  AVERAGE WIND SPEED    10.5


SKY COVER
  AVERAGE SKY COVER 0.7


WEATHER CONDITIONS
 THE FOLLOWING WEATHER WAS RECORDED TODAY.
  LIGHT RAIN


RELATIVE HUMIDITY (PERCENT)
 HIGHEST    87           600 AM
 LOWEST     69           900 AM
 AVERAGE    78

..........................................................


THE ORLANDO  CLIMATE NORMALS FOR TOMORROW
                         NORMAL    RECORD    YEAR
 MAXIMUM TEMPERATURE (F)   83        93      1922
 MINIMUM TEMPERATURE (F)   60        45      1905


SUNRISE AND SUNSET
APRIL 17 2014.........SUNRISE   658 AM EDT   SUNSET   752 PM EDT
APRIL 18 2014.........SUNRISE   657 AM EDT   SUNSET   753 PM EDT


-  INDICATES NEGATIVE NUMBERS.
R  INDICATES RECORD WAS SET OR TIED.
MM INDICATES DATA IS MISSING.
T  INDICATES TRACE AMOUNT.




$$
