213
CDUS43 KDMX 060650
CLIMCW

CLIMATE REPORT
NATIONAL WEATHER SERVICE DES MOINES IA
1245 AM CST SAT FEB 6 2016


...................................

...THE MASON CITY IA CLIMATE SUMMARY FOR FEBRUARY 5 2016...

CLIMATE NORMAL PERIOD 1981 TO 2010
CLIMATE RECORD PERIOD 1893 TO 2016


WEATHER ITEM   OBSERVED TIME   RECORD YEAR NORMAL DEPARTURE LAST
                VALUE   (LST)  VALUE       VALUE  FROM      YEAR
                                                  NORMAL
..................................................................
TEMPERATURE (F)
 YESTERDAY
  MAXIMUM         25        MM  53    1964  27     -2       13
  MINIMUM          0        MM -28    1936   9     -9      -15
  AVERAGE         13                        18     -5       -1

PRECIPITATION (IN)
  YESTERDAY        T             0.54 1938   0.03  -0.03     0.00
  MONTH TO DATE    0.33                      0.16   0.17     0.70
  SINCE DEC 1      4.52                      2.22   2.30     2.73
  SINCE JAN 1      0.89                      0.98  -0.09     1.63

SNOWFALL (IN)
  YESTERDAY       MM             4.0  1911   0.3   MM        0.0
                                      1980
  MONTH TO DATE   11.0                       1.7    9.3      7.6
  SINCE DEC 1     29.7                      21.8    7.9     23.0
  SINCE JUL 1     39.7                      26.5   13.2     31.0
  SNOW DEPTH       0

DEGREE DAYS
 HEATING
  YESTERDAY       52                        47      5       66
  MONTH TO DATE  223                       239    -16      301
  SINCE DEC 1   2793                      3170   -377     2941
  SINCE JUL 1   4148                      4850   -702     4840

 COOLING
  YESTERDAY        0                         0      0        0
  MONTH TO DATE    0                         0      0        0
  SINCE DEC 1      0                         0      0        0
  SINCE JAN 1      0                         0      0        0
..................................................................


WIND (MPH)
  HIGHEST WIND SPEED    15   HIGHEST WIND DIRECTION     S (180)
  HIGHEST GUST SPEED    MM   HIGHEST GUST DIRECTION    MM
  AVERAGE WIND SPEED     8.5


SKY COVER
  POSSIBLE SUNSHINE  MM
  AVERAGE SKY COVER 0.6


WEATHER CONDITIONS
 THE FOLLOWING WEATHER WAS RECORDED YESTERDAY.
  FOG
  HAZE


RELATIVE HUMIDITY (PERCENT)
 HIGHEST   100          1200 AM
 LOWEST     77           200 PM
 AVERAGE    89

..........................................................


THE MASON CITY IA CLIMATE NORMALS FOR TODAY
                         NORMAL    RECORD    YEAR
 MAXIMUM TEMPERATURE (F)   27        52      1925
 MINIMUM TEMPERATURE (F)    9       -22      1900


SUNRISE AND SUNSET
FEBRUARY  6 2016......SUNRISE   723 AM CST   SUNSET   532 PM CST
FEBRUARY  7 2016......SUNRISE   722 AM CST   SUNSET   533 PM CST


-  INDICATES NEGATIVE NUMBERS.
R  INDICATES RECORD WAS SET OR TIED.
MM INDICATES DATA IS MISSING.
T  INDICATES TRACE AMOUNT.




$$
