000
CDUS43 KDMX 260654 RRB
CLIMCW

CLIMATE REPORT
NATIONAL WEATHER SERVICE DES MOINES IA
1253 AM CST MON JAN 26 2015


...................................

...THE MASON CITY IA CLIMATE SUMMARY FOR JANUARY 25 2015...

CLIMATE NORMAL PERIOD 1981 TO 2010
CLIMATE RECORD PERIOD 1893 TO 2015


WEATHER ITEM   OBSERVED TIME   RECORD YEAR NORMAL DEPARTURE LAST
                VALUE   (LST)  VALUE       VALUE  FROM      YEAR
                                                  NORMAL
..................................................................
TEMPERATURE (F)
 YESTERDAY
  MAXIMUM         34    344 AM  62    1944  25      9       32
  MINIMUM         24   1034 PM -25    1936   7     17        6
  AVERAGE         29                        16     13       19

PRECIPITATION (IN)
  YESTERDAY        0.02          0.25 1921   0.03  -0.01     0.18
  MONTH TO DATE    0.38                      0.65  -0.27     0.56
  SINCE DEC 1      1.48                      1.89  -0.41     1.73
  SINCE JAN 1      0.38                      0.65  -0.27     0.56

SNOWFALL (IN)
  YESTERDAY        0.1           6.3  1996   0.4   -0.3      2.0
  MONTH TO DATE    7.7                       8.6   -0.9      6.2
  SINCE DEC 1     13.4                      17.9   -4.5     21.1
  SINCE JUL 1     21.4                      22.6   -1.2     22.6
  SNOW DEPTH       0

DEGREE DAYS
 HEATING
  YESTERDAY       36                        49    -13       46
  MONTH TO DATE 1194                      1225    -31     1370
  SINCE DEC 1   2420                      2634   -214     2950
  SINCE JUL 1   4319                      4314      5     4614

 COOLING
  YESTERDAY        0                         0      0        0
  MONTH TO DATE    0                         0      0        0
  SINCE DEC 1      0                         0      0        0
  SINCE JAN 1      0                         0      0        0
..................................................................


WIND (MPH)
  HIGHEST WIND SPEED    23   HIGHEST WIND DIRECTION     N (20)
  HIGHEST GUST SPEED    27   HIGHEST GUST DIRECTION     N (20)
  AVERAGE WIND SPEED    10.7


SKY COVER
  POSSIBLE SUNSHINE  MM
  AVERAGE SKY COVER 1.0


WEATHER CONDITIONS
 THE FOLLOWING WEATHER WAS RECORDED YESTERDAY.
  LIGHT SNOW
  FOG


RELATIVE HUMIDITY (PERCENT)
 HIGHEST   100           300 AM
 LOWEST     81           700 PM
 AVERAGE    91

..........................................................


THE MASON CITY IA CLIMATE NORMALS FOR TODAY
                         NORMAL    RECORD    YEAR
 MAXIMUM TEMPERATURE (F)   25        62      2002
 MINIMUM TEMPERATURE (F)    7       -26      1930


SUNRISE AND SUNSET
JANUARY 26 2015.......SUNRISE   735 AM CST   SUNSET   517 PM CST
JANUARY 27 2015.......SUNRISE   734 AM CST   SUNSET   519 PM CST


-  INDICATES NEGATIVE NUMBERS.
R  INDICATES RECORD WAS SET OR TIED.
MM INDICATES DATA IS MISSING.
T  INDICATES TRACE AMOUNT.

$$
