000
CDUS43 KDMX 220638 RRA
CLIMCW

CLIMATE REPORT
NATIONAL WEATHER SERVICE DES MOINES IA
135 AM CDT TUE JUL 22 2014


...................................

...THE MASON CITY IA CLIMATE SUMMARY FOR JULY 21 2014...

CLIMATE NORMAL PERIOD 1981 TO 2010
CLIMATE RECORD PERIOD 1893 TO 2014


WEATHER ITEM   OBSERVED TIME   RECORD YEAR NORMAL DEPARTURE LAST
                VALUE   (LST)  VALUE       VALUE  FROM      YEAR
                                                  NORMAL
..................................................................
TEMPERATURE (F)
 YESTERDAY
  MAXIMUM         88    254 PM 100    1901  83      5       85
  MINIMUM         69    458 AM  45    1992  61      8       61
  AVERAGE         79                        72      7       73

PRECIPITATION (IN)
  YESTERDAY        0.00          2.29 1999   0.16  -0.16      T
  MONTH TO DATE    0.40                      3.21  -2.81     1.57
  SINCE JUN 1      9.04                      8.35   0.69     8.01
  SINCE JAN 1     23.08                     20.83   2.25    29.45

SNOWFALL (IN)
  YESTERDAY        0.0           0.0  2002   0.0    0.0      0.0
                                      2001
  MONTH TO DATE    0.0                       0.0    0.0      0.0
  SINCE JUN 1      0.0                       0.0    0.0      0.0
  SINCE JUL 1      0.0                       0.0    0.0      0.0
  SNOW DEPTH       0

DEGREE DAYS
 HEATING
  YESTERDAY        0                         0      0        0
  MONTH TO DATE   21                         0     21        0
  SINCE JUN 1     34                        44    -10       53
  SINCE JUL 1     21                         0     21        0

 COOLING
  YESTERDAY       14                         7      7        8
  MONTH TO DATE   82                       149    -67      198
  SINCE JUN 1    218                       287    -69      344
  SINCE JAN 1    271                       322    -51      381
..................................................................


WIND (MPH)
  HIGHEST WIND SPEED    25   HIGHEST WIND DIRECTION     S (170)
  HIGHEST GUST SPEED    33   HIGHEST GUST DIRECTION     S (170)
  AVERAGE WIND SPEED    11.7


SKY COVER
  POSSIBLE SUNSHINE  MM
  AVERAGE SKY COVER 0.5


WEATHER CONDITIONS
 THE FOLLOWING WEATHER WAS RECORDED YESTERDAY.
  NO SIGNIFICANT WEATHER WAS OBSERVED.


RELATIVE HUMIDITY (PERCENT)
 HIGHEST    91           900 PM
 LOWEST     68           300 PM
 AVERAGE    80

..........................................................


THE MASON CITY IA CLIMATE NORMALS FOR TODAY
                         NORMAL    RECORD    YEAR
 MAXIMUM TEMPERATURE (F)   83        99      1901
 MINIMUM TEMPERATURE (F)   61        42      1947


SUNRISE AND SUNSET
JULY 22 2014..........SUNRISE   554 AM CDT   SUNSET   845 PM CDT
JULY 23 2014..........SUNRISE   555 AM CDT   SUNSET   844 PM CDT


-  INDICATES NEGATIVE NUMBERS.
R  INDICATES RECORD WAS SET OR TIED.
MM INDICATES DATA IS MISSING.
T  INDICATES TRACE AMOUNT.

$$
