000
CDUS43 KDMX 260657
CLIMCW

CLIMATE REPORT
NATIONAL WEATHER SERVICE DES MOINES IA
1251 AM CST FRI DEC 26 2014

...................................

...THE MASON CITY IA CLIMATE SUMMARY FOR DECEMBER 25 2014...

CLIMATE NORMAL PERIOD 1981 TO 2010
CLIMATE RECORD PERIOD 1893 TO 2014

WEATHER ITEM   OBSERVED TIME   RECORD YEAR NORMAL DEPARTURE LAST
                VALUE   (LST)  VALUE       VALUE  FROM      YEAR
                                                  NORMAL
..................................................................
TEMPERATURE (F)
 YESTERDAY
  MAXIMUM         37    307 PM  52    1936  25     12       30
  MINIMUM         27    152 AM -21    2000   9     18       11
  AVERAGE         32                        17     15       21

PRECIPITATION (IN)
  YESTERDAY        0.00          0.50 2009   0.04  -0.04     0.08
  MONTH TO DATE    0.81                      1.05  -0.24     0.84
  SINCE DEC 1      0.81                      1.05  -0.24     0.84
  SINCE JAN 1     34.92                     35.01  -0.09    38.67

SNOWFALL (IN)
  YESTERDAY        0.0           4.0  1933   0.3   -0.3      1.4
  MONTH TO DATE    1.6                       7.6   -6.0     10.0
  SINCE DEC 1      1.6                       7.6   -6.0     10.0
  SINCE JUL 1      9.6                      12.3   -2.7     11.5
  SNOW DEPTH       T

DEGREE DAYS
 HEATING
  YESTERDAY       33                        48    -15       44
  MONTH TO DATE  906                      1120   -214     1267
  SINCE DEC 1    906                      1120   -214     1267
  SINCE JUL 1   2805                      2800      5     2931

 COOLING
  YESTERDAY        0                         0      0        0
  MONTH TO DATE    0                         0      0        0
  SINCE DEC 1      0                         0      0        0
  SINCE JAN 1    544                       616    -72      718
..................................................................

WIND (MPH)
  HIGHEST WIND SPEED    18   HIGHEST WIND DIRECTION    SW (210)
  HIGHEST GUST SPEED    23   HIGHEST GUST DIRECTION     S (200)
  AVERAGE WIND SPEED     9.9

SKY COVER
  POSSIBLE SUNSHINE  MM
  AVERAGE SKY COVER 0.4

WEATHER CONDITIONS
 THE FOLLOWING WEATHER WAS RECORDED YESTERDAY.
  FOG

RELATIVE HUMIDITY (PERCENT)
 HIGHEST    92          1200 AM
 LOWEST     76           300 PM
 AVERAGE    84

..........................................................

THE MASON CITY IA CLIMATE NORMALS FOR TODAY
                         NORMAL    RECORD    YEAR
 MAXIMUM TEMPERATURE (F)   25        55      1936
 MINIMUM TEMPERATURE (F)    9       -26      1950
                                             1914

SUNRISE AND SUNSET
DECEMBER 26 2014......SUNRISE   744 AM CST   SUNSET   444 PM CST
DECEMBER 27 2014......SUNRISE   744 AM CST   SUNSET   445 PM CST

-  INDICATES NEGATIVE NUMBERS.
R  INDICATES RECORD WAS SET OR TIED.
MM INDICATES DATA IS MISSING.
T  INDICATES TRACE AMOUNT.

$$

FAB
