000
CDUS41 KCTP 260620
CLIMDT


CLIMATE REPORT
NATIONAL WEATHER SERVICE STATE COLLEGE PA
120 AM EST WED NOV 26 2014


...................................

...THE HARRISBURG PA CLIMATE SUMMARY FOR NOVEMBER 25 2014...

CLIMATE NORMAL PERIOD 1981 TO 2010
CLIMATE RECORD PERIOD 1888 TO 2014


WEATHER ITEM   OBSERVED TIME   RECORD YEAR NORMAL DEPARTURE LAST
                VALUE   (LST)  VALUE       VALUE  FROM      YEAR
                                                  NORMAL
..................................................................
TEMPERATURE (F)
 YESTERDAY
  MAXIMUM         62    109 AM  70    1979  49     13       34
  MINIMUM         36    857 PM  16    1950  32      4       20
  AVERAGE         49                        40      9       27

PRECIPITATION (IN)
  YESTERDAY        0.00          2.21 1950   0.12  -0.12     0.00
  MONTH TO DATE    1.97                      2.61  -0.64     0.88
  SINCE SEP 1      5.94                      9.95  -4.01    13.08
  SINCE JAN 1     39.61                     36.89   2.72    37.35

SNOWFALL (IN)
  YESTERDAY        0.0
  MONTH TO DATE    T
  SINCE SEP 1      T
  SINCE JUL 1      T
  SNOW DEPTH       0

DEGREE DAYS
 HEATING
  YESTERDAY       16                        25     -9       38
  MONTH TO DATE  581                       499     82      539
  SINCE SEP 1    860                       909    -49      885
  SINCE JUL 1    860                       911    -51      885

 COOLING
  YESTERDAY        0                         0      0        0
  MONTH TO DATE    0                         0      0        0
  SINCE SEP 1    149                       106     43      153
  SINCE JAN 1   1050                      1002     48     1105
..................................................................


WIND (MPH)
  HIGHEST WIND SPEED    21   HIGHEST WIND DIRECTION     W (270)
  HIGHEST GUST SPEED    28   HIGHEST GUST DIRECTION     W (270)
  AVERAGE WIND SPEED     6.5


SKY COVER
  POSSIBLE SUNSHINE  MM
  AVERAGE SKY COVER 0.9


WEATHER CONDITIONS
 THE FOLLOWING WEATHER WAS RECORDED YESTERDAY.
  NO SIGNIFICANT WEATHER WAS OBSERVED.


RELATIVE HUMIDITY (PERCENT)
 HIGHEST    77          1200 AM
 LOWEST     38           200 PM
 AVERAGE    58

..........................................................


THE HARRISBURG PA CLIMATE NORMALS FOR TODAY
                         NORMAL    RECORD    YEAR
 MAXIMUM TEMPERATURE (F)   49        70      1979
 MINIMUM TEMPERATURE (F)   32        13      1938


SUNRISE AND SUNSET
NOVEMBER 26 2014......SUNRISE   705 AM EST   SUNSET   444 PM EST
NOVEMBER 27 2014......SUNRISE   706 AM EST   SUNSET   443 PM EST


-  INDICATES NEGATIVE NUMBERS.
R  INDICATES RECORD WAS SET OR TIED.
MM INDICATES DATA IS MISSING.
T  INDICATES TRACE AMOUNT.




$$
