000
CDUS41 KCTP 071319
CLIMDT


CLIMATE REPORT
NATIONAL WEATHER SERVICE STATE COLLEGE PA
819 AM EST WED DEC 7 2016


...................................

...THE HARRISBURG PA CLIMATE SUMMARY FOR DECEMBER 6 2016...

CLIMATE NORMAL PERIOD 1981 TO 2010
CLIMATE RECORD PERIOD 1888 TO 2016


WEATHER ITEM   OBSERVED TIME   RECORD YEAR NORMAL DEPARTURE LAST
                VALUE   (LST)  VALUE       VALUE  FROM      YEAR
                                                  NORMAL
..................................................................
TEMPERATURE (F)
 YESTERDAY
  MAXIMUM         40    218 PM  73    1998  44     -4       48
  MINIMUM         30    601 AM  12    2002  29      1       25
  AVERAGE         35                        36     -1       37

PRECIPITATION (IN)
  YESTERDAY        0.71          1.88 1962   0.12   0.59     0.00
  MONTH TO DATE    1.03                      0.70   0.33     1.04
  SINCE DEC 1      1.03                      0.70   0.33     1.04
  SINCE JAN 1     39.64                     38.21   1.43    38.80

SNOWFALL (IN)
  YESTERDAY        T             5.8  1996   0.1   -0.1      0.0
  MONTH TO DATE    T                         0.7   -0.7      0.0
  SINCE DEC 1      T                         0.7   -0.7      0.0
  SINCE JUL 1      T                         1.3   -1.3      0.0
  SNOW DEPTH       0

DEGREE DAYS
 HEATING
  YESTERDAY       30                        29      1       28
  MONTH TO DATE  128                       167    -39      138
  SINCE DEC 1    128                       167    -39      138
  SINCE JUL 1    914                      1206   -292      913

 COOLING
  YESTERDAY        0                         0      0        0
  MONTH TO DATE    0                         0      0        0
  SINCE DEC 1      0                         0      0        0
  SINCE JAN 1   1515                      1002    513     1334
..................................................................


WIND (MPH)
  HIGHEST WIND SPEED     9   HIGHEST WIND DIRECTION     E (90)
  HIGHEST GUST SPEED    14   HIGHEST GUST DIRECTION     E (100)
  AVERAGE WIND SPEED     3.0


SKY COVER
  POSSIBLE SUNSHINE  MM
  AVERAGE SKY COVER 0.9


WEATHER CONDITIONS
 THE FOLLOWING WEATHER WAS RECORDED YESTERDAY.
  RAIN
  LIGHT RAIN
  SLEET
  FOG


RELATIVE HUMIDITY (PERCENT)
 HIGHEST   100           300 AM
 LOWEST     79          1100 AM
 AVERAGE    90

..........................................................


THE HARRISBURG PA CLIMATE NORMALS FOR TODAY
                         NORMAL    RECORD    YEAR
 MAXIMUM TEMPERATURE (F)   44        75      1998
 MINIMUM TEMPERATURE (F)   28         9      2002


SUNRISE AND SUNSET
DECEMBER  7 2016......SUNRISE   716 AM EST   SUNSET   441 PM EST
DECEMBER  8 2016......SUNRISE   717 AM EST   SUNSET   441 PM EST


-  INDICATES NEGATIVE NUMBERS.
R  INDICATES RECORD WAS SET OR TIED.
MM INDICATES DATA IS MISSING.
T  INDICATES TRACE AMOUNT.




$$
