000
CDUS41 KCTP 230631
CLIMDT


CLIMATE REPORT
NATIONAL WEATHER SERVICE STATE COLLEGE PA
230 AM EDT SUN JUL 23 2017


...................................

...THE HARRISBURG PA CLIMATE SUMMARY FOR JULY 22 2017...

CLIMATE NORMAL PERIOD 1981 TO 2010
CLIMATE RECORD PERIOD 1888 TO 2017


WEATHER ITEM   OBSERVED TIME   RECORD YEAR NORMAL DEPARTURE LAST
                VALUE   (LST)  VALUE       VALUE  FROM      YEAR
                                                  NORMAL
..................................................................
TEMPERATURE (F)
 YESTERDAY
  MAXIMUM         89   1227 PM 103    2011  86      3       91
  MINIMUM         75    535 AM  50    1890  67      8       71
  AVERAGE         82                        76      6       81

PRECIPITATION (IN)
  YESTERDAY        0.01          2.34 2013   0.15  -0.14     0.00
  MONTH TO DATE    3.37                      3.33   0.04     3.42
  SINCE JUN 1      6.93                      6.93   0.00     7.88
  SINCE JAN 1     23.38                     22.46   0.92    25.07

DEGREE DAYS
 HEATING
  YESTERDAY        0                         0      0        0
  MONTH TO DATE    0                         0      0        0
  SINCE JUN 1      7                        18    -11        5
  SINCE JUL 1      0                         0      0        0

 COOLING
  YESTERDAY       17                        11      6       16
  MONTH TO DATE  307                       240     67      302
  SINCE JUN 1    572                       453    119      568
  SINCE JAN 1    649                       518    131      665
..................................................................


WIND (MPH)
  HIGHEST WIND SPEED    15   HIGHEST WIND DIRECTION     W (260)
  HIGHEST GUST SPEED    21   HIGHEST GUST DIRECTION    SW (240)
  AVERAGE WIND SPEED     5.8


SKY COVER
  POSSIBLE SUNSHINE  MM
  AVERAGE SKY COVER 0.8


WEATHER CONDITIONS
 THE FOLLOWING WEATHER WAS RECORDED YESTERDAY.
  THUNDERSTORM
  LIGHT RAIN
  FOG
  HAZE


RELATIVE HUMIDITY (PERCENT)
 HIGHEST    94           200 AM
 LOWEST     55          1100 AM
 AVERAGE    75

..........................................................


THE HARRISBURG PA CLIMATE NORMALS FOR TODAY
                         NORMAL    RECORD    YEAR
 MAXIMUM TEMPERATURE (F)   86       103      1991
 MINIMUM TEMPERATURE (F)   67        54      1983
                                             1947


SUNRISE AND SUNSET
JULY 23 2017..........SUNRISE   557 AM EDT   SUNSET   830 PM EDT
JULY 24 2017..........SUNRISE   558 AM EDT   SUNSET   829 PM EDT


-  INDICATES NEGATIVE NUMBERS.
R  INDICATES RECORD WAS SET OR TIED.
MM INDICATES DATA IS MISSING.
T  INDICATES TRACE AMOUNT.




$$
