000
CDUS41 KCTP 230903
CLIMDT


CLIMATE REPORT
NATIONAL WEATHER SERVICE STATE COLLEGE PA
403 AM EST THU NOV 23 2017


...................................

...THE HARRISBURG PA CLIMATE SUMMARY FOR NOVEMBER 22 2017...

CLIMATE NORMAL PERIOD 1981 TO 2010
CLIMATE RECORD PERIOD 1888 TO 2017


WEATHER ITEM   OBSERVED TIME   RECORD YEAR NORMAL DEPARTURE LAST
                VALUE   (LST)  VALUE       VALUE  FROM      YEAR
                                                  NORMAL
..................................................................
TEMPERATURE (F)
 YESTERDAY
  MAXIMUM         52   1004 AM  73    1931  50      2       48
  MINIMUM         34   1159 PM  16    1964  33      1       33
  AVERAGE         43                        42      1       41

PRECIPITATION (IN)
  YESTERDAY        T             1.80 2011   0.12  -0.12     0.00
  MONTH TO DATE    2.23                      2.28  -0.05     0.52
  SINCE SEP 1      9.10                      9.62  -0.52     6.20
  SINCE JAN 1     43.31                     36.56   6.75    36.97

SNOWFALL (IN)
  YESTERDAY       MM             0.6  1989   0.0   MM        0.0
  MONTH TO DATE    T                         0.2   -0.2       T
  SINCE SEP 1      T                         0.2   -0.2       T
  SINCE JUL 1      T                         0.2   -0.2       T
  SNOW DEPTH       0

DEGREE DAYS
 HEATING
  YESTERDAY       22                        23     -1       24
  MONTH TO DATE  461                       426     35      368
  SINCE SEP 1    669                       836   -167      615
  SINCE JUL 1    671                       838   -167      615

 COOLING
  YESTERDAY        0                         0      0        0
  MONTH TO DATE    0                         0      0        0
  SINCE SEP 1    216                       106    110      251
  SINCE JAN 1   1214                      1002    212     1515
..................................................................


WIND (MPH)
  HIGHEST WIND SPEED    30   HIGHEST WIND DIRECTION    NW (300)
  HIGHEST GUST SPEED    37   HIGHEST GUST DIRECTION    NW (300)
  AVERAGE WIND SPEED    12.2


SKY COVER
  POSSIBLE SUNSHINE  MM
  AVERAGE SKY COVER 0.7


WEATHER CONDITIONS
 THE FOLLOWING WEATHER WAS RECORDED YESTERDAY.
  LIGHT RAIN


RELATIVE HUMIDITY (PERCENT)
 HIGHEST    92           500 AM
 LOWEST     44          1200 PM
 AVERAGE    68

..........................................................


THE HARRISBURG PA CLIMATE NORMALS FOR TODAY
                         NORMAL    RECORD    YEAR
 MAXIMUM TEMPERATURE (F)   50        71      1931
 MINIMUM TEMPERATURE (F)   33        14      1964


SUNRISE AND SUNSET
NOVEMBER 23 2017......SUNRISE   702 AM EST   SUNSET   445 PM EST
NOVEMBER 24 2017......SUNRISE   703 AM EST   SUNSET   444 PM EST


-  INDICATES NEGATIVE NUMBERS.
R  INDICATES RECORD WAS SET OR TIED.
MM INDICATES DATA IS MISSING.
T  INDICATES TRACE AMOUNT.




$$
