442
CDUS41 KCTP 041240
CLIMDT


CLIMATE REPORT
NATIONAL WEATHER SERVICE STATE COLLEGE PA
840 AM EDT WED MAY 4 2016


...................................

...THE HARRISBURG PA CLIMATE SUMMARY FOR MAY 3 2016...

CLIMATE NORMAL PERIOD 1981 TO 2010
CLIMATE RECORD PERIOD 1888 TO 2016


WEATHER ITEM   OBSERVED TIME   RECORD YEAR NORMAL DEPARTURE LAST
                VALUE   (LST)  VALUE       VALUE  FROM      YEAR
                                                  NORMAL
..................................................................
TEMPERATURE (F)
 YESTERDAY
  MAXIMUM         65    433 PM  90    1965  69     -4       80
                                      1942
  MINIMUM         54    755 AM  32    2016  48      6       46
  AVERAGE         60                        58      2       63

PRECIPITATION (IN)
  YESTERDAY        0.22          1.67 2010   0.12   0.10     0.00
  MONTH TO DATE    0.98                      0.37   0.61     0.00
  SINCE MAR 1      4.79                      6.84  -2.05     5.63
  SINCE JAN 1     14.71                     12.11   2.60     9.22

SNOWFALL (IN)
  YESTERDAY        0.0           0.0  2002   0.0    0.0      0.0
                                      2001
  MONTH TO DATE    0.0                       0.0    0.0      0.0
  SINCE MAR 1      1.4                       5.6   -4.2     11.8
  SINCE JUL 1     39.1                      30.6    8.5     39.2
  SNOW DEPTH       0

DEGREE DAYS
 HEATING
  YESTERDAY        5                         8     -3        2
  MONTH TO DATE   25                        24      1       11
  SINCE MAR 1    936                      1139   -203     1250
  SINCE JUL 1   4308                      5127   -819     5553

 COOLING
  YESTERDAY        0                         1     -1        0
  MONTH TO DATE    0                         3     -3        0
  SINCE MAR 1     12                        10      2        0
  SINCE JAN 1     12                        10      2        0
..................................................................


WIND (MPH)
  HIGHEST WIND SPEED    12   HIGHEST WIND DIRECTION    SE (130)
  HIGHEST GUST SPEED    20   HIGHEST GUST DIRECTION    NE (50)
  AVERAGE WIND SPEED     5.2


SKY COVER
  POSSIBLE SUNSHINE  MM
  AVERAGE SKY COVER 0.9


WEATHER CONDITIONS
 THE FOLLOWING WEATHER WAS RECORDED YESTERDAY.
  RAIN
  LIGHT RAIN
  FOG
  HAZE


RELATIVE HUMIDITY (PERCENT)
 HIGHEST    93           100 AM
 LOWEST     72           300 PM
 AVERAGE    83

..........................................................


THE HARRISBURG PA CLIMATE NORMALS FOR TODAY
                         NORMAL    RECORD    YEAR
 MAXIMUM TEMPERATURE (F)   69        91      1949
 MINIMUM TEMPERATURE (F)   48        35      2002


SUNRISE AND SUNSET
MAY  4 2016...........SUNRISE   602 AM EDT   SUNSET   806 PM EDT
MAY  5 2016...........SUNRISE   601 AM EDT   SUNSET   807 PM EDT


-  INDICATES NEGATIVE NUMBERS.
R  INDICATES RECORD WAS SET OR TIED.
MM INDICATES DATA IS MISSING.
T  INDICATES TRACE AMOUNT.




$$
