000
CDUS41 KCTP 012218
CLIMDT


CLIMATE REPORT
NATIONAL WEATHER SERVICE STATE COLLEGE PA
517 PM EST SUN FEB 1 2015


...................................

...THE HARRISBURG PA CLIMATE SUMMARY FOR FEBRUARY 1 2015...
VALID TODAY AS OF 0500 PM LOCAL TIME.

CLIMATE NORMAL PERIOD 1981 TO 2010
CLIMATE RECORD PERIOD 1888 TO 2015


WEATHER ITEM   OBSERVED TIME   RECORD YEAR NORMAL DEPARTURE LAST
                VALUE   (LST)  VALUE       VALUE  FROM      YEAR
                                                  NORMAL
..................................................................
TEMPERATURE (F)
 TODAY
  MAXIMUM         38    212 PM  70    1989  38      0       46
  MINIMUM         10    156 AM  -1    1920  23    -13       24
  AVERAGE         24                        30     -6       35

PRECIPITATION (IN)
  TODAY            0.01          2.36 2008   0.09  -0.08     0.00
  MONTH TO DATE    0.01                      0.09  -0.08     0.00
  SINCE DEC 1      5.77                      6.20  -0.43     6.18
  SINCE JAN 1      2.51                      2.97  -0.46     2.44

SNOWFALL (IN)
  TODAY            0.1           7.9  1908   0.4   -0.3      0.0
  MONTH TO DATE    0.1                       0.4   -0.3      0.0
  SINCE DEC 1     13.9                      14.3   -0.4     21.0
  SINCE JUL 1     16.3                      14.9    1.4     21.0
  SNOW DEPTH       2

DEGREE DAYS
 HEATING
  TODAY           41                        35      6       30
  MONTH TO DATE   41                        35      6       30
  SINCE DEC 1   2102                      2085     17     2265
  SINCE JUL 1   3115                      3124     -9     3318

 COOLING
  TODAY            0                         0      0        0
  MONTH TO DATE    0                         0      0        0
  SINCE DEC 1      0                         0      0        0
  SINCE JAN 1      0                         0      0        0
..................................................................


WIND (MPH)
  HIGHEST WIND SPEED    15   HIGHEST WIND DIRECTION     S (190)
  HIGHEST GUST SPEED    19   HIGHEST GUST DIRECTION     S (200)
  AVERAGE WIND SPEED     1.8


SKY COVER
  POSSIBLE SUNSHINE  MM
  AVERAGE SKY COVER 0.8


WEATHER CONDITIONS
 THE FOLLOWING WEATHER WAS RECORDED TODAY.
  SNOW
  LIGHT SNOW
  FOG
  HAZE


RELATIVE HUMIDITY (PERCENT)
 HIGHEST    83          1200 AM
 LOWEST     47          1200 PM
 AVERAGE    65

..........................................................


THE HARRISBURG PA CLIMATE NORMALS FOR TOMORROW
                         NORMAL    RECORD    YEAR
 MAXIMUM TEMPERATURE (F)   38        59      1988
 MINIMUM TEMPERATURE (F)   23        -1      1961


SUNRISE AND SUNSET
FEBRUARY  1 2015......SUNRISE   716 AM EST   SUNSET   526 PM EST
FEBRUARY  2 2015......SUNRISE   715 AM EST   SUNSET   527 PM EST


-  INDICATES NEGATIVE NUMBERS.
R  INDICATES RECORD WAS SET OR TIED.
MM INDICATES DATA IS MISSING.
T  INDICATES TRACE AMOUNT.




$$
