000
CDUS41 KCTP 280641
CLIMDT


CLIMATE REPORT
NATIONAL WEATHER SERVICE STATE COLLEGE PA
241 AM EDT THU AUG 28 2014


...................................

...THE HARRISBURG PA CLIMATE SUMMARY FOR AUGUST 27 2014...

CLIMATE NORMAL PERIOD 1981 TO 2010
CLIMATE RECORD PERIOD 1888 TO 2014


WEATHER ITEM   OBSERVED TIME   RECORD YEAR NORMAL DEPARTURE LAST
                VALUE   (LST)  VALUE       VALUE  FROM      YEAR
                                                  NORMAL
..................................................................
TEMPERATURE (F)
 YESTERDAY
  MAXIMUM         89    305 PM  97    1948  82      7       87
  MINIMUM         64    535 AM  48    1944  63      1       70
  AVERAGE         77                        72      5       79

PRECIPITATION (IN)
  YESTERDAY        0.00          2.40 1971   0.10  -0.10     0.00
  MONTH TO DATE    3.63                      2.79   0.84     2.19
  SINCE JUN 1     11.75                     11.00   0.75    11.19
  SINCE JAN 1     33.39                     26.53   6.86    23.35

DEGREE DAYS
 HEATING
  YESTERDAY        0                         0      0        0
  MONTH TO DATE    0                         0      0        0
  SINCE JUN 1      1                        18    -17        2
  SINCE JUL 1      0                         0      0        0

 COOLING
  YESTERDAY       12                         8      4       14
  MONTH TO DATE  213                       250    -37      186
  SINCE JUN 1    810                       801      9      818
  SINCE JAN 1    870                       866      4      901
..................................................................


WIND (MPH)
  HIGHEST WIND SPEED    10   HIGHEST WIND DIRECTION    NW (320)
  HIGHEST GUST SPEED    12   HIGHEST GUST DIRECTION    NW (330)
  AVERAGE WIND SPEED     2.8


SKY COVER
  POSSIBLE SUNSHINE  MM
  AVERAGE SKY COVER 0.3


WEATHER CONDITIONS
 THE FOLLOWING WEATHER WAS RECORDED YESTERDAY.
  FOG


RELATIVE HUMIDITY (PERCENT)
 HIGHEST    93           600 AM
 LOWEST     55           100 PM
 AVERAGE    74

..........................................................


THE HARRISBURG PA CLIMATE NORMALS FOR TODAY
                         NORMAL    RECORD    YEAR
 MAXIMUM TEMPERATURE (F)   82       100      1973
                                             1948
 MINIMUM TEMPERATURE (F)   63        49      1968
                                             1941


SUNRISE AND SUNSET
AUGUST 28 2014........SUNRISE   631 AM EDT   SUNSET   745 PM EDT
AUGUST 29 2014........SUNRISE   632 AM EDT   SUNSET   743 PM EDT


-  INDICATES NEGATIVE NUMBERS.
R  INDICATES RECORD WAS SET OR TIED.
MM INDICATES DATA IS MISSING.
T  INDICATES TRACE AMOUNT.




$$
