000
CDUS43 KLOT 012245
CLIMDW


CLIMATE REPORT
NATIONAL WEATHER SERVICE CHICAGO IL
443 PM CST SUN MAR 1 2015


...................................

...THE CHICAGO-MIDWAY CLIMATE SUMMARY FOR MARCH 1 2015...
VALID TODAY AS OF 0400 PM LOCAL TIME.

CLIMATE NORMAL PERIOD 1981 TO 2010
CLIMATE RECORD PERIOD 1928 TO 2015


WEATHER ITEM   OBSERVED TIME   RECORD YEAR NORMAL DEPARTURE
                VALUE   (LST)  VALUE       VALUE  FROM
                                                  NORMAL
...............................................................
TEMPERATURE (F)
 TODAY
  MAXIMUM         27    359 PM  71    1992  41    -14
  MINIMUM         18    528 AM  -5    1962  26     -8
  AVERAGE         23                        33    -10

PRECIPITATION (IN)
  TODAY            0.01          1.09 2007   0.09  -0.08
  MONTH TO DATE    0.01                      0.09  -0.08
  SINCE MAR 1      0.01                      0.09  -0.08
  SINCE JAN 1      1.35                      4.09  -2.74

DEGREE DAYS
 HEATING
  TODAY           42                        32     10
  MONTH TO DATE   42                        32     10
  SINCE MAR 1     42                        32     10
  SINCE JUL 1   4764                      4543    221

 COOLING
  TODAY            0                         0      0
  MONTH TO DATE    0                         0      0
  SINCE MAR 1      0                         0      0
  SINCE JAN 1      0                         0      0
...............................................................


WIND (MPH)
  RESULTANT WIND SPEED   3   RESULTANT WIND DIRECTION  SW (240)
  HIGHEST WIND SPEED    14   HIGHEST WIND DIRECTION     W (250)
  HIGHEST GUST SPEED    17   HIGHEST GUST DIRECTION     W (250)
  AVERAGE WIND SPEED     3.1


SKY COVER
  POSSIBLE SUNSHINE  MM
  AVERAGE SKY COVER 0.8


WEATHER CONDITIONS
 THE FOLLOWING WEATHER WAS RECORDED TODAY.
  LIGHT SNOW
  FOG
  HAZE


..........................................................


THE CHICAGO-MIDWAY CLIMATE NORMALS FOR TOMORROW
                         NORMAL    RECORD    YEAR
 MAXIMUM TEMPERATURE (F)   41        71      1974
 MINIMUM TEMPERATURE (F)   26        -4      1913


SUNRISE AND SUNSET
MARCH  1 2015.........SUNRISE   626 AM CST   SUNSET   541 PM CST
MARCH  2 2015.........SUNRISE   625 AM CST   SUNSET   542 PM CST


-  INDICATES NEGATIVE NUMBERS.
R  INDICATES RECORD WAS SET OR TIED.
MM INDICATES DATA IS MISSING.
T  INDICATES TRACE AMOUNT.




$$
