000
CDUS43 KLOT 290637
CLIMDW


CLIMATE REPORT
NATIONAL WEATHER SERVICE CHICAGO IL
134 AM CDT SAT AUG 29 2015


...................................

...THE CHICAGO-MIDWAY CLIMATE SUMMARY FOR AUGUST 28 2015...

CLIMATE NORMAL PERIOD 1981 TO 2010
CLIMATE RECORD PERIOD 1928 TO 2015


WEATHER ITEM   OBSERVED TIME   RECORD YEAR NORMAL DEPARTURE LAST
                VALUE   (LST)  VALUE       VALUE  FROM      YEAR
                                                  NORMAL
..................................................................
TEMPERATURE (F)
 YESTERDAY
  MAXIMUM         76    435 PM  97    1955  81     -5       77
                                      1953
  MINIMUM         62    549 AM  46    1982  65     -3       69
                                      1935
  AVERAGE         69                        73     -4       73

PRECIPITATION (IN)
  YESTERDAY        T             1.57 2004   0.12  -0.12     0.02
  MONTH TO DATE    3.09                      3.62  -0.53     9.31
  SINCE JUN 1      8.30                     11.69  -3.39    22.21
  SINCE JAN 1     17.19                     26.18  -8.99    33.50

DEGREE DAYS
 HEATING
  YESTERDAY        0                         0      0        0
  MONTH TO DATE    2                         0      2        0
  SINCE JUN 1     26                        32     -6        3
  SINCE JUL 1      6                         1      5        1

 COOLING
  YESTERDAY        4                         8     -4        8
  MONTH TO DATE  272                       264      8      286
  SINCE JUN 1    783                       812    -29      776
  SINCE JAN 1    889                       886      3      887
..................................................................


WIND (MPH)
  RESULTANT WIND SPEED   4   RESULTANT WIND DIRECTION   S (160)
  HIGHEST WIND SPEED    10   HIGHEST WIND DIRECTION     E (110)
  HIGHEST GUST SPEED    13   HIGHEST GUST DIRECTION    SE (120)
  AVERAGE WIND SPEED     5.8



WEATHER CONDITIONS
 THE FOLLOWING WEATHER WAS RECORDED YESTERDAY.
  NO SIGNIFICANT WEATHER WAS OBSERVED.


..........................................................


THE CHICAGO-MIDWAY CLIMATE NORMALS FOR TODAY
                         NORMAL    RECORD    YEAR
 MAXIMUM TEMPERATURE (F)   81        98      1953
 MINIMUM TEMPERATURE (F)   64        43      1965


SUNRISE AND SUNSET
AUGUST 29 2015........SUNRISE   613 AM CDT   SUNSET   730 PM CDT
AUGUST 30 2015........SUNRISE   614 AM CDT   SUNSET   728 PM CDT


-  INDICATES NEGATIVE NUMBERS.
R  INDICATES RECORD WAS SET OR TIED.
MM INDICATES DATA IS MISSING.
T  INDICATES TRACE AMOUNT.




$$
