000
CDUS43 KLOT 210632
CLIMDW


CLIMATE REPORT
NATIONAL WEATHER SERVICE CHICAGO IL
132 AM CDT TUE OCT 21 2014


...................................

...THE CHICAGO-MIDWAY CLIMATE SUMMARY FOR OCTOBER 20 2014...

CLIMATE NORMAL PERIOD 1981 TO 2010
CLIMATE RECORD PERIOD 1928 TO 2014


WEATHER ITEM   OBSERVED TIME   RECORD YEAR NORMAL DEPARTURE LAST
                VALUE   (LST)  VALUE       VALUE  FROM      YEAR
                                                  NORMAL
..................................................................
TEMPERATURE (F)
 YESTERDAY
  MAXIMUM         66    208 PM  86    1953  61      5       65
  MINIMUM         50    651 AM  20    1930  44      6       41
  AVERAGE         58                        53      5       53

PRECIPITATION (IN)
  YESTERDAY        0.00          0.86 1934   0.10  -0.10     0.02
  MONTH TO DATE    3.56                      2.02   1.54     1.84
  SINCE SEP 1      6.06                      5.33   0.73     2.93
  SINCE JAN 1     39.56                     31.88   7.68    27.87

DEGREE DAYS
 HEATING
  YESTERDAY        7                        12     -5       12
  MONTH TO DATE  191                       189      2      130
  SINCE SEP 1    277                       266     11      180
  SINCE JUL 1    278                       271      7      184

 COOLING
  YESTERDAY        0                         0      0        0
  MONTH TO DATE    6                        13     -7       34
  SINCE SEP 1    132                       132      0      195
  SINCE JAN 1   1064                      1042     22     1091
..................................................................


WIND (MPH)
  RESULTANT WIND SPEED   5   RESULTANT WIND DIRECTION  NW (310)
  HIGHEST WIND SPEED    17   HIGHEST WIND DIRECTION    NW (330)
  HIGHEST GUST SPEED    19   HIGHEST GUST DIRECTION    NW (320)
  AVERAGE WIND SPEED     9.1



WEATHER CONDITIONS
 THE FOLLOWING WEATHER WAS RECORDED YESTERDAY.
  NO SIGNIFICANT WEATHER WAS OBSERVED.


..........................................................


THE CHICAGO-MIDWAY CLIMATE NORMALS FOR TODAY
                         NORMAL    RECORD    YEAR
 MAXIMUM TEMPERATURE (F)   61        87      1953
 MINIMUM TEMPERATURE (F)   44        26      1952


SUNRISE AND SUNSET
OCTOBER 21 2014.......SUNRISE   710 AM CDT   SUNSET   600 PM CDT
OCTOBER 22 2014.......SUNRISE   711 AM CDT   SUNSET   559 PM CDT


-  INDICATES NEGATIVE NUMBERS.
R  INDICATES RECORD WAS SET OR TIED.
MM INDICATES DATA IS MISSING.
T  INDICATES TRACE AMOUNT.




$$
