000
CDUS43 KLOT 260631
CLIMDW


CLIMATE REPORT
NATIONAL WEATHER SERVICE CHICAGO IL
131 AM CDT SUN OCT 26 2014


...................................

...THE CHICAGO-MIDWAY CLIMATE SUMMARY FOR OCTOBER 25 2014...

CLIMATE NORMAL PERIOD 1981 TO 2010
CLIMATE RECORD PERIOD 1928 TO 2014


WEATHER ITEM   OBSERVED TIME   RECORD YEAR NORMAL DEPARTURE LAST
                VALUE   (LST)  VALUE       VALUE  FROM      YEAR
                                                  NORMAL
..................................................................
TEMPERATURE (F)
 YESTERDAY
  MAXIMUM         75    218 PM  79    1989  59     16       51
                                      1963
  MINIMUM         52   1134 PM  25    1962  43      9       29
  AVERAGE         64                        51     13       40

PRECIPITATION (IN)
  YESTERDAY        0.00          1.87 1932   0.11  -0.11     0.00
  MONTH TO DATE    3.56                      2.56   1.00     1.90
  SINCE SEP 1      6.06                      5.87   0.19     2.99
  SINCE JAN 1     39.56                     32.42   7.14    27.93

DEGREE DAYS
 HEATING
  YESTERDAY        1                        14    -13       25
  MONTH TO DATE  237                       256    -19      255
  SINCE SEP 1    323                       333    -10      305
  SINCE JUL 1    324                       338    -14      309

 COOLING
  YESTERDAY        0                         0      0        0
  MONTH TO DATE    6                        13     -7       34
  SINCE SEP 1    132                       132      0      195
  SINCE JAN 1   1064                      1042     22     1091
..................................................................


WIND (MPH)
  RESULTANT WIND SPEED  10   RESULTANT WIND DIRECTION   W (280)
  HIGHEST WIND SPEED    23   HIGHEST WIND DIRECTION     W (290)
  HIGHEST GUST SPEED    27   HIGHEST GUST DIRECTION     W (290)
  AVERAGE WIND SPEED    10.4



WEATHER CONDITIONS
 THE FOLLOWING WEATHER WAS RECORDED YESTERDAY.
  FOG
  HAZE


..........................................................


THE CHICAGO-MIDWAY CLIMATE NORMALS FOR TODAY
                         NORMAL    RECORD    YEAR
 MAXIMUM TEMPERATURE (F)   59        84      1963
 MINIMUM TEMPERATURE (F)   43        22      1942


SUNRISE AND SUNSET
OCTOBER 26 2014.......SUNRISE   716 AM CDT   SUNSET   553 PM CDT
OCTOBER 27 2014.......SUNRISE   717 AM CDT   SUNSET   552 PM CDT


-  INDICATES NEGATIVE NUMBERS.
R  INDICATES RECORD WAS SET OR TIED.
MM INDICATES DATA IS MISSING.
T  INDICATES TRACE AMOUNT.




$$
