000
CDUS43 KLOT 080633
CLIMDW


CLIMATE REPORT
NATIONAL WEATHER SERVICE CHICAGO IL
1232 AM CST MON FEB 8 2016


...................................

...THE CHICAGO-MIDWAY CLIMATE SUMMARY FOR FEBRUARY 7 2016...

CLIMATE NORMAL PERIOD 1981 TO 2010
CLIMATE RECORD PERIOD 1928 TO 2016


WEATHER ITEM   OBSERVED TIME   RECORD YEAR NORMAL DEPARTURE LAST
                VALUE   (LST)  VALUE       VALUE  FROM      YEAR
                                                  NORMAL
..................................................................
TEMPERATURE (F)
 YESTERDAY
  MAXIMUM         46    200 PM  59    2009  33     13       44
  MINIMUM         34   1159 PM  -5    1972  20     14       25
                                      1951
  AVERAGE         40                        27     13       35

PRECIPITATION (IN)
  YESTERDAY        0.00          0.67 1933   0.06  -0.06     0.00
  MONTH TO DATE    T                         0.39  -0.39     0.05
  SINCE DEC 1      6.05                      5.02   1.03     2.06
  SINCE JAN 1      0.65                      2.45  -1.80     1.28

DEGREE DAYS
 HEATING
  YESTERDAY       25                        38    -13       30
  MONTH TO DATE  212                       273    -61      303
  SINCE DEC 1   2105                      2634   -529     2463
  SINCE JUL 1   2915                      3769   -854     3720

 COOLING
  YESTERDAY        0                         0      0        0
  MONTH TO DATE    0                         0      0        0
  SINCE DEC 1      0                         0      0        0
  SINCE JAN 1      0                         0      0        0
..................................................................


WIND (MPH)
  RESULTANT WIND SPEED  12   RESULTANT WIND DIRECTION  SW (230)
  HIGHEST WIND SPEED    23   HIGHEST WIND DIRECTION     W (250)
  HIGHEST GUST SPEED    31   HIGHEST GUST DIRECTION     W (260)
  AVERAGE WIND SPEED    12.7



WEATHER CONDITIONS
 THE FOLLOWING WEATHER WAS RECORDED YESTERDAY.
  NO SIGNIFICANT WEATHER WAS OBSERVED.


..........................................................


THE CHICAGO-MIDWAY CLIMATE NORMALS FOR TODAY
                         NORMAL    RECORD    YEAR
 MAXIMUM TEMPERATURE (F)   34        61      1990
 MINIMUM TEMPERATURE (F)   20       -12      1933


SUNRISE AND SUNSET
FEBRUARY  8 2016......SUNRISE   656 AM CST   SUNSET   515 PM CST
FEBRUARY  9 2016......SUNRISE   655 AM CST   SUNSET   516 PM CST


-  INDICATES NEGATIVE NUMBERS.
R  INDICATES RECORD WAS SET OR TIED.
MM INDICATES DATA IS MISSING.
T  INDICATES TRACE AMOUNT.




$$
