000
CDUS44 KMEG 292158
CLIMEG


CLIMATE REPORT
NATIONAL WEATHER SERVICE MEMPHIS TN
458 PM CDT FRI APR 29 2016


...................................

...THE MEMPHIS/GERMANTOWN WFO CLIMATE SUMMARY FOR APRIL 29 2016...
VALID TODAY AS OF 0400 PM LOCAL TIME.

CLIMATE NORMAL PERIOD 1981 TO 2010
CLIMATE RECORD PERIOD 1988 TO 2016


WEATHER ITEM   OBSERVED TIME   RECORD YEAR NORMAL DEPARTURE LAST
                VALUE   (LST)  VALUE       VALUE  FROM      YEAR
                                                  NORMAL
..................................................................
TEMPERATURE (F)
 TODAY
  MAXIMUM         68    855 AM  88    2003  76     -8       73
  MINIMUM         58   1200 PM  36    1992  53      5       45
  AVERAGE         63                        65     -2       59

PRECIPITATION (IN)
  TODAY            1.50          2.55 1991   0.19   1.31     0.00
  MONTH TO DATE    5.60                      5.14   0.46     3.42
  SINCE MAR 1     22.29                     10.09  12.20    10.08
  SINCE JAN 1     31.24                     18.72  12.52    16.16

SNOWFALL (IN)
  TODAY            0.0

DEGREE DAYS
 HEATING
  TODAY            2                         3     -1        6
  MONTH TO DATE  106                       187    -81      104
  SINCE MAR 1    360                       623   -263      525
  SINCE JUL 1   2447                      3369   -922     3432

 COOLING
  TODAY            0                         3     -3        0
  MONTH TO DATE   54                        52      2       74
  SINCE MAR 1     67                        63      4       77
  SINCE JAN 1     67                        64      3       77
..................................................................







THE MEMPHIS/GERMANTOWN WFO CLIMATE NORMALS FOR TOMORROW
                         NORMAL    RECORD    YEAR
 MAXIMUM TEMPERATURE (F)   76        89      2007
 MINIMUM TEMPERATURE (F)   54        42      1996


SUNRISE AND SUNSET
APRIL 29 2016.........SUNRISE   610 AM CDT   SUNSET   744 PM CDT
APRIL 30 2016.........SUNRISE   609 AM CDT   SUNSET   744 PM CDT


-  INDICATES NEGATIVE NUMBERS.
R  INDICATES RECORD WAS SET OR TIED.
MM INDICATES DATA IS MISSING.
T  INDICATES TRACE AMOUNT.




$$
