000
CDUS44 KMEG 020733
CLIMEG


CLIMATE REPORT
NATIONAL WEATHER SERVICE MEMPHIS TN
132 AM CST MON MAR 2 2015


...................................

...THE MEMPHIS/GERMANTOWN WFO CLIMATE SUMMARY FOR MARCH 1 2015...

CLIMATE NORMAL PERIOD 1981 TO 2010
CLIMATE RECORD PERIOD 1988 TO 2015


WEATHER ITEM   OBSERVED TIME   RECORD YEAR NORMAL DEPARTURE LAST
                VALUE   (LST)  VALUE       VALUE  FROM      YEAR
                                                  NORMAL
..................................................................
TEMPERATURE (F)
 YESTERDAY
  MAXIMUM         47        MM  77    2012  58    -11       72
  MINIMUM         35        MM  23    2009  36     -1       45
  AVERAGE         41                        47     -6       59

PRECIPITATION (IN)
  YESTERDAY        0.46          0.63 1997   0.16   0.30     0.00
  MONTH TO DATE    0.46                      0.16   0.30     0.00
  SINCE MAR 1      0.46                      0.16   0.30     0.00
  SINCE JAN 1      6.54                      8.79  -2.25     8.62

SNOWFALL (IN)
  YESTERDAY        0.0           1.9  2009   0.0    0.0      0.0
  MONTH TO DATE    0.0                       0.0    0.0      0.0
  SINCE MAR 1      0.0                       0.0    0.0      0.0
  SINCE JUL 1      2.2                       1.6    0.6      0.5
  SNOW DEPTH       0

DEGREE DAYS
 HEATING
  YESTERDAY       24                        18      6        6
  MONTH TO DATE   24                        18      6        6
  SINCE MAR 1     24                        18      6        6
  SINCE JUL 1   2932                      2764    168     3010

 COOLING
  YESTERDAY        0                         0      0        0
  MONTH TO DATE    0                         0      0        0
  SINCE MAR 1      0                         0      0        0
  SINCE JAN 1      0                         1     -1        0
..................................................................







THE MEMPHIS/GERMANTOWN WFO CLIMATE NORMALS FOR TODAY
                         NORMAL    RECORD    YEAR
 MAXIMUM TEMPERATURE (F)   58        81      2012
 MINIMUM TEMPERATURE (F)   36        22      2009


SUNRISE AND SUNSET
MARCH  2 2015.........SUNRISE   628 AM CST   SUNSET   555 PM CST
MARCH  3 2015.........SUNRISE   626 AM CST   SUNSET   556 PM CST


-  INDICATES NEGATIVE NUMBERS.
R  INDICATES RECORD WAS SET OR TIED.
MM INDICATES DATA IS MISSING.
T  INDICATES TRACE AMOUNT.




$$
