000
CDUS44 KMEG 280639
CLIMEG


CLIMATE REPORT
NATIONAL WEATHER SERVICE MEMPHIS TN
138 AM CDT THU MAY 28 2015


...................................

...THE MEMPHIS/GERMANTOWN WFO CLIMATE SUMMARY FOR MAY 27 2015...

CLIMATE NORMAL PERIOD 1981 TO 2010
CLIMATE RECORD PERIOD 1988 TO 2015


WEATHER ITEM   OBSERVED TIME   RECORD YEAR NORMAL DEPARTURE LAST
                VALUE   (LST)  VALUE       VALUE  FROM      YEAR
                                                  NORMAL
..................................................................
TEMPERATURE (F)
 YESTERDAY
  MAXIMUM         80        MM  94    2012  83     -3       87
                                      2006
  MINIMUM         68        MM  51    1999  62      6       67
  AVERAGE         74                        73      1       77

PRECIPITATION (IN)
  YESTERDAY        0.05          1.56 2008   0.16  -0.11     0.72
  MONTH TO DATE    4.65                      5.00  -0.35     4.36
  SINCE MAR 1     14.73                     15.27  -0.54    16.46
  SINCE JAN 1     20.81                     23.90  -3.09    25.08

SNOWFALL (IN)
  YESTERDAY        0.0          MM      MM   0.0    0.0      0.0
  MONTH TO DATE    0.0                       0.0    0.0      0.0
  SINCE MAR 1      4.1                       0.8    3.3      0.3
  SINCE JUL 1      6.3                       2.4    3.9      0.8
  SNOW DEPTH       0

DEGREE DAYS
 HEATING
  YESTERDAY        0                         0      0        0
  MONTH TO DATE   25                        39    -14       57
  SINCE MAR 1    552                       666   -114      739
  SINCE JUL 1   3459                      3412     47     3743

 COOLING
  YESTERDAY        9                         8      1       12
  MONTH TO DATE  184                       149     35      209
  SINCE MAR 1    261                       214     47      257
  SINCE JAN 1    261                       215     46      257
..................................................................







THE MEMPHIS/GERMANTOWN WFO CLIMATE NORMALS FOR TODAY
                         NORMAL    RECORD    YEAR
 MAXIMUM TEMPERATURE (F)   84        96      2012
 MINIMUM TEMPERATURE (F)   63        50      1994


SUNRISE AND SUNSET
MAY 28 2015...........SUNRISE   548 AM CDT   SUNSET   806 PM CDT
MAY 29 2015...........SUNRISE   547 AM CDT   SUNSET   806 PM CDT


-  INDICATES NEGATIVE NUMBERS.
R  INDICATES RECORD WAS SET OR TIED.
MM INDICATES DATA IS MISSING.
T  INDICATES TRACE AMOUNT.




$$
