000
CDUS44 KMEG 260633
CLIMEG


CLIMATE REPORT
NATIONAL WEATHER SERVICE MEMPHIS TN
132 AM CDT MON JUN 26 2017


...................................

...THE MEMPHIS/GERMANTOWN WFO CLIMATE SUMMARY FOR JUNE 25 2017...

CLIMATE NORMAL PERIOD 1981 TO 2010
CLIMATE RECORD PERIOD 1988 TO 2017


WEATHER ITEM   OBSERVED TIME   RECORD YEAR NORMAL DEPARTURE LAST
                VALUE   (LST)  VALUE       VALUE  FROM      YEAR
                                                  NORMAL
..................................................................
TEMPERATURE (F)
 YESTERDAY
  MAXIMUM         85        MM  99    1998  90     -5       96
  MINIMUM         63        MM  61    2001  70     -7       76
  AVERAGE         74                        80     -6       86

PRECIPITATION (IN)
  YESTERDAY        0.01          2.24 1993   0.12  -0.11     0.00
  MONTH TO DATE    3.67                      3.04   0.63     2.83
  SINCE JUN 1      3.67                      3.04   0.63     2.83
  SINCE JAN 1     24.58                     27.53  -2.95    39.28

SNOWFALL (IN)
  YESTERDAY        0.0          MM      MM                   0.0
  MONTH TO DATE    0.0                                       0.0
  SINCE JUN 1      0.0                                       0.0
  SINCE JUL 1      1.4                                       0.9
  SNOW DEPTH       0

DEGREE DAYS
 HEATING
  YESTERDAY        0                         0      0        0
  MONTH TO DATE    0                         0      0        0
  SINCE JUN 1      0                         0      0        0
  SINCE JUL 1   2240                      3412  -1172     2485

 COOLING
  YESTERDAY        9                        15     -6       21
  MONTH TO DATE  303                       305     -2      397
  SINCE JUN 1    303                       305     -2      397
  SINCE JAN 1    648                       556     92      642
..................................................................







THE MEMPHIS/GERMANTOWN WFO CLIMATE NORMALS FOR TODAY
                         NORMAL    RECORD    YEAR
 MAXIMUM TEMPERATURE (F)   90        99      1998
 MINIMUM TEMPERATURE (F)   70        62      2001


SUNRISE AND SUNSET
JUNE 26 2017..........SUNRISE   547 AM CDT   SUNSET   817 PM CDT
JUNE 27 2017..........SUNRISE   547 AM CDT   SUNSET   818 PM CDT


-  INDICATES NEGATIVE NUMBERS.
R  INDICATES RECORD WAS SET OR TIED.
MM INDICATES DATA IS MISSING.
T  INDICATES TRACE AMOUNT.




$$
