000
CDUS44 KMEG 200737
CLIMEG


CLIMATE REPORT
NATIONAL WEATHER SERVICE MEMPHIS TN
137 AM CST SAT DEC 20 2014


...................................

...THE MEMPHIS/GERMANTOWN WFO CLIMATE SUMMARY FOR DECEMBER 19 2014...

CLIMATE NORMAL PERIOD 1981 TO 2010
CLIMATE RECORD PERIOD 1988 TO 2014


WEATHER ITEM   OBSERVED TIME   RECORD YEAR NORMAL DEPARTURE LAST
                VALUE   (LST)  VALUE       VALUE  FROM      YEAR
                                                  NORMAL
..................................................................
TEMPERATURE (F)
 YESTERDAY
  MAXIMUM         44        MM  71    2008  50     -6       60
  MINIMUM         38        MM  13    2000  31      7       46
  AVERAGE         41                        41      0       53

PRECIPITATION (IN)
  YESTERDAY        T             0.79 1995   0.19  -0.19     0.00
  MONTH TO DATE    1.78                      3.81  -2.03     3.18
  SINCE DEC 1      1.78                      3.81  -2.03     3.18
  SINCE JAN 1     56.93                     52.76   4.17    61.75

SNOWFALL (IN)
  YESTERDAY        0.0          MM      MM   0.0    0.0      0.0
  MONTH TO DATE    T                         0.0    0.0       T
  SINCE DEC 1      T                         0.0    0.0       T
  SINCE JUL 1      0.3                       0.0    0.3       T
  SNOW DEPTH       0

DEGREE DAYS
 HEATING
  YESTERDAY       24                        24      0       12
  MONTH TO DATE  355                       420    -65      441
  SINCE DEC 1    355                       420    -65      441
  SINCE JUL 1   1034                      1019     15     1101

 COOLING
  YESTERDAY        0                         0      0        0
  MONTH TO DATE    0                         0      0        1
  SINCE DEC 1      0                         0      0        1
  SINCE JAN 1   1967                      1926     41     1965
..................................................................







THE MEMPHIS/GERMANTOWN WFO CLIMATE NORMALS FOR TODAY
                         NORMAL    RECORD    YEAR
 MAXIMUM TEMPERATURE (F)   50        68      2013
 MINIMUM TEMPERATURE (F)   31        13      2000


SUNRISE AND SUNSET
DECEMBER 20 2014......SUNRISE   703 AM CST   SUNSET   451 PM CST
DECEMBER 21 2014......SUNRISE   704 AM CST   SUNSET   451 PM CST


-  INDICATES NEGATIVE NUMBERS.
R  INDICATES RECORD WAS SET OR TIED.
MM INDICATES DATA IS MISSING.
T  INDICATES TRACE AMOUNT.




$$
