186
CDUS44 KMEG 200635
CLIMEG


CLIMATE REPORT
NATIONAL WEATHER SERVICE MEMPHIS TN
134 AM CDT SUN AUG 20 2017


...................................

...THE MEMPHIS/GERMANTOWN WFO CLIMATE SUMMARY FOR AUGUST 19 2017...

CLIMATE NORMAL PERIOD 1981 TO 2010
CLIMATE RECORD PERIOD 1988 TO 2017


WEATHER ITEM   OBSERVED TIME   RECORD YEAR NORMAL DEPARTURE LAST
                VALUE   (LST)  VALUE       VALUE  FROM      YEAR
                                                  NORMAL
..................................................................
TEMPERATURE (F)
 YESTERDAY
  MAXIMUM         95        MM  99    2005  91      4       87
  MINIMUM         71        MM  61    1992  69      2       74
  AVERAGE         83                        80      3       81

PRECIPITATION (IN)
  YESTERDAY        0.00          0.51 1987   0.10  -0.10     0.04
  MONTH TO DATE    2.13                      2.17  -0.04     3.19
  SINCE JUN 1     11.84                     10.39   1.45    13.28
  SINCE JAN 1     32.75                     34.88  -2.13    49.73

SNOWFALL (IN)
  YESTERDAY        0.0          MM      MM                   0.0
  MONTH TO DATE    0.0                                       0.0
  SINCE JUN 1      0.0                                       0.0
  SINCE JUL 1      0.0                                       0.0
  SNOW DEPTH       0

DEGREE DAYS
 HEATING
  YESTERDAY        0                         0      0        0
  MONTH TO DATE    0                         0      0        0
  SINCE JUN 1      0                         2     -2        0
  SINCE JUL 1      0                         0      0        0

 COOLING
  YESTERDAY       18                        15      3       16
  MONTH TO DATE  274                       298    -24      342
  SINCE JUN 1   1196                      1175     21     1390
  SINCE JAN 1   1541                      1426    115     1635
..................................................................







THE MEMPHIS/GERMANTOWN WFO CLIMATE NORMALS FOR TODAY
                         NORMAL    RECORD    YEAR
 MAXIMUM TEMPERATURE (F)   91       101      2006
 MINIMUM TEMPERATURE (F)   69        58      1991


SUNRISE AND SUNSET
AUGUST 20 2017........SUNRISE   623 AM CDT   SUNSET   741 PM CDT
AUGUST 21 2017........SUNRISE   624 AM CDT   SUNSET   740 PM CDT


-  INDICATES NEGATIVE NUMBERS.
R  INDICATES RECORD WAS SET OR TIED.
MM INDICATES DATA IS MISSING.
T  INDICATES TRACE AMOUNT.




$$
