000
CDUS44 KMEG 020632
CLIMEG


CLIMATE REPORT
NATIONAL WEATHER SERVICE MEMPHIS TN
132 AM CDT SAT AUG 2 2014


...................................

...THE MEMPHIS/GERMANTOWN WFO CLIMATE SUMMARY FOR AUGUST 1 2014...

CLIMATE NORMAL PERIOD 1981 TO 2010
CLIMATE RECORD PERIOD 1988 TO 2014


WEATHER ITEM   OBSERVED TIME   RECORD YEAR NORMAL DEPARTURE LAST
                VALUE   (LST)  VALUE       VALUE  FROM      YEAR
                                                  NORMAL
..................................................................
TEMPERATURE (F)
 YESTERDAY
  MAXIMUM         86    400 PM 100    2006  91     -5       87
  MINIMUM         70    500 AM  62    1991  71     -1       69
  AVERAGE         78                        81     -3       78

PRECIPITATION (IN)
  YESTERDAY        0.00          0.56 2000   0.14  -0.14     0.00
  MONTH TO DATE    0.00                      0.14  -0.14     0.00
  SINCE JUN 1     16.04                      8.36   7.68     9.88
  SINCE JAN 1     41.62                     32.85   8.77    46.22

SNOWFALL (IN)
  YESTERDAY        0.0          MM      MM   0.0    0.0      0.0
  MONTH TO DATE    0.0                       0.0    0.0      0.0
  SINCE JUN 1      0.0                       0.0    0.0      0.0
  SINCE JUL 1      0.0                       0.0    0.0      0.0
  SNOW DEPTH       0

DEGREE DAYS
 HEATING
  YESTERDAY        0                         0      0        0
  MONTH TO DATE    0                         0      0        0
  SINCE JUN 1      0                         2     -2        0
  SINCE JUL 1      0                         0      0        0

 COOLING
  YESTERDAY       13                        16     -3       13
  MONTH TO DATE   13                        16     -3       13
  SINCE JUN 1    787                       893   -106      852
  SINCE JAN 1   1086                      1144    -58     1112
..................................................................







THE MEMPHIS/GERMANTOWN WFO CLIMATE NORMALS FOR TODAY
                         NORMAL    RECORD    YEAR
 MAXIMUM TEMPERATURE (F)   91       101      2011
 MINIMUM TEMPERATURE (F)   71        63      1997


SUNRISE AND SUNSET
AUGUST  2 2014........SUNRISE   609 AM CDT   SUNSET   801 PM CDT
AUGUST  3 2014........SUNRISE   610 AM CDT   SUNSET   800 PM CDT


-  INDICATES NEGATIVE NUMBERS.
R  INDICATES RECORD WAS SET OR TIED.
MM INDICATES DATA IS MISSING.
T  INDICATES TRACE AMOUNT.




$$
