000
CDUS44 KJAN 292109
CLIMEI


CLIMATE REPORT
NATIONAL WEATHER SERVICE JACKSON MS
407 PM CDT FRI APR 29 2016


...................................

...THE MERIDIAN CLIMATE SUMMARY FOR APRIL 29 2016...
VALID TODAY AS OF 0400 PM LOCAL TIME.

CLIMATE NORMAL PERIOD 1981 TO 2010
CLIMATE RECORD PERIOD 1889 TO 2016


WEATHER ITEM   OBSERVED TIME   RECORD YEAR NORMAL DEPARTURE LAST
                VALUE   (LST)  VALUE       VALUE  FROM      YEAR
                                                  NORMAL
..................................................................
TEMPERATURE (F)
 TODAY
  MAXIMUM         86    116 PM  91    1970  79      7       74
  MINIMUM         63    543 AM  39    1992  53     10       50
  AVERAGE         75                        66      9       62

PRECIPITATION (IN)
  TODAY            0.00          3.83 1991   0.14  -0.14     0.00
  MONTH TO DATE    3.85                      4.64  -0.79     5.15
  SINCE MAR 1     16.23                     10.06   6.17    10.06
  SINCE JAN 1     23.72                     20.79   2.93    20.90

SNOWFALL (IN)
  TODAY            0.0           0.0    MM   0.0    0.0      0.0
  MONTH TO DATE    0.0                       0.1   -0.1      0.0
  SINCE MAR 1      0.0                       0.3   -0.3       T
  SINCE JUL 1      T                         0.6   -0.6       T

DEGREE DAYS
 HEATING
  TODAY            0                         2     -2        3
  MONTH TO DATE   63                       128    -65       45
  SINCE MAR 1    245                       435   -190      255
  SINCE JUL 1   1807                      2532   -725     2496

 COOLING
  TODAY           10                         3      7        0
  MONTH TO DATE   59                        55      4      113
  SINCE MAR 1     91                        72     19      140
  SINCE JAN 1     96                        79     17      140
..................................................................


WIND (MPH)
  HIGHEST WIND SPEED    20   HIGHEST WIND DIRECTION     S (170)
  HIGHEST GUST SPEED    24   HIGHEST GUST DIRECTION     S (160)
  AVERAGE WIND SPEED     4.8


SKY COVER
  POSSIBLE SUNSHINE  MM
  AVERAGE SKY COVER 0.3


WEATHER CONDITIONS
 THE FOLLOWING WEATHER WAS RECORDED TODAY.
  NO SIGNIFICANT WEATHER WAS OBSERVED.


RELATIVE HUMIDITY (PERCENT)
 HIGHEST    93           100 AM
 LOWEST     55           200 PM
 AVERAGE    74

..........................................................


THE MERIDIAN CLIMATE NORMALS FOR TOMORROW
                         NORMAL    RECORD    YEAR
 MAXIMUM TEMPERATURE (F)   80        92      1987
 MINIMUM TEMPERATURE (F)   54        39      1965


SUNRISE AND SUNSET
APRIL 29 2016.........SUNRISE   610 AM CDT   SUNSET   735 PM CDT
APRIL 30 2016.........SUNRISE   609 AM CDT   SUNSET   736 PM CDT


-  INDICATES NEGATIVE NUMBERS.
R  INDICATES RECORD WAS SET OR TIED.
MM INDICATES DATA IS MISSING.
T  INDICATES TRACE AMOUNT.




$$
