000
CDUS44 KJAN 300640
CLIMEI


CLIMATE REPORT
NATIONAL WEATHER SERVICE JACKSON MS
137 AM CDT TUE AUG 30 2016


...................................

...THE MERIDIAN CLIMATE SUMMARY FOR AUGUST 29 2016...

CLIMATE NORMAL PERIOD 1981 TO 2010
CLIMATE RECORD PERIOD 1889 TO 2016


WEATHER ITEM   OBSERVED TIME   RECORD YEAR NORMAL DEPARTURE LAST
                VALUE   (LST)  VALUE       VALUE  FROM      YEAR
                                                  NORMAL
..................................................................
TEMPERATURE (F)
 YESTERDAY
  MAXIMUM         96    226 PM 106    2000  91      5       89
  MINIMUM         73    507 AM  51    1891  68      5       69
  AVERAGE         85                        79      6       79

PRECIPITATION (IN)
  YESTERDAY        0.00          1.84 2001   0.11  -0.11     0.00
  MONTH TO DATE    5.03                      3.77   1.26     3.20
  SINCE JUN 1     12.34                     13.31  -0.97    11.74
  SINCE JAN 1     37.33                     38.74  -1.41    34.80

SNOWFALL (IN)
  YESTERDAY        0.0           0.0  2002   0.0    0.0      0.0
                                      2001
  MONTH TO DATE    0.0                       0.0    0.0      0.0
  SINCE JUN 1      0.0                       0.0    0.0      0.0
  SINCE JUL 1      0.0                       0.0    0.0      0.0

DEGREE DAYS
 HEATING
  YESTERDAY        0                         0      0        0
  MONTH TO DATE    0                         0      0        0
  SINCE JUN 1      0                         0      0        0
  SINCE JUL 1      0                         0      0        0

 COOLING
  YESTERDAY       20                        14      6       14
  MONTH TO DATE  585                       447    138      466
  SINCE JUN 1   1759                      1311    448     1429
  SINCE JAN 1   2071                      1594    477     1794
..................................................................


WIND (MPH)
  HIGHEST WIND SPEED    14   HIGHEST WIND DIRECTION     E (80)
  HIGHEST GUST SPEED    21   HIGHEST GUST DIRECTION     E (70)
  AVERAGE WIND SPEED     4.6


SKY COVER
  POSSIBLE SUNSHINE  MM
  AVERAGE SKY COVER 0.1


WEATHER CONDITIONS
 THE FOLLOWING WEATHER WAS RECORDED YESTERDAY.
  NO SIGNIFICANT WEATHER WAS OBSERVED.


RELATIVE HUMIDITY (PERCENT)
 HIGHEST    87          1200 AM
 LOWEST     43           100 PM
 AVERAGE    65

..........................................................


THE MERIDIAN CLIMATE NORMALS FOR TODAY
                         NORMAL    RECORD    YEAR
 MAXIMUM TEMPERATURE (F)   91       104      2000
 MINIMUM TEMPERATURE (F)   68        50      1891


SUNRISE AND SUNSET
AUGUST 30 2016........SUNRISE   629 AM CDT   SUNSET   721 PM CDT
AUGUST 31 2016........SUNRISE   630 AM CDT   SUNSET   720 PM CDT


-  INDICATES NEGATIVE NUMBERS.
R  INDICATES RECORD WAS SET OR TIED.
MM INDICATES DATA IS MISSING.
T  INDICATES TRACE AMOUNT.




$$
