000
CDUS44 KJAN 200654
CLIMEI


CLIMATE REPORT
NATIONAL WEATHER SERVICE JACKSON MS
1252 AM CST TUE FEB 20 2018


...................................

...THE MERIDIAN CLIMATE SUMMARY FOR FEBRUARY 19 2018...

CLIMATE NORMAL PERIOD 1981 TO 2010
CLIMATE RECORD PERIOD 1889 TO 2018


WEATHER ITEM   OBSERVED TIME   RECORD YEAR NORMAL DEPARTURE LAST
                VALUE   (LST)  VALUE       VALUE  FROM      YEAR
                                                  NORMAL
..................................................................
TEMPERATURE (F)
 YESTERDAY
  MAXIMUM         82    332 PM  83    2017  62     20       83
  MINIMUM         52    135 AM  19    2015  37     15       45
                                      1978
  AVERAGE         67                        50     17       64

PRECIPITATION (IN)
  YESTERDAY        0.00          4.94 1991   0.20  -0.20     0.00
  MONTH TO DATE    6.38                      3.86   2.52     0.91
  SINCE DEC 1     12.95                     14.05  -1.10    12.18
  SINCE JAN 1      8.86                      8.99  -0.13     8.28

SNOWFALL (IN)
  YESTERDAY        0.0           0.0    MM   0.0    0.0      0.0
  MONTH TO DATE    0.0                       0.0    0.0      0.0
  SINCE DEC 1      5.3                       0.3    5.0      0.8
  SINCE JUL 1      5.3                       0.3    5.0      0.8

DEGREE DAYS
 HEATING
  YESTERDAY        0                        15    -15        1
  MONTH TO DATE  181                       332   -151      149
  SINCE DEC 1   1400                      1519   -119      879
  SINCE JUL 1   1741                      1969   -228     1088

 COOLING
  YESTERDAY        2                         0      2        0
  MONTH TO DATE   12                         0     12       12
  SINCE DEC 1     17                         9      8       54
  SINCE JAN 1     14                         3     11       36
..................................................................


WIND (MPH)
  HIGHEST WIND SPEED    22   HIGHEST WIND DIRECTION    SE (150)
  HIGHEST GUST SPEED    28   HIGHEST GUST DIRECTION     S (160)
  AVERAGE WIND SPEED     9.8


SKY COVER
  POSSIBLE SUNSHINE  MM
  AVERAGE SKY COVER 0.6


WEATHER CONDITIONS
 THE FOLLOWING WEATHER WAS RECORDED YESTERDAY.
  FOG


RELATIVE HUMIDITY (PERCENT)
 HIGHEST   100           100 AM
 LOWEST     51           200 PM
 AVERAGE    76

..........................................................


THE MERIDIAN CLIMATE NORMALS FOR TODAY
                         NORMAL    RECORD    YEAR
 MAXIMUM TEMPERATURE (F)   62        83      2017
 MINIMUM TEMPERATURE (F)   38        17      1978


SUNRISE AND SUNSET
FEBRUARY 20 2018......SUNRISE   632 AM CST   SUNSET   545 PM CST
FEBRUARY 21 2018......SUNRISE   631 AM CST   SUNSET   546 PM CST


-  INDICATES NEGATIVE NUMBERS.
R  INDICATES RECORD WAS SET OR TIED.
MM INDICATES DATA IS MISSING.
T  INDICATES TRACE AMOUNT.




$$
