000
CDUS44 KJAN 090824
CLIMEI


CLIMATE REPORT
NATIONAL WEATHER SERVICE JACKSON MS
222 AM CST TUE FEB 9 2016


...................................

...THE MERIDIAN CLIMATE SUMMARY FOR FEBRUARY 8 2016...

CLIMATE NORMAL PERIOD 1981 TO 2010
CLIMATE RECORD PERIOD 1889 TO 2016


WEATHER ITEM   OBSERVED TIME   RECORD YEAR NORMAL DEPARTURE LAST
                VALUE   (LST)  VALUE       VALUE  FROM      YEAR
                                                  NORMAL
..................................................................
TEMPERATURE (F)
 YESTERDAY
  MAXIMUM         56   1133 AM  84    1957  59     -3       72
  MINIMUM         30   1155 PM   6    1895  35     -5       40
  AVERAGE         43                        47     -4       56

PRECIPITATION (IN)
  YESTERDAY        0.00          3.94 1905   0.20  -0.20     0.00
  MONTH TO DATE    0.70                      1.64  -0.94     0.37
  SINCE DEC 1     10.02                     11.83  -1.81    15.76
  SINCE JAN 1      3.94                      6.77  -2.83     7.08

SNOWFALL (IN)
  YESTERDAY        0.0           0.1  1899   0.0    0.0      0.0
  MONTH TO DATE    0.0                       0.0    0.0      0.0
  SINCE DEC 1      T                         0.3   -0.3      0.0
  SINCE JUL 1      T                         0.3   -0.3      0.0

DEGREE DAYS
 HEATING
  YESTERDAY       22                        18      4        9
  MONTH TO DATE  128                       149    -21      163
  SINCE DEC 1   1034                      1336   -302     1238
  SINCE JUL 1   1285                      1786   -501     1787

 COOLING
  YESTERDAY        0                         0      0        0
  MONTH TO DATE    4                         0      4        0
  SINCE DEC 1     47                         9     38        0
  SINCE JAN 1      4                         3      1        0
..................................................................


WIND (MPH)
  HIGHEST WIND SPEED    26   HIGHEST WIND DIRECTION    NW (310)
  HIGHEST GUST SPEED    35   HIGHEST GUST DIRECTION     W (290)
  AVERAGE WIND SPEED    10.2


SKY COVER
  POSSIBLE SUNSHINE  MM
  AVERAGE SKY COVER 0.3


WEATHER CONDITIONS
 THE FOLLOWING WEATHER WAS RECORDED YESTERDAY.
  NO SIGNIFICANT WEATHER WAS OBSERVED.


RELATIVE HUMIDITY (PERCENT)
 HIGHEST    82          1200 AM
 LOWEST     26          1200 PM
 AVERAGE    54

..........................................................


THE MERIDIAN CLIMATE NORMALS FOR TODAY
                         NORMAL    RECORD    YEAR
 MAXIMUM TEMPERATURE (F)   60        81      1957
                                             1939
 MINIMUM TEMPERATURE (F)   35        10      1933


SUNRISE AND SUNSET
FEBRUARY  9 2016......SUNRISE   643 AM CST   SUNSET   535 PM CST
FEBRUARY 10 2016......SUNRISE   643 AM CST   SUNSET   536 PM CST


-  INDICATES NEGATIVE NUMBERS.
R  INDICATES RECORD WAS SET OR TIED.
MM INDICATES DATA IS MISSING.
T  INDICATES TRACE AMOUNT.




$$
