000
CDUS44 KJAN 020746
CLIMEI


CLIMATE REPORT
NATIONAL WEATHER SERVICE JACKSON MS
144 AM CST MON MAR 2 2015


...................................

...THE MERIDIAN CLIMATE SUMMARY FOR MARCH 1 2015...

CLIMATE NORMAL PERIOD 1981 TO 2010
CLIMATE RECORD PERIOD 1889 TO 2015


WEATHER ITEM   OBSERVED TIME   RECORD YEAR NORMAL DEPARTURE LAST
                VALUE   (LST)  VALUE       VALUE  FROM      YEAR
                                                  NORMAL
..................................................................
TEMPERATURE (F)
 YESTERDAY
  MAXIMUM         57    145 PM  83    1932  65     -8       76
  MINIMUM         50    834 AM  19    1984  40     10       46
  AVERAGE         54                        52      2       61

PRECIPITATION (IN)
  YESTERDAY        0.44          2.19 1994   0.20   0.24     0.00
  MONTH TO DATE    0.44                      0.20   0.24     0.00
  SINCE MAR 1      0.44                      0.20   0.24     0.00
  SINCE JAN 1     11.28                     10.93   0.35     9.35

SNOWFALL (IN)
  YESTERDAY        0.0           0.5  2009   0.0    0.0      0.0
  MONTH TO DATE    0.0                       0.0    0.0      0.0
  SINCE MAR 1      0.0                       0.0    0.0      0.0
  SINCE JUL 1      T                         0.3   -0.3      2.5

DEGREE DAYS
 HEATING
  YESTERDAY       11                        13     -2        4
  MONTH TO DATE   11                        13     -2        4
  SINCE MAR 1     11                        13     -2        4
  SINCE JUL 1   2252                      2110    142     2380

 COOLING
  YESTERDAY        0                         0      0        0
  MONTH TO DATE    0                         0      0        0
  SINCE MAR 1      0                         0      0        0
  SINCE JAN 1      0                         7     -7        7
..................................................................


WIND (MPH)
  HIGHEST WIND SPEED    15   HIGHEST WIND DIRECTION     S (170)
  HIGHEST GUST SPEED    17   HIGHEST GUST DIRECTION     S (170)
  AVERAGE WIND SPEED     5.1


SKY COVER
  POSSIBLE SUNSHINE  MM
  AVERAGE SKY COVER 1.0


WEATHER CONDITIONS
 THE FOLLOWING WEATHER WAS RECORDED YESTERDAY.
  HEAVY RAIN
  RAIN
  LIGHT RAIN
  FOG


RELATIVE HUMIDITY (PERCENT)
 HIGHEST   100           600 PM
 LOWEST     77          1200 AM
 AVERAGE    89

..........................................................


THE MERIDIAN CLIMATE NORMALS FOR TODAY
                         NORMAL    RECORD    YEAR
 MAXIMUM TEMPERATURE (F)   65        82      2012
                                             1955
                                             1953
 MINIMUM TEMPERATURE (F)   40        19      1890


SUNRISE AND SUNSET
MARCH  2 2015.........SUNRISE   622 AM CST   SUNSET   553 PM CST
MARCH  3 2015.........SUNRISE   620 AM CST   SUNSET   554 PM CST


-  INDICATES NEGATIVE NUMBERS.
R  INDICATES RECORD WAS SET OR TIED.
MM INDICATES DATA IS MISSING.
T  INDICATES TRACE AMOUNT.




$$
