000
CDUS44 KJAN 220626
CLIMEI


CLIMATE REPORT
NATIONAL WEATHER SERVICE JACKSON MS
122 AM CDT FRI SEP 22 2017


...................................

...THE MERIDIAN CLIMATE SUMMARY FOR SEPTEMBER 21 2017...

CLIMATE NORMAL PERIOD 1981 TO 2010
CLIMATE RECORD PERIOD 1889 TO 2017


WEATHER ITEM   OBSERVED TIME   RECORD YEAR NORMAL DEPARTURE LAST
                VALUE   (LST)  VALUE       VALUE  FROM      YEAR
                                                  NORMAL
..................................................................
TEMPERATURE (F)
 YESTERDAY
  MAXIMUM         94    308 PM  99    1925  85      9       97
  MINIMUM         67    554 AM  45    1899  61      6       65
  AVERAGE         81                        73      8       81

PRECIPITATION (IN)
  YESTERDAY        0.00          1.50 1909   0.11  -0.11     0.00
  MONTH TO DATE    0.96                      2.38  -1.42     0.55
  SINCE SEP 1      0.96                      2.38  -1.42     0.55
  SINCE JAN 1     53.84                     41.34  12.50    37.88

SNOWFALL (IN)
  YESTERDAY        0.0           0.0  2002   0.0    0.0      0.0
                                      2001
  MONTH TO DATE    0.0                       0.0    0.0      0.0
  SINCE SEP 1      0.0                       0.0    0.0      0.0
  SINCE JUL 1      0.0                       0.0    0.0      0.0

DEGREE DAYS
 HEATING
  YESTERDAY        0                         0      0        0
  MONTH TO DATE    3                         0      3        0
  SINCE SEP 1      3                         0      3        0
  SINCE JUL 1      3                         0      3        0

 COOLING
  YESTERDAY       16                         9      7       16
  MONTH TO DATE  213                       241    -28      381
  SINCE SEP 1    213                       241    -28      381
  SINCE JAN 1   2177                      1861    316     2492
..................................................................


WIND (MPH)
  HIGHEST WIND SPEED    10   HIGHEST WIND DIRECTION    NE (50)
  HIGHEST GUST SPEED    17   HIGHEST GUST DIRECTION    NE (50)
  AVERAGE WIND SPEED     2.2


SKY COVER
  POSSIBLE SUNSHINE  MM
  AVERAGE SKY COVER 0.1


WEATHER CONDITIONS
 THE FOLLOWING WEATHER WAS RECORDED YESTERDAY.
  NO SIGNIFICANT WEATHER WAS OBSERVED.


RELATIVE HUMIDITY (PERCENT)
 HIGHEST   100           900 PM
 LOWEST     39           300 PM
 AVERAGE    70

..........................................................


THE MERIDIAN CLIMATE NORMALS FOR TODAY
                         NORMAL    RECORD    YEAR
 MAXIMUM TEMPERATURE (F)   85        98      2016
                                             1925
 MINIMUM TEMPERATURE (F)   61        41      1983


SUNRISE AND SUNSET
SEPTEMBER 22 2017.....SUNRISE   643 AM CDT   SUNSET   651 PM CDT
SEPTEMBER 23 2017.....SUNRISE   644 AM CDT   SUNSET   650 PM CDT


-  INDICATES NEGATIVE NUMBERS.
R  INDICATES RECORD WAS SET OR TIED.
MM INDICATES DATA IS MISSING.
T  INDICATES TRACE AMOUNT.




$$
