000
CDUS44 KJAN 260722
CLIMEI


CLIMATE REPORT
NATIONAL WEATHER SERVICE JACKSON MS
119 AM CST SUN FEB 26 2017


...................................

...THE MERIDIAN CLIMATE SUMMARY FOR FEBRUARY 25 2017...

CLIMATE NORMAL PERIOD 1981 TO 2010
CLIMATE RECORD PERIOD 1889 TO 2017


WEATHER ITEM   OBSERVED TIME   RECORD YEAR NORMAL DEPARTURE LAST
                VALUE   (LST)  VALUE       VALUE  FROM      YEAR
                                                  NORMAL
..................................................................
TEMPERATURE (F)
 YESTERDAY
  MAXIMUM         68   1253 AM  85    1918  64      4       60
  MINIMUM         36   1159 PM  20    1967  39     -3       33
                                      1947
  AVERAGE         52                        51      1       47

PRECIPITATION (IN)
  YESTERDAY        T             2.22 1934   0.19  -0.19     0.00
  MONTH TO DATE    1.32                      5.02  -3.70     4.25
  SINCE DEC 1     12.59                     15.21  -2.62    13.57
  SINCE JAN 1      8.69                     10.15  -1.46     7.49

SNOWFALL (IN)
  YESTERDAY        0.0           0.0  2002   0.0    0.0      0.0
                                      2001
  MONTH TO DATE    0.0                       0.0    0.0      0.0
  SINCE DEC 1      0.8                       0.3    0.5       T
  SINCE JUL 1      0.8                       0.3    0.5       T

DEGREE DAYS
 HEATING
  YESTERDAY       13                        14     -1       18
  MONTH TO DATE  168                       419   -251      348
  SINCE DEC 1    898                      1606   -708     1254
  SINCE JUL 1   1107                      2056   -949     1505

 COOLING
  YESTERDAY        0                         0      0        0
  MONTH TO DATE   15                         0     15        5
  SINCE DEC 1     57                         9     48       48
  SINCE JAN 1     39                         3     36        5
..................................................................


WIND (MPH)
  HIGHEST WIND SPEED    22   HIGHEST WIND DIRECTION    NW (320)
  HIGHEST GUST SPEED    28   HIGHEST GUST DIRECTION    NW (330)
  AVERAGE WIND SPEED     9.4


SKY COVER
  POSSIBLE SUNSHINE  MM
  AVERAGE SKY COVER 0.2


WEATHER CONDITIONS
 THE FOLLOWING WEATHER WAS RECORDED YESTERDAY.
  LIGHT RAIN


RELATIVE HUMIDITY (PERCENT)
 HIGHEST    93          1200 AM
 LOWEST     23           400 PM
 AVERAGE    58

..........................................................


THE MERIDIAN CLIMATE NORMALS FOR TODAY
                         NORMAL    RECORD    YEAR
 MAXIMUM TEMPERATURE (F)   64        82      1986
                                             1981
 MINIMUM TEMPERATURE (F)   39        21      1965


SUNRISE AND SUNSET
FEBRUARY 26 2017......SUNRISE   626 AM CST   SUNSET   550 PM CST
FEBRUARY 27 2017......SUNRISE   624 AM CST   SUNSET   551 PM CST


-  INDICATES NEGATIVE NUMBERS.
R  INDICATES RECORD WAS SET OR TIED.
MM INDICATES DATA IS MISSING.
T  INDICATES TRACE AMOUNT.




$$
