000
CDUS44 KJAN 260839
CLIMEI


CLIMATE REPORT
NATIONAL WEATHER SERVICE JACKSON MS
235 AM CST FRI DEC 26 2014


...................................

...THE MERIDIAN CLIMATE SUMMARY FOR DECEMBER 25 2014...

CLIMATE NORMAL PERIOD 1981 TO 2010
CLIMATE RECORD PERIOD 1889 TO 2014


WEATHER ITEM   OBSERVED TIME   RECORD YEAR NORMAL DEPARTURE LAST
                VALUE   (LST)  VALUE       VALUE  FROM      YEAR
                                                  NORMAL
..................................................................
TEMPERATURE (F)
 YESTERDAY
  MAXIMUM         55    344 PM  80    1987  57     -2       49
  MINIMUM         30    727 AM   8    1983  34     -4       21
  AVERAGE         43                        46     -3       35

PRECIPITATION (IN)
  YESTERDAY        0.00          7.99 1973   0.16  -0.16     0.00
  MONTH TO DATE    4.77                      4.20   0.57     6.13
  SINCE DEC 1      4.77                      4.20   0.57     6.13
  SINCE JAN 1     50.29                     55.30  -5.01    66.05

SNOWFALL (IN)
  YESTERDAY        0.0           0.0  2001   0.0    0.0      0.0
  MONTH TO DATE    0.0                       0.1   -0.1      0.0
  SINCE DEC 1      0.0                       0.1   -0.1      0.0
  SINCE JUL 1      0.0                       0.1   -0.1      0.0

DEGREE DAYS
 HEATING
  YESTERDAY       22                        20      2       30
  MONTH TO DATE  341                       438    -97      412
  SINCE DEC 1    341                       438    -97      412
  SINCE JUL 1    890                       888      2      913

 COOLING
  YESTERDAY        0                         0      0        0
  MONTH TO DATE    0                         0      0       25
  SINCE DEC 1      0                         0      0       25
  SINCE JAN 1   2085                      2029     56     2066
..................................................................


WIND (MPH)
  HIGHEST WIND SPEED    12   HIGHEST WIND DIRECTION     S (200)
  HIGHEST GUST SPEED    15   HIGHEST GUST DIRECTION    SW (220)
  AVERAGE WIND SPEED     2.3


SKY COVER
  POSSIBLE SUNSHINE  MM
  AVERAGE SKY COVER 0.2


WEATHER CONDITIONS
 THE FOLLOWING WEATHER WAS RECORDED YESTERDAY.
  FOG
  FOG W/VISIBILITY <= 1/4 MILE


RELATIVE HUMIDITY (PERCENT)
 HIGHEST   100           600 AM
 LOWEST     46           200 PM
 AVERAGE    73

..........................................................


THE MERIDIAN CLIMATE NORMALS FOR TODAY
                         NORMAL    RECORD    YEAR
 MAXIMUM TEMPERATURE (F)   57        77      1982
 MINIMUM TEMPERATURE (F)   34        10      1985
                                             1983


SUNRISE AND SUNSET
DECEMBER 26 2014......SUNRISE   654 AM CST   SUNSET   457 PM CST
DECEMBER 27 2014......SUNRISE   655 AM CST   SUNSET   457 PM CST


-  INDICATES NEGATIVE NUMBERS.
R  INDICATES RECORD WAS SET OR TIED.
MM INDICATES DATA IS MISSING.
T  INDICATES TRACE AMOUNT.




$$
