000
CDUS44 KJAN 232233
CLIMEI


CLIMATE REPORT
NATIONAL WEATHER SERVICE JACKSON MS
424 PM CST SUN NOV 23 2014


...................................

...THE MERIDIAN CLIMATE SUMMARY FOR NOVEMBER 23 2014...
VALID TODAY AS OF 0400 PM LOCAL TIME.

CLIMATE NORMAL PERIOD 1981 TO 2010
CLIMATE RECORD PERIOD 1889 TO 2014


WEATHER ITEM   OBSERVED TIME   RECORD YEAR NORMAL DEPARTURE LAST
                VALUE   (LST)  VALUE       VALUE  FROM      YEAR
                                                  NORMAL
..................................................................
TEMPERATURE (F)
 TODAY
  MAXIMUM         68    230 PM  81    2004  65      3       61
                                      1973
  MINIMUM         58    702 AM  19    1956  40     18       39
  AVERAGE         63                        52     11       50

PRECIPITATION (IN)
  TODAY            0.36          2.53 1979   0.18   0.18     0.11
  MONTH TO DATE    3.18                      3.67  -0.49     1.71
  SINCE SEP 1      7.16                     10.86  -3.70     7.34
  SINCE JAN 1     45.52                     49.82  -4.30    56.86

SNOWFALL (IN)
  TODAY            0.0           0.0  2002   0.0    0.0      0.0
                                      2001
  MONTH TO DATE    0.0                       0.0    0.0      0.0
  SINCE SEP 1      0.0                       0.0    0.0      0.0
  SINCE JUL 1      0.0                       0.0    0.0      0.0

DEGREE DAYS
 HEATING
  TODAY            2                        13    -11       15
  MONTH TO DATE  358                       228    130      240
  SINCE SEP 1    441                       352     89      328
  SINCE JUL 1    441                       352     89      328

 COOLING
  TODAY            0                         0      0        0
  MONTH TO DATE    0                        13    -13        5
  SINCE SEP 1    492                       406     86      461
  SINCE JAN 1   2085                      2026     59     2041
..................................................................


WIND (MPH)
  HIGHEST WIND SPEED    28   HIGHEST WIND DIRECTION     S (200)
  HIGHEST GUST SPEED    36   HIGHEST GUST DIRECTION     S (200)
  AVERAGE WIND SPEED     8.0


SKY COVER
  POSSIBLE SUNSHINE  MM
  AVERAGE SKY COVER 1.0


WEATHER CONDITIONS
 THE FOLLOWING WEATHER WAS RECORDED TODAY.
  HEAVY RAIN
  RAIN
  LIGHT RAIN
  FOG


RELATIVE HUMIDITY (PERCENT)
 HIGHEST   100           200 AM
 LOWEST     73           200 PM
 AVERAGE    87

..........................................................


THE MERIDIAN CLIMATE NORMALS FOR TOMORROW
                         NORMAL    RECORD    YEAR
 MAXIMUM TEMPERATURE (F)   65        84      1973
 MINIMUM TEMPERATURE (F)   40        20      1970


SUNRISE AND SUNSET
NOVEMBER 23 2014......SUNRISE   631 AM CST   SUNSET   451 PM CST
NOVEMBER 24 2014......SUNRISE   632 AM CST   SUNSET   451 PM CST


-  INDICATES NEGATIVE NUMBERS.
R  INDICATES RECORD WAS SET OR TIED.
MM INDICATES DATA IS MISSING.
T  INDICATES TRACE AMOUNT.




$$
