000
CDUS44 KMEG 070739
CLIMEM


CLIMATE REPORT
NATIONAL WEATHER SERVICE MEMPHIS TN
138 AM CST WED DEC 7 2016


...................................

...THE MEMPHIS CLIMATE SUMMARY FOR DECEMBER 6 2016...

CLIMATE NORMAL PERIOD 1981 TO 2010
CLIMATE RECORD PERIOD 1872 TO 2016


WEATHER ITEM   OBSERVED TIME   RECORD YEAR NORMAL DEPARTURE LAST
                VALUE   (LST)  VALUE       VALUE  FROM      YEAR
                                                  NORMAL
..................................................................
TEMPERATURE (F)
 YESTERDAY
  MAXIMUM         52    411 PM  76    1998  54     -2       64
                                      1951
  MINIMUM         40    921 PM  15    1937  37      3       37
  AVERAGE         46                        46      0       51

PRECIPITATION (IN)
  YESTERDAY        1.78          2.20 1944   0.20   1.58     0.00
  MONTH TO DATE    2.32                      1.17   1.15     0.07
  SINCE DEC 1      2.32                      1.17   1.15     0.07
  SINCE JAN 1     56.58                     49.11   7.47    47.96

SNOWFALL (IN)
  YESTERDAY        0.0           1.1  1950   0.0    0.0      0.0
  MONTH TO DATE    0.0                       0.0    0.0      0.0
  SINCE DEC 1      0.0                       0.0    0.0      0.0
  SINCE JUL 1      0.0                       T      0.0      0.0
  SNOW DEPTH       0

DEGREE DAYS
 HEATING
  YESTERDAY       19                        19      0       14
  MONTH TO DATE  112                       112      0      105
  SINCE DEC 1    112                       112      0      105
  SINCE JUL 1    382                       611   -229      406

 COOLING
  YESTERDAY        0                         0      0        0
  MONTH TO DATE    0                         0      0        0
  SINCE DEC 1      0                         0      0        0
  SINCE JAN 1   2804                      2256    548     2460
..................................................................


WIND (MPH)
  HIGHEST WIND SPEED    15   HIGHEST WIND DIRECTION    NE (40)
  HIGHEST GUST SPEED    23   HIGHEST GUST DIRECTION     W (260)
  AVERAGE WIND SPEED     6.2


SKY COVER
  POSSIBLE SUNSHINE  MM
  AVERAGE SKY COVER 0.8


WEATHER CONDITIONS
 THE FOLLOWING WEATHER WAS RECORDED YESTERDAY.
  THUNDERSTORM
  HEAVY RAIN
  RAIN
  LIGHT RAIN
  FOG


RELATIVE HUMIDITY (PERCENT)
 HIGHEST   100          1200 AM
 LOWEST     71           400 PM
 AVERAGE    86

..........................................................


THE MEMPHIS CLIMATE NORMALS FOR TODAY
                         NORMAL    RECORD    YEAR
 MAXIMUM TEMPERATURE (F)   54        76      1924
 MINIMUM TEMPERATURE (F)   37        11      1950


SUNRISE AND SUNSET
DECEMBER  7 2016......SUNRISE   655 AM CST   SUNSET   448 PM CST
DECEMBER  8 2016......SUNRISE   656 AM CST   SUNSET   448 PM CST


-  INDICATES NEGATIVE NUMBERS.
R  INDICATES RECORD WAS SET OR TIED.
MM INDICATES DATA IS MISSING.
T  INDICATES TRACE AMOUNT.




$$
