000
CDUS44 KMEG 062251
CLIMEM


CLIMATE REPORT
NATIONAL WEATHER SERVICE MEMPHIS TN
450 PM CST SAT FEB 6 2016


...................................

...THE MEMPHIS CLIMATE SUMMARY FOR FEBRUARY 6 2016...
VALID TODAY AS OF 0400 PM LOCAL TIME.

CLIMATE NORMAL PERIOD 1981 TO 2010
CLIMATE RECORD PERIOD 1872 TO 2016


WEATHER ITEM   OBSERVED TIME   RECORD YEAR NORMAL DEPARTURE LAST
                VALUE   (LST)  VALUE       VALUE  FROM      YEAR
                                                  NORMAL
..................................................................
TEMPERATURE (F)
 TODAY
  MAXIMUM         55    315 PM  73    1928  52      3       53
                                      1904
  MINIMUM         33    625 AM  11    1988  34     -1       23
  AVERAGE         44                        43      1       38

PRECIPITATION (IN)
  TODAY            0.00          2.41 1884   0.15  -0.15     0.00
  MONTH TO DATE    1.74                      0.92   0.82     0.72
  SINCE DEC 1      8.78                     10.64  -1.86     4.62
  SINCE JAN 1      4.01                      4.90  -0.89     2.02

SNOWFALL (IN)
  TODAY            0.0

DEGREE DAYS
 HEATING
  TODAY           21                        22     -1       27
  MONTH TO DATE   95                       133    -38      157
  SINCE DEC 1   1179                      1536   -357     1469
  SINCE JUL 1   1480                      2035   -555     2078

 COOLING
  TODAY            0                         0      0        0
  MONTH TO DATE    1                         0      1        0
  SINCE DEC 1     22                         3     19        0
  SINCE JAN 1      3                         1      2        0
..................................................................


WIND (MPH)
  HIGHEST WIND SPEED     7   HIGHEST WIND DIRECTION    SE (130)
  HIGHEST GUST SPEED    10   HIGHEST GUST DIRECTION     W (290)
  AVERAGE WIND SPEED     1.2


SKY COVER
  POSSIBLE SUNSHINE  MM
  AVERAGE SKY COVER 0.7


WEATHER CONDITIONS
 THE FOLLOWING WEATHER WAS RECORDED TODAY.
  NO SIGNIFICANT WEATHER WAS OBSERVED.


RELATIVE HUMIDITY (PERCENT)
 HIGHEST    70           400 AM
 LOWEST     24           400 PM
 AVERAGE    47

..........................................................


THE MEMPHIS CLIMATE NORMALS FOR TOMORROW
                         NORMAL    RECORD    YEAR
 MAXIMUM TEMPERATURE (F)   53        72      1937
                                             1925
                                             1904
 MINIMUM TEMPERATURE (F)   35         0      1895


SUNRISE AND SUNSET
FEBRUARY  6 2016......SUNRISE   655 AM CST   SUNSET   533 PM CST
FEBRUARY  7 2016......SUNRISE   654 AM CST   SUNSET   534 PM CST


-  INDICATES NEGATIVE NUMBERS.
R  INDICATES RECORD WAS SET OR TIED.
MM INDICATES DATA IS MISSING.
T  INDICATES TRACE AMOUNT.




$$
