000
CDUS44 KMEG 220632
CLIMEM


CLIMATE REPORT
NATIONAL WEATHER SERVICE MEMPHIS TN
132 AM CDT THU JUN 22 2017


...................................

...THE MEMPHIS CLIMATE SUMMARY FOR JUNE 21 2017...

CLIMATE NORMAL PERIOD 1981 TO 2010
CLIMATE RECORD PERIOD 1872 TO 2017


WEATHER ITEM   OBSERVED TIME   RECORD YEAR NORMAL DEPARTURE LAST
                VALUE   (LST)  VALUE       VALUE  FROM      YEAR
                                                  NORMAL
..................................................................
TEMPERATURE (F)
 YESTERDAY
  MAXIMUM         89    132 PM 101    1953  90     -1       95
  MINIMUM         71    410 AM  60    2003  72     -1       77
  AVERAGE         80                        81     -1       86

PRECIPITATION (IN)
  YESTERDAY        0.01          1.52 1932   0.11  -0.10     0.00
  MONTH TO DATE    2.51                      2.62  -0.11     0.60
  SINCE JUN 1      2.51                      2.62  -0.11     0.60
  SINCE JAN 1     21.36                     26.90  -5.54    35.69

SNOWFALL (IN)
  YESTERDAY        0.0          MM      MM   0.0    0.0      0.0
  MONTH TO DATE    0.0                       0.0    0.0      0.0
  SINCE JUN 1      0.0                       0.0    0.0      0.0
  SINCE JUL 1      2.0                       3.8   -1.8      0.3
  SNOW DEPTH       0

DEGREE DAYS
 HEATING
  YESTERDAY        0                         0      0        0
  MONTH TO DATE    0                         0      0        0
  SINCE JUN 1      0                         0      0        0
  SINCE JUL 1   2059                      2964   -905     2186

 COOLING
  YESTERDAY       15                        16     -1       21
  MONTH TO DATE  286                       290     -4      360
  SINCE JUN 1    286                       290     -4      360
  SINCE JAN 1    666                       611     55      665
..................................................................


WIND (MPH)
  HIGHEST WIND SPEED    21   HIGHEST WIND DIRECTION    SE (120)
  HIGHEST GUST SPEED    26   HIGHEST GUST DIRECTION    SE (130)
  AVERAGE WIND SPEED     9.4


SKY COVER
  POSSIBLE SUNSHINE  MM
  AVERAGE SKY COVER 0.9


WEATHER CONDITIONS
 THE FOLLOWING WEATHER WAS RECORDED YESTERDAY.
  LIGHT RAIN
  FOG


RELATIVE HUMIDITY (PERCENT)
 HIGHEST    87           400 AM
 LOWEST     53          1200 PM
 AVERAGE    70

..........................................................


THE MEMPHIS CLIMATE NORMALS FOR TODAY
                         NORMAL    RECORD    YEAR
 MAXIMUM TEMPERATURE (F)   90       100      1988
 MINIMUM TEMPERATURE (F)   72        53      1992


SUNRISE AND SUNSET
JUNE 22 2017..........SUNRISE   547 AM CDT   SUNSET   818 PM CDT
JUNE 23 2017..........SUNRISE   547 AM CDT   SUNSET   818 PM CDT


-  INDICATES NEGATIVE NUMBERS.
R  INDICATES RECORD WAS SET OR TIED.
MM INDICATES DATA IS MISSING.
T  INDICATES TRACE AMOUNT.




$$
