000
CDUS44 KMEG 150758
CLIMEM


CLIMATE REPORT
NATIONAL WEATHER SERVICE MEMPHIS TN
158 AM CST FRI DEC 15 2017


...................................

...THE MEMPHIS CLIMATE SUMMARY FOR DECEMBER 14 2017...

CLIMATE NORMAL PERIOD 1981 TO 2010
CLIMATE RECORD PERIOD 1872 TO 2017


WEATHER ITEM   OBSERVED TIME   RECORD YEAR NORMAL DEPARTURE LAST
                VALUE   (LST)  VALUE       VALUE  FROM      YEAR
                                                  NORMAL
..................................................................
TEMPERATURE (F)
 YESTERDAY
  MAXIMUM         51    208 PM  77    1984  52     -1       43
  MINIMUM         34   1154 PM   9    1917  35     -1       31
  AVERAGE         43                        44     -1       37

PRECIPITATION (IN)
  YESTERDAY        0.00          1.34 1951   0.20  -0.20     0.00
  MONTH TO DATE    1.11                      2.77  -1.66     3.11
  SINCE DEC 1      1.11                      2.77  -1.66     3.11
  SINCE JAN 1     45.23                     50.71  -5.48    57.37

SNOWFALL (IN)
  YESTERDAY        0.0           3.6  1901   0.0    0.0      0.0
  MONTH TO DATE    0.0                       0.0    0.0      0.0
  SINCE DEC 1      0.0                       0.0    0.0      0.0
  SINCE JUL 1      0.0                       T      0.0      0.0
  SNOW DEPTH       0

DEGREE DAYS
 HEATING
  YESTERDAY       22                        21      1       28
  MONTH TO DATE  266                       277    -11      306
  SINCE DEC 1    266                       277    -11      306
  SINCE JUL 1    712                       776    -64      576

 COOLING
  YESTERDAY        0                         0      0        0
  MONTH TO DATE    0                         0      0        0
  SINCE DEC 1      0                         0      0        0
  SINCE JAN 1   2302                      2256     46     2804
..................................................................


WIND (MPH)
  HIGHEST WIND SPEED    15   HIGHEST WIND DIRECTION     N (360)
  HIGHEST GUST SPEED    18   HIGHEST GUST DIRECTION     N (360)
  AVERAGE WIND SPEED     7.1


SKY COVER
  POSSIBLE SUNSHINE  MM
  AVERAGE SKY COVER 0.2


WEATHER CONDITIONS
 THE FOLLOWING WEATHER WAS RECORDED YESTERDAY.
  NO SIGNIFICANT WEATHER WAS OBSERVED.


RELATIVE HUMIDITY (PERCENT)
 HIGHEST    70           900 PM
 LOWEST     42           200 PM
 AVERAGE    56

..........................................................


THE MEMPHIS CLIMATE NORMALS FOR TODAY
                         NORMAL    RECORD    YEAR
 MAXIMUM TEMPERATURE (F)   52        75      1984
                                             1889
 MINIMUM TEMPERATURE (F)   35         2      1901


SUNRISE AND SUNSET
DECEMBER 15 2017......SUNRISE   701 AM CST   SUNSET   450 PM CST
DECEMBER 16 2017......SUNRISE   701 AM CST   SUNSET   450 PM CST


-  INDICATES NEGATIVE NUMBERS.
R  INDICATES RECORD WAS SET OR TIED.
MM INDICATES DATA IS MISSING.
T  INDICATES TRACE AMOUNT.




$$
