000
CDUS44 KMEG 300652
CLIMEM


CLIMATE REPORT
NATIONAL WEATHER SERVICE MEMPHIS TN
150 AM CDT TUE JUN 30 2015


...................................

...THE MEMPHIS CLIMATE SUMMARY FOR JUNE 29 2015...

CLIMATE NORMAL PERIOD 1981 TO 2010
CLIMATE RECORD PERIOD 1872 TO 2015


WEATHER ITEM   OBSERVED TIME   RECORD YEAR NORMAL DEPARTURE LAST
                VALUE   (LST)  VALUE       VALUE  FROM      YEAR
                                                  NORMAL
..................................................................
TEMPERATURE (F)
 YESTERDAY
  MAXIMUM         91    159 PM 103    2012  91      0       85
  MINIMUM         69   1017 PM  59    1923  73     -4       69
  AVERAGE         80                        82     -2       77

PRECIPITATION (IN)
  YESTERDAY        2.07          5.87 2014   0.12   1.95     5.87
  MONTH TO DATE    4.47                      3.51   0.96    13.40
  SINCE JUN 1      4.47                      3.51   0.96    13.40
  SINCE JAN 1     24.69                     27.79  -3.10    39.36

SNOWFALL (IN)
  YESTERDAY        0.0          MM      MM   0.0    0.0      0.0
  MONTH TO DATE    0.0                       0.0    0.0      0.0
  SINCE JUN 1      0.0                       0.0    0.0      0.0
  SINCE JUL 1      6.1                       3.8    2.3      0.8
  SNOW DEPTH       0

DEGREE DAYS
 HEATING
  YESTERDAY        0                         0      0        0
  MONTH TO DATE    0                         0      0        0
  SINCE JUN 1      0                         0      0        0
  SINCE JUL 1   3184                      2964    220     3484

 COOLING
  YESTERDAY       15                        17     -2       12
  MONTH TO DATE  463                       423     40      418
  SINCE JUN 1    463                       423     40      418
  SINCE JAN 1    817                       744     73      729
..................................................................


WIND (MPH)
  HIGHEST WIND SPEED    32   HIGHEST WIND DIRECTION     S (190)
  HIGHEST GUST SPEED    40   HIGHEST GUST DIRECTION     S (200)
  AVERAGE WIND SPEED     9.6


SKY COVER
  POSSIBLE SUNSHINE  MM
  AVERAGE SKY COVER 0.7


WEATHER CONDITIONS
 THE FOLLOWING WEATHER WAS RECORDED YESTERDAY.
  THUNDERSTORM
  HEAVY RAIN
  RAIN
  FOG


RELATIVE HUMIDITY (PERCENT)
 HIGHEST    84          1100 PM
 LOWEST     52           200 PM
 AVERAGE    68

..........................................................


THE MEMPHIS CLIMATE NORMALS FOR TODAY
                         NORMAL    RECORD    YEAR
 MAXIMUM TEMPERATURE (F)   91       102      2012
 MINIMUM TEMPERATURE (F)   73        57      1940


SUNRISE AND SUNSET
JUNE 30 2015..........SUNRISE   549 AM CDT   SUNSET   818 PM CDT
JULY  1 2015..........SUNRISE   549 AM CDT   SUNSET   818 PM CDT


-  INDICATES NEGATIVE NUMBERS.
R  INDICATES RECORD WAS SET OR TIED.
MM INDICATES DATA IS MISSING.
T  INDICATES TRACE AMOUNT.




$$
