000
CDUS44 KMEG 120626
CLIMEM


CLIMATE REPORT
NATIONAL WEATHER SERVICE MEMPHIS TN
126 AM CDT SAT JUL 12 2014


...................................

...THE MEMPHIS CLIMATE SUMMARY FOR JULY 11 2014...

CLIMATE NORMAL PERIOD 1981 TO 2010
CLIMATE RECORD PERIOD 1872 TO 2014


WEATHER ITEM   OBSERVED TIME   RECORD YEAR NORMAL DEPARTURE LAST
                VALUE   (LST)  VALUE       VALUE  FROM      YEAR
                                                  NORMAL
..................................................................
TEMPERATURE (F)
 YESTERDAY
  MAXIMUM         89    315 PM 103    1980  92     -3       96
                                      1969
                                      1930
  MINIMUM         76    431 AM  59    1963  74      2       76
  AVERAGE         83                        83      0       86

PRECIPITATION (IN)
  YESTERDAY        0.01          2.55 1964   0.14  -0.13     0.00
  MONTH TO DATE    0.99                      1.54  -0.55     0.02
  SINCE JUN 1     14.39                      5.17   9.22     5.49
  SINCE JAN 1     40.35                     29.45  10.90    40.07

SNOWFALL (IN)
  YESTERDAY        0.0          MM      MM   0.0    0.0      0.0
  MONTH TO DATE    0.0                       0.0    0.0      0.0
  SINCE JUN 1      0.0                       0.0    0.0      0.0
  SINCE JUL 1      0.0                       0.0    0.0      0.0
  SNOW DEPTH       0

DEGREE DAYS
 HEATING
  YESTERDAY        0                         0      0        0
  MONTH TO DATE    0                         0      0        0
  SINCE JUN 1      0                         0      0        0
  SINCE JUL 1      0                         0      0        0

 COOLING
  YESTERDAY       18                        18      0       21
  MONTH TO DATE  154                       194    -40      167
  SINCE JUN 1    591                       632    -41      617
  SINCE JAN 1    902                       953    -51      902
..................................................................


WIND (MPH)
  HIGHEST WIND SPEED    15   HIGHEST WIND DIRECTION    NE (50)
  HIGHEST GUST SPEED    17   HIGHEST GUST DIRECTION    NE (50)
  AVERAGE WIND SPEED     3.6


SKY COVER
  POSSIBLE SUNSHINE  MM
  AVERAGE SKY COVER 0.7


WEATHER CONDITIONS
 THE FOLLOWING WEATHER WAS RECORDED YESTERDAY.
  LIGHT RAIN
  HAZE


RELATIVE HUMIDITY (PERCENT)
 HIGHEST    82          1100 PM
 LOWEST     55           800 AM
 AVERAGE    69

..........................................................


THE MEMPHIS CLIMATE NORMALS FOR TODAY
                         NORMAL    RECORD    YEAR
 MAXIMUM TEMPERATURE (F)   92       106      1930
 MINIMUM TEMPERATURE (F)   74        63      1957
                                             1898


SUNRISE AND SUNSET
JULY 12 2014..........SUNRISE   555 AM CDT   SUNSET   816 PM CDT
JULY 13 2014..........SUNRISE   556 AM CDT   SUNSET   815 PM CDT


-  INDICATES NEGATIVE NUMBERS.
R  INDICATES RECORD WAS SET OR TIED.
MM INDICATES DATA IS MISSING.
T  INDICATES TRACE AMOUNT.




$$
