000
CDUS44 KMEG 170758
CLIMEM


CLIMATE REPORT
NATIONAL WEATHER SERVICE MEMPHIS TN
146 AM CST WED DEC 17 2014


...................................

...THE MEMPHIS CLIMATE SUMMARY FOR DECEMBER 16 2014...

CLIMATE NORMAL PERIOD 1981 TO 2010
CLIMATE RECORD PERIOD 1872 TO 2014


WEATHER ITEM   OBSERVED TIME   RECORD YEAR NORMAL DEPARTURE LAST
                VALUE   (LST)  VALUE       VALUE  FROM      YEAR
                                                  NORMAL
..................................................................
TEMPERATURE (F)
 YESTERDAY
  MAXIMUM         50    308 PM  76    1924  52     -2       58
  MINIMUM         35   1159 PM   5    1901  35      0       31
  AVERAGE         43                        43      0       45

PRECIPITATION (IN)
  YESTERDAY        0.00          2.56 1892   0.19  -0.19     0.00
  MONTH TO DATE    1.88                      3.14  -1.26     2.64
  SINCE DEC 1      1.88                      3.14  -1.26     2.64
  SINCE JAN 1     56.91                     51.08   5.83    57.25

SNOWFALL (IN)
  YESTERDAY        0.0           1.2  1932   0.0    0.0      0.0
                                      1974
                                      1973
  MONTH TO DATE    0.0                       0.0    0.0       T
  SINCE DEC 1      0.0                       0.0    0.0       T
  SINCE JUL 1      0.2                       T      0.2       T
  SNOW DEPTH       0

DEGREE DAYS
 HEATING
  YESTERDAY       22                        22      0       20
  MONTH TO DATE  260                       321    -61      375
  SINCE DEC 1    260                       321    -61      375
  SINCE JUL 1    869                       820     49      960

 COOLING
  YESTERDAY        0                         0      0        0
  MONTH TO DATE    0                         0      0        3
  SINCE DEC 1      0                         0      0        3
  SINCE JAN 1   2161                      2256    -95     2245
..................................................................


WIND (MPH)
  HIGHEST WIND SPEED    20   HIGHEST WIND DIRECTION     W (290)
  HIGHEST GUST SPEED    26   HIGHEST GUST DIRECTION     W (260)
  AVERAGE WIND SPEED    11.5


SKY COVER
  POSSIBLE SUNSHINE  MM
  AVERAGE SKY COVER 0.6


WEATHER CONDITIONS
 THE FOLLOWING WEATHER WAS RECORDED YESTERDAY.
  NO SIGNIFICANT WEATHER WAS OBSERVED.


RELATIVE HUMIDITY (PERCENT)
 HIGHEST    76          1000 PM
 LOWEST     50          1000 AM
 AVERAGE    63

..........................................................


THE MEMPHIS CLIMATE NORMALS FOR TODAY
                         NORMAL    RECORD    YEAR
 MAXIMUM TEMPERATURE (F)   52        76      1924
 MINIMUM TEMPERATURE (F)   35        11      1932


SUNRISE AND SUNSET
DECEMBER 17 2014......SUNRISE   702 AM CST   SUNSET   450 PM CST
DECEMBER 18 2014......SUNRISE   703 AM CST   SUNSET   451 PM CST


-  INDICATES NEGATIVE NUMBERS.
R  INDICATES RECORD WAS SET OR TIED.
MM INDICATES DATA IS MISSING.
T  INDICATES TRACE AMOUNT.




$$
