000
CDUS44 KMEG 012203
CLIMEM


CLIMATE REPORT
NATIONAL WEATHER SERVICE MEMPHIS TN
503 PM CDT SUN MAY 1 2016


...................................

...THE MEMPHIS CLIMATE SUMMARY FOR MAY 1 2016...
VALID TODAY AS OF 0500 PM LOCAL TIME.

CLIMATE NORMAL PERIOD 1981 TO 2010
CLIMATE RECORD PERIOD 1872 TO 2016


WEATHER ITEM   OBSERVED TIME   RECORD YEAR NORMAL DEPARTURE LAST
                VALUE   (LST)  VALUE       VALUE  FROM      YEAR
                                                  NORMAL
..................................................................
TEMPERATURE (F)
 TODAY
  MAXIMUM         83   1156 AM  92    1901  77      6       73
  MINIMUM         64    546 AM  40    1963  58      6       51
                                      1903
  AVERAGE         74                        68      6       62

PRECIPITATION (IN)
  TODAY            0.02          3.50 2010   0.19  -0.17     0.00
  MONTH TO DATE    0.02                      0.19  -0.17     0.00
  SINCE MAR 1     22.19                     10.85  11.34     8.55
  SINCE JAN 1     30.04                     19.22  10.82    14.20

SNOWFALL (IN)
  TODAY            0.0

DEGREE DAYS
 HEATING
  TODAY            0                         2     -2        3
  MONTH TO DATE    0                         2     -2        3
  SINCE MAR 1    293                       497   -204      451
  SINCE JUL 1   2164                      2947   -783     3174

 COOLING
  TODAY            9                         4      5        0
  MONTH TO DATE    9                         4      5        0
  SINCE MAR 1    113                        96     17       90
  SINCE JAN 1    116                        99     17       90
..................................................................


WIND (MPH)
  HIGHEST WIND SPEED    21   HIGHEST WIND DIRECTION     S (180)
  HIGHEST GUST SPEED    24   HIGHEST GUST DIRECTION     S (180)
  AVERAGE WIND SPEED     5.8


SKY COVER
  POSSIBLE SUNSHINE  MM
  AVERAGE SKY COVER 0.4


WEATHER CONDITIONS
 THE FOLLOWING WEATHER WAS RECORDED TODAY.
  LIGHT RAIN


RELATIVE HUMIDITY (PERCENT)
 HIGHEST    93          1200 AM
 LOWEST     65          1200 PM
 AVERAGE    79

..........................................................


THE MEMPHIS CLIMATE NORMALS FOR TOMORROW
                         NORMAL    RECORD    YEAR
 MAXIMUM TEMPERATURE (F)   77        90      2012
                                             1952
 MINIMUM TEMPERATURE (F)   58        43      1994
                                             1961


SUNRISE AND SUNSET
MAY  1 2016...........SUNRISE   609 AM CDT   SUNSET   746 PM CDT
MAY  2 2016...........SUNRISE   607 AM CDT   SUNSET   747 PM CDT


-  INDICATES NEGATIVE NUMBERS.
R  INDICATES RECORD WAS SET OR TIED.
MM INDICATES DATA IS MISSING.
T  INDICATES TRACE AMOUNT.




$$
