000
CDUS44 KMEG 210636
CLIMEM


CLIMATE REPORT
NATIONAL WEATHER SERVICE MEMPHIS TN
136 AM CDT SAT OCT 21 2017


...................................

...THE MEMPHIS CLIMATE SUMMARY FOR OCTOBER 20 2017...

CLIMATE NORMAL PERIOD 1981 TO 2010
CLIMATE RECORD PERIOD 1872 TO 2017


WEATHER ITEM   OBSERVED TIME   RECORD YEAR NORMAL DEPARTURE LAST
                VALUE   (LST)  VALUE       VALUE  FROM      YEAR
                                                  NORMAL
..................................................................
TEMPERATURE (F)
 YESTERDAY
  MAXIMUM         76    330 PM  88    1941  73      3       76
  MINIMUM         52    526 AM  34    1964  52      0       56
  AVERAGE         64                        63      1       66

PRECIPITATION (IN)
  YESTERDAY        0.00          1.32 1962   0.15  -0.15      T
  MONTH TO DATE    2.55                      2.48   0.07     1.21
  SINCE SEP 1      4.16                      5.57  -1.41     1.88
  SINCE JAN 1     40.82                     40.95  -0.13    51.69

SNOWFALL (IN)
  YESTERDAY        0.0           0.0  2002   0.0    0.0      0.0
                                      2001
  MONTH TO DATE    0.0                       0.0    0.0      0.0
  SINCE SEP 1      0.0                       0.0    0.0      0.0
  SINCE JUL 1      0.0                       0.0    0.0      0.0
  SNOW DEPTH       0

DEGREE DAYS
 HEATING
  YESTERDAY        1                         4     -3        0
  MONTH TO DATE   23                        54    -31        2
  SINCE SEP 1     26                        65    -39        2
  SINCE JUL 1     26                        65    -39        2

 COOLING
  YESTERDAY        0                         2     -2        1
  MONTH TO DATE  135                        73     62      151
  SINCE SEP 1    456                       389     67      621
  SINCE JAN 1   2272                      2224     48     2722
..................................................................


WIND (MPH)
  HIGHEST WIND SPEED    12   HIGHEST WIND DIRECTION     S (160)
  HIGHEST GUST SPEED    16   HIGHEST GUST DIRECTION    SE (140)
  AVERAGE WIND SPEED     6.0


SKY COVER
  POSSIBLE SUNSHINE  MM
  AVERAGE SKY COVER 0.6


WEATHER CONDITIONS
 THE FOLLOWING WEATHER WAS RECORDED YESTERDAY.
  NO SIGNIFICANT WEATHER WAS OBSERVED.


RELATIVE HUMIDITY (PERCENT)
 HIGHEST    89           600 AM
 LOWEST     43           200 PM
 AVERAGE    66

..........................................................


THE MEMPHIS CLIMATE NORMALS FOR TODAY
                         NORMAL    RECORD    YEAR
 MAXIMUM TEMPERATURE (F)   73        89      1979
                                             1947
 MINIMUM TEMPERATURE (F)   52        32      1952


SUNRISE AND SUNSET
OCTOBER 21 2017.......SUNRISE   711 AM CDT   SUNSET   617 PM CDT
OCTOBER 22 2017.......SUNRISE   712 AM CDT   SUNSET   616 PM CDT


-  INDICATES NEGATIVE NUMBERS.
R  INDICATES RECORD WAS SET OR TIED.
MM INDICATES DATA IS MISSING.
T  INDICATES TRACE AMOUNT.




$$
