000
CDUS41 KCLE 200525
CLIMFD


CLIMATE REPORT
NATIONAL WEATHER SERVICE CLEVELAND OH
1225 AM EST MON FEB 20 2017


...................................

...THE MANSFIELD OH CLIMATE SUMMARY FOR FEBRUARY 19 2017...

CLIMATE NORMAL PERIOD 1981 TO 2010
CLIMATE RECORD PERIOD 1916 TO 2017


WEATHER ITEM   OBSERVED TIME   RECORD YEAR NORMAL DEPARTURE LAST
                VALUE   (LST)  VALUE       VALUE  FROM      YEAR
                                                  NORMAL
..................................................................
TEMPERATURE (F)
 YESTERDAY
  MAXIMUM         62    407 PM  65    1939  37     25       56
  MINIMUM         38   1119 PM -12    1936  21     17       32
  AVERAGE         50                        29     21       44

PRECIPITATION (IN)
  YESTERDAY        0.00                      0.08  -0.08     0.00
  MONTH TO DATE    1.24                      1.60  -0.36     1.48
  SINCE DEC 1     10.29                      7.76   2.53     7.18
  SINCE JAN 1      7.15                      4.47   2.68     3.02

SNOWFALL (IN)
  YESTERDAY        0.0                       0.4   -0.4      0.0
  MONTH TO DATE    3.8                       7.7   -3.9      8.9
  SINCE DEC 1     21.4                      31.5  -10.1     17.8
  SINCE JUL 1     21.6                      34.2  -12.6     17.8
  SNOW DEPTH       0

DEGREE DAYS
 HEATING
  YESTERDAY       15                        36    -21       21
  MONTH TO DATE  556                       715   -159      711
  SINCE DEC 1   2658                      3034   -376     2583
  SINCE JUL 1   3535                      4315   -780     3523

 COOLING
  YESTERDAY        0                         0      0        0
  MONTH TO DATE    0                         0      0        0
  SINCE DEC 1      0                         0      0        0
  SINCE JAN 1      0                         0      0        0
..................................................................


WIND (MPH)
  HIGHEST WIND SPEED    16   HIGHEST WIND DIRECTION    SW (230)
  HIGHEST GUST SPEED    22   HIGHEST GUST DIRECTION    SW (230)
  AVERAGE WIND SPEED     9.0


SKY COVER
  POSSIBLE SUNSHINE  MM
  AVERAGE SKY COVER 0.1


WEATHER CONDITIONS
 THE FOLLOWING WEATHER WAS RECORDED YESTERDAY.
  FOG
  HAZE


RELATIVE HUMIDITY (PERCENT)
 HIGHEST   100           800 AM
 LOWEST     36           300 PM
 AVERAGE    68

..........................................................


THE MANSFIELD OH CLIMATE NORMALS FOR TODAY
                         NORMAL    RECORD    YEAR
 MAXIMUM TEMPERATURE (F)   37        66      2016
                                             1930
 MINIMUM TEMPERATURE (F)   21       -12      1936


SUNRISE AND SUNSET
FEBRUARY 20 2017......SUNRISE   717 AM EST   SUNSET   611 PM EST
FEBRUARY 21 2017......SUNRISE   716 AM EST   SUNSET   612 PM EST


-  INDICATES NEGATIVE NUMBERS.
R  INDICATES RECORD WAS SET OR TIED.
MM INDICATES DATA IS MISSING.
T  INDICATES TRACE AMOUNT.




$$
