000
CDUS41 KCLE 200527
CLIMFD


CLIMATE REPORT
NATIONAL WEATHER SERVICE CLEVELAND OH
1226 AM EST TUE FEB 20 2018


...................................

...THE MANSFIELD OH CLIMATE SUMMARY FOR FEBRUARY 19 2018...

CLIMATE NORMAL PERIOD 1981 TO 2010
CLIMATE RECORD PERIOD 1916 TO 2018


WEATHER ITEM   OBSERVED TIME   RECORD YEAR NORMAL DEPARTURE LAST
                VALUE   (LST)  VALUE       VALUE  FROM      YEAR
                                                  NORMAL
..................................................................
TEMPERATURE (F)
 YESTERDAY
  MAXIMUM         63   1146 PM  65    1939  37     26       62
  MINIMUM         34   1200 AM -12    1936  21     13       38
  AVERAGE         49                        29     20       50

PRECIPITATION (IN)
  YESTERDAY        0.92                      0.08   0.84     0.00
  MONTH TO DATE    2.64                      1.60   1.04     1.24
  SINCE DEC 1      7.00                      7.76  -0.76    10.29
  SINCE JAN 1      5.15                      4.47   0.68     7.15

SNOWFALL (IN)
  YESTERDAY        0.0                       0.4   -0.4      0.0
  MONTH TO DATE    8.1                       7.7    0.4      3.8
  SINCE DEC 1     29.9                      31.5   -1.6     21.4
  SINCE JUL 1     30.0                      34.2   -4.2     21.6
  SNOW DEPTH       0

DEGREE DAYS
 HEATING
  YESTERDAY       16                        36    -20       15
  MONTH TO DATE  681                       715    -34      556
  SINCE DEC 1   3082                      3034     48     2658
  SINCE JUL 1   4164                      4315   -151     3535

 COOLING
  YESTERDAY        0                         0      0        0
  MONTH TO DATE    0                         0      0        0
  SINCE DEC 1      0                         0      0        0
  SINCE JAN 1      0                         0      0        0
..................................................................


WIND (MPH)
  HIGHEST WIND SPEED    25   HIGHEST WIND DIRECTION     S (190)
  HIGHEST GUST SPEED    32   HIGHEST GUST DIRECTION     S (190)
  AVERAGE WIND SPEED    13.6


SKY COVER
  POSSIBLE SUNSHINE  MM
  AVERAGE SKY COVER 0.5


WEATHER CONDITIONS
 THE FOLLOWING WEATHER WAS RECORDED YESTERDAY.
  THUNDERSTORM
  HEAVY RAIN
  RAIN
  LIGHT RAIN
  FOG


RELATIVE HUMIDITY (PERCENT)
 HIGHEST    93           100 PM
 LOWEST     70          1200 AM
 AVERAGE    82

..........................................................


THE MANSFIELD OH CLIMATE NORMALS FOR TODAY
                         NORMAL    RECORD    YEAR
 MAXIMUM TEMPERATURE (F)   37        66      2016
                                             1930
 MINIMUM TEMPERATURE (F)   21       -12      1936


SUNRISE AND SUNSET
FEBRUARY 20 2018......SUNRISE   717 AM EST   SUNSET   611 PM EST
FEBRUARY 21 2018......SUNRISE   716 AM EST   SUNSET   612 PM EST


-  INDICATES NEGATIVE NUMBERS.
R  INDICATES RECORD WAS SET OR TIED.
MM INDICATES DATA IS MISSING.
T  INDICATES TRACE AMOUNT.




$$
