000
CDUS41 KCLE 242120
CLIMFD


CLIMATE REPORT
NATIONAL WEATHER SERVICE CLEVELAND OH
510 PM EDT SUN SEP 24 2017


...................................

...THE MANSFIELD OH CLIMATE SUMMARY FOR SEPTEMBER 24 2017...
VALID TODAY AS OF 0500 PM LOCAL TIME.

CLIMATE NORMAL PERIOD 1981 TO 2010
CLIMATE RECORD PERIOD 1916 TO 2017


WEATHER ITEM   OBSERVED TIME   RECORD YEAR NORMAL DEPARTURE LAST
                VALUE   (LST)  VALUE       VALUE  FROM      YEAR
                                                  NORMAL
..................................................................
TEMPERATURE (F)
 TODAY
  MAXIMUM         89R   326 PM  89    2010  70     19       74
                                      1934
  MINIMUM         60    611 AM  31    1944  49     11       54
  AVERAGE         75                        60     15       64

PRECIPITATION (IN)
  TODAY            0.00                      0.11  -0.11     0.00
  MONTH TO DATE    1.60                      2.70  -1.10     2.37
  SINCE SEP 1      1.60                      2.70  -1.10     2.37
  SINCE JAN 1     38.18                     33.53   4.65    26.00

SNOWFALL (IN)
  TODAY            0.0                       0.0    0.0      0.0
  MONTH TO DATE    0.0                       0.0    0.0      0.0
  SINCE SEP 1      0.0                       0.0    0.0      0.0
  SINCE JUL 1      0.0                       0.0    0.0      0.0
  SNOW DEPTH       0

DEGREE DAYS
 HEATING
  TODAY            0                         6     -6        1
  MONTH TO DATE   65                        78    -13        3
  SINCE SEP 1     65                        78    -13        3
  SINCE JUL 1     79                       103    -24        4

 COOLING
  TODAY           10                         1      9        0
  MONTH TO DATE   80                        58     22      146
  SINCE SEP 1     80                        58     22      146
  SINCE JAN 1    697                       620     77     1050
..................................................................


WIND (MPH)
  HIGHEST WIND SPEED    14   HIGHEST WIND DIRECTION    SE (120)
  HIGHEST GUST SPEED    16   HIGHEST GUST DIRECTION    SE (120)


SKY COVER
  POSSIBLE SUNSHINE  MM
  AVERAGE SKY COVER 0.0


WEATHER CONDITIONS
 THE FOLLOWING WEATHER WAS RECORDED TODAY.
  NO SIGNIFICANT WEATHER WAS OBSERVED.


RELATIVE HUMIDITY (PERCENT)
 HIGHEST    93           400 AM
 LOWEST     38           300 PM
 AVERAGE    66

..........................................................


THE MANSFIELD OH CLIMATE NORMALS FOR TOMORROW
                         NORMAL    RECORD    YEAR
 MAXIMUM TEMPERATURE (F)   70        88      2007
                                             1934
 MINIMUM TEMPERATURE (F)   49        30      1942


SUNRISE AND SUNSET
SEPTEMBER 24 2017.....SUNRISE   720 AM EDT   SUNSET   723 PM EDT
SEPTEMBER 25 2017.....SUNRISE   721 AM EDT   SUNSET   722 PM EDT


-  INDICATES NEGATIVE NUMBERS.
R  INDICATES RECORD WAS SET OR TIED.
MM INDICATES DATA IS MISSING.
T  INDICATES TRACE AMOUNT.




$$
