000
CDUS44 KBRO 300627
CLIMFE


CLIMATE REPORT
NATIONAL WEATHER SERVICE BROWNSVILLE TX
127 AM CDT SUN AUG 30 2015


...................................

...THE MCALLEN CLIMATE SUMMARY FOR AUGUST 29 2015...

CLIMATE NORMAL PERIOD 1981 TO 2010
CLIMATE RECORD PERIOD 1941 TO 2015


WEATHER ITEM   OBSERVED TIME   RECORD YEAR NORMAL DEPARTURE LAST
                VALUE   (LST)  VALUE       VALUE  FROM      YEAR
                                                  NORMAL
..................................................................
TEMPERATURE (F)
 YESTERDAY
  MAXIMUM         98    337 PM 107    2012  97      1       97
  MINIMUM         74    301 AM  64    1958  76     -2       74
  AVERAGE         86                        86      0

PRECIPITATION (IN)
  YESTERDAY        0.00          2.14 1977   0.12  -0.12     1.53
  MONTH TO DATE    2.65                      1.98   0.67     2.64
  SINCE JUN 1      8.29                      6.56   1.73     3.54
  SINCE JAN 1     19.76                     13.34   6.42     6.42

SNOWFALL (IN)
  YESTERDAY        0.0
  MONTH TO DATE    0.0
  SINCE JUN 1      0.0
  SINCE JUL 1      0.0

DEGREE DAYS
 HEATING
  YESTERDAY        0                         0      0        0
  MONTH TO DATE    0                         0      0        0
  SINCE JUN 1      0                         0      0        0
  SINCE JUL 1      0                         0      0        0

 COOLING
  YESTERDAY       21                        22     -1       21
  MONTH TO DATE  743                       656     87      715
  SINCE JUN 1   2137                      1958    179     2097
  SINCE JAN 1   3382                      3213    169     3153
..................................................................


WIND (MPH)
  HIGHEST WIND SPEED    18   HIGHEST WIND DIRECTION     E (110)
  HIGHEST GUST SPEED    24   HIGHEST GUST DIRECTION     E (110)
  AVERAGE WIND SPEED     6.6



WEATHER CONDITIONS
 THE FOLLOWING WEATHER WAS RECORDED YESTERDAY.
  NO SIGNIFICANT WEATHER WAS OBSERVED.


RELATIVE HUMIDITY (PERCENT)
 HIGHEST    79
 LOWEST     33
 AVERAGE    56

..........................................................


THE MCALLEN CLIMATE NORMALS FOR TODAY
                         NORMAL    RECORD    YEAR
 MAXIMUM TEMPERATURE (F)   97       107      2012
 MINIMUM TEMPERATURE (F)   76        68      1970


SUNRISE AND SUNSET
AUGUST 30 2015........SUNRISE   712 AM CDT   SUNSET   755 PM CDT
AUGUST 31 2015........SUNRISE   712 AM CDT   SUNSET   754 PM CDT


-  INDICATES NEGATIVE NUMBERS.
R  INDICATES RECORD WAS SET OR TIED.
MM INDICATES DATA IS MISSING.
T  INDICATES TRACE AMOUNT.




$$
