000
CDUS44 KBRO 180625
CLIMFE


CLIMATE REPORT
NATIONAL WEATHER SERVICE BROWNSVILLE TX
125 AM CDT FRI APR 18 2014


...................................

...THE MCALLEN CLIMATE SUMMARY FOR APRIL 17 2014...

CLIMATE NORMAL PERIOD 1981 TO 2010
CLIMATE RECORD PERIOD 1941 TO 2014


WEATHER ITEM   OBSERVED TIME   RECORD YEAR NORMAL DEPARTURE LAST
                VALUE   (LST)  VALUE       VALUE  FROM      YEAR
                                                  NORMAL
..................................................................
TEMPERATURE (F)
 YESTERDAY
  MAXIMUM         77    209 PM  97    1987  87    -10       96
  MINIMUM         63    458 AM  48    1999  66     -3       77
  AVERAGE         70                        77     -7

PRECIPITATION (IN)
  YESTERDAY        T             2.46 2010   0.04  -0.04     0.00
  MONTH TO DATE    0.03                      0.60  -0.57      T
  SINCE MAR 1      1.20                      1.63  -0.43      T
  SINCE JAN 1      2.08                      3.79  -1.71     0.99

SNOWFALL (IN)
  YESTERDAY        0.0
  MONTH TO DATE    0.0
  SINCE MAR 1      0.0
  SINCE JUL 1      0.0

DEGREE DAYS
 HEATING
  YESTERDAY        0                         0      0        0
  MONTH TO DATE    9                         3      6        0
  SINCE MAR 1    107                        41     66       16
  SINCE JUL 1    883                       574    309      312

 COOLING
  YESTERDAY        5                        12     -7       22
  MONTH TO DATE  156                       185    -29      212
  SINCE MAR 1    292                       403   -111      431
  SINCE JAN 1    420                       562   -142      680
..................................................................


WIND (MPH)
  HIGHEST WIND SPEED    15   HIGHEST WIND DIRECTION     E (70)
  HIGHEST GUST SPEED    20   HIGHEST GUST DIRECTION     E (80)
  AVERAGE WIND SPEED     8.8



WEATHER CONDITIONS
 THE FOLLOWING WEATHER WAS RECORDED YESTERDAY.
  LIGHT RAIN
  FOG


RELATIVE HUMIDITY (PERCENT)
 HIGHEST    90
 LOWEST     64
 AVERAGE    77

..........................................................


THE MCALLEN CLIMATE NORMALS FOR TODAY
                         NORMAL    RECORD    YEAR
 MAXIMUM TEMPERATURE (F)   87        98      1953
 MINIMUM TEMPERATURE (F)   67        53      1947
                                             2001


SUNRISE AND SUNSET
APRIL 18 2014.........SUNRISE   707 AM CDT   SUNSET   758 PM CDT
APRIL 19 2014.........SUNRISE   706 AM CDT   SUNSET   759 PM CDT


-  INDICATES NEGATIVE NUMBERS.
R  INDICATES RECORD WAS SET OR TIED.
MM INDICATES DATA IS MISSING.
T  INDICATES TRACE AMOUNT.




$$
