000
CDUS44 KBRO 250632
CLIMFE


CLIMATE REPORT
NATIONAL WEATHER SERVICE BROWNSVILLE TX
128 AM CDT SAT OCT 25 2014


...................................

...THE MCALLEN CLIMATE SUMMARY FOR OCTOBER 24 2014...

CLIMATE NORMAL PERIOD 1981 TO 2010
CLIMATE RECORD PERIOD 1941 TO 2014


WEATHER ITEM   OBSERVED TIME   RECORD YEAR NORMAL DEPARTURE LAST
                VALUE   (LST)  VALUE       VALUE  FROM      YEAR
                                                  NORMAL
..................................................................
TEMPERATURE (F)
 YESTERDAY
  MAXIMUM         87    328 PM  96    1946  86      1       85
                                      1949
                                      2001
  MINIMUM         64    544 AM  44    1981  65     -1       58
  AVERAGE         76                        76      0

PRECIPITATION (IN)
  YESTERDAY        0.00          2.59 2002   0.06  -0.06     0.00
  MONTH TO DATE    0.62                      1.69  -1.07     0.14
  SINCE SEP 1     11.85                      6.16   5.69     6.36
  SINCE JAN 1     18.71                     19.73  -1.02    12.30

SNOWFALL (IN)
  YESTERDAY        0.0
  MONTH TO DATE    0.0
  SINCE SEP 1      0.0
  SINCE JUL 1      0.0

DEGREE DAYS
 HEATING
  YESTERDAY        0                         0      0        0
  MONTH TO DATE    0                         0      0        0
  SINCE SEP 1      0                         0      0        0
  SINCE JUL 1      0                         0      0        0

 COOLING
  YESTERDAY       11                        11      0        7
  MONTH TO DATE  358                       313     45      323
  SINCE SEP 1    885                       861     24      868
  SINCE JAN 1   4080                      4112    -32     4255
..................................................................


WIND (MPH)
  HIGHEST WIND SPEED    14   HIGHEST WIND DIRECTION     E (80)
  HIGHEST GUST SPEED    18   HIGHEST GUST DIRECTION     E (80)
  AVERAGE WIND SPEED     4.7



WEATHER CONDITIONS
 THE FOLLOWING WEATHER WAS RECORDED YESTERDAY.
  FOG


RELATIVE HUMIDITY (PERCENT)
 HIGHEST   100
 LOWEST     44
 AVERAGE    72

..........................................................


THE MCALLEN CLIMATE NORMALS FOR TODAY
                         NORMAL    RECORD    YEAR
 MAXIMUM TEMPERATURE (F)   86        95      2010
                                             1942
 MINIMUM TEMPERATURE (F)   65        48      1979


SUNRISE AND SUNSET
OCTOBER 25 2014.......SUNRISE   738 AM CDT   SUNSET   656 PM CDT
OCTOBER 26 2014.......SUNRISE   738 AM CDT   SUNSET   655 PM CDT


-  INDICATES NEGATIVE NUMBERS.
R  INDICATES RECORD WAS SET OR TIED.
MM INDICATES DATA IS MISSING.
T  INDICATES TRACE AMOUNT.




$$
