000
CDUS44 KBRO 172135
CLIMFE


CLIMATE REPORT
NATIONAL WEATHER SERVICE BROWNSVILLE TX
435 PM CDT THU AUG 17 2017


...................................

...THE MCALLEN CLIMATE SUMMARY FOR AUGUST 17 2017...
VALID TODAY AS OF 0400 PM LOCAL TIME.

CLIMATE NORMAL PERIOD 1981 TO 2010
CLIMATE RECORD PERIOD 1961 TO 2017


WEATHER ITEM   OBSERVED TIME   RECORD YEAR NORMAL DEPARTURE LAST
                VALUE   (LST)  VALUE       VALUE  FROM      YEAR
                                                  NORMAL
..................................................................
TEMPERATURE (F)
 TODAY
  MAXIMUM        101    328 PM 104    2015  99      2       97
                                      2009
  MINIMUM         82    658 AM  71    2004  77      5       77
  AVERAGE         92                        88      4       87

PRECIPITATION (IN)
  TODAY            0.00          0.74 2005   0.07  -0.07     0.46
  MONTH TO DATE    0.55                      0.85  -0.30     0.71
  SINCE JUN 1      0.91                      5.43  -4.52     1.20
  SINCE JAN 1      6.78                     12.21  -5.43     9.17

SNOWFALL (IN)
  TODAY            0.0
  MONTH TO DATE    0.0
  SINCE JUN 1      0.0
  SINCE JUL 1      0.0
  SNOW DEPTH       0

DEGREE DAYS
 HEATING
  TODAY            0                         0      0        0
  MONTH TO DATE    0                         0      0        0
  SINCE JUN 1      0                         0      0        0
  SINCE JUL 1      0                         0      0        0

 COOLING
  TODAY           27                        23      4       22
  MONTH TO DATE  448                       390     58      456
  SINCE JUN 1   1971                      1692    279     1934
  SINCE JAN 1   3910                      2947    963     3552
..................................................................


WIND (MPH)
  HIGHEST WIND SPEED    28   HIGHEST WIND DIRECTION    SE (130)
  HIGHEST GUST SPEED    36   HIGHEST GUST DIRECTION    SE (140)
  AVERAGE WIND SPEED    16.0



WEATHER CONDITIONS
 THE FOLLOWING WEATHER WAS RECORDED TODAY.
  NO SIGNIFICANT WEATHER WAS OBSERVED.


..........................................................


THE MCALLEN CLIMATE NORMALS FOR TOMORROW
                         NORMAL    RECORD    YEAR
 MAXIMUM TEMPERATURE (F)   98       103      2015
                                             1983
 MINIMUM TEMPERATURE (F)   77        71      1992
                                             1966


SUNRISE AND SUNSET
AUGUST 17 2017........SUNRISE   706 AM CDT   SUNSET   807 PM CDT
AUGUST 18 2017........SUNRISE   707 AM CDT   SUNSET   806 PM CDT


-  INDICATES NEGATIVE NUMBERS.
R  INDICATES RECORD WAS SET OR TIED.
MM INDICATES DATA IS MISSING.
T  INDICATES TRACE AMOUNT.




$$
