000
CDUS44 KBRO 280626
CLIMFE


CLIMATE REPORT
NATIONAL WEATHER SERVICE BROWNSVILLE TX
126 AM CDT WED JUN 28 2017


...................................

...THE MCALLEN CLIMATE SUMMARY FOR JUNE 27 2017...

CLIMATE NORMAL PERIOD 1981 TO 2010
CLIMATE RECORD PERIOD 1961 TO 2017


WEATHER ITEM   OBSERVED TIME   RECORD YEAR NORMAL DEPARTURE LAST
                VALUE   (LST)  VALUE       VALUE  FROM      YEAR
                                                  NORMAL
..................................................................
TEMPERATURE (F)
 YESTERDAY
  MAXIMUM         98   1209 PM 107    1980  97      1       97
  MINIMUM         79    559 AM  65    1974  76      3       77
  AVERAGE         89                        86      3

PRECIPITATION (IN)
  YESTERDAY        T             1.54 1962   0.09  -0.09      T
  MONTH TO DATE    0.18                      2.34  -2.16     0.24
  SINCE JUN 1      0.18                      2.34  -2.16     0.24
  SINCE JAN 1      6.05                      9.12  -3.07     8.21

SNOWFALL (IN)
  YESTERDAY        0.0
  MONTH TO DATE    0.0
  SINCE JUN 1      0.0
  SINCE JUL 1      0.0

DEGREE DAYS
 HEATING
  YESTERDAY        0                         0      0        0
  MONTH TO DATE    0                         0      0        0
  SINCE JUN 1      0                         0      0        0
  SINCE JUL 1    189                       579   -390      318

 COOLING
  YESTERDAY       24                        21      3       22
  MONTH TO DATE  670                       561    109      585
  SINCE JUN 1    670                       561    109      585
  SINCE JAN 1   2609                      1816    793     2203
..................................................................


WIND (MPH)
  HIGHEST WIND SPEED    18   HIGHEST WIND DIRECTION     E (70)
  HIGHEST GUST SPEED    24   HIGHEST GUST DIRECTION    NE (30)
  AVERAGE WIND SPEED     7.6



WEATHER CONDITIONS
 THE FOLLOWING WEATHER WAS RECORDED YESTERDAY.
  NO SIGNIFICANT WEATHER WAS OBSERVED.


RELATIVE HUMIDITY (PERCENT)
 HIGHEST    85
 LOWEST     45
 AVERAGE    65

..........................................................


THE MCALLEN CLIMATE NORMALS FOR TODAY
                         NORMAL    RECORD    YEAR
 MAXIMUM TEMPERATURE (F)   97       104      1980
 MINIMUM TEMPERATURE (F)   76        66      1974


SUNRISE AND SUNSET
JUNE 28 2017..........SUNRISE   643 AM CDT   SUNSET   829 PM CDT
JUNE 29 2017..........SUNRISE   644 AM CDT   SUNSET   829 PM CDT


-  INDICATES NEGATIVE NUMBERS.
R  INDICATES RECORD WAS SET OR TIED.
MM INDICATES DATA IS MISSING.
T  INDICATES TRACE AMOUNT.




$$
