000
CDUS44 KBRO 302126
CLIMFE


CLIMATE REPORT
NATIONAL WEATHER SERVICE BROWNSVILLE TX
426 PM CDT SAT MAY 30 2015


...................................

...THE MCALLEN CLIMATE SUMMARY FOR MAY 30 2015...
VALID TODAY AS OF 0400 PM LOCAL TIME.

CLIMATE NORMAL PERIOD 1981 TO 2010
CLIMATE RECORD PERIOD 1941 TO 2015


WEATHER ITEM   OBSERVED TIME   RECORD YEAR NORMAL DEPARTURE LAST
                VALUE   (LST)  VALUE       VALUE  FROM      YEAR
                                                  NORMAL
..................................................................
TEMPERATURE (F)
 TODAY
  MAXIMUM         93    231 PM 103    2004  95     -2       97
  MINIMUM         76    542 AM  63    1992  74      2       74
  AVERAGE         85                        84      1       86

PRECIPITATION (IN)
  TODAY            0.00          1.70 2005   0.07  -0.07     0.00
  MONTH TO DATE    4.06                      2.16   1.90     0.80
  SINCE MAR 1     10.04                      4.53   5.51     2.00
  SINCE JAN 1     10.63                      6.69   3.94     2.88

SNOWFALL (IN)
  TODAY            0.0
  MONTH TO DATE    0.0
  SINCE MAR 1      0.0
  SINCE JUL 1      0.0
  SNOW DEPTH       0

DEGREE DAYS
 HEATING
  TODAY            0                         0      0        0
  MONTH TO DATE    0                         0      0        0
  SINCE MAR 1     66                        46     20      107
  SINCE JUL 1    756                       579    177      883

 COOLING
  TODAY           20                        19      1       21
  MONTH TO DATE  552                       504     48      422
  SINCE MAR 1   1148                      1076     72      907
  SINCE JAN 1   1233                      1235     -2     1035
..................................................................


WIND (MPH)
  HIGHEST WIND SPEED    16   HIGHEST WIND DIRECTION    SE (130)
  HIGHEST GUST SPEED    20   HIGHEST GUST DIRECTION    SE (150)
  AVERAGE WIND SPEED     9.4



WEATHER CONDITIONS
 THE FOLLOWING WEATHER WAS RECORDED TODAY.
  FOG
  HAZE


..........................................................


THE MCALLEN CLIMATE NORMALS FOR TOMORROW
                         NORMAL    RECORD    YEAR
 MAXIMUM TEMPERATURE (F)   95       102      2004
 MINIMUM TEMPERATURE (F)   75        59      1984


SUNRISE AND SUNSET
MAY 30 2015...........SUNRISE   641 AM CDT   SUNSET   820 PM CDT
MAY 31 2015...........SUNRISE   641 AM CDT   SUNSET   821 PM CDT


-  INDICATES NEGATIVE NUMBERS.
R  INDICATES RECORD WAS SET OR TIED.
MM INDICATES DATA IS MISSING.
T  INDICATES TRACE AMOUNT.




$$
