272
CDUS46 KMFR 300040
CLIMFR


CLIMATE REPORT
NATIONAL WEATHER SERVICE MEDFORD, OR
540 PM PDT SUN MAY 29 2016


...................................

...THE MEDFORD OR CLIMATE SUMMARY FOR MAY 29 2016...
VALID TODAY AS OF 0500 PM LOCAL TIME.

CLIMATE NORMAL PERIOD 1981 TO 2010
CLIMATE RECORD PERIOD 1911 TO 2016


WEATHER ITEM   OBSERVED TIME   RECORD YEAR NORMAL DEPARTURE LAST
                VALUE   (LST)  VALUE       VALUE  FROM      YEAR
                                                  NORMAL
..................................................................
TEMPERATURE (F)
 TODAY
  MAXIMUM         80    355 PM  98    1984  77      3       91
                                      1973
                                      1931
  MINIMUM         48    427 AM  30    1979  49     -1       58
  AVERAGE         64                        63      1       75

PRECIPITATION (IN)
  TODAY            0.00          0.71 1932   0.04  -0.04     0.00
  MONTH TO DATE    0.33                      1.23  -0.90     0.31
  SINCE OCT 1     18.75                     16.40   2.35    13.66
  SINCE JAN 1      8.99                      8.76   0.23     6.81

SNOWFALL (IN)
  TODAY            0.0                       0.0    0.0      0.0
  MONTH TO DATE    0.0                       0.0    0.0      0.0
  SINCE JUL 1      1.9                       4.1   -2.2       T
  SNOW DEPTH       0

DEGREE DAYS
 HEATING
  TODAY            1                         4     -3        0
  MONTH TO DATE   92                       189    -97      107
  SINCE MAR 1    747                      1074   -327      796
  SINCE JUL 1   3421                      4188   -767     3236

 COOLING
  TODAY            0                         2     -2       10
  MONTH TO DATE   31                        34     -3       25
  SINCE MAR 1     48                        37     11       25
  SINCE JAN 1     48                        37     11       25
..................................................................


WIND (MPH)
  HIGHEST WIND SPEED    10   HIGHEST WIND DIRECTION    SW (240)
  HIGHEST GUST SPEED    15   HIGHEST GUST DIRECTION    SW (240)
  AVERAGE WIND SPEED     2.4


SKY COVER
  POSSIBLE SUNSHINE  MM
  AVERAGE SKY COVER 0.0


WEATHER CONDITIONS
 THE FOLLOWING WEATHER WAS RECORDED TODAY.
  NO SIGNIFICANT WEATHER WAS OBSERVED.


RELATIVE HUMIDITY (PERCENT)
 HIGHEST    74           300 AM
 LOWEST     21           200 PM
 AVERAGE    48

..........................................................


THE MEDFORD OR CLIMATE NORMALS FOR TOMORROW
                         NORMAL    RECORD    YEAR
 MAXIMUM TEMPERATURE (F)   77       103      1986
 MINIMUM TEMPERATURE (F)   49        34      1979


SUNRISE AND SUNSET
MAY 29 2016...........SUNRISE   538 AM PDT   SUNSET   840 PM PDT
MAY 30 2016...........SUNRISE   538 AM PDT   SUNSET   841 PM PDT


-  INDICATES NEGATIVE NUMBERS.
R  INDICATES RECORD WAS SET OR TIED.
MM INDICATES DATA IS MISSING.
T  INDICATES TRACE AMOUNT.




$$
