000
CDUS46 KMFR 120846
CLIMFR


CLIMATE REPORT
NATIONAL WEATHER SERVICE MEDFORD, OR
1246 AM PST TUE DEC 12 2017


...................................

...THE MEDFORD OR CLIMATE SUMMARY FOR DECEMBER 11 2017...

CLIMATE NORMAL PERIOD 1981 TO 2010
CLIMATE RECORD PERIOD 1911 TO 2017


WEATHER ITEM   OBSERVED TIME   RECORD YEAR NORMAL DEPARTURE LAST
                VALUE   (LST)  VALUE       VALUE  FROM      YEAR
                                                  NORMAL
..................................................................
TEMPERATURE (F)
 YESTERDAY
  MAXIMUM         47    300 PM  67    1995  46      1       46
  MINIMUM         21    747 AM  -3    1972  33    -12       32
  AVERAGE         34                        39     -5       39

PRECIPITATION (IN)
  YESTERDAY        0.00          1.58 1919   0.10  -0.10     0.01
  MONTH TO DATE    0.20                      1.29  -1.09     1.05
  SINCE OCT 1      3.96                      5.44  -1.48     8.18
  SINCE JAN 1     17.48                     16.15   1.33    18.20

SNOWFALL (IN)
  YESTERDAY        0.0                       0.0    0.0      0.0
  MONTH TO DATE    0.0                       0.3   -0.3      0.4
  SINCE JUL 1      0.0                       0.5   -0.5      0.4
  SNOW DEPTH       0

DEGREE DAYS
 HEATING
  YESTERDAY       31                        26      5       26
  MONTH TO DATE  302                       274     28      276
  SINCE DEC 1    302                       274     28      276
  SINCE JUL 1   1237                      1243     -6     1049

 COOLING
  YESTERDAY        0                         0      0        0
  MONTH TO DATE    0                         0      0        0
  SINCE DEC 1      0                         0      0        0
  SINCE JAN 1   1281                       829    452     1058
..................................................................


WIND (MPH)
  HIGHEST WIND SPEED     7   HIGHEST WIND DIRECTION     S (160)
  HIGHEST GUST SPEED     7   HIGHEST GUST DIRECTION    NW (310)
  AVERAGE WIND SPEED     1.0


SKY COVER
  POSSIBLE SUNSHINE  MM
  AVERAGE SKY COVER 0.4


WEATHER CONDITIONS
 THE FOLLOWING WEATHER WAS RECORDED YESTERDAY.
  FOG
  FOG W/VISIBILITY <= 1/4 MILE


RELATIVE HUMIDITY (PERCENT)
 HIGHEST   100          1200 AM
 LOWEST     58           200 PM
 AVERAGE    79

..........................................................


THE MEDFORD OR CLIMATE NORMALS FOR TODAY
                         NORMAL    RECORD    YEAR
 MAXIMUM TEMPERATURE (F)   46        63      1913
 MINIMUM TEMPERATURE (F)   33         8      1932


SUNRISE AND SUNSET
DECEMBER 12 2017......SUNRISE   732 AM PST   SUNSET   439 PM PST
DECEMBER 13 2017......SUNRISE   732 AM PST   SUNSET   439 PM PST


-  INDICATES NEGATIVE NUMBERS.
R  INDICATES RECORD WAS SET OR TIED.
MM INDICATES DATA IS MISSING.
T  INDICATES TRACE AMOUNT.




$$
