000
CDUS46 KMFR 301204
CLIMFR

CLIMATE REPORT
NATIONAL WEATHER SERVICE MEDFORD, OR
504 AM PDT SAT AUG 30 2014


...................................

...THE MEDFORD OR CLIMATE SUMMARY FOR AUGUST 29 2014...

CLIMATE NORMAL PERIOD 1981 TO 2010
CLIMATE RECORD PERIOD 1911 TO 2014


WEATHER ITEM   OBSERVED TIME   RECORD YEAR NORMAL DEPARTURE LAST
                VALUE   (LST)  VALUE       VALUE  FROM      YEAR
                                                  NORMAL
..................................................................
TEMPERATURE (F)
 YESTERDAY
  MAXIMUM         93    322 PM 103    2007  88      5       89
  MINIMUM         60    513 AM  40    1912  55      5       62
  AVERAGE         77                        71      6       76

PRECIPITATION (IN)
  YESTERDAY        0.00          0.54 1983   0.02  -0.02     0.00
  MONTH TO DATE    0.63                      0.37   0.26     0.42
  SINCE SEP 1     15.83                     18.32  -2.49    17.30
  SINCE JAN 1     11.39                     10.11   1.28     4.55

SNOWFALL (IN)
  YESTERDAY        0.0                       0.0    0.0      0.0
  MONTH TO DATE    0.0                       0.0    0.0      0.0
  SINCE JUL 1      0.0                       0.0    0.0      0.0
  SNOW DEPTH       0

DEGREE DAYS
 HEATING
  YESTERDAY        0                         0      0        0
  MONTH TO DATE    0                         0      0        0
  SINCE JUN 1     22                        60    -38       35
  SINCE JUL 1      0                         6     -6        0

 COOLING
  YESTERDAY       12                         7      5       11
  MONTH TO DATE  364                       264    100      273
  SINCE JUN 1    946                       658    288      856
  SINCE JAN 1   1002                       696    306      891
..................................................................


WIND (MPH)
  HIGHEST WIND SPEED    22   HIGHEST WIND DIRECTION     N (360)
  HIGHEST GUST SPEED    28   HIGHEST GUST DIRECTION     N (360)
  AVERAGE WIND SPEED     5.2


SKY COVER
  POSSIBLE SUNSHINE  MM
  AVERAGE SKY COVER 0.0


WEATHER CONDITIONS
 THE FOLLOWING WEATHER WAS RECORDED YESTERDAY.

  HAZE


RELATIVE HUMIDITY (PERCENT)
 HIGHEST    64           600 AM
 LOWEST     15           200 PM
 AVERAGE    40

..........................................................


THE MEDFORD OR CLIMATE NORMALS FOR TODAY
                         NORMAL    RECORD    YEAR
 MAXIMUM TEMPERATURE (F)   88       106      1987
 MINIMUM TEMPERATURE (F)   54        40      1912


SUNRISE AND SUNSET
AUGUST 30 2014........SUNRISE   635 AM PDT   SUNSET   749 PM PDT
AUGUST 31 2014........SUNRISE   636 AM PDT   SUNSET   747 PM PDT


-  INDICATES NEGATIVE NUMBERS.
R  INDICATES RECORD WAS SET OR TIED.
MM INDICATES DATA IS MISSING.
T  INDICATES TRACE AMOUNT.

&&

LOW TEMPERATURE SINCE MIDNIGHT...62 DEGREES
24-HOUR PRECIPITATION............0

$$
