000
CDUS46 KMFR 271220
CLIMFR

CLIMATE REPORT
NATIONAL WEATHER SERVICE MEDFORD, OR
520 AM PDT THU APR 27 2017


...................................

...THE MEDFORD OR CLIMATE SUMMARY FOR APRIL 26 2017...

CLIMATE NORMAL PERIOD 1981 TO 2010
CLIMATE RECORD PERIOD 1911 TO 2017


WEATHER ITEM   OBSERVED TIME   RECORD YEAR NORMAL DEPARTURE LAST
                VALUE   (LST)  VALUE       VALUE  FROM      YEAR
                                                  NORMAL
..................................................................
TEMPERATURE (F)
 YESTERDAY
  MAXIMUM         59    458 PM  92    1987  68     -9       60
  MINIMUM         46   1159 PM  29    1976  42      4       34
                                      1943
  AVERAGE         53                        55     -2       47

PRECIPITATION (IN)
  YESTERDAY        0.27          0.38 1932   0.04   0.23     0.00
  MONTH TO DATE    0.95                      1.21  -0.26     0.85
  SINCE OCT 1     23.69                     15.00   8.69    18.31
  SINCE JAN 1     12.00                      7.36   4.64     8.55

SNOWFALL (IN)
  YESTERDAY        0.0                       0.0    0.0      0.0
  MONTH TO DATE    0.0                       0.1   -0.1      0.0
  SINCE JUL 1     11.8                       4.2    7.6      1.9
  SNOW DEPTH       0

DEGREE DAYS
 HEATING
  YESTERDAY       12                        10      2       18
  MONTH TO DATE  332                       327      5      175
  SINCE MAR 1    801                       845    -44      620
  SINCE JUL 1   3846                      3959   -113     3294

 COOLING
  YESTERDAY        0                         0      0        0
  MONTH TO DATE    0                         0      0       17
  SINCE MAR 1      0                         0      0       17
  SINCE JAN 1      0                         0      0       17
..................................................................


WIND (MPH)
  HIGHEST WIND SPEED    16   HIGHEST WIND DIRECTION    NW (310)
  HIGHEST GUST SPEED    21   HIGHEST GUST DIRECTION    NW (320)
  AVERAGE WIND SPEED     5.7


SKY COVER
  POSSIBLE SUNSHINE  MM
  AVERAGE SKY COVER 0.9


WEATHER CONDITIONS
 THE FOLLOWING WEATHER WAS RECORDED YESTERDAY.
  LIGHT RAIN
  FOG


RELATIVE HUMIDITY (PERCENT)
 HIGHEST   100           300 AM
 LOWEST     57           500 PM
 AVERAGE    79

..........................................................


THE MEDFORD OR CLIMATE NORMALS FOR TODAY
                         NORMAL    RECORD    YEAR
 MAXIMUM TEMPERATURE (F)   68        95      1926
 MINIMUM TEMPERATURE (F)   43        27      1955


SUNRISE AND SUNSET
APRIL 27 2017.........SUNRISE   612 AM PDT   SUNSET   807 PM PDT
APRIL 28 2017.........SUNRISE   610 AM PDT   SUNSET   808 PM PDT


-  INDICATES NEGATIVE NUMBERS.
R  INDICATES RECORD WAS SET OR TIED.
MM INDICATES DATA IS MISSING.
T  INDICATES TRACE AMOUNT.




$$

&&

LOW TEMPERATURE THIS MORNING..............39
24 HOUR PRECIPITATION.....................0.12

$$
