000
CDUS46 KMFR 260836
CLIMFR


CLIMATE REPORT
NATIONAL WEATHER SERVICE MEDFORD, OR
136 AM PDT MON JUN 26 2017


...................................

...THE MEDFORD OR CLIMATE SUMMARY FOR JUNE 25 2017...

CLIMATE NORMAL PERIOD 1981 TO 2010
CLIMATE RECORD PERIOD 1911 TO 2017


WEATHER ITEM   OBSERVED TIME   RECORD YEAR NORMAL DEPARTURE LAST
                VALUE   (LST)  VALUE       VALUE  FROM      YEAR
                                                  NORMAL
..................................................................
TEMPERATURE (F)
 YESTERDAY
  MAXIMUM        100    322 PM 107    1987  85     15       91
                                      1968
  MINIMUM         67    402 AM  41    1985  54     13       51
                                      1966
  AVERAGE         84                        69     15       71

PRECIPITATION (IN)
  YESTERDAY        0.13          0.56 2012   0.01   0.12     0.00
  MONTH TO DATE    0.50                      0.56  -0.06     0.57
  SINCE OCT 1     24.77                     17.04   7.73    19.32
  SINCE JAN 1     13.08                      9.40   3.68     9.56

SNOWFALL (IN)
  YESTERDAY        0.0                       0.0    0.0      0.0
  MONTH TO DATE    0.0                       0.0    0.0      0.0
  SINCE JUL 1     11.8                       4.1    7.7      1.9
  SNOW DEPTH       0

DEGREE DAYS
 HEATING
  YESTERDAY        0                         1     -1        0
  MONTH TO DATE   45                        50     -5       40
  SINCE JUN 1     45                        50     -5       40
  SINCE JUL 1   4063                      4247   -184     3460

 COOLING
  YESTERDAY       19                         5     14        6
  MONTH TO DATE  159                        78     81      141
  SINCE JUN 1    159                        78     81      141
  SINCE JAN 1    246                       116    130      202
..................................................................


WIND (MPH)
  HIGHEST WIND SPEED    33   HIGHEST WIND DIRECTION     S (180)
  HIGHEST GUST SPEED    43   HIGHEST GUST DIRECTION     S (180)
  AVERAGE WIND SPEED     4.9


SKY COVER
  POSSIBLE SUNSHINE  MM
  AVERAGE SKY COVER 0.0


WEATHER CONDITIONS
 THE FOLLOWING WEATHER WAS RECORDED YESTERDAY.
  THUNDERSTORM
  HEAVY RAIN
  LIGHT RAIN


RELATIVE HUMIDITY (PERCENT)
 HIGHEST    63           400 AM
 LOWEST     20           100 PM
 AVERAGE    42

..........................................................


THE MEDFORD OR CLIMATE NORMALS FOR TODAY
                         NORMAL    RECORD    YEAR
 MAXIMUM TEMPERATURE (F)   85       107      2015
 MINIMUM TEMPERATURE (F)   54        38      1976


SUNRISE AND SUNSET
JUNE 26 2017..........SUNRISE   536 AM PDT   SUNSET   852 PM PDT
JUNE 27 2017..........SUNRISE   537 AM PDT   SUNSET   852 PM PDT


-  INDICATES NEGATIVE NUMBERS.
R  INDICATES RECORD WAS SET OR TIED.
MM INDICATES DATA IS MISSING.
T  INDICATES TRACE AMOUNT.




$$
