000
CDUS46 KMFR 090037
CLIMFR


CLIMATE REPORT
NATIONAL WEATHER SERVICE MEDFORD, OR
437 PM PST THU DEC 8 2016


...................................

...THE MEDFORD OR CLIMATE SUMMARY FOR DECEMBER 8 2016...
VALID TODAY AS OF 0400 PM LOCAL TIME.

CLIMATE NORMAL PERIOD 1981 TO 2010
CLIMATE RECORD PERIOD 1911 TO 2016


WEATHER ITEM   OBSERVED TIME   RECORD YEAR NORMAL DEPARTURE LAST
                VALUE   (LST)  VALUE       VALUE  FROM      YEAR
                                                  NORMAL
..................................................................
TEMPERATURE (F)
 TODAY
  MAXIMUM         48    302 PM  64    2015  46      2       64
                                      2006
  MINIMUM         37    529 AM  -6    1972  33      4       45
  AVERAGE         43                        40      3       55

PRECIPITATION (IN)
  TODAY            0.04          1.55 2004   0.12  -0.08     0.00
  MONTH TO DATE    0.31                      0.97  -0.66     1.02
  SINCE OCT 1      7.44                      5.12   2.32     3.05
  SINCE JAN 1     17.46                     15.83   1.63    10.77

SNOWFALL (IN)
  TODAY           MM                         0.0   MM        0.0
  MONTH TO DATE    0.4                       0.2    0.2      0.0
  SINCE JUL 1      0.4                       0.4    0.0      0.0
  SNOW DEPTH       0

DEGREE DAYS
 HEATING
  TODAY           22                        25     -3       10
  MONTH TO DATE  209                       198     11      137
  SINCE DEC 1    209                       198     11      137
  SINCE JUL 1    982                      1167   -185      941

 COOLING
  TODAY            0                         0      0        0
  MONTH TO DATE    0                         0      0        0
  SINCE DEC 1      0                         0      0        0
  SINCE JAN 1   1058                       829    229     1297
..................................................................


WIND (MPH)
  HIGHEST WIND SPEED    15   HIGHEST WIND DIRECTION     N (10)
  HIGHEST GUST SPEED    18   HIGHEST GUST DIRECTION     N (360)
  AVERAGE WIND SPEED     6.4


SKY COVER
  POSSIBLE SUNSHINE  MM
  AVERAGE SKY COVER 0.9


WEATHER CONDITIONS
 THE FOLLOWING WEATHER WAS RECORDED TODAY.
  LIGHT RAIN


RELATIVE HUMIDITY (PERCENT)
 HIGHEST   100           800 AM
 LOWEST     64          1200 AM
 AVERAGE    82

..........................................................


THE MEDFORD OR CLIMATE NORMALS FOR TOMORROW
                         NORMAL    RECORD    YEAR
 MAXIMUM TEMPERATURE (F)   46        66      1987
 MINIMUM TEMPERATURE (F)   33        -6      1972


SUNRISE AND SUNSET
DECEMBER  8 2016......SUNRISE   728 AM PST   SUNSET   439 PM PST
DECEMBER  9 2016......SUNRISE   729 AM PST   SUNSET   439 PM PST


-  INDICATES NEGATIVE NUMBERS.
R  INDICATES RECORD WAS SET OR TIED.
MM INDICATES DATA IS MISSING.
T  INDICATES TRACE AMOUNT.




$$
