000
CDUS46 KMFR 271209
CLIMFR

CLIMATE REPORT
NATIONAL WEATHER SERVICE MEDFORD, OR
0410 AM PST TUE JAN 27 2015


...................................

...THE MEDFORD OR CLIMATE SUMMARY FOR JANUARY 26 2015...

CLIMATE NORMAL PERIOD 1981 TO 2010
CLIMATE RECORD PERIOD 1911 TO 2015


WEATHER ITEM   OBSERVED TIME   RECORD YEAR NORMAL DEPARTURE LAST
                VALUE   (LST)  VALUE       VALUE  FROM      YEAR
                                                  NORMAL
..................................................................
TEMPERATURE (F)
 YESTERDAY
  MAXIMUM         50    402 PM  62    1961  50      0       61
                                      1924
  MINIMUM         35    146 AM  13    1963  33      2       27
  AVERAGE         43                        41      2       44

PRECIPITATION (IN)
  YESTERDAY        0.00          1.22 1970   0.07  -0.07     0.00
  MONTH TO DATE    1.25                      2.11  -0.86     0.53
  SINCE OCT 1      8.10                      9.75  -1.65     2.21
  SINCE JAN 1      1.25                      2.11  -0.86     0.53

SNOWFALL (IN)
  YESTERDAY        0.0                       0.0    0.0      0.0
  MONTH TO DATE    T                         1.1   -1.1       T
  SINCE JUL 1      T                         2.8   -2.8      3.4
  SNOW DEPTH       0

DEGREE DAYS
 HEATING
  YESTERDAY       22                        24     -2       21
  MONTH TO DATE  600                       651    -51      653
  SINCE DEC 1   1192                      1448   -256     1693
  SINCE JUL 1   1866                      2417   -551     2744

 COOLING
  YESTERDAY        0                         0      0        0
  MONTH TO DATE    0                         0      0        0
  SINCE DEC 1      0                         0      0        0
  SINCE JAN 1      0                         0      0        0
..................................................................


WIND (MPH)
  HIGHEST WIND SPEED     7   HIGHEST WIND DIRECTION     W (280)
  HIGHEST GUST SPEED     9   HIGHEST GUST DIRECTION    NW (300)
  AVERAGE WIND SPEED     0.7


SKY COVER
  POSSIBLE SUNSHINE  MM
  AVERAGE SKY COVER 0.6


WEATHER CONDITIONS
 THE FOLLOWING WEATHER WAS RECORDED YESTERDAY.
  FOG
  FOG W/VISIBILITY <= 1/4 MILE


RELATIVE HUMIDITY (PERCENT)
 HIGHEST   100           200 AM
 LOWEST     80           400 PM
 AVERAGE    90

..........................................................


THE MEDFORD OR CLIMATE NORMALS FOR TODAY
                         NORMAL    RECORD    YEAR
 MAXIMUM TEMPERATURE (F)   50        67      1987
 MINIMUM TEMPERATURE (F)   33        11      1957


SUNRISE AND SUNSET
JANUARY 27 2015.......SUNRISE   730 AM PST   SUNSET   519 PM PST
JANUARY 28 2015.......SUNRISE   729 AM PST   SUNSET   520 PM PST


-  INDICATES NEGATIVE NUMBERS.
R  INDICATES RECORD WAS SET OR TIED.
MM INDICATES DATA IS MISSING.
T  INDICATES TRACE AMOUNT.

LOW TEMPERATURE THIS MORNING....35
24-HOUR PRECIPITATION.........NONE

$$
