000
CDUS46 KMFR 271820
CLIMFR

CLIMATE REPORT
NATIONAL WEATHER SERVICE MEDFORD, OR
1020 AM PST MON FEB 27 2017


...................................

...THE MEDFORD OR CLIMATE SUMMARY FOR FEBRUARY 26 2017...

CLIMATE NORMAL PERIOD 1981 TO 2010
CLIMATE RECORD PERIOD 1911 TO 2017


WEATHER ITEM   OBSERVED TIME   RECORD YEAR NORMAL DEPARTURE LAST
                VALUE   (LST)  VALUE       VALUE  FROM      YEAR
                                                  NORMAL
..................................................................
TEMPERATURE (F)
 YESTERDAY
  MAXIMUM         43    420 PM  79    1992  57    -14       53
  MINIMUM         27    534 AM  10    1962  35     -8       40
  AVERAGE         35                        46    -11       47

PRECIPITATION (IN)
  YESTERDAY        0.04          0.87 1957   0.07  -0.03     0.16
  MONTH TO DATE    4.11                      1.87   2.24     1.03
  SINCE OCT 1     20.69                     11.94   8.75    15.01
  SINCE JAN 1      9.00                      4.30   4.70     5.25

SNOWFALL (IN)
  YESTERDAY        T                         0.1   -0.1      0.0
  MONTH TO DATE    T                         0.6   -0.6      1.2
  SINCE JUL 1     11.8                       3.6    8.2      1.9
  SNOW DEPTH       0

DEGREE DAYS
 HEATING
  YESTERDAY       30                        19     11       18
  MONTH TO DATE  500                       544    -44      441
  SINCE DEC 1   2225                      2107    118     1814
  SINCE JUL 1   2998                      3076    -78     2618

 COOLING
  YESTERDAY        0                         0      0        0
  MONTH TO DATE    0                         0      0        0
  SINCE DEC 1      0                         0      0        0
  SINCE JAN 1      0                         0      0        0
..................................................................


WIND (MPH)
  HIGHEST WIND SPEED    17   HIGHEST WIND DIRECTION    SW (210)
  HIGHEST GUST SPEED    21   HIGHEST GUST DIRECTION    SW (210)
  AVERAGE WIND SPEED     3.9


SKY COVER
  POSSIBLE SUNSHINE  MM
  AVERAGE SKY COVER 0.7


WEATHER CONDITIONS
 THE FOLLOWING WEATHER WAS RECORDED YESTERDAY.
  LIGHT RAIN
  LIGHT SNOW
  FOG


RELATIVE HUMIDITY (PERCENT)
 HIGHEST   100           400 AM
 LOWEST     67           400 PM
 AVERAGE    84

..........................................................


THE MEDFORD OR CLIMATE NORMALS FOR TODAY
                         NORMAL    RECORD    YEAR
 MAXIMUM TEMPERATURE (F)   57        75      1992
                                             1990
 MINIMUM TEMPERATURE (F)   35        13      1962


SUNRISE AND SUNSET
FEBRUARY 27 2017......SUNRISE   649 AM PST   SUNSET   559 PM PST
FEBRUARY 28 2017......SUNRISE   648 AM PST   SUNSET   601 PM PST


-  INDICATES NEGATIVE NUMBERS.
R  INDICATES RECORD WAS SET OR TIED.
MM INDICATES DATA IS MISSING.
T  INDICATES TRACE AMOUNT.

&&

LOW TEMPERATURE THIS MORNING...34 DEGREES
24-HOUR PRECIPITATION........0.04 INCHES
24-HOUR SNOWFALL.............TRACE

$$
