000
CDUS46 KMFR 251503
CLIMFR

CLIMATE REPORT
NATIONAL WEATHER SERVICE MEDFORD, OR
803 AM PDT SUN SEP 25 2016


...................................

...THE MEDFORD OR CLIMATE SUMMARY FOR SEPTEMBER 24 2016...

CLIMATE NORMAL PERIOD 1981 TO 2010
CLIMATE RECORD PERIOD 1911 TO 2016


WEATHER ITEM   OBSERVED TIME   RECORD YEAR NORMAL DEPARTURE LAST
                VALUE   (LST)  VALUE       VALUE  FROM      YEAR
                                                  NORMAL
..................................................................
TEMPERATURE (F)
 YESTERDAY
  MAXIMUM         80    435 PM  99    1991  81     -1       89
  MINIMUM         55    416 AM  33    1970  48      7       52
                                      1961
                                      1929
  AVERAGE         68                        64      4       71

PRECIPITATION (IN)
  YESTERDAY        0.00          2.02 2014   0.02  -0.02     0.00
  MONTH TO DATE    0.01                      0.43  -0.42     0.25
  SINCE OCT 1     19.78                     18.21   1.57    14.57
  SINCE JAN 1     10.02                     10.57  -0.55     7.72

SNOWFALL (IN)
  YESTERDAY        0.0                       0.0    0.0      0.0
  MONTH TO DATE    0.0                       0.0    0.0      0.0
  SINCE JUL 1      0.0                       0.0    0.0      0.0
  SNOW DEPTH       0

DEGREE DAYS
 HEATING
  YESTERDAY        0                         3     -3        0
  MONTH TO DATE   34                        38     -4       40
  SINCE SEP 1     34                        38     -4       40
  SINCE JUL 1     36                        48    -12       40

 COOLING
  YESTERDAY        3                         2      1        6
  MONTH TO DATE   75                       101    -26      112
  SINCE SEP 1     75                       101    -26      112
  SINCE JAN 1   1020                       808    212     1242
..................................................................


WIND (MPH)
  HIGHEST WIND SPEED     9   HIGHEST WIND DIRECTION     S (170)
  HIGHEST GUST SPEED    11   HIGHEST GUST DIRECTION     S (160)
  AVERAGE WIND SPEED     2.1


SKY COVER
  POSSIBLE SUNSHINE  MM
  AVERAGE SKY COVER 0.5


WEATHER CONDITIONS
 THE FOLLOWING WEATHER WAS RECORDED YESTERDAY.
  NO SIGNIFICANT WEATHER WAS OBSERVED.


RELATIVE HUMIDITY (PERCENT)
 HIGHEST    86          1200 AM
 LOWEST     19           500 PM
 AVERAGE    53

..........................................................


THE MEDFORD OR CLIMATE NORMALS FOR TODAY
                         NORMAL    RECORD    YEAR
 MAXIMUM TEMPERATURE (F)   81       100      1991
 MINIMUM TEMPERATURE (F)   47        34      1929


SUNRISE AND SUNSET
SEPTEMBER 25 2016.....SUNRISE   703 AM PDT   SUNSET   702 PM PDT
SEPTEMBER 26 2016.....SUNRISE   704 AM PDT   SUNSET   701 PM PDT


-  INDICATES NEGATIVE NUMBERS.
R  INDICATES RECORD WAS SET OR TIED.
MM INDICATES DATA IS MISSING.
T  INDICATES TRACE AMOUNT.

&&

LOW TEMPERATURE THIS MORNING...48 DEGREES
24-HOUR PRECIPITATION..........0

$$
