000
CDUS46 KMFR 060839
CLIMFR


CLIMATE REPORT
NATIONAL WEATHER SERVICE MEDFORD, OR
1239 AM PST SAT FEB 6 2016


...................................

...THE MEDFORD OR CLIMATE SUMMARY FOR FEBRUARY 5 2016...

CLIMATE NORMAL PERIOD 1981 TO 2010
CLIMATE RECORD PERIOD 1911 TO 2016


WEATHER ITEM   OBSERVED TIME   RECORD YEAR NORMAL DEPARTURE LAST
                VALUE   (LST)  VALUE       VALUE  FROM      YEAR
                                                  NORMAL
..................................................................
TEMPERATURE (F)
 YESTERDAY
  MAXIMUM         56    345 PM  70    1963  52      4       62
  MINIMUM         29    743 AM   9    1989  34     -5       43
  AVERAGE         43                        43      0       53

PRECIPITATION (IN)
  YESTERDAY        T             0.49 1945   0.07  -0.07     0.23
  MONTH TO DATE    0.25                      0.35  -0.10     1.56
  SINCE OCT 1     14.23                     10.42   3.81     9.66
  SINCE JAN 1      4.47                      2.78   1.69     2.81

SNOWFALL (IN)
  YESTERDAY        0.0                       0.0    0.0      0.0
  MONTH TO DATE    1.2                       0.1    1.1      0.0
  SINCE JUL 1      1.9                       3.1   -1.2       T
  SNOW DEPTH       0

DEGREE DAYS
 HEATING
  YESTERDAY       22                        22      0       12
  MONTH TO DATE  122                       112     10       79
  SINCE DEC 1   1495                      1675   -180     1374
  SINCE JUL 1   2299                      2644   -345     2048

 COOLING
  YESTERDAY        0                         0      0        0
  MONTH TO DATE    0                         0      0        0
  SINCE DEC 1      0                         0      0        0
  SINCE JAN 1      0                         0      0        0
..................................................................


WIND (MPH)
  HIGHEST WIND SPEED    12   HIGHEST WIND DIRECTION    NW (330)
  HIGHEST GUST SPEED    14   HIGHEST GUST DIRECTION    NW (330)
  AVERAGE WIND SPEED     2.3


SKY COVER
  POSSIBLE SUNSHINE  MM
  AVERAGE SKY COVER 0.3


WEATHER CONDITIONS
 THE FOLLOWING WEATHER WAS RECORDED YESTERDAY.
  LIGHT RAIN
  FOG
  FOG W/VISIBILITY <= 1/4 MILE


RELATIVE HUMIDITY (PERCENT)
 HIGHEST   100           700 AM
 LOWEST     50           300 PM
 AVERAGE    75

..........................................................


THE MEDFORD OR CLIMATE NORMALS FOR TODAY
                         NORMAL    RECORD    YEAR
 MAXIMUM TEMPERATURE (F)   52        67      1963
 MINIMUM TEMPERATURE (F)   34        12      1989


SUNRISE AND SUNSET
FEBRUARY  6 2016......SUNRISE   720 AM PST   SUNSET   532 PM PST
FEBRUARY  7 2016......SUNRISE   719 AM PST   SUNSET   533 PM PST


-  INDICATES NEGATIVE NUMBERS.
R  INDICATES RECORD WAS SET OR TIED.
MM INDICATES DATA IS MISSING.
T  INDICATES TRACE AMOUNT.




$$
