000
CDUS44 KBMX 050841
CLIMGM


CLIMATE REPORT
NATIONAL WEATHER SERVICE BIRMINGHAM, AL
240 AM CST MON DEC 5 2016


...................................

...THE MONTGOMERY CLIMATE SUMMARY FOR DECEMBER 4 2016...

CLIMATE NORMAL PERIOD 1981 TO 2010
CLIMATE RECORD PERIOD 1872 TO 2016


WEATHER ITEM   OBSERVED TIME   RECORD YEAR NORMAL DEPARTURE LAST
                VALUE   (LST)  VALUE       VALUE  FROM      YEAR
                                                  NORMAL
..................................................................
TEMPERATURE (F)
 YESTERDAY
  MAXIMUM         61   1235 PM  82    1998  63     -2       61
  MINIMUM         49    520 AM  22    1989  39     10       34
                                      1895
  AVERAGE         55                        51      4       48

PRECIPITATION (IN)
  YESTERDAY        0.59          2.12 1994   0.17   0.42     0.00
  MONTH TO DATE    0.59                      0.67  -0.08     0.21
  SINCE DEC 1      0.59                      0.67  -0.08     0.21
  SINCE JAN 1     37.98                     48.88 -10.90    42.76

SNOWFALL (IN)
  YESTERDAY        0.0                       0.0    0.0      0.0
  MONTH TO DATE    0.0                       0.0    0.0      0.0
  SINCE DEC 1      0.0                       0.0    0.0      0.0
  SINCE JUL 1      0.0                       0.0    0.0      0.0
  SNOW DEPTH       0

DEGREE DAYS
 HEATING
  YESTERDAY       10                        14     -4       17
  MONTH TO DATE   51                        56     -5       38
  SINCE DEC 1     51                        56     -5       38
  SINCE JUL 1    226                       427   -201      225
..................................................................


WIND (MPH)
  HIGHEST WIND SPEED    24   HIGHEST WIND DIRECTION    SE (120)
  HIGHEST GUST SPEED    27   HIGHEST GUST DIRECTION     E (110)
  AVERAGE WIND SPEED     8.0


SKY COVER
  AVERAGE SKY COVER 0.9


WEATHER CONDITIONS
 THE FOLLOWING WEATHER WAS RECORDED YESTERDAY.
  HEAVY RAIN
  RAIN
  LIGHT RAIN
  FOG
  HAZE


RELATIVE HUMIDITY (PERCENT)
 HIGHEST    87           300 PM
 LOWEST     50          1200 AM
 AVERAGE    69

..........................................................


THE MONTGOMERY CLIMATE NORMALS FOR TODAY
                         NORMAL    RECORD    YEAR
 MAXIMUM TEMPERATURE (F)   62        83      2013
                                             1998
                                             1977
 MINIMUM TEMPERATURE (F)   39        19      2006


SUNRISE AND SUNSET
DECEMBER  5 2016......SUNRISE   633 AM CST   SUNSET   440 PM CST
DECEMBER  6 2016......SUNRISE   633 AM CST   SUNSET   440 PM CST


-  INDICATES NEGATIVE NUMBERS.
R  INDICATES RECORD WAS SET OR TIED.
MM INDICATES DATA IS MISSING.
T  INDICATES TRACE AMOUNT.




$$
