995
CDUS44 KBMX 230747
CLIMGM


CLIMATE REPORT
NATIONAL WEATHER SERVICE BIRMINGHAM, AL
246 AM CDT SAT JUL 23 2016


...................................

...THE MONTGOMERY CLIMATE SUMMARY FOR JULY 22 2016...

CLIMATE NORMAL PERIOD 1981 TO 2010
CLIMATE RECORD PERIOD 1872 TO 2016


WEATHER ITEM   OBSERVED TIME   RECORD YEAR NORMAL DEPARTURE LAST
                VALUE   (LST)  VALUE       VALUE  FROM      YEAR
                                                  NORMAL
..................................................................
TEMPERATURE (F)
 YESTERDAY
  MAXIMUM         94    440 PM 100    2006  92      2       96
                                      1993
                                      1878
  MINIMUM         74    518 AM  63    1971  72      2       76
  AVERAGE         84                        82      2       86

PRECIPITATION (IN)
  YESTERDAY        0.02          3.70 2013   0.17  -0.15     1.05
  MONTH TO DATE    5.07                      3.88   1.19     3.93
  SINCE JUN 1      7.80                      7.95  -0.15     7.92
  SINCE JAN 1     30.03                     31.39  -1.36    28.42

DEGREE DAYS
 COOLING
  YESTERDAY       19                        17      2       21
  MONTH TO DATE  439                       368     71      427
  SINCE JUN 1    957                       787    170      924
  SINCE JAN 1   1418                      1126    292     1462
..................................................................


WIND (MPH)
  HIGHEST WIND SPEED    14   HIGHEST WIND DIRECTION     E (80)
  HIGHEST GUST SPEED    15   HIGHEST GUST DIRECTION     E (80)
  AVERAGE WIND SPEED     3.5


SKY COVER
  AVERAGE SKY COVER 0.1


WEATHER CONDITIONS
 THE FOLLOWING WEATHER WAS RECORDED YESTERDAY.
  THUNDERSTORM
  LIGHT RAIN


RELATIVE HUMIDITY (PERCENT)
 HIGHEST    93           500 AM
 LOWEST     52           200 PM
 AVERAGE    73

..........................................................


THE MONTGOMERY CLIMATE NORMALS FOR TODAY
                         NORMAL    RECORD    YEAR
 MAXIMUM TEMPERATURE (F)   92       103      1952
 MINIMUM TEMPERATURE (F)   72        61      1947


SUNRISE AND SUNSET
JULY 23 2016..........SUNRISE   555 AM CDT   SUNSET   749 PM CDT
JULY 24 2016..........SUNRISE   555 AM CDT   SUNSET   748 PM CDT


-  INDICATES NEGATIVE NUMBERS.
R  INDICATES RECORD WAS SET OR TIED.
MM INDICATES DATA IS MISSING.
T  INDICATES TRACE AMOUNT.




$$
