000
CDUS44 KBMX 210735
CLIMGM


CLIMATE REPORT
NATIONAL WEATHER SERVICE BIRMINGHAM, AL
234 AM CDT FRI JUL 21 2017


...................................

...THE MONTGOMERY CLIMATE SUMMARY FOR JULY 20 2017...

CLIMATE NORMAL PERIOD 1981 TO 2010
CLIMATE RECORD PERIOD 1872 TO 2017


WEATHER ITEM   OBSERVED TIME   RECORD YEAR NORMAL DEPARTURE LAST
                VALUE   (LST)  VALUE       VALUE  FROM      YEAR
                                                  NORMAL
..................................................................
TEMPERATURE (F)
 YESTERDAY
  MAXIMUM         98    240 PM 104    2000  92      6       99
  MINIMUM         76    514 AM  59    2009  72      4       76
  AVERAGE         87                        82      5       88

PRECIPITATION (IN)
  YESTERDAY        0.00          3.24 1888   0.17  -0.17     0.00
  MONTH TO DATE    1.95                      3.54  -1.59     3.72
  SINCE JUN 1     13.99                      7.61   6.38     6.45
  SINCE JAN 1     47.91                     31.05  16.86    28.68

DEGREE DAYS
 COOLING
  YESTERDAY       22                        17      5       23
  MONTH TO DATE  384                       334     50      398
  SINCE JUN 1    820                       753     67      916
  SINCE JAN 1   1402                      1092    310     1377
..................................................................


WIND (MPH)
  HIGHEST WIND SPEED    18   HIGHEST WIND DIRECTION     N (20)
  HIGHEST GUST SPEED    24   HIGHEST GUST DIRECTION    NE (30)
  AVERAGE WIND SPEED     3.0


SKY COVER
  AVERAGE SKY COVER 0.0


WEATHER CONDITIONS
 THE FOLLOWING WEATHER WAS RECORDED YESTERDAY.
  FOG
  HAZE


RELATIVE HUMIDITY (PERCENT)
 HIGHEST    88           400 AM
 LOWEST     35           200 PM
 AVERAGE    62

..........................................................


THE MONTGOMERY CLIMATE NORMALS FOR TODAY
                         NORMAL    RECORD    YEAR
 MAXIMUM TEMPERATURE (F)   92       102      1952
 MINIMUM TEMPERATURE (F)   72        61      2009


SUNRISE AND SUNSET
JULY 21 2017..........SUNRISE   553 AM CDT   SUNSET   750 PM CDT
JULY 22 2017..........SUNRISE   554 AM CDT   SUNSET   750 PM CDT


-  INDICATES NEGATIVE NUMBERS.
R  INDICATES RECORD WAS SET OR TIED.
MM INDICATES DATA IS MISSING.
T  INDICATES TRACE AMOUNT.




$$
