000
CDUS44 KBMX 212120
CLIMGM


CLIMATE REPORT
NATIONAL WEATHER SERVICE BIRMINGHAM, AL
413 PM CDT THU AUG 21 2014


...................................

...THE MONTGOMERY CLIMATE SUMMARY FOR AUGUST 21 2014...
VALID AS OF 0400 PM LOCAL TIME.

CLIMATE NORMAL PERIOD 1981 TO 2010
CLIMATE RECORD PERIOD 1872 TO 2014


WEATHER ITEM   OBSERVED TIME   RECORD YEAR NORMAL DEPARTURE LAST
                VALUE   (LST)  VALUE       VALUE  FROM      YEAR
                                                  NORMAL
..................................................................
TEMPERATURE (F)
 TODAY
  MAXIMUM         97    212 PM 103    1983  92      5       91
  MINIMUM         74    459 AM  59    1991  71      3       71
  AVERAGE         86                        81      5       81

PRECIPITATION (IN)
  TODAY            0.00          1.66 1972   0.13  -0.13     0.00
  MONTH TO DATE    3.04                      2.70   0.34     2.78
  SINCE JUN 1     10.49                     12.01  -1.52    15.99
  SINCE JAN 1     39.38                     35.45   3.93    41.70

DEGREE DAYS
 COOLING
  TODAY           21                        16      5       16
  MONTH TO DATE  370                       354     16      341
  SINCE JUN 1   1350                      1294     56     1308
  SINCE JAN 1   1716                      1633     83     1667
..................................................................


WIND (MPH)
  HIGHEST WIND SPEED    12   HIGHEST WIND DIRECTION    NW (300)
  HIGHEST GUST SPEED    15   HIGHEST GUST DIRECTION    NW (320)
  AVERAGE WIND SPEED     4.0


SKY COVER
  AVERAGE SKY COVER 0.0


WEATHER CONDITIONS
 THE FOLLOWING WEATHER WAS RECORDED TODAY.
  FOG


RELATIVE HUMIDITY (PERCENT)
 HIGHEST    94           300 AM
 LOWEST     42           200 PM
 AVERAGE    68

..........................................................


THE MONTGOMERY CLIMATE NORMALS FOR TOMORROW
                         NORMAL    RECORD    YEAR
 MAXIMUM TEMPERATURE (F)   92       104      2007
 MINIMUM TEMPERATURE (F)   71        60      1997


SUNRISE AND SUNSET
AUGUST 21 2014........SUNRISE   614 AM CDT   SUNSET   723 PM CDT
AUGUST 22 2014........SUNRISE   614 AM CDT   SUNSET   722 PM CDT


-  INDICATES NEGATIVE NUMBERS.
R  INDICATES RECORD WAS SET OR TIED.
MM INDICATES DATA IS MISSING.
T  INDICATES TRACE AMOUNT.




$$
