000
CDUS44 KBMX 102112
CLIMGM


CLIMATE REPORT
NATIONAL WEATHER SERVICE BIRMINGHAM, AL
412 PM CDT THU JUL 10 2014


...................................

...THE MONTGOMERY CLIMATE SUMMARY FOR JULY 10 2014...
VALID AS OF 0400 PM LOCAL TIME.

CLIMATE NORMAL PERIOD 1981 TO 2010
CLIMATE RECORD PERIOD 1872 TO 2014


WEATHER ITEM   OBSERVED TIME   RECORD YEAR NORMAL DEPARTURE LAST
                VALUE   (LST)  VALUE       VALUE  FROM      YEAR
                                                  NORMAL
..................................................................
TEMPERATURE (F)
 TODAY
  MAXIMUM         93   1251 PM 104    1930  92      1       93
  MINIMUM         73    520 AM  63    1963  71      2       74
  AVERAGE         83                        82      1       84

PRECIPITATION (IN)
  TODAY            0.01          2.53 2008   0.18  -0.17     0.01
  MONTH TO DATE    0.01                      1.78  -1.77     2.20
  SINCE JUN 1      5.18                      5.85  -0.67     6.05
  SINCE JAN 1     34.07                     29.29   4.78    31.76

DEGREE DAYS
 COOLING
  TODAY           18                        17      1       19
  MONTH TO DATE  166                       164      2      137
  SINCE JUN 1    638                       583     55      628
  SINCE JAN 1   1004                       922     82      987
..................................................................


WIND (MPH)
  HIGHEST WIND SPEED    21   HIGHEST WIND DIRECTION     N (360)
  HIGHEST GUST SPEED    24   HIGHEST GUST DIRECTION     N (360)
  AVERAGE WIND SPEED     2.9


SKY COVER
  AVERAGE SKY COVER 0.3


WEATHER CONDITIONS
 THE FOLLOWING WEATHER WAS RECORDED TODAY.
  FOG


RELATIVE HUMIDITY (PERCENT)
 HIGHEST    93           600 AM
 LOWEST     49           100 PM
 AVERAGE    71

..........................................................


THE MONTGOMERY CLIMATE NORMALS FOR TOMORROW
                         NORMAL    RECORD    YEAR
 MAXIMUM TEMPERATURE (F)   92       104      1930
 MINIMUM TEMPERATURE (F)   72        63      1963


SUNRISE AND SUNSET
JULY 10 2014..........SUNRISE   547 AM CDT   SUNSET   755 PM CDT
JULY 11 2014..........SUNRISE   547 AM CDT   SUNSET   755 PM CDT


-  INDICATES NEGATIVE NUMBERS.
R  INDICATES RECORD WAS SET OR TIED.
MM INDICATES DATA IS MISSING.
T  INDICATES TRACE AMOUNT.




$$
