000
CDUS44 KBMX 240019
CLIMGM


CLIMATE REPORT
NATIONAL WEATHER SERVICE BIRMINGHAM, AL
719 PM CDT SAT MAY 23 2015


...................................

...THE MONTGOMERY CLIMATE SUMMARY FOR MAY 23 2015...
VALID TODAY AS OF 0700 PM LOCAL TIME.

CLIMATE NORMAL PERIOD 1981 TO 2010
CLIMATE RECORD PERIOD 1994 TO 2015


WEATHER ITEM   OBSERVED TIME   RECORD YEAR NORMAL DEPARTURE LAST
                VALUE   (LST)  VALUE       VALUE  FROM      YEAR
                                                  NORMAL
..................................................................
TEMPERATURE (F)
 TODAY
  MAXIMUM         86    352 PM  96    1941  86      0       91
  MINIMUM         60    440 AM  44    1883  63     -3       66
  AVERAGE         73                        74     -1       79

PRECIPITATION (IN)
  TODAY            0.00          1.89 1955   0.11  -0.11     0.00
  MONTH TO DATE    1.71                      2.66  -0.95     4.72
  SINCE MAR 1     10.21                     12.63  -2.42    20.39
  SINCE JAN 1     17.87                     22.56  -4.69    28.06

DEGREE DAYS
 COOLING
  TODAY            8                         9     -1       14
  MONTH TO DATE  217                       153     64      159
  SINCE MAR 1    438                       248    190      251
  SINCE JAN 1    438                       254    184      258
..................................................................


WIND (MPH)
  HIGHEST WIND SPEED    16   HIGHEST WIND DIRECTION     E (110)
  HIGHEST GUST SPEED    21   HIGHEST GUST DIRECTION    SE (120)
  AVERAGE WIND SPEED     7.5


SKY COVER
  AVERAGE SKY COVER 0.0


WEATHER CONDITIONS
 THE FOLLOWING WEATHER WAS RECORDED TODAY.
  NO SIGNIFICANT WEATHER WAS OBSERVED.


RELATIVE HUMIDITY (PERCENT)
 HIGHEST    90           200 AM
 LOWEST     40           400 PM
 AVERAGE    65

..........................................................


THE MONTGOMERY CLIMATE NORMALS FOR TOMORROW
                         NORMAL    RECORD    YEAR
 MAXIMUM TEMPERATURE (F)   86        96      1996
 MINIMUM TEMPERATURE (F)   63        47      1892


SUNRISE AND SUNSET
MAY 23 2015...........SUNRISE   543 AM CDT   SUNSET   742 PM CDT
MAY 24 2015...........SUNRISE   543 AM CDT   SUNSET   743 PM CDT


-  INDICATES NEGATIVE NUMBERS.
R  INDICATES RECORD WAS SET OR TIED.
MM INDICATES DATA IS MISSING.
T  INDICATES TRACE AMOUNT.




$$
