000
CDUS41 KPBZ 282220
CLIMGW


CLIMATE REPORT
NATIONAL WEATHER SERVICE PITTSBURGH PA
520 PM EST WED JAN 28 2015


...................................

...THE MORGANTOWN WV CLIMATE SUMMARY FOR JANUARY 28 2015...
VALID TODAY AS OF 0500 PM LOCAL TIME.

CLIMATE NORMAL PERIOD 1981 TO 2010
CLIMATE RECORD PERIOD 1948 TO 2015


WEATHER ITEM   OBSERVED TIME   RECORD YEAR NORMAL DEPARTURE LAST
                VALUE   (LST)  VALUE       VALUE  FROM      YEAR
                                                  NORMAL
..................................................................
TEMPERATURE (F)
 TODAY
  MAXIMUM         27    359 PM  64    2002  40    -13        7
  MINIMUM         15    616 AM  -9    2014  24     -9       -9
  AVERAGE         21                        32    -11       -1

PRECIPITATION (IN)
  TODAY            0.00         MM      MM   0.10  -0.10     0.00
  MONTH TO DATE    2.38                      2.54  -0.16     1.82
  SINCE JUN 1     28.61                     27.18   1.43    30.25
  SINCE JAN 1      2.38                      2.54  -0.16     1.82

DEGREE DAYS
 HEATING
  TODAY           44                        33     11       66
  MONTH TO DATE 1007                       946     61     1024
  SINCE DEC 1   1834                      1882    -48     1861
  SINCE JUL 1   2864                      2930    -66     2978

 COOLING
  TODAY            0                         0      0        0
  MONTH TO DATE    0                         0      0        0
  SINCE DEC 1      0                         0      0        1
  SINCE JAN 1      0                         0      0        0
..................................................................


WIND (MPH)
  RESULTANT WIND SPEED   1   RESULTANT WIND DIRECTION   W (260)
  HIGHEST WIND SPEED     8   HIGHEST WIND DIRECTION    SW (230)
  HIGHEST GUST SPEED    11   HIGHEST GUST DIRECTION     W (290)
  AVERAGE WIND SPEED     3.1


SKY COVER
  POSSIBLE SUNSHINE  MM
  AVERAGE SKY COVER 0.6


WEATHER CONDITIONS
 THE FOLLOWING WEATHER WAS RECORDED TODAY.
  HAZE


RELATIVE HUMIDITY (PERCENT)
 HIGHEST    73           400 AM
 LOWEST     42           400 PM
 AVERAGE    58

..........................................................


THE MORGANTOWN WV CLIMATE NORMALS FOR TOMORROW
                         NORMAL    RECORD    YEAR
 MAXIMUM TEMPERATURE (F)   40        69      1975
 MINIMUM TEMPERATURE (F)   24       -12      1963


SUNRISE AND SUNSET
JANUARY 28 2015.......SUNRISE   731 AM EST   SUNSET   535 PM EST
JANUARY 29 2015.......SUNRISE   730 AM EST   SUNSET   536 PM EST


-  INDICATES NEGATIVE NUMBERS.
R  INDICATES RECORD WAS SET OR TIED.
MM INDICATES DATA IS MISSING.
T  INDICATES TRACE AMOUNT.




$$
