000
CDUS41 KPBZ 182212
CLIMGW


CLIMATE REPORT
NATIONAL WEATHER SERVICE PITTSBURGH PA
512 PM EST THU JAN 18 2018


...................................

...THE MORGANTOWN WV CLIMATE SUMMARY FOR JANUARY 18 2018...
VALID TODAY AS OF 0500 PM LOCAL TIME.

CLIMATE NORMAL PERIOD 1981 TO 2010
CLIMATE RECORD PERIOD 1872 TO 2018


WEATHER ITEM   OBSERVED TIME   RECORD YEAR NORMAL DEPARTURE LAST
                VALUE   (LST)  VALUE       VALUE  FROM      YEAR
                                                  NORMAL
..................................................................
TEMPERATURE (F)
 TODAY
  MAXIMUM         28    359 PM  69    1929  39    -11       53
                                      1876
  MINIMUM          9    135 AM -13    1994  24    -15       40
  AVERAGE         19                        31    -12       47

PRECIPITATION (IN)
  TODAY            0.00          1.72 1937   0.09  -0.09     0.03
  MONTH TO DATE    1.87                      1.62   0.25     2.80
  SINCE JUN 1     28.20                     26.26   1.94    32.21
  SINCE JAN 1      1.87                      1.62   0.25     2.80

DEGREE DAYS
 HEATING
  TODAY           46                        34     12       18
  MONTH TO DATE  769                       609    160      522
  SINCE DEC 1   1773                      1545    228     1398
  SINCE JUL 1   2668                      2593     75     2084

 COOLING
  TODAY            0                         0      0        0
  MONTH TO DATE    0                         0      0        0
  SINCE DEC 1      0                         0      0        0
  SINCE JAN 1      0                         0      0        0
..................................................................


WIND (MPH)
  RESULTANT WIND SPEED  10   RESULTANT WIND DIRECTION  SW (210)
  HIGHEST WIND SPEED    17   HIGHEST WIND DIRECTION    SW (220)
  HIGHEST GUST SPEED    28   HIGHEST GUST DIRECTION     S (200)
  AVERAGE WIND SPEED    10.0


SKY COVER
  POSSIBLE SUNSHINE  MM
  AVERAGE SKY COVER 0.4


WEATHER CONDITIONS
 THE FOLLOWING WEATHER WAS RECORDED TODAY.
  NO SIGNIFICANT WEATHER WAS OBSERVED.


RELATIVE HUMIDITY (PERCENT)
 HIGHEST    80          1200 AM
 LOWEST     42           400 PM
 AVERAGE    61

..........................................................


THE MORGANTOWN WV CLIMATE NORMALS FOR TOMORROW
                         NORMAL    RECORD    YEAR
 MAXIMUM TEMPERATURE (F)   39        70      1929
 MINIMUM TEMPERATURE (F)   24       -19      1994


SUNRISE AND SUNSET
JANUARY 18 2018.......SUNRISE   737 AM EST   SUNSET   523 PM EST
JANUARY 19 2018.......SUNRISE   737 AM EST   SUNSET   524 PM EST


-  INDICATES NEGATIVE NUMBERS.
R  INDICATES RECORD WAS SET OR TIED.
MM INDICATES DATA IS MISSING.
T  INDICATES TRACE AMOUNT.




$$
