000
CDUS41 KPBZ 200708
CLIMGW


CLIMATE REPORT
NATIONAL WEATHER SERVICE PITTSBURGH PA
308 AM EDT SAT SEP 20 2014


...................................

...THE MORGANTOWN WV CLIMATE SUMMARY FOR SEPTEMBER 19 2014...

CLIMATE NORMAL PERIOD 1981 TO 2010
CLIMATE RECORD PERIOD 1948 TO 2014


WEATHER ITEM   OBSERVED TIME   RECORD YEAR NORMAL DEPARTURE LAST
                VALUE   (LST)  VALUE       VALUE  FROM      YEAR
                                                  NORMAL
..................................................................
TEMPERATURE (F)
 YESTERDAY
  MAXIMUM         77    312 PM  91    1965  75      2       78
  MINIMUM         49    626 AM  39    1956  54     -5       60
  AVERAGE         63                        64     -1       69

PRECIPITATION (IN)
  YESTERDAY        0.00         MM      MM   0.10  -0.10     0.01
  MONTH TO DATE    1.44                      2.01  -0.57     0.74
  SINCE JUN 1     16.42                     14.29   2.13    17.29
  SINCE JAN 1     31.91                     31.48   0.43    29.93

DEGREE DAYS
 HEATING
  YESTERDAY        2                         3     -1        0
  MONTH TO DATE   38                        32      6       35
  SINCE SEP 1     38                        32      6       35
  SINCE JUL 1     44                        43      1       44

 COOLING
  YESTERDAY        0                         2     -2        4
  MONTH TO DATE  108                        74     34       79
  SINCE SEP 1    108                        74     34       79
  SINCE JAN 1    941                       783    158      865
..................................................................


WIND (MPH)
  HIGHEST WIND SPEED    15   HIGHEST WIND DIRECTION     S (160)
  HIGHEST GUST SPEED    20   HIGHEST GUST DIRECTION     S (160)
  AVERAGE WIND SPEED     5.1


SKY COVER
  POSSIBLE SUNSHINE  MM
  AVERAGE SKY COVER 0.4


WEATHER CONDITIONS
 THE FOLLOWING WEATHER WAS RECORDED YESTERDAY.
  FOG
  HAZE


RELATIVE HUMIDITY (PERCENT)
 HIGHEST    89           200 AM
 LOWEST     46          1200 PM
 AVERAGE    68

..........................................................


THE MORGANTOWN WV CLIMATE NORMALS FOR TODAY
                         NORMAL    RECORD    YEAR
 MAXIMUM TEMPERATURE (F)   74        89      1965
 MINIMUM TEMPERATURE (F)   53        36      1956


SUNRISE AND SUNSET
SEPTEMBER 20 2014.....SUNRISE   705 AM EDT   SUNSET   720 PM EDT
SEPTEMBER 21 2014.....SUNRISE   706 AM EDT   SUNSET   718 PM EDT


-  INDICATES NEGATIVE NUMBERS.
R  INDICATES RECORD WAS SET OR TIED.
MM INDICATES DATA IS MISSING.
T  INDICATES TRACE AMOUNT.




$$
