000
CDUS41 KPBZ 262134
CLIMGW


CLIMATE REPORT
NATIONAL WEATHER SERVICE PITTSBURGH PA
534 PM EDT THU MAY 26 2016


...................................

...THE MORGANTOWN WV CLIMATE SUMMARY FOR MAY 26 2016...
VALID TODAY AS OF 0500 PM LOCAL TIME.

CLIMATE NORMAL PERIOD 1981 TO 2010
CLIMATE RECORD PERIOD 1948 TO 2016


WEATHER ITEM   OBSERVED TIME   RECORD YEAR NORMAL DEPARTURE LAST
                VALUE   (LST)  VALUE       VALUE  FROM      YEAR
                                                  NORMAL
..................................................................
TEMPERATURE (F)
 TODAY
  MAXIMUM         83    300 PM  91    1991  74      9       83
  MINIMUM         61    457 AM  34    1988  53      8       62
  AVERAGE         72                        64      8       73

PRECIPITATION (IN)
  TODAY            T            MM      MM   0.16  -0.16     0.01
  MONTH TO DATE    5.20                      3.84   1.36     1.00
  SINCE JUN 1     39.57                     41.06  -1.49    43.26
  SINCE JAN 1     16.03                     16.42  -0.39    17.03

DEGREE DAYS
 HEATING
  TODAY            0                         4     -4        0
  MONTH TO DATE  171                       154     17       84
  SINCE MAR 1    942                      1248   -306     1158
  SINCE JUL 1   4036                      5137  -1101     5282

 COOLING
  TODAY            7                         2      5        8
  MONTH TO DATE   21                        38    -17      123
  SINCE MAR 1     27                        54    -27      131
  SINCE JAN 1     27                        54    -27      131
..................................................................


WIND (MPH)
  RESULTANT WIND SPEED   3   RESULTANT WIND DIRECTION  SW (210)
  HIGHEST WIND SPEED    13   HIGHEST WIND DIRECTION     W (280)
  HIGHEST GUST SPEED    18   HIGHEST GUST DIRECTION     W (290)
  AVERAGE WIND SPEED     3.9


SKY COVER
  POSSIBLE SUNSHINE  MM
  AVERAGE SKY COVER 0.5


WEATHER CONDITIONS
 THE FOLLOWING WEATHER WAS RECORDED TODAY.
  LIGHT RAIN


RELATIVE HUMIDITY (PERCENT)
 HIGHEST    84           500 AM
 LOWEST     43           300 PM
 AVERAGE    64

..........................................................


THE MORGANTOWN WV CLIMATE NORMALS FOR TOMORROW
                         NORMAL    RECORD    YEAR
 MAXIMUM TEMPERATURE (F)   75        91      2012
 MINIMUM TEMPERATURE (F)   53        36      1969


SUNRISE AND SUNSET
MAY 26 2016...........SUNRISE   557 AM EDT   SUNSET   837 PM EDT
MAY 27 2016...........SUNRISE   556 AM EDT   SUNSET   838 PM EDT


-  INDICATES NEGATIVE NUMBERS.
R  INDICATES RECORD WAS SET OR TIED.
MM INDICATES DATA IS MISSING.
T  INDICATES TRACE AMOUNT.




$$
