112
CDUS41 KPBZ 250722
CLIMGW


CLIMATE REPORT
NATIONAL WEATHER SERVICE PITTSBURGH PA
321 AM EDT MON JUL 25 2016


...................................

...THE MORGANTOWN WV CLIMATE SUMMARY FOR JULY 24 2016...

CLIMATE NORMAL PERIOD 1981 TO 2010
CLIMATE RECORD PERIOD 1948 TO 2016


WEATHER ITEM   OBSERVED TIME   RECORD YEAR NORMAL DEPARTURE LAST
                VALUE   (LST)  VALUE       VALUE  FROM      YEAR
                                                  NORMAL
..................................................................
TEMPERATURE (F)
 YESTERDAY
  MAXIMUM         94R   427 PM  94    2010  83     11       87
  MINIMUM         71    459 AM  49    1954  63      8       57
  AVERAGE         83                        73     10       72

PRECIPITATION (IN)
  YESTERDAY        0.02         MM      MM   0.15  -0.13     0.00
  MONTH TO DATE    1.72                      3.68  -1.96     3.37
  SINCE JUN 1      6.20                      7.79  -1.59     9.52
  SINCE JAN 1     22.24                     24.98  -2.74    26.77

DEGREE DAYS
 HEATING
  YESTERDAY        0                         0      0        0
  MONTH TO DATE    0                         0      0        0
  SINCE JUN 1     10                        31    -21       13
  SINCE JUL 1      0                         0      0        0

 COOLING
  YESTERDAY       18                         8     10        7
  MONTH TO DATE  254                       192     62      234
  SINCE JUN 1    476                       354    122      456
  SINCE JAN 1    550                       421    129      640
..................................................................


WIND (MPH)
  HIGHEST WIND SPEED    15   HIGHEST WIND DIRECTION     N (350)
  HIGHEST GUST SPEED    21   HIGHEST GUST DIRECTION     N (350)
  AVERAGE WIND SPEED     3.4


SKY COVER
  POSSIBLE SUNSHINE  MM
  AVERAGE SKY COVER 0.3


WEATHER CONDITIONS
 THE FOLLOWING WEATHER WAS RECORDED YESTERDAY.
  THUNDERSTORM
  FOG
  HAZE


RELATIVE HUMIDITY (PERCENT)
 HIGHEST    93           300 AM
 LOWEST     41           300 PM
 AVERAGE    67

..........................................................


THE MORGANTOWN WV CLIMATE NORMALS FOR TODAY
                         NORMAL    RECORD    YEAR
 MAXIMUM TEMPERATURE (F)   83        94      1993
 MINIMUM TEMPERATURE (F)   63        50      1957


SUNRISE AND SUNSET
JULY 25 2016..........SUNRISE   613 AM EDT   SUNSET   839 PM EDT
JULY 26 2016..........SUNRISE   614 AM EDT   SUNSET   838 PM EDT


-  INDICATES NEGATIVE NUMBERS.
R  INDICATES RECORD WAS SET OR TIED.
MM INDICATES DATA IS MISSING.
T  INDICATES TRACE AMOUNT.




$$
