000
CDUS41 KPBZ 231226
CLIMGW


CLIMATE REPORT
NATIONAL WEATHER SERVICE PITTSBURGH PA
826 AM EDT SAT SEP 23 2017


...................................

...THE MORGANTOWN WV CLIMATE SUMMARY FOR SEPTEMBER 23 2017...
VALID AS OF 0800 AM LOCAL TIME.

CLIMATE NORMAL PERIOD 1981 TO 2010
CLIMATE RECORD PERIOD 1872 TO 2017


WEATHER ITEM   OBSERVED TIME   RECORD YEAR NORMAL DEPARTURE LAST
                VALUE   (LST)  VALUE       VALUE  FROM      YEAR
                                                  NORMAL
..................................................................
TEMPERATURE (F)
 TODAY
  MAXIMUM         64   1212 AM 102    1893
  MINIMUM         56    624 AM  32    1947  52      4       62

PRECIPITATION (IN)
  TODAY            0.00          1.25 1912   0.11  -0.11     0.00
  MONTH TO DATE    1.80                      2.46  -0.66     0.75
  SINCE JUN 1     17.32                     14.74   2.58    16.15
  SINCE JAN 1     40.41                     31.93   8.48    32.19

DEGREE DAYS
 HEATING
  TODAY            5

 COOLING
  TODAY            0
..................................................................





WEATHER CONDITIONS
 THE FOLLOWING WEATHER WAS RECORDED TODAY.
  FOG


RELATIVE HUMIDITY (PERCENT)
 HIGHEST    90          1200 AM

..........................................................


THE MORGANTOWN WV CLIMATE NORMALS FOR TOMORROW
                         NORMAL    RECORD    YEAR
 MAXIMUM TEMPERATURE (F)   73        92      1930
                                             1908
 MINIMUM TEMPERATURE (F)   52        30      1983


SUNRISE AND SUNSET
SEPTEMBER 23 2017.....SUNRISE   708 AM EDT   SUNSET   715 PM EDT
SEPTEMBER 24 2017.....SUNRISE   709 AM EDT   SUNSET   713 PM EDT


-  INDICATES NEGATIVE NUMBERS.
R  INDICATES RECORD WAS SET OR TIED.
MM INDICATES DATA IS MISSING.
T  INDICATES TRACE AMOUNT.




$$
