000
CDUS41 KPBZ 252134
CLIMGW


CLIMATE REPORT
NATIONAL WEATHER SERVICE PITTSBURGH PA
533 PM EDT MON MAY 25 2015


...................................

...THE MORGANTOWN WV CLIMATE SUMMARY FOR MAY 25 2015...
VALID TODAY AS OF 0500 PM LOCAL TIME.

CLIMATE NORMAL PERIOD 1981 TO 2010
CLIMATE RECORD PERIOD 1948 TO 2015


WEATHER ITEM   OBSERVED TIME   RECORD YEAR NORMAL DEPARTURE LAST
                VALUE   (LST)  VALUE       VALUE  FROM      YEAR
                                                  NORMAL
..................................................................
TEMPERATURE (F)
 TODAY
  MAXIMUM         86    350 PM  89    1991  74     12       80
  MINIMUM         60    428 AM  32    2013  53      7       49
  AVERAGE         73                        63     10       65

PRECIPITATION (IN)
  TODAY            0.00         MM      MM   0.15  -0.15     0.00
  MONTH TO DATE    0.99                      3.68  -2.69     3.89
  SINCE JUN 1     43.25                     40.90   2.35    43.28
  SINCE JAN 1     17.02                     16.26   0.76    14.85

DEGREE DAYS
 HEATING
  TODAY            0                         4     -4        0
  MONTH TO DATE   84                       150    -66      117
  SINCE MAR 1   1158                      1244    -86     1278
  SINCE JUL 1   5282                      5133    149     5404

 COOLING
  TODAY            8                         2      6        0
  MONTH TO DATE  115                        36     79       58
  SINCE MAR 1    123                        52     71       76
  SINCE JAN 1    123                        52     71       76
..................................................................


WIND (MPH)
  RESULTANT WIND SPEED   4   RESULTANT WIND DIRECTION   S (190)
  HIGHEST WIND SPEED    12   HIGHEST WIND DIRECTION     S (180)
  HIGHEST GUST SPEED    17   HIGHEST GUST DIRECTION    SW (220)
  AVERAGE WIND SPEED     5.6


SKY COVER
  POSSIBLE SUNSHINE  MM
  AVERAGE SKY COVER 0.1


WEATHER CONDITIONS
 THE FOLLOWING WEATHER WAS RECORDED TODAY.
  NO SIGNIFICANT WEATHER WAS OBSERVED.


RELATIVE HUMIDITY (PERCENT)
 HIGHEST    60          1200 AM
 LOWEST     30           300 PM
 AVERAGE    45

..........................................................


THE MORGANTOWN WV CLIMATE NORMALS FOR TOMORROW
                         NORMAL    RECORD    YEAR
 MAXIMUM TEMPERATURE (F)   74        91      1991
 MINIMUM TEMPERATURE (F)   53        34      1988


SUNRISE AND SUNSET
MAY 25 2015...........SUNRISE   558 AM EDT   SUNSET   836 PM EDT
MAY 26 2015...........SUNRISE   557 AM EDT   SUNSET   837 PM EDT


-  INDICATES NEGATIVE NUMBERS.
R  INDICATES RECORD WAS SET OR TIED.
MM INDICATES DATA IS MISSING.
T  INDICATES TRACE AMOUNT.




$$
