000
CDUS41 KPBZ 180803
CLIMGW


CLIMATE REPORT
NATIONAL WEATHER SERVICE PITTSBURGH PA
303 AM EST SAT NOV 18 2017


...................................

...THE MORGANTOWN WV CLIMATE SUMMARY FOR NOVEMBER 17 2017...

CLIMATE NORMAL PERIOD 1981 TO 2010
CLIMATE RECORD PERIOD 1872 TO 2017


WEATHER ITEM   OBSERVED TIME   RECORD YEAR NORMAL DEPARTURE LAST
                VALUE   (LST)  VALUE       VALUE  FROM      YEAR
                                                  NORMAL
..................................................................
TEMPERATURE (F)
 YESTERDAY
  MAXIMUM         46    405 PM  79    1958  53     -7       63
  MINIMUM         32   1159 PM  13    1959  36     -4       34
  AVERAGE         39                        44     -5       49

PRECIPITATION (IN)
  YESTERDAY        0.00          1.25 1927   0.13  -0.13     0.00
  MONTH TO DATE    2.21                      1.94   0.27     0.71
  SINCE JUN 1     23.94                     20.21   3.73    24.30
  SINCE JAN 1     47.03                     37.40   9.63    40.34

DEGREE DAYS
 HEATING
  YESTERDAY       26                        21      5       16
  MONTH TO DATE  339                       304     35      231
  SINCE SEP 1    627                       735   -108      426
  SINCE JUL 1    629                       746   -117      426

 COOLING
  YESTERDAY        0                         0      0        0
  MONTH TO DATE    0                         0      0        5
  SINCE SEP 1    166                       104     62      272
  SINCE JAN 1    919                       813    106     1283
..................................................................


WIND (MPH)
  HIGHEST WIND SPEED     7   HIGHEST WIND DIRECTION     S (170)
  HIGHEST GUST SPEED     9   HIGHEST GUST DIRECTION    NW (330)
  AVERAGE WIND SPEED     1.9


SKY COVER
  POSSIBLE SUNSHINE  MM
  AVERAGE SKY COVER 0.5


WEATHER CONDITIONS
 THE FOLLOWING WEATHER WAS RECORDED YESTERDAY.
  NO SIGNIFICANT WEATHER WAS OBSERVED.


RELATIVE HUMIDITY (PERCENT)
 HIGHEST    75          1000 PM
 LOWEST     45           400 PM
 AVERAGE    60

..........................................................


THE MORGANTOWN WV CLIMATE NORMALS FOR TODAY
                         NORMAL    RECORD    YEAR
 MAXIMUM TEMPERATURE (F)   53        81      1921
 MINIMUM TEMPERATURE (F)   36        12      1959


SUNRISE AND SUNSET
NOVEMBER 18 2017......SUNRISE   708 AM EST   SUNSET   502 PM EST
NOVEMBER 19 2017......SUNRISE   709 AM EST   SUNSET   501 PM EST


-  INDICATES NEGATIVE NUMBERS.
R  INDICATES RECORD WAS SET OR TIED.
MM INDICATES DATA IS MISSING.
T  INDICATES TRACE AMOUNT.




$$
