000
CDUS41 KPBZ 091336
CLIMGW


CLIMATE REPORT
NATIONAL WEATHER SERVICE PITTSBURGH PA
836 AM EST FRI DEC 9 2016


...................................

...THE MORGANTOWN WV CLIMATE SUMMARY FOR DECEMBER 9 2016...
VALID AS OF 0800 AM LOCAL TIME.

CLIMATE NORMAL PERIOD 1981 TO 2010
CLIMATE RECORD PERIOD 1948 TO 2016


WEATHER ITEM   OBSERVED TIME   RECORD YEAR NORMAL DEPARTURE LAST
                VALUE   (LST)  VALUE       VALUE  FROM      YEAR
                                                  NORMAL
..................................................................
TEMPERATURE (F)
 TODAY
  MAXIMUM         24    343 AM  77    1966
  MINIMUM         23    659 AM   6    1958  29     -6       29

PRECIPITATION (IN)
  TODAY            T            MM      MM   0.10  -0.10     0.01
  MONTH TO DATE    0.65                      0.92  -0.27     1.35
  SINCE JUN 1     26.01                     22.65   3.36    21.11
  SINCE JAN 1     42.05                     39.84   2.21    38.36

DEGREE DAYS
 HEATING
  TODAY           41

 COOLING
  TODAY            0
..................................................................





WEATHER CONDITIONS
 THE FOLLOWING WEATHER WAS RECORDED TODAY.
  LIGHT SNOW


RELATIVE HUMIDITY (PERCENT)
 HIGHEST    74           500 AM

..........................................................


THE MORGANTOWN WV CLIMATE NORMALS FOR TOMORROW
                         NORMAL    RECORD    YEAR
 MAXIMUM TEMPERATURE (F)   44        75      1971
 MINIMUM TEMPERATURE (F)   29        -1      1958


SUNRISE AND SUNSET
DECEMBER  9 2016......SUNRISE   729 AM EST   SUNSET   455 PM EST
DECEMBER 10 2016......SUNRISE   730 AM EST   SUNSET   455 PM EST


-  INDICATES NEGATIVE NUMBERS.
R  INDICATES RECORD WAS SET OR TIED.
MM INDICATES DATA IS MISSING.
T  INDICATES TRACE AMOUNT.




$$
