000
CDUS41 KPBZ 282214
CLIMGW


CLIMATE REPORT
NATIONAL WEATHER SERVICE PITTSBURGH PA
514 PM EST SUN DEC 28 2014


...................................

...THE MORGANTOWN WV CLIMATE SUMMARY FOR DECEMBER 28 2014...
VALID TODAY AS OF 0500 PM LOCAL TIME.

CLIMATE NORMAL PERIOD 1981 TO 2010
CLIMATE RECORD PERIOD 1948 TO 2014


WEATHER ITEM   OBSERVED TIME   RECORD YEAR NORMAL DEPARTURE LAST
                VALUE   (LST)  VALUE       VALUE  FROM      YEAR
                                                  NORMAL
..................................................................
TEMPERATURE (F)
 TODAY
  MAXIMUM         55    109 AM  72    1982  40     15       51
  MINIMUM         39    359 PM  -2    1950  25     14       36
  AVERAGE         47                        32     15       44

PRECIPITATION (IN)
  TODAY            0.10         MM      MM   0.09   0.01     0.00
  MONTH TO DATE    2.88                      2.66   0.22     3.66
  SINCE JUN 1     26.22                     24.39   1.83    27.56
  SINCE JAN 1     41.71                     41.58   0.13    40.20

DEGREE DAYS
 HEATING
  TODAY           18                        33    -15       21
  MONTH TO DATE  718                       838   -120      744
  SINCE DEC 1    718                       838   -120      744
  SINCE JUL 1   1748                      1886   -138     1861

 COOLING
  TODAY            0                         0      0        0
  MONTH TO DATE    0                         0      0        1
  SINCE DEC 1      0                         0      0        1
  SINCE JAN 1    981                       814    167      907
..................................................................


WIND (MPH)
  RESULTANT WIND SPEED   2   RESULTANT WIND DIRECTION  SW (230)
  HIGHEST WIND SPEED    12   HIGHEST WIND DIRECTION    SW (220)
  HIGHEST GUST SPEED    19   HIGHEST GUST DIRECTION    SW (210)
  AVERAGE WIND SPEED     3.9


SKY COVER
  POSSIBLE SUNSHINE  MM
  AVERAGE SKY COVER 1.0


WEATHER CONDITIONS
 THE FOLLOWING WEATHER WAS RECORDED TODAY.
  LIGHT RAIN
  FOG
  HAZE


RELATIVE HUMIDITY (PERCENT)
 HIGHEST    86           800 AM
 LOWEST     26          1200 AM
 AVERAGE    56

..........................................................


THE MORGANTOWN WV CLIMATE NORMALS FOR TOMORROW
                         NORMAL    RECORD    YEAR
 MAXIMUM TEMPERATURE (F)   40        69      1990
 MINIMUM TEMPERATURE (F)   24         6      1976


SUNRISE AND SUNSET
DECEMBER 28 2014......SUNRISE   740 AM EST   SUNSET   503 PM EST
DECEMBER 29 2014......SUNRISE   740 AM EST   SUNSET   504 PM EST


-  INDICATES NEGATIVE NUMBERS.
R  INDICATES RECORD WAS SET OR TIED.
MM INDICATES DATA IS MISSING.
T  INDICATES TRACE AMOUNT.




$$
