000
CDUS41 KPBZ 210701
CLIMGW


CLIMATE REPORT
NATIONAL WEATHER SERVICE PITTSBURGH PA
301 AM EDT TUE OCT 21 2014


...................................

...THE MORGANTOWN WV CLIMATE SUMMARY FOR OCTOBER 20 2014...

CLIMATE NORMAL PERIOD 1981 TO 2010
CLIMATE RECORD PERIOD 1948 TO 2014


WEATHER ITEM   OBSERVED TIME   RECORD YEAR NORMAL DEPARTURE LAST
                VALUE   (LST)  VALUE       VALUE  FROM      YEAR
                                                  NORMAL
..................................................................
TEMPERATURE (F)
 YESTERDAY
  MAXIMUM         59    455 PM  81    1979  63     -4       58
  MINIMUM         38    153 AM  18    1972  42     -4       38
  AVERAGE         49                        53     -4       48

PRECIPITATION (IN)
  YESTERDAY        0.01         MM      MM   0.08  -0.07     0.00
  MONTH TO DATE    3.27                      1.79   1.48     1.19
  SINCE JUN 1     20.58                     17.28   3.30    19.74
  SINCE JAN 1     36.07                     34.47   1.60    32.38

DEGREE DAYS
 HEATING
  YESTERDAY       16                        12      4       17
  MONTH TO DATE  147                       192    -45      106
  SINCE SEP 1    205                       278    -73      185
  SINCE JUL 1    211                       289    -78      194

 COOLING
  YESTERDAY        0                         0      0        0
  MONTH TO DATE   13                        10      3       36
  SINCE SEP 1    143                       102     41      120
  SINCE JAN 1    976                       811    165      906
..................................................................


WIND (MPH)
  HIGHEST WIND SPEED    12   HIGHEST WIND DIRECTION    SW (210)
  HIGHEST GUST SPEED    20   HIGHEST GUST DIRECTION    SW (210)
  AVERAGE WIND SPEED     3.6


SKY COVER
  POSSIBLE SUNSHINE  MM
  AVERAGE SKY COVER 0.5


WEATHER CONDITIONS
 THE FOLLOWING WEATHER WAS RECORDED YESTERDAY.
  LIGHT RAIN


RELATIVE HUMIDITY (PERCENT)
 HIGHEST    92           200 AM
 LOWEST     44           300 PM
 AVERAGE    68

..........................................................


THE MORGANTOWN WV CLIMATE NORMALS FOR TODAY
                         NORMAL    RECORD    YEAR
 MAXIMUM TEMPERATURE (F)   63        83      1979
 MINIMUM TEMPERATURE (F)   42        19      1952


SUNRISE AND SUNSET
OCTOBER 21 2014.......SUNRISE   736 AM EDT   SUNSET   632 PM EDT
OCTOBER 22 2014.......SUNRISE   737 AM EDT   SUNSET   631 PM EDT


-  INDICATES NEGATIVE NUMBERS.
R  INDICATES RECORD WAS SET OR TIED.
MM INDICATES DATA IS MISSING.
T  INDICATES TRACE AMOUNT.




$$
