000
CDUS41 KPBZ 061228
CLIMGW


CLIMATE REPORT
NATIONAL WEATHER SERVICE PITTSBURGH PA
826 AM EDT MON JUL 6 2015


...................................

...THE MORGANTOWN WV CLIMATE SUMMARY FOR JULY 6 2015...
VALID AS OF 0800 AM LOCAL TIME.

CLIMATE NORMAL PERIOD 1981 TO 2010
CLIMATE RECORD PERIOD 1948 TO 2015


WEATHER ITEM   OBSERVED TIME   RECORD YEAR NORMAL DEPARTURE LAST
                VALUE   (LST)  VALUE       VALUE  FROM      YEAR
                                                  NORMAL
..................................................................
TEMPERATURE (F)
 TODAY
  MAXIMUM         75    102 AM  98    2012
  MINIMUM         70    436 AM  46    1951  63      7       55

PRECIPITATION (IN)
  TODAY            0.05         MM      MM   0.16  -0.11     0.02
  MONTH TO DATE    1.01                      0.91   0.10     0.02
  SINCE JUN 1      7.16                      5.02   2.14     4.54
  SINCE JAN 1     24.41                     22.21   2.20    20.03

DEGREE DAYS
 HEATING
  TODAY            0

 COOLING
  TODAY            8
..................................................................





WEATHER CONDITIONS
 THE FOLLOWING WEATHER WAS RECORDED TODAY.
  HAZE


RELATIVE HUMIDITY (PERCENT)
 HIGHEST    84           300 AM

..........................................................


THE MORGANTOWN WV CLIMATE NORMALS FOR TOMORROW
                         NORMAL    RECORD    YEAR
 MAXIMUM TEMPERATURE (F)   84       101      2012
 MINIMUM TEMPERATURE (F)   63        45      1983


SUNRISE AND SUNSET
JULY  6 2015..........SUNRISE   558 AM EDT   SUNSET   850 PM EDT
JULY  7 2015..........SUNRISE   559 AM EDT   SUNSET   850 PM EDT


-  INDICATES NEGATIVE NUMBERS.
R  INDICATES RECORD WAS SET OR TIED.
MM INDICATES DATA IS MISSING.
T  INDICATES TRACE AMOUNT.




$$
