626
CDUS41 KPBZ 032140
CLIMGW


CLIMATE REPORT
NATIONAL WEATHER SERVICE PITTSBURGH PA
540 PM EDT TUE MAY 3 2016


...................................

...THE MORGANTOWN WV CLIMATE SUMMARY FOR MAY 3 2016...
VALID TODAY AS OF 0500 PM LOCAL TIME.

CLIMATE NORMAL PERIOD 1981 TO 2010
CLIMATE RECORD PERIOD 1948 TO 2016


WEATHER ITEM   OBSERVED TIME   RECORD YEAR NORMAL DEPARTURE LAST
                VALUE   (LST)  VALUE       VALUE  FROM      YEAR
                                                  NORMAL
..................................................................
TEMPERATURE (F)
 TODAY
  MAXIMUM         64    254 PM  88    2012  69     -5       77
                                      1965
  MINIMUM         52    724 AM  33    1986  47      5       46
  AVERAGE         58                        58      0       62

PRECIPITATION (IN)
  TODAY            T            MM      MM   0.13  -0.13     0.00
  MONTH TO DATE    1.26                      0.39   0.87     0.01
  SINCE JUN 1     35.63                     37.61  -1.98    42.27
  SINCE JAN 1     12.09                     12.97  -0.88    16.04

DEGREE DAYS
 HEATING
  TODAY            7                         8     -1        3
  MONTH TO DATE    7                        24    -17       19
  SINCE MAR 1    778                      1118   -340     1093
  SINCE JUL 1   3872                      5007  -1135     5217

 COOLING
  TODAY            0                         1     -1        0
  MONTH TO DATE    3                         3      0        0
  SINCE MAR 1      9                        19    -10        8
  SINCE JAN 1      9                        19    -10        8
..................................................................


WIND (MPH)
  RESULTANT WIND SPEED   2   RESULTANT WIND DIRECTION   N (0)
  HIGHEST WIND SPEED     9   HIGHEST WIND DIRECTION     N (360)
  HIGHEST GUST SPEED    11   HIGHEST GUST DIRECTION     N (360)
  AVERAGE WIND SPEED     2.4


SKY COVER
  POSSIBLE SUNSHINE  MM
  AVERAGE SKY COVER 0.9


WEATHER CONDITIONS
 THE FOLLOWING WEATHER WAS RECORDED TODAY.
  FOG
  HAZE


RELATIVE HUMIDITY (PERCENT)
 HIGHEST    86           200 AM
 LOWEST     52           300 PM
 AVERAGE    69

..........................................................


THE MORGANTOWN WV CLIMATE NORMALS FOR TOMORROW
                         NORMAL    RECORD    YEAR
 MAXIMUM TEMPERATURE (F)   70        89      1949
 MINIMUM TEMPERATURE (F)   47        29      1957


SUNRISE AND SUNSET
MAY  3 2016...........SUNRISE   617 AM EDT   SUNSET   816 PM EDT
MAY  4 2016...........SUNRISE   616 AM EDT   SUNSET   817 PM EDT


-  INDICATES NEGATIVE NUMBERS.
R  INDICATES RECORD WAS SET OR TIED.
MM INDICATES DATA IS MISSING.
T  INDICATES TRACE AMOUNT.




$$
