000
CDUS43 KFSD 300622
CLIMHE


CLIMATE REPORT
NATIONAL WEATHER SERVICE SIOUX FALLS SD
121 AM CDT MON MAY 30 2016


...................................

...THE MITCHELL SD CLIMATE SUMMARY FOR MAY 29 2016...

CLIMATE NORMAL PERIOD 1981 TO 2010
CLIMATE RECORD PERIOD 1893 TO 2016


WEATHER ITEM   OBSERVED TIME   RECORD YEAR NORMAL DEPARTURE LAST
                VALUE   (LST)  VALUE       VALUE  FROM      YEAR
                                                  NORMAL
..................................................................
TEMPERATURE (F)
 YESTERDAY
  MAXIMUM         79    531 PM 105    1934  74      5       67
  MINIMUM         58    538 AM  28    1947  52      6       47
  AVERAGE         69                        63      6       57

PRECIPITATION (IN)
  YESTERDAY        0.00          2.36 1985   0.15  -0.15     0.31
  MONTH TO DATE    4.45                      2.62   1.83     4.77
  SINCE MAR 1     11.18                      5.86   5.32     6.32
  SINCE JAN 1     12.41                      6.42   5.99     7.09

SNOWFALL (IN)
  YESTERDAY        0.0           0.0    MM  MM     MM        0.0
  MONTH TO DATE    0.0                      MM     MM        0.0
  SINCE MAR 1      3.9                      MM     MM        0.7
  SINCE JUL 1     46.3                      MM     MM       22.6
  SNOW DEPTH       0

DEGREE DAYS
 HEATING
  YESTERDAY        0                         4     -4        8
  MONTH TO DATE  163                       203    -40      196
  SINCE MAR 1   1356                      1681   -325     1360
  SINCE JUL 1   6145                      7203  -1058     6850

 COOLING
  YESTERDAY        4                         2      2        0
  MONTH TO DATE   33                        32      1       25
  SINCE MAR 1     37                        34      3       31
  SINCE JAN 1     37                        34      3       31
..................................................................


WIND (MPH)
  HIGHEST WIND SPEED    12   HIGHEST WIND DIRECTION    NW (300)
  HIGHEST GUST SPEED    15   HIGHEST GUST DIRECTION    NW (300)
  AVERAGE WIND SPEED     5.1


SKY COVER
  POSSIBLE SUNSHINE  MM
  AVERAGE SKY COVER 0.1


WEATHER CONDITIONS
 THE FOLLOWING WEATHER WAS RECORDED YESTERDAY.
  NO SIGNIFICANT WEATHER WAS OBSERVED.


RELATIVE HUMIDITY (PERCENT)
 HIGHEST   100           500 AM
 LOWEST     32           500 PM
 AVERAGE    66

..........................................................


THE MITCHELL SD CLIMATE NORMALS FOR TODAY
                         NORMAL    RECORD    YEAR
 MAXIMUM TEMPERATURE (F)   75       108      1934
 MINIMUM TEMPERATURE (F)   53        30      1897


SUNRISE AND SUNSET
MAY 30 2016...........SUNRISE   554 AM CDT   SUNSET   906 PM CDT
MAY 31 2016...........SUNRISE   553 AM CDT   SUNSET   907 PM CDT


-  INDICATES NEGATIVE NUMBERS.
R  INDICATES RECORD WAS SET OR TIED.
MM INDICATES DATA IS MISSING.
T  INDICATES TRACE AMOUNT.




$$
