000
CDUS43 KTOP 240633
CLIMHK


CLIMATE REPORT
NATIONAL WEATHER SERVICE TOPEKA KS
132 AM CDT THU APR 24 2014


...................................

...THE MANHATTAN KS CLIMATE SUMMARY FOR APRIL 23 2014...

CLIMATE NORMAL PERIOD 1981 TO 2010
CLIMATE RECORD PERIOD 9999 TO 9999


WEATHER ITEM   OBSERVED NORMAL DEPARTURE LAST
                VALUE   VALUE  FROM      YEAR
                               NORMAL
...............................................
TEMPERATURE (F)
 YESTERDAY
  MAXIMUM         87     69     18       38
  MINIMUM         54     44     10       31
  AVERAGE         71     56     15       35

PRECIPITATION (IN)
  YESTERDAY        0.02   0.10  -0.08     0.24
  MONTH TO DATE    0.67   1.90  -1.23     3.13
  SINCE MAR 1      1.20   4.10  -2.90     4.20
  SINCE JAN 1      2.42   5.82  -3.40     5.91

DEGREE DAYS
 HEATING
  YESTERDAY        0      9     -9       30
  MONTH TO DATE  283    289     -6      419
  SINCE MAR 1   1033    965     68     1199
  SINCE JUL 1   5564   5125    439     4956

 COOLING
  YESTERDAY        6      1      5        0
  MONTH TO DATE   22     12     10        2
  SINCE MAR 1     22     14      8        2
  SINCE JAN 1     22     14      8        2
...............................................


WIND (MPH)
  HIGHEST WIND SPEED    32   HIGHEST WIND DIRECTION     S (170)
  HIGHEST GUST SPEED    46   HIGHEST GUST DIRECTION    SW (210)
  AVERAGE WIND SPEED    17.1


SKY COVER
  AVERAGE SKY COVER 0.5


WEATHER CONDITIONS
 THE FOLLOWING WEATHER WAS RECORDED YESTERDAY.
  LIGHT RAIN


RELATIVE HUMIDITY (PERCENT)
 HIGHEST    55
 LOWEST     23
 AVERAGE    39

..........................................................


THE MANHATTAN KS CLIMATE NORMALS FOR TODAY
                         NORMAL
 MAXIMUM TEMPERATURE (F)   69
 MINIMUM TEMPERATURE (F)   44


SUNRISE AND SUNSET
APRIL 24 2014.........SUNRISE   637 AM CDT   SUNSET   813 PM CDT
APRIL 25 2014.........SUNRISE   636 AM CDT   SUNSET   814 PM CDT


-  INDICATES NEGATIVE NUMBERS.
R  INDICATES RECORD WAS SET OR TIED.
MM INDICATES DATA IS MISSING.
T  INDICATES TRACE AMOUNT.




$$
