000
CDUS43 KTOP 250633
CLIMHK


CLIMATE REPORT
NATIONAL WEATHER SERVICE TOPEKA KS
1233 AM CST SUN JAN 25 2015


...................................

...THE MANHATTAN KS CLIMATE SUMMARY FOR JANUARY 24 2015...

CLIMATE NORMAL PERIOD 1981 TO 2010
CLIMATE RECORD PERIOD 9999 TO 9999


WEATHER ITEM   OBSERVED NORMAL DEPARTURE LAST
                VALUE   VALUE  FROM      YEAR
                               NORMAL
...............................................
TEMPERATURE (F)
 YESTERDAY
  MAXIMUM         60     41     19       48
  MINIMUM         22     17      5        3
  AVERAGE         41     29     12       26

PRECIPITATION (IN)
  YESTERDAY        T      0.03  -0.03     0.00
  MONTH TO DATE    0.05   0.39  -0.34     0.23
  SINCE DEC 1      2.27   1.41   0.86     0.82
  SINCE JAN 1      0.05   0.39  -0.34     0.23

DEGREE DAYS
 HEATING
  YESTERDAY       24     36    -12       39
  MONTH TO DATE  901    879     22      919
  SINCE DEC 1   1835   1945   -110     2107
  SINCE JUL 1   2972   3020    -48     3194

 COOLING
  YESTERDAY        0      0      0        0
  MONTH TO DATE    0      0      0        0
  SINCE DEC 1      0      0      0        0
  SINCE JAN 1      0      0      0        0
...............................................


WIND (MPH)
  HIGHEST WIND SPEED    20   HIGHEST WIND DIRECTION    SW (240)
  HIGHEST GUST SPEED    26   HIGHEST GUST DIRECTION     W (250)
  AVERAGE WIND SPEED     8.1


SKY COVER
  AVERAGE SKY COVER 0.1


WEATHER CONDITIONS
 THE FOLLOWING WEATHER WAS RECORDED YESTERDAY.
  LIGHT RAIN


RELATIVE HUMIDITY (PERCENT)
 HIGHEST    92
 LOWEST     29
 AVERAGE    61

..........................................................


THE MANHATTAN KS CLIMATE NORMALS FOR TODAY
                         NORMAL
 MAXIMUM TEMPERATURE (F)   41
 MINIMUM TEMPERATURE (F)   17


SUNRISE AND SUNSET
JANUARY 25 2015.......SUNRISE   739 AM CST   SUNSET   539 PM CST
JANUARY 26 2015.......SUNRISE   738 AM CST   SUNSET   540 PM CST


-  INDICATES NEGATIVE NUMBERS.
R  INDICATES RECORD WAS SET OR TIED.
MM INDICATES DATA IS MISSING.
T  INDICATES TRACE AMOUNT.




$$
