000
CDUS43 KTOP 140644
CLIMHK


CLIMATE REPORT
NATIONAL WEATHER SERVICE TOPEKA KS
1234 AM CST THU DEC 14 2017


...................................

...THE MANHATTAN KS CLIMATE SUMMARY FOR DECEMBER 13 2017...

CLIMATE NORMAL PERIOD 1981 TO 2010
CLIMATE RECORD PERIOD 9999 TO 9999


WEATHER ITEM   OBSERVED NORMAL DEPARTURE LAST
                VALUE   VALUE  FROM      YEAR
                               NORMAL
...............................................
TEMPERATURE (F)
 YESTERDAY
  MAXIMUM         62     42     20       31
  MINIMUM         28     20      8       11
  AVERAGE         45     31     14       21

PRECIPITATION (IN)
  YESTERDAY        0.00   0.03  -0.03      T
  MONTH TO DATE    0.00   0.50  -0.50     0.65
  SINCE DEC 1      0.00   0.50  -0.50     0.65
  SINCE JAN 1     27.94  32.03  -4.09    34.17

DEGREE DAYS
 HEATING
  YESTERDAY       20     34    -14       44
  MONTH TO DATE  335    418    -83      457
  SINCE DEC 1    335    418    -83      457
  SINCE JUL 1   1217   1493   -276     1067

 COOLING
  YESTERDAY        0      0      0        0
  MONTH TO DATE    0      0      0        0
  SINCE DEC 1      0      0      0        0
  SINCE JAN 1   1566   1362    204     1749
...............................................


WIND (MPH)
  HIGHEST WIND SPEED    21   HIGHEST WIND DIRECTION    NW (330)
  HIGHEST GUST SPEED    32   HIGHEST GUST DIRECTION     N (340)
  AVERAGE WIND SPEED     8.9


SKY COVER
  AVERAGE SKY COVER 0.1


WEATHER CONDITIONS
 THE FOLLOWING WEATHER WAS RECORDED YESTERDAY.
  NO SIGNIFICANT WEATHER WAS OBSERVED.


RELATIVE HUMIDITY (PERCENT)
 HIGHEST    69
 LOWEST     23
 AVERAGE    46

..........................................................


THE MANHATTAN KS CLIMATE NORMALS FOR TODAY
                         NORMAL
 MAXIMUM TEMPERATURE (F)   42
 MINIMUM TEMPERATURE (F)   20


SUNRISE AND SUNSET
DECEMBER 14 2017......SUNRISE   738 AM CST   SUNSET   505 PM CST
DECEMBER 15 2017......SUNRISE   739 AM CST   SUNSET   505 PM CST


-  INDICATES NEGATIVE NUMBERS.
R  INDICATES RECORD WAS SET OR TIED.
MM INDICATES DATA IS MISSING.
T  INDICATES TRACE AMOUNT.




$$
