000
CDUS43 KTOP 030637
CLIMHK


CLIMATE REPORT
NATIONAL WEATHER SERVICE TOPEKA KS
1237 AM CST TUE MAR 3 2015


...................................

...THE MANHATTAN KS CLIMATE SUMMARY FOR MARCH 2 2015...

CLIMATE NORMAL PERIOD 1981 TO 2010
CLIMATE RECORD PERIOD 9999 TO 9999


WEATHER ITEM   OBSERVED NORMAL DEPARTURE LAST
                VALUE   VALUE  FROM      YEAR
                               NORMAL
...............................................
TEMPERATURE (F)
 YESTERDAY
  MAXIMUM         41     51    -10        9
  MINIMUM         19     25     -6        2
  AVERAGE         30     38     -8        6

PRECIPITATION (IN)
  YESTERDAY        0.00   0.07  -0.07     0.01
  MONTH TO DATE    0.00   0.14  -0.14     0.07
  SINCE MAR 1      0.00   0.14  -0.14     0.07
  SINCE JAN 1      1.46   1.86  -0.40     1.29

DEGREE DAYS
 HEATING
  YESTERDAY       35     27      8       59
  MONTH TO DATE   74     55     19      108
  SINCE MAR 1     74     55     19      108
  SINCE JUL 1   4268   4215     53     4639

 COOLING
  YESTERDAY        0      0      0        0
  MONTH TO DATE    0      0      0        0
  SINCE MAR 1      0      0      0        0
  SINCE JAN 1      0      0      0        0
...............................................


WIND (MPH)
  HIGHEST WIND SPEED    22   HIGHEST WIND DIRECTION     S (160)
  HIGHEST GUST SPEED    27   HIGHEST GUST DIRECTION     S (160)
  AVERAGE WIND SPEED     8.0


SKY COVER
  AVERAGE SKY COVER 0.4


WEATHER CONDITIONS
 THE FOLLOWING WEATHER WAS RECORDED YESTERDAY.
  FOG


RELATIVE HUMIDITY (PERCENT)
 HIGHEST    96
 LOWEST     40
 AVERAGE    68

..........................................................


THE MANHATTAN KS CLIMATE NORMALS FOR TODAY
                         NORMAL
 MAXIMUM TEMPERATURE (F)   51
 MINIMUM TEMPERATURE (F)   25


SUNRISE AND SUNSET
MARCH  3 2015.........SUNRISE   657 AM CST   SUNSET   621 PM CST
MARCH  4 2015.........SUNRISE   655 AM CST   SUNSET   622 PM CST


-  INDICATES NEGATIVE NUMBERS.
R  INDICATES RECORD WAS SET OR TIED.
MM INDICATES DATA IS MISSING.
T  INDICATES TRACE AMOUNT.




$$
