000
CDUS43 KTOP 020632
CLIMHK


CLIMATE REPORT
NATIONAL WEATHER SERVICE TOPEKA KS
132 AM CDT SUN AUG 2 2015


...................................

...THE MANHATTAN KS CLIMATE SUMMARY FOR AUGUST 1 2015...

CLIMATE NORMAL PERIOD 1981 TO 2010
CLIMATE RECORD PERIOD 9999 TO 9999


WEATHER ITEM   OBSERVED NORMAL DEPARTURE LAST
                VALUE   VALUE  FROM      YEAR
                               NORMAL
...............................................
TEMPERATURE (F)
 YESTERDAY
  MAXIMUM         94     91      3       92
  MINIMUM         68     67      1       64
  AVERAGE         81     79      2       78

PRECIPITATION (IN)
  YESTERDAY        0.00   0.09  -0.09     0.00
  MONTH TO DATE    0.00   0.09  -0.09     0.00
  SINCE JUN 1      7.39   9.15  -1.76     7.67
  SINCE JAN 1     21.61  20.35   1.26    13.52

DEGREE DAYS
 HEATING
  YESTERDAY        0      0      0        0
  MONTH TO DATE    0      0      0        0
  SINCE JUN 1      0     12    -12        1
  SINCE JUL 1      0      1     -1        1

 COOLING
  YESTERDAY       16     14      2       13
  MONTH TO DATE   16     14      2       13
  SINCE JUN 1    857    720    137      706
  SINCE JAN 1    938    820    118      909
...............................................


WIND (MPH)
  HIGHEST WIND SPEED    10   HIGHEST WIND DIRECTION    SW (220)
  HIGHEST GUST SPEED    14   HIGHEST GUST DIRECTION    SW (230)
  AVERAGE WIND SPEED     3.7


SKY COVER
  AVERAGE SKY COVER 0.1


WEATHER CONDITIONS
 THE FOLLOWING WEATHER WAS RECORDED YESTERDAY.
  NO SIGNIFICANT WEATHER WAS OBSERVED.


RELATIVE HUMIDITY (PERCENT)
 HIGHEST   100
 LOWEST     39
 AVERAGE    70

..........................................................


THE MANHATTAN KS CLIMATE NORMALS FOR TODAY
                         NORMAL
 MAXIMUM TEMPERATURE (F)   91
 MINIMUM TEMPERATURE (F)   67


SUNRISE AND SUNSET
AUGUST  2 2015........SUNRISE   628 AM CDT   SUNSET   838 PM CDT
AUGUST  3 2015........SUNRISE   629 AM CDT   SUNSET   836 PM CDT


-  INDICATES NEGATIVE NUMBERS.
R  INDICATES RECORD WAS SET OR TIED.
MM INDICATES DATA IS MISSING.
T  INDICATES TRACE AMOUNT.




$$
