000
CDUS43 KTOP 250641
CLIMHK


CLIMATE REPORT
NATIONAL WEATHER SERVICE TOPEKA KS
140 AM CDT SAT OCT 25 2014


...................................

...THE MANHATTAN KS CLIMATE SUMMARY FOR OCTOBER 24 2014...

CLIMATE NORMAL PERIOD 1981 TO 2010
CLIMATE RECORD PERIOD 9999 TO 9999


WEATHER ITEM   OBSERVED NORMAL DEPARTURE LAST
                VALUE   VALUE  FROM      YEAR
                               NORMAL
...............................................
TEMPERATURE (F)
 YESTERDAY
  MAXIMUM         82     65     17       51
  MINIMUM         51     39     12       29
  AVERAGE         67     52     15       40

PRECIPITATION (IN)
  YESTERDAY        0.00   0.06  -0.06     0.00
  MONTH TO DATE    2.45   1.79   0.66     2.63
  SINCE SEP 1      3.72   4.96  -1.24     5.73
  SINCE JAN 1     20.62  29.50  -8.88    26.95

DEGREE DAYS
 HEATING
  YESTERDAY        0     13    -13       25
  MONTH TO DATE  176    226    -50      229
  SINCE SEP 1    232    293    -61      246
  SINCE JUL 1    233    296    -63      249

 COOLING
  YESTERDAY        2      0      2        0
  MONTH TO DATE   17     21     -4       33
  SINCE SEP 1    192    175     17      285
  SINCE JAN 1   1570   1358    212     1513
...............................................


WIND (MPH)
  HIGHEST WIND SPEED    17   HIGHEST WIND DIRECTION    SW (220)
  HIGHEST GUST SPEED    22   HIGHEST GUST DIRECTION    SW (210)
  AVERAGE WIND SPEED     6.5


SKY COVER
  AVERAGE SKY COVER 0.1


WEATHER CONDITIONS
 THE FOLLOWING WEATHER WAS RECORDED YESTERDAY.
  FOG
  FOG W/VISIBILITY <= 1/4 MILE


RELATIVE HUMIDITY (PERCENT)
 HIGHEST   100
 LOWEST     54
 AVERAGE    77

..........................................................


THE MANHATTAN KS CLIMATE NORMALS FOR TODAY
                         NORMAL
 MAXIMUM TEMPERATURE (F)   65
 MINIMUM TEMPERATURE (F)   39


SUNRISE AND SUNSET
OCTOBER 25 2014.......SUNRISE   747 AM CDT   SUNSET   634 PM CDT
OCTOBER 26 2014.......SUNRISE   748 AM CDT   SUNSET   633 PM CDT


-  INDICATES NEGATIVE NUMBERS.
R  INDICATES RECORD WAS SET OR TIED.
MM INDICATES DATA IS MISSING.
T  INDICATES TRACE AMOUNT.




$$
