000
CDUS43 KTOP 302135
CLIMHK


CLIMATE REPORT
NATIONAL WEATHER SERVICE TOPEKA KS
433 PM CDT SUN APR 30 2017


...................................

...THE MANHATTAN KS CLIMATE SUMMARY FOR APRIL 30 2017...
VALID TODAY AS OF 0400 PM LOCAL TIME.

CLIMATE NORMAL PERIOD 1981 TO 2010
CLIMATE RECORD PERIOD 9999 TO 9999


WEATHER ITEM   OBSERVED NORMAL DEPARTURE LAST
                VALUE   VALUE  FROM      YEAR
                               NORMAL
...............................................
TEMPERATURE (F)
 TODAY
  MAXIMUM         54     71    -17       63
  MINIMUM         41     46     -5       51
  AVERAGE         48     58    -10       57

PRECIPITATION (IN)
  TODAY            0.42   0.14   0.28     0.14
  MONTH TO DATE    4.30   2.80   1.50     7.92
  SINCE MAR 1      8.37   5.00   3.37     8.42
  SINCE JAN 1     10.17   6.72   3.45     9.40

DEGREE DAYS
 HEATING
  TODAY           17      7     10        8
  MONTH TO DATE  282    346    -64      231
  SINCE MAR 1    791   1021   -230      704
  SINCE JUL 1   4075   5181  -1106     4001

 COOLING
  TODAY            0      1     -1        0
  MONTH TO DATE   38     15     23       19
  SINCE MAR 1     44     17     27       28
  SINCE JAN 1     44     17     27       28
...............................................


WIND (MPH)
  HIGHEST WIND SPEED    35   HIGHEST WIND DIRECTION    NE (50)
  HIGHEST GUST SPEED    42   HIGHEST GUST DIRECTION    NE (50)
  AVERAGE WIND SPEED    14.0



WEATHER CONDITIONS
 THE FOLLOWING WEATHER WAS RECORDED TODAY.
  THUNDERSTORM
  HEAVY RAIN
  RAIN
  LIGHT RAIN
  FOG
  HAZE


RELATIVE HUMIDITY (PERCENT)
 HIGHEST   100
 LOWEST     77
 AVERAGE    89

..........................................................


THE MANHATTAN KS CLIMATE NORMALS FOR TOMORROW
                         NORMAL
 MAXIMUM TEMPERATURE (F)   71
 MINIMUM TEMPERATURE (F)   46


SUNRISE AND SUNSET
APRIL 30 2017.........SUNRISE   629 AM CDT   SUNSET   819 PM CDT
MAY  1 2017...........SUNRISE   628 AM CDT   SUNSET   820 PM CDT


-  INDICATES NEGATIVE NUMBERS.
R  INDICATES RECORD WAS SET OR TIED.
MM INDICATES DATA IS MISSING.
T  INDICATES TRACE AMOUNT.




$$
