000
CDUS46 KMFR 280837
CLIMHS


CLIMATE REPORT
NATIONAL WEATHER SERVICE MEDFORD, OR
137 AM PDT FRI AUG 28 2015


...................................

...THE MT SHASTA CITY CA CLIMATE SUMMARY FOR AUGUST 27 2015...

CLIMATE NORMAL PERIOD 1981 TO 2010
CLIMATE RECORD PERIOD 1908 TO 2015


WEATHER ITEM   OBSERVED TIME   RECORD YEAR NORMAL DEPARTURE LAST
                VALUE   (LST)  VALUE       VALUE  FROM      YEAR
                                                  NORMAL
..................................................................
TEMPERATURE (F)
 YESTERDAY
  MAXIMUM         89    248 PM  97    1931  83      6       92
  MINIMUM         49    557 AM  35    1928  46      3       49
  AVERAGE         69                        65      4       71

PRECIPITATION (IN)
  YESTERDAY        0.00          1.09 1954   0.01  -0.01     0.00
  MONTH TO DATE    T                         0.28  -0.28     0.21
  SINCE OCT 1     36.40                     42.48  -6.08    13.39
  SINCE JAN 1     16.88                     27.27 -10.39    12.28

SNOWFALL (IN)
  YESTERDAY       MM                         0.0   MM       MM
  MONTH TO DATE   MM                         0.0   MM       MM
  SINCE JUL 1     MM                         0.0   MM       MM
  SNOW DEPTH      MM

DEGREE DAYS
 HEATING
  YESTERDAY        0                         2     -2        0
  MONTH TO DATE    0                        34    -34        1
  SINCE JUN 1     26                       209   -183       58
  SINCE JUL 1      5                        67    -62        2

 COOLING
  YESTERDAY        4                         2      2        6
  MONTH TO DATE  128                        83     45      129
  SINCE JUN 1    481                       243    238      477
  SINCE JAN 1    486                       251    235      486
..................................................................


WIND (MPH)
  HIGHEST WIND SPEED     6   HIGHEST WIND DIRECTION    SE (120)
  HIGHEST GUST SPEED    17   HIGHEST GUST DIRECTION    SE (140)
  AVERAGE WIND SPEED     0.8


SKY COVER
  POSSIBLE SUNSHINE  MM
  AVERAGE SKY COVER 0.0


WEATHER CONDITIONS
 THE FOLLOWING WEATHER WAS RECORDED YESTERDAY.
  NO SIGNIFICANT WEATHER WAS OBSERVED.


RELATIVE HUMIDITY (PERCENT)
 HIGHEST    86           600 AM
 LOWEST     20           200 PM

..........................................................


THE MT SHASTA CITY CA CLIMATE NORMALS FOR TODAY
                         NORMAL    RECORD    YEAR
 MAXIMUM TEMPERATURE (F)   83        98      1931
 MINIMUM TEMPERATURE (F)   46        34      1929


SUNRISE AND SUNSET
AUGUST 28 2015........SUNRISE   631 AM PDT   SUNSET   749 PM PDT
AUGUST 29 2015........SUNRISE   632 AM PDT   SUNSET   747 PM PDT


-  INDICATES NEGATIVE NUMBERS.
R  INDICATES RECORD WAS SET OR TIED.
MM INDICATES DATA IS MISSING.
T  INDICATES TRACE AMOUNT.




$$
