000
CDUS46 KMFR 220836
CLIMHS


CLIMATE REPORT
NATIONAL WEATHER SERVICE MEDFORD, OR
1236 AM PST MON JAN 22 2018


...................................

...THE MT SHASTA CITY CA CLIMATE SUMMARY FOR JANUARY 21 2018...

CLIMATE NORMAL PERIOD 1981 TO 2010
CLIMATE RECORD PERIOD 1908 TO 2018


WEATHER ITEM   OBSERVED TIME   RECORD YEAR NORMAL DEPARTURE LAST
                VALUE   (LST)  VALUE       VALUE  FROM      YEAR
                                                  NORMAL
..................................................................
TEMPERATURE (F)
 YESTERDAY
  MAXIMUM         36    845 AM  61    2005  46    -10       36
                                      1961
  MINIMUM         27   1222 AM  -2    1962  27      0       32
  AVERAGE         32                        36     -4       34

PRECIPITATION (IN)
  YESTERDAY        0.43          1.52 2010   0.22   0.21     0.74
  MONTH TO DATE    3.24                      4.92  -1.68     9.43
  SINCE OCT 1      9.07                     20.13 -11.06    30.59
  SINCE JAN 1      3.24                      4.92  -1.68     9.43

SNOWFALL (IN)
  YESTERDAY       MM                         0.6   MM       MM
  MONTH TO DATE   MM                        14.9   MM       MM
  SINCE JUL 1     MM                        47.6   MM       MM
  SNOW DEPTH      MM

DEGREE DAYS
 HEATING
  YESTERDAY       33                        29      4       31
  MONTH TO DATE  485                       619   -134      679
  SINCE DEC 1   1339                      1544   -205     1661
  SINCE JUL 1   2590                      2941   -351     2846

 COOLING
  YESTERDAY        0                         0      0        0
  MONTH TO DATE    0                         0      0        0
  SINCE DEC 1      0                         0      0        0
  SINCE JAN 1      0                         0      0        0
..................................................................


WIND (MPH)
  HIGHEST WIND SPEED     9   HIGHEST WIND DIRECTION     E (90)
  HIGHEST GUST SPEED    17   HIGHEST GUST DIRECTION     E (90)
  AVERAGE WIND SPEED     3.5


SKY COVER
  POSSIBLE SUNSHINE  MM
  AVERAGE SKY COVER 0.9


WEATHER CONDITIONS
 THE FOLLOWING WEATHER WAS RECORDED YESTERDAY.
  LIGHT SNOW
  FOG


RELATIVE HUMIDITY (PERCENT)
 HIGHEST   100           400 PM
 LOWEST     70           800 AM

..........................................................


THE MT SHASTA CITY CA CLIMATE NORMALS FOR TODAY
                         NORMAL    RECORD    YEAR
 MAXIMUM TEMPERATURE (F)   46        60      2005
 MINIMUM TEMPERATURE (F)   27         0      1962


SUNRISE AND SUNSET
JANUARY 22 2018.......SUNRISE   729 AM PST   SUNSET   513 PM PST
JANUARY 23 2018.......SUNRISE   728 AM PST   SUNSET   515 PM PST


-  INDICATES NEGATIVE NUMBERS.
R  INDICATES RECORD WAS SET OR TIED.
MM INDICATES DATA IS MISSING.
T  INDICATES TRACE AMOUNT.




$$
