000
CDUS46 KMFR 200835
CLIMHS


CLIMATE REPORT
NATIONAL WEATHER SERVICE MEDFORD, OR
1235 AM PST MON FEB 20 2017


...................................

...THE MT SHASTA CITY CA CLIMATE SUMMARY FOR FEBRUARY 19 2017...

CLIMATE NORMAL PERIOD 1981 TO 2010
CLIMATE RECORD PERIOD 1908 TO 2017


WEATHER ITEM   OBSERVED TIME   RECORD YEAR NORMAL DEPARTURE LAST
                VALUE   (LST)  VALUE       VALUE  FROM      YEAR
                                                  NORMAL
..................................................................
TEMPERATURE (F)
 YESTERDAY
  MAXIMUM         40    421 PM  67    1995  49     -9       46
  MINIMUM         34    823 AM   7    1990  28      6       31
  AVERAGE         37                        39     -2       39

PRECIPITATION (IN)
  YESTERDAY        0.40          2.38 1956   0.28   0.12     0.82
  MONTH TO DATE    9.23                      4.78   4.45     2.87
  SINCE OCT 1     41.49                     27.05  14.44    25.36
  SINCE JAN 1     20.33                     11.84   8.49    15.87

SNOWFALL (IN)
  YESTERDAY       MM                         0.8   MM       MM
  MONTH TO DATE   MM                        13.2   MM       MM
  SINCE JUL 1     MM                        66.5   MM       MM
  SNOW DEPTH      MM

DEGREE DAYS
 HEATING
  YESTERDAY       28                        26      2       26
  MONTH TO DATE  441                       519    -78      395
  SINCE DEC 1   2431                      2348     83     2167
  SINCE JUL 1   3616                      3745   -129     3299

 COOLING
  YESTERDAY        0                         0      0        0
  MONTH TO DATE    0                         0      0        0
  SINCE DEC 1      0                         0      0        0
  SINCE JAN 1      0                         0      0        0
..................................................................


WIND (MPH)
  HIGHEST WIND SPEED    12   HIGHEST WIND DIRECTION     E (90)
  HIGHEST GUST SPEED    18   HIGHEST GUST DIRECTION     E (80)
  AVERAGE WIND SPEED     6.0


SKY COVER
  POSSIBLE SUNSHINE  MM
  AVERAGE SKY COVER 1.0


WEATHER CONDITIONS
 THE FOLLOWING WEATHER WAS RECORDED YESTERDAY.
  LIGHT RAIN
  LIGHT SNOW
  FOG


RELATIVE HUMIDITY (PERCENT)
 HIGHEST    96           500 AM
 LOWEST     75           100 AM

..........................................................


THE MT SHASTA CITY CA CLIMATE NORMALS FOR TODAY
                         NORMAL    RECORD    YEAR
 MAXIMUM TEMPERATURE (F)   49        70      1988
 MINIMUM TEMPERATURE (F)   28        12      1918
                                             1990


SUNRISE AND SUNSET
FEBRUARY 20 2017......SUNRISE   657 AM PST   SUNSET   550 PM PST
FEBRUARY 21 2017......SUNRISE   655 AM PST   SUNSET   551 PM PST


-  INDICATES NEGATIVE NUMBERS.
R  INDICATES RECORD WAS SET OR TIED.
MM INDICATES DATA IS MISSING.
T  INDICATES TRACE AMOUNT.




$$
