000
CDUS46 KMFR 270836
CLIMHS


CLIMATE REPORT
NATIONAL WEATHER SERVICE MEDFORD, OR
136 AM PDT SAT AUG 27 2016


...................................

...THE MT SHASTA CITY CA CLIMATE SUMMARY FOR AUGUST 26 2016...

CLIMATE NORMAL PERIOD 1981 TO 2010
CLIMATE RECORD PERIOD 1908 TO 2016


WEATHER ITEM   OBSERVED TIME   RECORD YEAR NORMAL DEPARTURE LAST
                VALUE   (LST)  VALUE       VALUE  FROM      YEAR
                                                  NORMAL
..................................................................
TEMPERATURE (F)
 YESTERDAY
  MAXIMUM         92    237 PM  97    1924  83      9       88
  MINIMUM         46    541 AM  34    1927  47     -1       50
  AVERAGE         69                        65      4       69

PRECIPITATION (IN)
  YESTERDAY        0.00          0.57 1990   0.01  -0.01     0.00
  MONTH TO DATE    0.00                      0.27  -0.27      T
  SINCE OCT 1     42.31                     42.47  -0.16    36.40
  SINCE JAN 1     32.82                     27.26   5.56    16.88

SNOWFALL (IN)
  YESTERDAY       MM                         0.0   MM       MM
  MONTH TO DATE   MM                         0.0   MM       MM
  SINCE JUL 1     MM                         0.0   MM       MM
  SNOW DEPTH      MM

DEGREE DAYS
 HEATING
  YESTERDAY        0                         2     -2        0
  MONTH TO DATE    0                        32    -32        0
  SINCE JUN 1    102                       207   -105       26
  SINCE JUL 1     15                        65    -50        5

 COOLING
  YESTERDAY        4                         2      2        4
  MONTH TO DATE  173                        81     92      124
  SINCE JUN 1    455                       241    214      477
  SINCE JAN 1    463                       249    214      482
..................................................................


WIND (MPH)
  HIGHEST WIND SPEED     6   HIGHEST WIND DIRECTION     E (90)
  HIGHEST GUST SPEED    12   HIGHEST GUST DIRECTION     E (70)
  AVERAGE WIND SPEED     0.6


SKY COVER
  POSSIBLE SUNSHINE  MM
  AVERAGE SKY COVER 0.0


WEATHER CONDITIONS
 THE FOLLOWING WEATHER WAS RECORDED YESTERDAY.
  NO SIGNIFICANT WEATHER WAS OBSERVED.


RELATIVE HUMIDITY (PERCENT)
 HIGHEST    61           300 AM
 LOWEST     16           300 PM

..........................................................


THE MT SHASTA CITY CA CLIMATE NORMALS FOR TODAY
                         NORMAL    RECORD    YEAR
 MAXIMUM TEMPERATURE (F)   83        97      1931
 MINIMUM TEMPERATURE (F)   46        35      1928


SUNRISE AND SUNSET
AUGUST 27 2016........SUNRISE   631 AM PDT   SUNSET   749 PM PDT
AUGUST 28 2016........SUNRISE   632 AM PDT   SUNSET   748 PM PDT


-  INDICATES NEGATIVE NUMBERS.
R  INDICATES RECORD WAS SET OR TIED.
MM INDICATES DATA IS MISSING.
T  INDICATES TRACE AMOUNT.




$$
