000
CDUS46 KMFR 280847
CLIMHS


CLIMATE REPORT
NATIONAL WEATHER SERVICE MEDFORD, OR
147 AM PDT TUE MAR 28 2017


...................................

...THE MT SHASTA CITY CA CLIMATE SUMMARY FOR MARCH 27 2017...

CLIMATE NORMAL PERIOD 1981 TO 2010
CLIMATE RECORD PERIOD 1908 TO 2017


WEATHER ITEM   OBSERVED TIME   RECORD YEAR NORMAL DEPARTURE LAST
                VALUE   (LST)  VALUE       VALUE  FROM      YEAR
                                                  NORMAL
..................................................................
TEMPERATURE (F)
 YESTERDAY
  MAXIMUM         53    301 PM  75    1966  57     -4       60
  MINIMUM         31    507 AM  17    1986  31      0       33
  AVERAGE         42                        44     -2       47

PRECIPITATION (IN)
  YESTERDAY        0.00          3.15 1933   0.14  -0.14     0.01
  MONTH TO DATE    5.84                      5.43   0.41    11.21
  SINCE OCT 1     49.15                     34.93  14.22    36.73
  SINCE JAN 1     27.99                     19.72   8.27    27.24

SNOWFALL (IN)
  YESTERDAY       MM                         0.3   MM       MM
  MONTH TO DATE   MM                        11.9   MM       MM
  SINCE JUL 1     MM                        84.8   MM       MM
  SNOW DEPTH      MM

DEGREE DAYS
 HEATING
  YESTERDAY       23                        21      2       18
  MONTH TO DATE  552                       621    -69      553
  SINCE MAR 1    552                       621    -69      553
  SINCE JUL 1   4449                      4596   -147     4068

 COOLING
  YESTERDAY        0                         0      0        0
  MONTH TO DATE    0                         0      0        0
  SINCE MAR 1      0                         0      0        0
  SINCE JAN 1      0                         0      0        0
..................................................................


WIND (MPH)
  HIGHEST WIND SPEED    12   HIGHEST WIND DIRECTION    NW (300)
  HIGHEST GUST SPEED    20   HIGHEST GUST DIRECTION     W (290)
  AVERAGE WIND SPEED     3.3


SKY COVER
  POSSIBLE SUNSHINE  MM
  AVERAGE SKY COVER 0.6


WEATHER CONDITIONS
 THE FOLLOWING WEATHER WAS RECORDED YESTERDAY.
  FOG
  FOG W/VISIBILITY <= 1/4 MILE


RELATIVE HUMIDITY (PERCENT)
 HIGHEST   100          1200 AM
 LOWEST     35           200 PM

..........................................................


THE MT SHASTA CITY CA CLIMATE NORMALS FOR TODAY
                         NORMAL    RECORD    YEAR
 MAXIMUM TEMPERATURE (F)   57        76      1966
 MINIMUM TEMPERATURE (F)   31        17      1975


SUNRISE AND SUNSET
MARCH 28 2017.........SUNRISE   659 AM PDT   SUNSET   731 PM PDT
MARCH 29 2017.........SUNRISE   657 AM PDT   SUNSET   732 PM PDT


-  INDICATES NEGATIVE NUMBERS.
R  INDICATES RECORD WAS SET OR TIED.
MM INDICATES DATA IS MISSING.
T  INDICATES TRACE AMOUNT.




$$
