000
CDUS46 KMFR 270912
CLIMHS


CLIMATE REPORT
NATIONAL WEATHER SERVICE MEDFORD, OR
212 AM PDT WED MAY 27 2015


...................................

...THE MT SHASTA CITY CA CLIMATE SUMMARY FOR MAY 26 2015...

CLIMATE NORMAL PERIOD 1981 TO 2010
CLIMATE RECORD PERIOD 1908 TO 2015


WEATHER ITEM   OBSERVED TIME   RECORD YEAR NORMAL DEPARTURE LAST
                VALUE   (LST)  VALUE       VALUE  FROM      YEAR
                                                  NORMAL
..................................................................
TEMPERATURE (F)
 YESTERDAY
  MAXIMUM         77    132 PM  89    1983  72      5       80
  MINIMUM         42    523 AM  25    1911  42      0       51
  AVERAGE         60                        57      3       66

PRECIPITATION (IN)
  YESTERDAY        T             0.93 1945   0.07  -0.07     0.00
  MONTH TO DATE    1.76                      1.87  -0.11     0.44
  SINCE OCT 1     34.67                     40.26  -5.59    12.90
  SINCE JAN 1     15.15                     25.05  -9.90    11.79

SNOWFALL (IN)
  YESTERDAY       MM                         0.0   MM       MM
  MONTH TO DATE   MM                         0.3   MM       MM
  SINCE JUL 1     MM                        91.8   MM        0.0
  SNOW DEPTH      MM

DEGREE DAYS
 HEATING
  YESTERDAY        5                         9     -4        0
  MONTH TO DATE  226                       296    -70      179
  SINCE MAR 1   1180                      1536   -356     1202
  SINCE JUL 1   4146                      5511  -1365     4818

 COOLING
  YESTERDAY        0                         0      0        1
  MONTH TO DATE    0                         0      0        8
  SINCE MAR 1      0                         0      0        9
  SINCE JAN 1      0                         0      0        9
..................................................................


WIND (MPH)
  HIGHEST WIND SPEED     6   HIGHEST WIND DIRECTION    SE (130)
  HIGHEST GUST SPEED    13   HIGHEST GUST DIRECTION    SE (150)
  AVERAGE WIND SPEED     0.9


SKY COVER
  POSSIBLE SUNSHINE  MM
  AVERAGE SKY COVER 0.3


WEATHER CONDITIONS
 THE FOLLOWING WEATHER WAS RECORDED YESTERDAY.
  NO SIGNIFICANT WEATHER WAS OBSERVED.


RELATIVE HUMIDITY (PERCENT)
 HIGHEST    92           600 AM
 LOWEST     36           200 PM

..........................................................


THE MT SHASTA CITY CA CLIMATE NORMALS FOR TODAY
                         NORMAL    RECORD    YEAR
 MAXIMUM TEMPERATURE (F)   72        90      1983
 MINIMUM TEMPERATURE (F)   42        19      1927


SUNRISE AND SUNSET
MAY 27 2015...........SUNRISE   541 AM PDT   SUNSET   832 PM PDT
MAY 28 2015...........SUNRISE   541 AM PDT   SUNSET   833 PM PDT


-  INDICATES NEGATIVE NUMBERS.
R  INDICATES RECORD WAS SET OR TIED.
MM INDICATES DATA IS MISSING.
T  INDICATES TRACE AMOUNT.




$$
