000
CDUS46 KMFR 290035
CLIMHS


CLIMATE REPORT
NATIONAL WEATHER SERVICE MEDFORD, OR
535 PM PDT SUN MAY 28 2017


...................................

...THE MT SHASTA CITY CA CLIMATE SUMMARY FOR MAY 28 2017...
VALID TODAY AS OF 0500 PM LOCAL TIME.

CLIMATE NORMAL PERIOD 1981 TO 2010
CLIMATE RECORD PERIOD 1908 TO 2017


WEATHER ITEM   OBSERVED TIME   RECORD YEAR NORMAL DEPARTURE LAST
                VALUE   (LST)  VALUE       VALUE  FROM      YEAR
                                                  NORMAL
..................................................................
TEMPERATURE (F)
 TODAY
  MAXIMUM         87    141 PM  94    1984  72     15       78
  MINIMUM         43    517 AM  27    1909  42      1       44
                                      1977
  AVERAGE         65                        57      8       61

PRECIPITATION (IN)
  TODAY            0.00          1.48 1998   0.07  -0.07     0.00
  MONTH TO DATE    0.17                      2.01  -1.84     1.28
  SINCE OCT 1     58.11                     40.40  17.71    39.91
  SINCE JAN 1     36.95                     25.19  11.76    30.42

SNOWFALL (IN)
  TODAY           MM                         0.0   MM       MM
  MONTH TO DATE   MM                         0.3   MM       MM
  SINCE JUL 1     MM                        91.8   MM       MM
  SNOW DEPTH      MM

DEGREE DAYS
 HEATING
  TODAY            0                         8     -8        4
  MONTH TO DATE  228                       312    -84      219
  SINCE MAR 1   1408                      1552   -144     1209
  SINCE JUL 1   5305                      5527   -222     4724

 COOLING
  TODAY            0                         0      0        0
  MONTH TO DATE   10                         0     10        4
  SINCE MAR 1     10                         0     10        4
  SINCE JAN 1     10                         0     10        4
..................................................................


WIND (MPH)
  HIGHEST WIND SPEED     6   HIGHEST WIND DIRECTION    SW (220)
  HIGHEST GUST SPEED    12   HIGHEST GUST DIRECTION    SW (210)
  AVERAGE WIND SPEED     0.4


SKY COVER
  POSSIBLE SUNSHINE  MM
  AVERAGE SKY COVER 0.0


WEATHER CONDITIONS
 THE FOLLOWING WEATHER WAS RECORDED TODAY.
  HAZE


RELATIVE HUMIDITY (PERCENT)
 HIGHEST    83           400 AM
 LOWEST     16           200 PM

..........................................................


THE MT SHASTA CITY CA CLIMATE NORMALS FOR TOMORROW
                         NORMAL    RECORD    YEAR
 MAXIMUM TEMPERATURE (F)   73        93      1984
 MINIMUM TEMPERATURE (F)   43        30      1929


SUNRISE AND SUNSET
MAY 28 2017...........SUNRISE   540 AM PDT   SUNSET   833 PM PDT
MAY 29 2017...........SUNRISE   540 AM PDT   SUNSET   834 PM PDT


-  INDICATES NEGATIVE NUMBERS.
R  INDICATES RECORD WAS SET OR TIED.
MM INDICATES DATA IS MISSING.
T  INDICATES TRACE AMOUNT.




$$
