000
CDUS42 KMFL 200927
CLIMIA


CLIMATE REPORT
NATIONAL WEATHER SERVICE MIAMI, FL
427 AM EST SAT DEC 20 2014


...................................

...THE MIAMI CLIMATE SUMMARY FOR DECEMBER 19 2014...

CLIMATE NORMAL PERIOD 1981 TO 2010
CLIMATE RECORD PERIOD 1895 TO 2014


WEATHER ITEM   OBSERVED TIME   RECORD YEAR NORMAL DEPARTURE LAST
                VALUE   (LST)  VALUE       VALUE  FROM      YEAR
                                                  NORMAL
..................................................................
TEMPERATURE (F)
 YESTERDAY
  MAXIMUM         79    244 PM  85    1989  78      1       79
                                      1909
  MINIMUM         60    428 AM  39    1981  62     -2       60
                                      1901
  AVERAGE         70                        70      0       70

PRECIPITATION (IN)
  YESTERDAY        0.00          1.75 1964   0.07  -0.07     0.00
  MONTH TO DATE    0.88                      1.31  -0.43     0.46
  SINCE NOV 1      3.54                      4.58  -1.04     6.19
  SINCE JAN 1     63.16                     61.17   1.99    66.21

SNOWFALL (IN)
  YESTERDAY        0.0
  MONTH TO DATE    0.0
  SINCE DEC 1      0.0
  SINCE JUL 1      0.0
  SNOW DEPTH       0

DEGREE DAYS
 HEATING
  YESTERDAY        0                         1     -1
  MONTH TO DATE   18                        15      3
  SINCE DEC 1     18                        15      3
  SINCE JUL 1     29                        18     11

 COOLING
  YESTERDAY        5                         6     -1
  MONTH TO DATE  102                       134    -32
  SINCE DEC 1    102                       134    -32
  SINCE JAN 1   4646                      4506    140
..................................................................


WIND (MPH)
  HIGHEST WIND SPEED    14   HIGHEST WIND DIRECTION     E (110)
  HIGHEST GUST SPEED    19   HIGHEST GUST DIRECTION    SE (130)
  AVERAGE WIND SPEED     5.3


SKY COVER
  POSSIBLE SUNSHINE  73 PERCENT
  AVERAGE SKY COVER 0.4


WEATHER CONDITIONS
 THE FOLLOWING WEATHER WAS RECORDED YESTERDAY.
  NO SIGNIFICANT WEATHER WAS OBSERVED.


RELATIVE HUMIDITY (PERCENT)
 HIGHEST    78
 LOWEST     52
 AVERAGE    65

..........................................................


THE MIAMI CLIMATE NORMALS FOR TODAY
                         NORMAL    RECORD    YEAR
 MAXIMUM TEMPERATURE (F)   77        86      1986
                                             1961
 MINIMUM TEMPERATURE (F)   62        36      1981


SUNRISE AND SUNSET
DECEMBER 20 2014......SUNRISE   703 AM EST   SUNSET   535 PM EST
DECEMBER 21 2014......SUNRISE   703 AM EST   SUNSET   535 PM EST


-  INDICATES NEGATIVE NUMBERS.
R  INDICATES RECORD WAS SET OR TIED.
MM INDICATES DATA IS MISSING.
T  INDICATES TRACE AMOUNT.




$$
