000
CDUS42 KMFL 242018
CLIMIA


CLIMATE REPORT
NATIONAL WEATHER SERVICE MIAMI, FL
416 PM EDT SUN JUL 24 2016


...................................

...THE MIAMI CLIMATE SUMMARY FOR JULY 24 2016...
VALID TODAY AS OF 0400 PM LOCAL TIME.

CLIMATE NORMAL PERIOD 1981 TO 2010
CLIMATE RECORD PERIOD 1895 TO 2016


WEATHER ITEM   OBSERVED TIME   RECORD YEAR NORMAL DEPARTURE LAST
                VALUE   (LST)  VALUE       VALUE  FROM      YEAR
                                                  NORMAL
..................................................................
TEMPERATURE (F)
 TODAY
  MAXIMUM         88   1256 PM  98    1983  91     -3       95
  MINIMUM         77    608 AM  69    1933  78     -1       80
  AVERAGE         83                        84     -1       88

PRECIPITATION (IN)
  TODAY            T             1.48 1937   0.19  -0.19     0.00
  MONTH TO DATE    3.79                      5.10  -1.31     2.60
  SINCE JUN 1     12.51                     14.77  -2.26     6.20
  SINCE JAN 1     32.90                     30.12   2.78    17.70

SNOWFALL (IN)
  TODAY            0.0
  MONTH TO DATE    0.0
  SINCE JUN 1      0.0
  SINCE JUL 1      0.0
  SNOW DEPTH       0

DEGREE DAYS
 HEATING
  TODAY            0                         0      0        0
  MONTH TO DATE    0                         0      0        0
  SINCE JUN 1      0                         0      0        0
  SINCE JUL 1      0                         0      0        0

 COOLING
  TODAY           18                        19     -1       23
  MONTH TO DATE  479                       455     24      481
  SINCE JUN 1   1040                       987     53     1046
  SINCE JAN 1   2502                      2343    159     2723
..................................................................


WIND (MPH)
  HIGHEST WIND SPEED    18   HIGHEST WIND DIRECTION     E (70)
  HIGHEST GUST SPEED    26   HIGHEST GUST DIRECTION     E (80)
  AVERAGE WIND SPEED     3.7


SKY COVER
  AVERAGE SKY COVER 0.8


WEATHER CONDITIONS
 THE FOLLOWING WEATHER WAS RECORDED TODAY.
  NO SIGNIFICANT WEATHER WAS OBSERVED.


RELATIVE HUMIDITY (PERCENT)
 HIGHEST    88
 LOWEST     61
 AVERAGE    75

..........................................................


THE MIAMI CLIMATE NORMALS FOR TOMORROW
                         NORMAL    RECORD    YEAR
 MAXIMUM TEMPERATURE (F)   91        96      1940
 MINIMUM TEMPERATURE (F)   78        71      1984
                                             1951
                                             1910


SUNRISE AND SUNSET
JULY 24 2016..........SUNRISE   644 AM EDT   SUNSET   811 PM EDT
JULY 25 2016..........SUNRISE   644 AM EDT   SUNSET   811 PM EDT


-  INDICATES NEGATIVE NUMBERS.
R  INDICATES RECORD WAS SET OR TIED.
MM INDICATES DATA IS MISSING.
T  INDICATES TRACE AMOUNT.




$$
