000
CDUS42 KMFL 180821
CLIMIA


CLIMATE REPORT
NATIONAL WEATHER SERVICE MIAMI, FL
421 AM EDT FRI AUG 18 2017


...................................

...THE MIAMI CLIMATE SUMMARY FOR AUGUST 17 2017...

CLIMATE NORMAL PERIOD 1981 TO 2010
CLIMATE RECORD PERIOD 1895 TO 2017


WEATHER ITEM   OBSERVED TIME   RECORD YEAR NORMAL DEPARTURE LAST
                VALUE   (LST)  VALUE       VALUE  FROM      YEAR
                                                  NORMAL
..................................................................
TEMPERATURE (F)
 YESTERDAY
  MAXIMUM         94    242 PM  95    1991  91      3       89
  MINIMUM         82    356 AM  70    1938  77      5       76
                                      1922
                                      1920
  AVERAGE         88                        84      4       83

PRECIPITATION (IN)
  YESTERDAY        T             2.95 1980   0.29  -0.29     0.52
  MONTH TO DATE    1.97                      4.61  -2.64    10.48
  SINCE JUN 1     30.39                     20.78   9.61    23.31
  SINCE JAN 1     43.87                     36.13   7.74    43.70

SNOWFALL (IN)
  YESTERDAY        0.0
  MONTH TO DATE    0.0
  SINCE JUN 1      0.0
  SINCE JUL 1      0.0
  SNOW DEPTH       0

DEGREE DAYS
 HEATING
  YESTERDAY        0                         0      0        0
  MONTH TO DATE    0                         0      0        0
  SINCE JUN 1      0                         0      0        0
  SINCE JUL 1      0                         0      0        0

 COOLING
  YESTERDAY       23                        19      4       18
  MONTH TO DATE  371                       331     40      311
  SINCE JUN 1   1589                      1455    134     1492
  SINCE JAN 1   3293                      2811    482     2954
..................................................................


WIND (MPH)
  HIGHEST WIND SPEED    16   HIGHEST WIND DIRECTION    SE (120)
  HIGHEST GUST SPEED    21   HIGHEST GUST DIRECTION    SE (150)
  AVERAGE WIND SPEED     6.9


SKY COVER
  POSSIBLE SUNSHINE  78 PERCENT
  AVERAGE SKY COVER 0.5


WEATHER CONDITIONS
 THE FOLLOWING WEATHER WAS RECORDED YESTERDAY.
  NO SIGNIFICANT WEATHER WAS OBSERVED.


RELATIVE HUMIDITY (PERCENT)
 HIGHEST    74
 LOWEST     52
 AVERAGE    63

..........................................................


THE MIAMI CLIMATE NORMALS FOR TODAY
                         NORMAL    RECORD    YEAR
 MAXIMUM TEMPERATURE (F)   91        95      1995
                                             1941
 MINIMUM TEMPERATURE (F)   77        67      1938


SUNRISE AND SUNSET
AUGUST 18 2017........SUNRISE   656 AM EDT   SUNSET   754 PM EDT
AUGUST 19 2017........SUNRISE   656 AM EDT   SUNSET   753 PM EDT


-  INDICATES NEGATIVE NUMBERS.
R  INDICATES RECORD WAS SET OR TIED.
MM INDICATES DATA IS MISSING.
T  INDICATES TRACE AMOUNT.




$$
