243
CDUS42 KMFL 230830
CLIMIA


CLIMATE REPORT
NATIONAL WEATHER SERVICE MIAMI, FL
429 AM EDT SUN APR 23 2017


...................................

...THE MIAMI CLIMATE SUMMARY FOR APRIL 22 2017...

CLIMATE NORMAL PERIOD 1981 TO 2010
CLIMATE RECORD PERIOD 1895 TO 2017


WEATHER ITEM   OBSERVED TIME   RECORD YEAR NORMAL DEPARTURE LAST
                VALUE   (LST)  VALUE       VALUE  FROM      YEAR
                                                  NORMAL
..................................................................
TEMPERATURE (F)
 YESTERDAY
  MAXIMUM         83    144 PM  91    1908  84     -1       83
  MINIMUM         74    153 AM  45    1940  69      5       74
  AVERAGE         79                        77      2       79

PRECIPITATION (IN)
  YESTERDAY        T             2.43 1924   0.11  -0.11     0.03
  MONTH TO DATE    0.08                      2.33  -2.25     1.09
  SINCE NOV 1     11.98                     14.51  -2.53    29.49
  SINCE JAN 1      8.71                      9.20  -0.49    12.12

SNOWFALL (IN)
  YESTERDAY        0.0
  MONTH TO DATE    0.0
  SINCE MAR 1      0.0
  SINCE JUL 1      0.0
  SNOW DEPTH       0

DEGREE DAYS
 HEATING
  YESTERDAY        0                         0      0        0
  MONTH TO DATE    0                         0      0        0
  SINCE MAR 1      3                        11     -8        0
  SINCE JUL 1     17                       127   -110       67

 COOLING
  YESTERDAY       14                        12      2       14
  MONTH TO DATE  272                       226     46      255
  SINCE MAR 1    543                       473     70      619
  SINCE JAN 1   1037                       795    242      876
..................................................................


WIND (MPH)
  HIGHEST WIND SPEED    22   HIGHEST WIND DIRECTION     E (100)
  HIGHEST GUST SPEED    27   HIGHEST GUST DIRECTION    SE (130)
  AVERAGE WIND SPEED    13.4


SKY COVER
  POSSIBLE SUNSHINE  28 PERCENT
  AVERAGE SKY COVER 0.8


WEATHER CONDITIONS
 THE FOLLOWING WEATHER WAS RECORDED YESTERDAY.
  NO SIGNIFICANT WEATHER WAS OBSERVED.


RELATIVE HUMIDITY (PERCENT)
 HIGHEST    82
 LOWEST     54
 AVERAGE    68

..........................................................


THE MIAMI CLIMATE NORMALS FOR TODAY
                         NORMAL    RECORD    YEAR
 MAXIMUM TEMPERATURE (F)   84        91      2002
                                             1991
 MINIMUM TEMPERATURE (F)   69        51      1940
                                             1901


SUNRISE AND SUNSET
APRIL 23 2017.........SUNRISE   651 AM EDT   SUNSET   748 PM EDT
APRIL 24 2017.........SUNRISE   650 AM EDT   SUNSET   749 PM EDT


-  INDICATES NEGATIVE NUMBERS.
R  INDICATES RECORD WAS SET OR TIED.
MM INDICATES DATA IS MISSING.
T  INDICATES TRACE AMOUNT.




$$
