000
CDUS42 KMFL 300929
CLIMIA


CLIMATE REPORT
NATIONAL WEATHER SERVICE MIAMI, FL
429 AM EST FRI JAN 30 2015


...................................

...THE MIAMI CLIMATE SUMMARY FOR JANUARY 29 2015...

CLIMATE NORMAL PERIOD 1981 TO 2010
CLIMATE RECORD PERIOD 1895 TO 2015


WEATHER ITEM   OBSERVED TIME   RECORD YEAR NORMAL DEPARTURE LAST
                VALUE   (LST)  VALUE       VALUE  FROM      YEAR
                                                  NORMAL
..................................................................
TEMPERATURE (F)
 YESTERDAY
  MAXIMUM         73    101 PM  84    2009  77     -4       79
                                      1991
                                      1949
  MINIMUM         53    631 AM  29    1940  61     -8       65
  AVERAGE         63                        69     -6       72

PRECIPITATION (IN)
  YESTERDAY        0.00          0.93 1996   0.06  -0.06     0.56
  MONTH TO DATE    0.95                      1.51  -0.56     1.58
  SINCE NOV 1      4.93                      6.82  -1.89    11.98
  SINCE JAN 1      0.95                      1.51  -0.56     1.58

SNOWFALL (IN)
  YESTERDAY        0.0
  MONTH TO DATE    0.0
  SINCE DEC 1      0.0
  SINCE JUL 1      0.0
  SNOW DEPTH       0

DEGREE DAYS
 HEATING
  YESTERDAY        2                         1      1
  MONTH TO DATE   12                        54    -42
  SINCE DEC 1     30                        88    -58
  SINCE JUL 1     41                        91    -50

 COOLING
  YESTERDAY        0                         5     -5
  MONTH TO DATE  196                       145     51
  SINCE DEC 1    416                       348     68
  SINCE JAN 1    196                       145     51
..................................................................


WIND (MPH)
  HIGHEST WIND SPEED    18   HIGHEST WIND DIRECTION     E (80)
  HIGHEST GUST SPEED    23   HIGHEST GUST DIRECTION     E (90)
  AVERAGE WIND SPEED     7.2


SKY COVER
  POSSIBLE SUNSHINE  80 PERCENT
  AVERAGE SKY COVER 0.5


WEATHER CONDITIONS
 THE FOLLOWING WEATHER WAS RECORDED YESTERDAY.
  NO SIGNIFICANT WEATHER WAS OBSERVED.


RELATIVE HUMIDITY (PERCENT)
 HIGHEST    83
 LOWEST     41
 AVERAGE    62

..........................................................


THE MIAMI CLIMATE NORMALS FOR TODAY
                         NORMAL    RECORD    YEAR
 MAXIMUM TEMPERATURE (F)   77        86      1991
 MINIMUM TEMPERATURE (F)   61        36      1940


SUNRISE AND SUNSET
JANUARY 30 2015.......SUNRISE   706 AM EST   SUNSET   603 PM EST
JANUARY 31 2015.......SUNRISE   705 AM EST   SUNSET   604 PM EST


-  INDICATES NEGATIVE NUMBERS.
R  INDICATES RECORD WAS SET OR TIED.
MM INDICATES DATA IS MISSING.
T  INDICATES TRACE AMOUNT.




$$
