000
CDUS42 KMFL 292016
CLIMIA


CLIMATE REPORT
NATIONAL WEATHER SERVICE MIAMI, FL
416 PM EDT WED JUL 29 2015


...................................

...THE MIAMI CLIMATE SUMMARY FOR JULY 29 2015...
VALID TODAY AS OF 0400 PM LOCAL TIME.

CLIMATE NORMAL PERIOD 1981 TO 2010
CLIMATE RECORD PERIOD 1895 TO 2015


WEATHER ITEM   OBSERVED TIME   RECORD YEAR NORMAL DEPARTURE LAST
                VALUE   (LST)  VALUE       VALUE  FROM      YEAR
                                                  NORMAL
..................................................................
TEMPERATURE (F)
 TODAY
  MAXIMUM         96    144 PM  97    1990  91      5       94
  MINIMUM         79    549 AM  69    1910  78      1       79
                                      1906
  AVERAGE         88                        84      4       87

PRECIPITATION (IN)
  TODAY            T             1.80 1912   0.20  -0.20     0.01
  MONTH TO DATE    3.86                      6.08  -2.22     8.98
  SINCE JUN 1      7.46                     15.75  -8.29    28.60
  SINCE JAN 1     18.96                     31.10 -12.14    38.75

SNOWFALL (IN)
  TODAY            0.0
  MONTH TO DATE    0.0
  SINCE JUN 1      0.0
  SINCE JUL 1      0.0
  SNOW DEPTH       0

DEGREE DAYS
 HEATING
  TODAY            0                         0      0        0
  MONTH TO DATE    0                         0      0        0
  SINCE JUN 1      0                         0      0        0
  SINCE JUL 1      0                         0      0        0

 COOLING
  TODAY           23                        20      3       22
  MONTH TO DATE  578                       553     25      554
  SINCE JUN 1   1143                      1085     58     1056
  SINCE JAN 1   2820                      2441    379     2630
..................................................................


WIND (MPH)
  HIGHEST WIND SPEED    15   HIGHEST WIND DIRECTION    SW (240)
  HIGHEST GUST SPEED    20   HIGHEST GUST DIRECTION    SW (210)
  AVERAGE WIND SPEED     5.7


SKY COVER
  AVERAGE SKY COVER 0.8


WEATHER CONDITIONS
 THE FOLLOWING WEATHER WAS RECORDED TODAY.
  NO SIGNIFICANT WEATHER WAS OBSERVED.


RELATIVE HUMIDITY (PERCENT)
 HIGHEST    85
 LOWEST     36
 AVERAGE    61

..........................................................


THE MIAMI CLIMATE NORMALS FOR TOMORROW
                         NORMAL    RECORD    YEAR
 MAXIMUM TEMPERATURE (F)   91        95      1999
 MINIMUM TEMPERATURE (F)   78        71      1928


SUNRISE AND SUNSET
JULY 29 2015..........SUNRISE   646 AM EDT   SUNSET   809 PM EDT
JULY 30 2015..........SUNRISE   646 AM EDT   SUNSET   809 PM EDT


-  INDICATES NEGATIVE NUMBERS.
R  INDICATES RECORD WAS SET OR TIED.
MM INDICATES DATA IS MISSING.
T  INDICATES TRACE AMOUNT.




$$
