000
CDUS42 KMFL 292016
CLIMIA


CLIMATE REPORT
NATIONAL WEATHER SERVICE MIAMI, FL
415 PM EDT THU SEP 29 2016


...................................

...THE MIAMI CLIMATE SUMMARY FOR SEPTEMBER 29 2016...
VALID TODAY AS OF 0400 PM LOCAL TIME.

CLIMATE NORMAL PERIOD 1981 TO 2010
CLIMATE RECORD PERIOD 1895 TO 2016


WEATHER ITEM   OBSERVED TIME   RECORD YEAR NORMAL DEPARTURE LAST
                VALUE   (LST)  VALUE       VALUE  FROM      YEAR
                                                  NORMAL
..................................................................
TEMPERATURE (F)
 TODAY
  MAXIMUM         92   1245 PM  93    1980  88      4       89
                                      1952
                                      1910
  MINIMUM         77    900 AM  62    1903  76      1       77
  AVERAGE         85                        82      3       83

PRECIPITATION (IN)
  TODAY            T             8.89 1937   0.31  -0.31     0.50
  MONTH TO DATE    5.80                      9.54  -3.74     9.97
  SINCE JUN 1     32.40                     34.59  -2.19    28.50
  SINCE JAN 1     52.79                     49.94   2.85    40.00

SNOWFALL (IN)
  TODAY            0.0
  MONTH TO DATE    0.0
  SINCE SEP 1      0.0
  SINCE JUL 1      0.0
  SNOW DEPTH       0

DEGREE DAYS
 HEATING
  TODAY            0                         0      0        0
  MONTH TO DATE    0                         0      0        0
  SINCE SEP 1      0                         0      0        0
  SINCE JUL 1      0                         0      0        0

 COOLING
  TODAY           20                        17      3       18
  MONTH TO DATE  543                       519     24      538
  SINCE SEP 1    543                       519     24      538
  SINCE JAN 1   3775                      3594    181     4016
..................................................................


WIND (MPH)
  HIGHEST WIND SPEED    18   HIGHEST WIND DIRECTION     E (90)
  HIGHEST GUST SPEED    24   HIGHEST GUST DIRECTION     S (190)
  AVERAGE WIND SPEED     5.1


SKY COVER
  AVERAGE SKY COVER 0.6


WEATHER CONDITIONS
 THE FOLLOWING WEATHER WAS RECORDED TODAY.
  THUNDERSTORM
  LIGHT RAIN


RELATIVE HUMIDITY (PERCENT)
 HIGHEST    97
 LOWEST     49
 AVERAGE    73

..........................................................


THE MIAMI CLIMATE NORMALS FOR TOMORROW
                         NORMAL    RECORD    YEAR
 MAXIMUM TEMPERATURE (F)   88        93      2011
                                             1995
                                             1980
 MINIMUM TEMPERATURE (F)   76        65      1938


SUNRISE AND SUNSET
SEPTEMBER 29 2016.....SUNRISE   713 AM EDT   SUNSET   709 PM EDT
SEPTEMBER 30 2016.....SUNRISE   713 AM EDT   SUNSET   708 PM EDT


-  INDICATES NEGATIVE NUMBERS.
R  INDICATES RECORD WAS SET OR TIED.
MM INDICATES DATA IS MISSING.
T  INDICATES TRACE AMOUNT.




$$
