000
CDUS42 KMFL 140929
CLIMIA


CLIMATE REPORT
NATIONAL WEATHER SERVICE MIAMI, FL
428 AM EST THU DEC 14 2017


...................................

...THE MIAMI CLIMATE SUMMARY FOR DECEMBER 13 2017...

CLIMATE NORMAL PERIOD 1981 TO 2010
CLIMATE RECORD PERIOD 1895 TO 2017


WEATHER ITEM   OBSERVED TIME   RECORD YEAR NORMAL DEPARTURE LAST
                VALUE   (LST)  VALUE       VALUE  FROM      YEAR
                                                  NORMAL
..................................................................
TEMPERATURE (F)
 YESTERDAY
  MAXIMUM         67    353 PM  89    1900  78    -11       86
  MINIMUM         52   1159 PM  33    1934  64    -12       71
  AVERAGE         60                        71    -11       79

PRECIPITATION (IN)
  YESTERDAY        0.00          0.87 1997   0.07  -0.07     0.00
  MONTH TO DATE    0.56                      0.90  -0.34     2.13
  SINCE NOV 1      4.97                      4.17   0.80     3.07
  SINCE JAN 1     83.02                     60.76  22.26    65.73

SNOWFALL (IN)
  YESTERDAY        0.0
  MONTH TO DATE    0.0
  SINCE DEC 1      0.0
  SINCE JUL 1      0.0
  SNOW DEPTH       0

DEGREE DAYS
 HEATING
  YESTERDAY        5                         1      4        0
  MONTH TO DATE   21                         9     12        0
  SINCE DEC 1     21                         9     12        0
  SINCE JUL 1     21                        12      9        0

 COOLING
  YESTERDAY        0                         7     -7       14
  MONTH TO DATE   99                        96      3      152
  SINCE DEC 1     99                        96      3      152
  SINCE JAN 1   5150                      4468    682     4735
..................................................................


WIND (MPH)
  HIGHEST WIND SPEED    14   HIGHEST WIND DIRECTION    NW (330)
  HIGHEST GUST SPEED    20   HIGHEST GUST DIRECTION    NW (320)
  AVERAGE WIND SPEED     5.2


SKY COVER
  POSSIBLE SUNSHINE  MM
  AVERAGE SKY COVER 0.1


WEATHER CONDITIONS
 THE FOLLOWING WEATHER WAS RECORDED YESTERDAY.
  NO SIGNIFICANT WEATHER WAS OBSERVED.


RELATIVE HUMIDITY (PERCENT)
 HIGHEST    84
 LOWEST     32
 AVERAGE    58

..........................................................


THE MIAMI CLIMATE NORMALS FOR TODAY
                         NORMAL    RECORD    YEAR
 MAXIMUM TEMPERATURE (F)   78        87      2016
 MINIMUM TEMPERATURE (F)   63        35      1962


SUNRISE AND SUNSET
DECEMBER 14 2017......SUNRISE   700 AM EST   SUNSET   532 PM EST
DECEMBER 15 2017......SUNRISE   700 AM EST   SUNSET   533 PM EST


-  INDICATES NEGATIVE NUMBERS.
R  INDICATES RECORD WAS SET OR TIED.
MM INDICATES DATA IS MISSING.
T  INDICATES TRACE AMOUNT.




$$
