000
CDUS43 KIND 230534
CLIMIE


CLIMATE REPORT
NATIONAL WEATHER SERVICE INDIANAPOLIS IN
1234 AM EST SUN NOV 23 2014


...................................

...THE MUNCIE IN CLIMATE SUMMARY FOR NOVEMBER 22 2014...

CLIMATE NORMAL PERIOD 1981 TO 2010
CLIMATE RECORD PERIOD 9999 TO 9999


WEATHER ITEM   OBSERVED TIME   NORMAL DEPARTURE LAST
                VALUE   (LST)  VALUE  FROM      YEAR
                                      NORMAL
......................................................
TEMPERATURE (F)
 YESTERDAY
  MAXIMUM         54    625 PM  48      6       50
  MINIMUM         30   1226 AM  32     -2       32
  AVERAGE         42            40      2       41

PRECIPITATION (IN)
  YESTERDAY        0.04          0.12  -0.08     0.16
  MONTH TO DATE    0.68          2.53  -1.85     1.81
  SINCE SEP 1      7.10          8.41  -1.31     9.54
  SINCE JAN 1     35.52         36.32  -0.80    34.42

DEGREE DAYS
 HEATING
  YESTERDAY       23            25     -2       24
  MONTH TO DATE  649           452    197      479
  SINCE SEP 1   1118           906    212      925
  SINCE JUL 1   1144           916    228      951

 COOLING
  YESTERDAY        0             0      0        0
  MONTH TO DATE    0             0      0        0
  SINCE SEP 1     76           121    -45      158
  SINCE JAN 1    831           955   -124      973
......................................................


WIND (MPH)
  HIGHEST WIND SPEED    22   HIGHEST WIND DIRECTION    SW (210)
  HIGHEST GUST SPEED    30   HIGHEST GUST DIRECTION    SW (210)
  AVERAGE WIND SPEED    12.7


SKY COVER
  AVERAGE SKY COVER 1.0


WEATHER CONDITIONS
 THE FOLLOWING WEATHER WAS RECORDED YESTERDAY.
  LIGHT RAIN


RELATIVE HUMIDITY (PERCENT)
 HIGHEST    82           700 AM
 LOWEST     47           100 AM
 AVERAGE    65

..........................................................


THE MUNCIE IN CLIMATE NORMALS FOR TODAY
                         NORMAL
 MAXIMUM TEMPERATURE (F)   47
 MINIMUM TEMPERATURE (F)   31


SUNRISE AND SUNSET
NOVEMBER 23 2014......SUNRISE   736 AM EST   SUNSET   519 PM EST
NOVEMBER 24 2014......SUNRISE   737 AM EST   SUNSET   519 PM EST


-  INDICATES NEGATIVE NUMBERS.
R  INDICATES RECORD WAS SET OR TIED.
MM INDICATES DATA IS MISSING.
T  INDICATES TRACE AMOUNT.




$$
