000
CDUS43 KIND 240532
CLIMIE


CLIMATE REPORT
NATIONAL WEATHER SERVICE INDIANAPOLIS IN
131 AM EDT THU JUL 24 2014


...................................

...THE MUNCIE IN CLIMATE SUMMARY FOR JULY 23 2014...

CLIMATE NORMAL PERIOD 1981 TO 2010
CLIMATE RECORD PERIOD 9999 TO 9999


WEATHER ITEM   OBSERVED TIME   NORMAL DEPARTURE LAST
                VALUE   (LST)  VALUE  FROM      YEAR
                                      NORMAL
......................................................
TEMPERATURE (F)
 YESTERDAY
  MAXIMUM         76    215 PM  84     -8       86
  MINIMUM         62   1159 PM  64     -2       58
  AVERAGE         69            74     -5       72

PRECIPITATION (IN)
  YESTERDAY        0.02          0.14  -0.12     0.00
  MONTH TO DATE    1.93          3.36  -1.43     1.56
  SINCE JUN 1      7.39          8.02  -0.63     6.54
  SINCE JAN 1     22.16         23.59  -1.43    22.35

DEGREE DAYS
 HEATING
  YESTERDAY        0             0      0        0
  MONTH TO DATE    9             0      9        0
  SINCE JUN 1     17            24     -7       14
  SINCE JUL 1      9             0      9        0

 COOLING
  YESTERDAY        4             9     -5        7
  MONTH TO DATE  125           225   -100      219
  SINCE JUN 1    370           441    -71      425
  SINCE JAN 1    485           524    -39      593
......................................................


WIND (MPH)
  HIGHEST WIND SPEED    15   HIGHEST WIND DIRECTION     N (20)
  HIGHEST GUST SPEED    19   HIGHEST GUST DIRECTION     N (10)
  AVERAGE WIND SPEED     7.3


SKY COVER
  AVERAGE SKY COVER 0.7


WEATHER CONDITIONS
 THE FOLLOWING WEATHER WAS RECORDED YESTERDAY.
  THUNDERSTORM
  LIGHT RAIN


RELATIVE HUMIDITY (PERCENT)
 HIGHEST    90          1100 AM
 LOWEST     64           700 PM
 AVERAGE    77

..........................................................


THE MUNCIE IN CLIMATE NORMALS FOR TODAY
                         NORMAL
 MAXIMUM TEMPERATURE (F)   84
 MINIMUM TEMPERATURE (F)   64


SUNRISE AND SUNSET
JULY 24 2014..........SUNRISE   632 AM EDT   SUNSET   903 PM EDT
JULY 25 2014..........SUNRISE   633 AM EDT   SUNSET   903 PM EDT


-  INDICATES NEGATIVE NUMBERS.
R  INDICATES RECORD WAS SET OR TIED.
MM INDICATES DATA IS MISSING.
T  INDICATES TRACE AMOUNT.




$$
