000
CDUS43 KIND 270535
CLIMIE


CLIMATE REPORT
NATIONAL WEATHER SERVICE INDIANAPOLIS IN
134 AM EDT MON MAR 27 2017


...................................

...THE MUNCIE IN CLIMATE SUMMARY FOR MARCH 26 2017...

CLIMATE NORMAL PERIOD 1981 TO 2010
CLIMATE RECORD PERIOD 9999 TO 9999


WEATHER ITEM   OBSERVED TIME   NORMAL DEPARTURE LAST
                VALUE   (LST)  VALUE  FROM      YEAR
                                      NORMAL
......................................................
TEMPERATURE (F)
 YESTERDAY
  MAXIMUM         64    244 PM  53     11       61
  MINIMUM         54    119 AM  34     20       31
  AVERAGE         59            44     15       46

PRECIPITATION (IN)
  YESTERDAY        0.59          0.11   0.48     0.00
  MONTH TO DATE    3.35          2.41   0.94     3.79
  SINCE MAR 1      3.35          2.41   0.94     3.79
  SINCE JAN 1      9.06          6.95   2.11     6.90

DEGREE DAYS
 HEATING
  YESTERDAY        6            22    -16       19
  MONTH TO DATE  627           685    -58      436
  SINCE MAR 1    627           685    -58      436
  SINCE JUL 1   3915          5068  -1153     4027

 COOLING
  YESTERDAY        0             0      0        0
  MONTH TO DATE    2             0      2        0
  SINCE MAR 1      2             0      2        0
  SINCE JAN 1      2             0      2        0
......................................................


WIND (MPH)
  HIGHEST WIND SPEED    21   HIGHEST WIND DIRECTION     S (190)
  HIGHEST GUST SPEED    26   HIGHEST GUST DIRECTION     S (180)
  AVERAGE WIND SPEED     8.9


SKY COVER
  AVERAGE SKY COVER 0.9


WEATHER CONDITIONS
 THE FOLLOWING WEATHER WAS RECORDED YESTERDAY.
  THUNDERSTORM
  RAIN
  LIGHT RAIN
  FOG


RELATIVE HUMIDITY (PERCENT)
 HIGHEST    93           500 AM
 LOWEST     67           300 PM
 AVERAGE    80

..........................................................


THE MUNCIE IN CLIMATE NORMALS FOR TODAY
                         NORMAL
 MAXIMUM TEMPERATURE (F)   54
 MINIMUM TEMPERATURE (F)   34


SUNRISE AND SUNSET
MARCH 27 2017.........SUNRISE   733 AM EDT   SUNSET   801 PM EDT
MARCH 28 2017.........SUNRISE   731 AM EDT   SUNSET   802 PM EDT


-  INDICATES NEGATIVE NUMBERS.
R  INDICATES RECORD WAS SET OR TIED.
MM INDICATES DATA IS MISSING.
T  INDICATES TRACE AMOUNT.




$$
