000
CDUS43 KIND 270532
CLIMIE


CLIMATE REPORT
NATIONAL WEATHER SERVICE INDIANAPOLIS IN
131 AM EDT FRI MAY 27 2016


...................................

...THE MUNCIE IN CLIMATE SUMMARY FOR MAY 26 2016...

CLIMATE NORMAL PERIOD 1981 TO 2010
CLIMATE RECORD PERIOD 9999 TO 9999


WEATHER ITEM   OBSERVED TIME   NORMAL DEPARTURE LAST
                VALUE   (LST)  VALUE  FROM      YEAR
                                      NORMAL
......................................................
TEMPERATURE (F)
 YESTERDAY
  MAXIMUM         81    444 PM  75      6       84
  MINIMUM         68   1159 PM  55     13       66
  AVERAGE         75            65     10       75

PRECIPITATION (IN)
  YESTERDAY        T             0.15  -0.15     0.12
  MONTH TO DATE    2.64          3.62  -0.98     2.85
  SINCE MAR 1     10.90         10.24   0.66    10.01
  SINCE JAN 1     14.01         14.78  -0.77    12.95

DEGREE DAYS
 HEATING
  YESTERDAY        0             3     -3        0
  MONTH TO DATE  166           153     13       85
  SINCE MAR 1   1046          1362   -316     1320
  SINCE JUL 1   4637          5745  -1108     6185

 COOLING
  YESTERDAY       10             3      7       10
  MONTH TO DATE   36            49    -13      107
  SINCE MAR 1     46            64    -18      110
  SINCE JAN 1     46            64    -18      110
......................................................


WIND (MPH)
  HIGHEST WIND SPEED    15   HIGHEST WIND DIRECTION     S (190)
  HIGHEST GUST SPEED    31   HIGHEST GUST DIRECTION     E (110)
  AVERAGE WIND SPEED     8.2


SKY COVER
  AVERAGE SKY COVER 0.3


WEATHER CONDITIONS
 THE FOLLOWING WEATHER WAS RECORDED YESTERDAY.
  LIGHT RAIN


RELATIVE HUMIDITY (PERCENT)
 HIGHEST    81           600 AM
 LOWEST     54           400 PM
 AVERAGE    68

..........................................................


THE MUNCIE IN CLIMATE NORMALS FOR TODAY
                         NORMAL
 MAXIMUM TEMPERATURE (F)   75
 MINIMUM TEMPERATURE (F)   55


SUNRISE AND SUNSET
MAY 27 2016...........SUNRISE   616 AM EDT   SUNSET   902 PM EDT
MAY 28 2016...........SUNRISE   616 AM EDT   SUNSET   902 PM EDT


-  INDICATES NEGATIVE NUMBERS.
R  INDICATES RECORD WAS SET OR TIED.
MM INDICATES DATA IS MISSING.
T  INDICATES TRACE AMOUNT.




$$
