000
CDUS43 KIND 280540
CLIMIE


CLIMATE REPORT
NATIONAL WEATHER SERVICE INDIANAPOLIS IN
134 AM EDT SUN MAY 28 2017


...................................

...THE MUNCIE IN CLIMATE SUMMARY FOR MAY 27 2017...

CLIMATE NORMAL PERIOD 1981 TO 2010
CLIMATE RECORD PERIOD 9999 TO 9999


WEATHER ITEM   OBSERVED TIME   NORMAL DEPARTURE LAST
                VALUE   (LST)  VALUE  FROM      YEAR
                                      NORMAL
......................................................
TEMPERATURE (F)
 YESTERDAY
  MAXIMUM         78    513 PM  75      3       89
  MINIMUM         65    215 AM  55     10       65
  AVERAGE         72            65      7       77

PRECIPITATION (IN)
  YESTERDAY        0.00          0.16  -0.16     0.00
  MONTH TO DATE    3.52          3.78  -0.26     2.64
  SINCE MAR 1     13.82         10.40   3.42    10.90
  SINCE JAN 1     19.53         14.94   4.59    14.01

DEGREE DAYS
 HEATING
  YESTERDAY        0             3     -3        0
  MONTH TO DATE  154           156     -2      166
  SINCE MAR 1   1073          1365   -292     1046
  SINCE JUL 1   4361          5748  -1387     4637

 COOLING
  YESTERDAY        7             3      4       12
  MONTH TO DATE   64            52     12       48
  SINCE MAR 1     98            67     31       58
  SINCE JAN 1     98            67     31       58
......................................................


WIND (MPH)
  HIGHEST WIND SPEED    12   HIGHEST WIND DIRECTION    NW (320)
  HIGHEST GUST SPEED    14   HIGHEST GUST DIRECTION     N (10)
  AVERAGE WIND SPEED     5.1


SKY COVER
  AVERAGE SKY COVER 0.7


WEATHER CONDITIONS
 THE FOLLOWING WEATHER WAS RECORDED YESTERDAY.
  FOG


RELATIVE HUMIDITY (PERCENT)
 HIGHEST    93           400 AM
 LOWEST     64           200 PM
 AVERAGE    79

..........................................................


THE MUNCIE IN CLIMATE NORMALS FOR TODAY
                         NORMAL
 MAXIMUM TEMPERATURE (F)   76
 MINIMUM TEMPERATURE (F)   56


SUNRISE AND SUNSET
MAY 28 2017...........SUNRISE   616 AM EDT   SUNSET   902 PM EDT
MAY 29 2017...........SUNRISE   615 AM EDT   SUNSET   903 PM EDT


-  INDICATES NEGATIVE NUMBERS.
R  INDICATES RECORD WAS SET OR TIED.
MM INDICATES DATA IS MISSING.
T  INDICATES TRACE AMOUNT.




$$
