000
CDUS43 KIND 010532
CLIMIE


CLIMATE REPORT
NATIONAL WEATHER SERVICE INDIANAPOLIS IN
131 AM EDT FRI AUG 1 2014


...................................

...THE MUNCIE IN CLIMATE SUMMARY FOR JULY 31 2014...

CLIMATE NORMAL PERIOD 1981 TO 2010
CLIMATE RECORD PERIOD 9999 TO 9999


WEATHER ITEM   OBSERVED TIME   NORMAL DEPARTURE LAST
                VALUE   (LST)  VALUE  FROM      YEAR
                                      NORMAL
......................................................
TEMPERATURE (F)
 YESTERDAY
  MAXIMUM         80    441 PM  84     -4       73
  MINIMUM         58    404 AM  64     -6       66
  AVERAGE         69            74     -5       70

PRECIPITATION (IN)
  YESTERDAY        0.00          0.12  -0.12     0.19
  MONTH TO DATE    2.13          4.38  -2.25     1.82
  SINCE JUN 1      7.59          9.04  -1.45     6.80
  SINCE JAN 1     22.36         24.61  -2.25    22.61

DEGREE DAYS
 HEATING
  YESTERDAY        0             0      0        0
  MONTH TO DATE   18             0     18        7
  SINCE JUN 1     26            27     -1       21
  SINCE JUL 1     18             3     15        7

 COOLING
  YESTERDAY        4             9     -5        5
  MONTH TO DATE  153           294   -141      230
  SINCE JUN 1    398           510   -112      436
  SINCE JAN 1    513           593    -80      604
......................................................


WIND (MPH)
  HIGHEST WIND SPEED    14   HIGHEST WIND DIRECTION     W (270)
  HIGHEST GUST SPEED    18   HIGHEST GUST DIRECTION     W (280)
  AVERAGE WIND SPEED     5.3


SKY COVER
  AVERAGE SKY COVER 0.1


WEATHER CONDITIONS
 THE FOLLOWING WEATHER WAS RECORDED YESTERDAY.
  FOG


RELATIVE HUMIDITY (PERCENT)
 HIGHEST    90           200 AM
 LOWEST     39           200 PM
 AVERAGE    65

..........................................................


THE MUNCIE IN CLIMATE NORMALS FOR TODAY
                         NORMAL
 MAXIMUM TEMPERATURE (F)   83
 MINIMUM TEMPERATURE (F)   64


SUNRISE AND SUNSET
AUGUST  1 2014........SUNRISE   639 AM EDT   SUNSET   856 PM EDT
AUGUST  2 2014........SUNRISE   640 AM EDT   SUNSET   855 PM EDT


-  INDICATES NEGATIVE NUMBERS.
R  INDICATES RECORD WAS SET OR TIED.
MM INDICATES DATA IS MISSING.
T  INDICATES TRACE AMOUNT.




$$
