907
CDUS43 KMKX 210659
CLIMKE


CLIMATE REPORT
NATIONAL WEATHER SERVICE IN MILWAUKEE
1258 AM CST TUE FEB 21 2017


...................................

...THE MILWAUKEE WI CLIMATE SUMMARY FOR FEBRUARY 20 2017...

CLIMATE NORMAL PERIOD 1981 TO 2010
CLIMATE RECORD PERIOD 1871 TO 2017


WEATHER ITEM   OBSERVED TIME   RECORD YEAR NORMAL DEPARTURE LAST
                VALUE   (LST)  VALUE       VALUE  FROM      YEAR
                                                  NORMAL
..................................................................
TEMPERATURE (F)
 YESTERDAY
  MAXIMUM         59    839 PM  60    1930  34     25       53
  MINIMUM         35    328 AM  -9    1959  21     14       38
                                      1929
                                      1885
  AVERAGE         47                        27     20       46

PRECIPITATION (IN)
  YESTERDAY        0.00          1.22 1898   0.06  -0.06     0.00
  MONTH TO DATE    0.18                      1.13  -0.95     0.61
  SINCE DEC 1      4.27                      4.93  -0.66     5.12
  SINCE JAN 1      2.34                      2.89  -0.55     1.30

SNOWFALL (IN)
  YESTERDAY        0.0          14.4  1898   0.3   -0.3      0.0
  MONTH TO DATE    0.4                       7.1   -6.7      7.7
  SINCE DEC 1     23.3                      32.4   -9.1     22.2
  SINCE JUL 1     23.3                      35.1  -11.8     29.1
  SNOW DEPTH       0

DEGREE DAYS
 HEATING
  YESTERDAY       18                        38    -20       19
  MONTH TO DATE  633                       803   -170      784
  SINCE DEC 1   2983                      3323   -340     2921
  SINCE JUL 1   3813                      4688   -875     3960

 COOLING
  YESTERDAY        0                         0      0        0
  MONTH TO DATE    0                         0      0        0
  SINCE DEC 1      0                         0      0        0
  SINCE JAN 1      0                         0      0        0
..................................................................


WIND (MPH)
  HIGHEST WIND SPEED    25   HIGHEST WIND DIRECTION     S (170)
  HIGHEST GUST SPEED    32   HIGHEST GUST DIRECTION     S (170)
  AVERAGE WIND SPEED     9.9


SKY COVER
  POSSIBLE SUNSHINE  MM
  AVERAGE SKY COVER 0.8


WEATHER CONDITIONS
 THE FOLLOWING WEATHER WAS RECORDED YESTERDAY.
  HAZE


RELATIVE HUMIDITY (PERCENT)
 HIGHEST    85           500 AM
 LOWEST     51           700 PM
 AVERAGE    68

..........................................................


THE MILWAUKEE WI CLIMATE NORMALS FOR TODAY
                         NORMAL    RECORD    YEAR
 MAXIMUM TEMPERATURE (F)   34        58      1930
 MINIMUM TEMPERATURE (F)   21       -12      1963


SUNRISE AND SUNSET
FEBRUARY 21 2017......SUNRISE   640 AM CST   SUNSET   531 PM CST
FEBRUARY 22 2017......SUNRISE   638 AM CST   SUNSET   532 PM CST


-  INDICATES NEGATIVE NUMBERS.
R  INDICATES RECORD WAS SET OR TIED.
MM INDICATES DATA IS MISSING.
T  INDICATES TRACE AMOUNT.




$$
