000
CDUS43 KMKX 250646
CLIMKE


CLIMATE REPORT
NATIONAL WEATHER SERVICE IN MILWAUKEE
146 AM CDT THU MAY 25 2017


...................................

...THE MILWAUKEE WI CLIMATE SUMMARY FOR MAY 24 2017...

CLIMATE NORMAL PERIOD 1981 TO 2010
CLIMATE RECORD PERIOD 1871 TO 2017


WEATHER ITEM   OBSERVED TIME   RECORD YEAR NORMAL DEPARTURE LAST
                VALUE   (LST)  VALUE       VALUE  FROM      YEAR
                                                  NORMAL
..................................................................
TEMPERATURE (F)
 YESTERDAY
  MAXIMUM         59    533 PM  90    1950  68     -9       85
  MINIMUM         47   1223 AM  34    1963  49     -2       59
                                      1958
                                      1925
  AVERAGE         53                        58     -5       72

PRECIPITATION (IN)
  YESTERDAY        0.28          1.88 1955   0.12   0.16     0.03
  MONTH TO DATE    2.12                      2.59  -0.47     1.86
  SINCE MAR 1     12.07                      8.42   3.65     7.00
  SINCE JAN 1     16.08                     11.83   4.25     8.31

SNOWFALL (IN)
  YESTERDAY        0.0           T    1925   0.0    0.0      0.0
  MONTH TO DATE    0.0                       0.1   -0.1       T
  SINCE MAR 1     13.6                       9.1    4.5     10.0
  SINCE JUL 1     37.6                      46.9   -9.3     39.1
  SNOW DEPTH       0

DEGREE DAYS
 HEATING
  YESTERDAY       12                         8      4        0
  MONTH TO DATE  293                       266     27      264
  SINCE MAR 1   1598                      1783   -185     1661
  SINCE JUL 1   5597                      6763  -1166     5880

 COOLING
  YESTERDAY        0                         1     -1        7
  MONTH TO DATE   15                        14      1        7
  SINCE MAR 1     18                        19     -1        7
  SINCE JAN 1     18                        19     -1        7
..................................................................


WIND (MPH)
  HIGHEST WIND SPEED    25   HIGHEST WIND DIRECTION     N (360)
  HIGHEST GUST SPEED    33   HIGHEST GUST DIRECTION     N (10)
  AVERAGE WIND SPEED    14.2


SKY COVER
  POSSIBLE SUNSHINE  MM
  AVERAGE SKY COVER 0.9


WEATHER CONDITIONS
 THE FOLLOWING WEATHER WAS RECORDED YESTERDAY.
  RAIN
  LIGHT RAIN
  FOG
  FOG W/VISIBILITY <= 1/4 MILE


RELATIVE HUMIDITY (PERCENT)
 HIGHEST   100           200 AM
 LOWEST     72           500 PM
 AVERAGE    86

..........................................................


THE MILWAUKEE WI CLIMATE NORMALS FOR TODAY
                         NORMAL    RECORD    YEAR
 MAXIMUM TEMPERATURE (F)   68        93      1911
 MINIMUM TEMPERATURE (F)   49        36      1925


SUNRISE AND SUNSET
MAY 25 2017...........SUNRISE   520 AM CDT   SUNSET   818 PM CDT
MAY 26 2017...........SUNRISE   519 AM CDT   SUNSET   819 PM CDT


-  INDICATES NEGATIVE NUMBERS.
R  INDICATES RECORD WAS SET OR TIED.
MM INDICATES DATA IS MISSING.
T  INDICATES TRACE AMOUNT.




$$
