000
CDUS43 KMKX 040648
CLIMKE


CLIMATE REPORT
NATIONAL WEATHER SERVICE IN MILWAUKEE
148 AM CDT FRI SEP 4 2015


...................................

...THE MILWAUKEE WI CLIMATE SUMMARY FOR SEPTEMBER 3 2015...

CLIMATE NORMAL PERIOD 1981 TO 2010
CLIMATE RECORD PERIOD 1871 TO 2015


WEATHER ITEM   OBSERVED TIME   RECORD YEAR NORMAL DEPARTURE LAST
                VALUE   (LST)  VALUE       VALUE  FROM      YEAR
                                                  NORMAL
..................................................................
TEMPERATURE (F)
 YESTERDAY
  MAXIMUM         86   1124 AM  95    1939  76     10       81
  MINIMUM         64    742 PM  44    1974  60      4       61
  AVERAGE         75                        68      7       71

PRECIPITATION (IN)
  YESTERDAY        0.00          2.04 1900   0.10  -0.10     0.00
  MONTH TO DATE    T                         0.31  -0.31     0.02
  SINCE SEP 1      T                         0.31  -0.31     0.02
  SINCE JAN 1     17.75                     24.49  -6.74    25.31

SNOWFALL (IN)
  YESTERDAY        0.0           0.0    MM   0.0    0.0      0.0
  MONTH TO DATE    0.0                       0.0    0.0      0.0
  SINCE SEP 1      0.0                       0.0    0.0      0.0
  SINCE JUL 1      0.0                       0.0    0.0      0.0
  SNOW DEPTH       0

DEGREE DAYS
 HEATING
  YESTERDAY        0                         1     -1        0
  MONTH TO DATE    0                         3     -3        0
  SINCE SEP 1      0                         3     -3        0
  SINCE JUL 1     48                        29     19       26

 COOLING
  YESTERDAY       10                         4      6        6
  MONTH TO DATE   39                        13     26       23
  SINCE SEP 1     39                        13     26       23
  SINCE JAN 1    526                       578    -52      424
..................................................................


WIND (MPH)
  HIGHEST WIND SPEED    15   HIGHEST WIND DIRECTION    NE (40)
  HIGHEST GUST SPEED    19   HIGHEST GUST DIRECTION    NE (40)
  AVERAGE WIND SPEED     7.6


SKY COVER
  POSSIBLE SUNSHINE  MM
  AVERAGE SKY COVER 0.5


WEATHER CONDITIONS
 THE FOLLOWING WEATHER WAS RECORDED YESTERDAY.
  FOG
  FOG W/VISIBILITY <= 1/4 MILE
  HAZE


RELATIVE HUMIDITY (PERCENT)
 HIGHEST    93           700 PM
 LOWEST     65          1000 AM
 AVERAGE    79

..........................................................


THE MILWAUKEE WI CLIMATE NORMALS FOR TODAY
                         NORMAL    RECORD    YEAR
 MAXIMUM TEMPERATURE (F)   76        92      1990
 MINIMUM TEMPERATURE (F)   60        41      1974


SUNRISE AND SUNSET
SEPTEMBER  4 2015.....SUNRISE   619 AM CDT   SUNSET   721 PM CDT
SEPTEMBER  5 2015.....SUNRISE   620 AM CDT   SUNSET   720 PM CDT


-  INDICATES NEGATIVE NUMBERS.
R  INDICATES RECORD WAS SET OR TIED.
MM INDICATES DATA IS MISSING.
T  INDICATES TRACE AMOUNT.




$$
