000
CDUS43 KMKX 290649
CLIMKE


CLIMATE REPORT
NATIONAL WEATHER SERVICE IN MILWAUKEE
149 AM CDT SUN MAY 29 2016


...................................

...THE MILWAUKEE WI CLIMATE SUMMARY FOR MAY 28 2016...

CLIMATE NORMAL PERIOD 1981 TO 2010
CLIMATE RECORD PERIOD 1871 TO 2016


WEATHER ITEM   OBSERVED TIME   RECORD YEAR NORMAL DEPARTURE LAST
                VALUE   (LST)  VALUE       VALUE  FROM      YEAR
                                                  NORMAL
..................................................................
TEMPERATURE (F)
 YESTERDAY
  MAXIMUM         82    345 PM  93    1991  69     13       80
  MINIMUM         64    359 AM  36    1894  50     14       59
                                      1889
  AVERAGE         73                        60     13       70

PRECIPITATION (IN)
  YESTERDAY        0.27          1.62 1915   0.11   0.16     0.00
  MONTH TO DATE    2.34                      3.05  -0.71     1.82
  SINCE MAR 1      7.48                      8.88  -1.40     7.87
  SINCE JAN 1      8.79                     12.29  -3.50     9.59

SNOWFALL (IN)
  YESTERDAY        0.0           0.0    MM   0.0    0.0      0.0
  MONTH TO DATE    T                         0.1   -0.1      0.0
  SINCE MAR 1     10.0                       9.1    0.9      4.9
  SINCE JUL 1     39.1                      46.9   -7.8     43.0
  SNOW DEPTH       0

DEGREE DAYS
 HEATING
  YESTERDAY        0                         7     -7        0
  MONTH TO DATE  264                       295    -31      237
  SINCE MAR 1   1661                      1812   -151     1736
  SINCE JUL 1   5880                      6792   -912     7068

 COOLING
  YESTERDAY        8                         1      7        5
  MONTH TO DATE   30                        18     12       21
  SINCE MAR 1     30                        23      7       21
  SINCE JAN 1     30                        23      7       21
..................................................................


WIND (MPH)
  HIGHEST WIND SPEED    24   HIGHEST WIND DIRECTION     S (200)
  HIGHEST GUST SPEED    30   HIGHEST GUST DIRECTION    SW (210)
  AVERAGE WIND SPEED    14.1


SKY COVER
  POSSIBLE SUNSHINE  MM
  AVERAGE SKY COVER 0.7


WEATHER CONDITIONS
 THE FOLLOWING WEATHER WAS RECORDED YESTERDAY.
  THUNDERSTORM
  LIGHT RAIN
  FOG


RELATIVE HUMIDITY (PERCENT)
 HIGHEST    87           400 AM
 LOWEST     54           300 PM
 AVERAGE    71

..........................................................


THE MILWAUKEE WI CLIMATE NORMALS FOR TODAY
                         NORMAL    RECORD    YEAR
 MAXIMUM TEMPERATURE (F)   69        92      1895
 MINIMUM TEMPERATURE (F)   51        33      1966


SUNRISE AND SUNSET
MAY 29 2016...........SUNRISE   517 AM CDT   SUNSET   822 PM CDT
MAY 30 2016...........SUNRISE   516 AM CDT   SUNSET   823 PM CDT


-  INDICATES NEGATIVE NUMBERS.
R  INDICATES RECORD WAS SET OR TIED.
MM INDICATES DATA IS MISSING.
T  INDICATES TRACE AMOUNT.




$$
