107
CDUS43 KGRR 180516
CLIMKG


CLIMATE REPORT
NATIONAL WEATHER SERVICE GRAND RAPIDS, MI
115 AM EDT WED OCT 18 2017


...................................

...THE MUSKEGON MI CLIMATE SUMMARY FOR OCTOBER 17 2017...

CLIMATE NORMAL PERIOD 1981 TO 2010
CLIMATE RECORD PERIOD 1896 TO 2017


WEATHER ITEM   OBSERVED TIME   RECORD YEAR NORMAL DEPARTURE LAST
                VALUE   (LST)  VALUE       VALUE  FROM      YEAR
                                                  NORMAL
..................................................................
TEMPERATURE (F)
 YESTERDAY
  MAXIMUM         66    354 PM  78    1968  58      8       77
                                      1947
                                      1910
  MINIMUM         57   1251 AM  25    1982  42     15       64
                                      1977
  AVERAGE         62                        50     12       71

PRECIPITATION (IN)
  YESTERDAY        0.00          1.60 1905   0.09  -0.09      T
  MONTH TO DATE    3.71                      1.70   2.01     2.48
  SINCE SEP 1      4.53                      5.59  -1.06     8.40
  SINCE JAN 1     25.69                     26.17  -0.48    33.55

SNOWFALL (IN)
  YESTERDAY        0.0           1.0  1952   0.0    0.0      0.0
  MONTH TO DATE    0.0                       0.0    0.0      0.0
  SINCE SEP 1      0.0                       0.0    0.0      0.0
  SINCE JUL 1      0.0                       0.0    0.0      0.0
  SNOW DEPTH       0

DEGREE DAYS
 HEATING
  YESTERDAY        3                        15    -12        0
  MONTH TO DATE   88                       210   -122      105
  SINCE SEP 1    180                       353   -173      130
  SINCE JUL 1    193                       383   -190      139

 COOLING
  YESTERDAY        0                         0      0        6
  MONTH TO DATE    8                         2      6        9
  SINCE SEP 1    119                        56     63      110
  SINCE JAN 1    613                       563     50      774
..................................................................


WIND (MPH)
  RESULTANT WIND SPEED  15   RESULTANT WIND DIRECTION  SW (220)
  HIGHEST WIND SPEED    23   HIGHEST WIND DIRECTION    SW (210)
  HIGHEST GUST SPEED    31   HIGHEST GUST DIRECTION    SW (220)
  AVERAGE WIND SPEED    15.1


SKY COVER
  AVERAGE SKY COVER 0.3


WEATHER CONDITIONS
 THE FOLLOWING WEATHER WAS RECORDED YESTERDAY.
  NO SIGNIFICANT WEATHER WAS OBSERVED.


RELATIVE HUMIDITY (PERCENT)
 HIGHEST    78          1000 PM
 LOWEST     51           100 AM
 AVERAGE    65

..........................................................


THE MUSKEGON MI CLIMATE NORMALS FOR TODAY
                         NORMAL    RECORD    YEAR
 MAXIMUM TEMPERATURE (F)   58        78      1910
 MINIMUM TEMPERATURE (F)   42        23      1976
                                             1952


SUNRISE AND SUNSET
OCTOBER 18 2017.......SUNRISE   803 AM EDT   SUNSET   657 PM EDT
OCTOBER 19 2017.......SUNRISE   804 AM EDT   SUNSET   655 PM EDT


-  INDICATES NEGATIVE NUMBERS.
R  INDICATES RECORD WAS SET OR TIED.
MM INDICATES DATA IS MISSING.
T  INDICATES TRACE AMOUNT.




$$
