000
CDUS43 KGRR 281433
CLIMKG


CLIMATE REPORT
NATIONAL WEATHER SERVICE GRAND RAPIDS, MI
932 AM EST SUN DEC 28 2014


...................................

...THE MUSKEGON MI CLIMATE SUMMARY FOR DECEMBER 28 2014...
VALID AS OF 0900 AM LOCAL TIME.

CLIMATE NORMAL PERIOD 1981 TO 2010
CLIMATE RECORD PERIOD 1896 TO 2014


WEATHER ITEM   OBSERVED TIME   RECORD YEAR NORMAL DEPARTURE LAST
                VALUE   (LST)  VALUE       VALUE  FROM      YEAR
                                                  NORMAL
..................................................................
TEMPERATURE (F)
 TODAY
  MAXIMUM         36    122 AM  61    1982  32      4       43
  MINIMUM         29    859 AM  -5    2000  22      7       31
  AVERAGE         33                        27      6       37

PRECIPITATION (IN)
  TODAY            0.01          0.46 1948   0.07  -0.06     0.00
  MONTH TO DATE    1.72                      2.34  -0.62     2.55
  SINCE DEC 1      1.72                      2.34  -0.62     2.55
  SINCE JAN 1     38.60                     33.28   5.32    43.61

SNOWFALL (IN)
  TODAY            T            10.0  1961   1.0   -1.0      0.0
  MONTH TO DATE    1.1                      25.9  -24.8     35.7
  SINCE DEC 1      1.1                      25.9  -24.8     35.7
  SINCE JUL 1     25.6                      32.1   -6.5     44.6
  SNOW DEPTH       0

DEGREE DAYS
 HEATING
  TODAY           32                        38     -6       28
  MONTH TO DATE  862                       966   -104     1061
  SINCE DEC 1    862                       966   -104     1061
  SINCE JUL 1   2345                      2333     12     2332

 COOLING
  TODAY            0                         0      0        0
  MONTH TO DATE    0                         0      0        0
  SINCE DEC 1      0                         0      0        0
  SINCE JAN 1    442                       566   -124      626
..................................................................


WIND (MPH)
  HIGHEST WIND SPEED    16   HIGHEST WIND DIRECTION     W (290)
  HIGHEST GUST SPEED    22   HIGHEST GUST DIRECTION     W (290)



WEATHER CONDITIONS
 THE FOLLOWING WEATHER WAS RECORDED TODAY.
  LIGHT RAIN
  FOG


..........................................................




SUNRISE AND SUNSET
DECEMBER 28 2014......SUNRISE   816 AM EST   SUNSET   517 PM EST
DECEMBER 29 2014......SUNRISE   816 AM EST   SUNSET   518 PM EST


-  INDICATES NEGATIVE NUMBERS.
R  INDICATES RECORD WAS SET OR TIED.
MM INDICATES DATA IS MISSING.
T  INDICATES TRACE AMOUNT.




$$
