000
CDUS43 KGRR 302127
CLIMKG


CLIMATE REPORT
NATIONAL WEATHER SERVICE GRAND RAPIDS, MI
526 PM EDT MON MAR 30 2015


...................................

...THE MUSKEGON MI CLIMATE SUMMARY FOR MARCH 30 2015...
VALID TODAY AS OF 0500 PM LOCAL TIME.

CLIMATE NORMAL PERIOD 1981 TO 2010
CLIMATE RECORD PERIOD 1896 TO 2015


WEATHER ITEM   OBSERVED TIME   RECORD YEAR NORMAL DEPARTURE LAST
                VALUE   (LST)  VALUE       VALUE  FROM      YEAR
                                                  NORMAL
..................................................................
TEMPERATURE (F)
 TODAY
  MAXIMUM         52    302 PM  77    1967  49      3       45
  MINIMUM         37    344 AM   7    1954  31      6       22
  AVERAGE         45                        40      5       34

PRECIPITATION (IN)
  TODAY            0.00          1.07 1974   0.08  -0.08     0.00
  MONTH TO DATE    1.00                      2.17  -1.17     1.67
  SINCE MAR 1      1.00                      2.17  -1.17     1.67
  SINCE JAN 1      4.29                      6.03  -1.74     6.80

SNOWFALL (IN)
  TODAY            0.0           4.5  1974   0.1   -0.1      0.0
  MONTH TO DATE    4.0                       8.8   -4.8      7.5
  SINCE MAR 1      4.0                       8.8   -4.8      7.5
  SINCE JUL 1     92.1                      91.2    0.9    131.1
  SNOW DEPTH       0

DEGREE DAYS
 HEATING
  TODAY           20                        25     -5       31
  MONTH TO DATE  983                       906     77     1171
  SINCE MAR 1    983                       906     77     1171
  SINCE JUL 1   6108                      5638    470     6311

 COOLING
  TODAY            0                         0      0        0
  MONTH TO DATE    0                         0      0        0
  SINCE MAR 1      0                         0      0        0
  SINCE JAN 1      0                         0      0        0
..................................................................


WIND (MPH)
  RESULTANT WIND SPEED  15   RESULTANT WIND DIRECTION   W (280)
  HIGHEST WIND SPEED    23   HIGHEST WIND DIRECTION     W (270)
  HIGHEST GUST SPEED    32   HIGHEST GUST DIRECTION     W (270)
  AVERAGE WIND SPEED    15.5


SKY COVER
  AVERAGE SKY COVER 0.3


WEATHER CONDITIONS
 THE FOLLOWING WEATHER WAS RECORDED TODAY.
  NO SIGNIFICANT WEATHER WAS OBSERVED.


RELATIVE HUMIDITY (PERCENT)
 HIGHEST    79          1200 AM
 LOWEST     41           300 PM
 AVERAGE    60

..........................................................


THE MUSKEGON MI CLIMATE NORMALS FOR TOMORROW
                         NORMAL    RECORD    YEAR
 MAXIMUM TEMPERATURE (F)   49        80      1981
 MINIMUM TEMPERATURE (F)   32         6      1923


SUNRISE AND SUNSET
MARCH 30 2015.........SUNRISE   731 AM EDT   SUNSET   809 PM EDT
MARCH 31 2015.........SUNRISE   729 AM EDT   SUNSET   810 PM EDT


-  INDICATES NEGATIVE NUMBERS.
R  INDICATES RECORD WAS SET OR TIED.
MM INDICATES DATA IS MISSING.
T  INDICATES TRACE AMOUNT.




$$
