000
CDUS43 KGRR 080556
CLIMKG


CLIMATE REPORT
NATIONAL WEATHER SERVICE GRAND RAPIDS, MI
1256 AM EST THU DEC 8 2016


...................................

...THE MUSKEGON MI CLIMATE SUMMARY FOR DECEMBER 7 2016...

CLIMATE NORMAL PERIOD 1981 TO 2010
CLIMATE RECORD PERIOD 1896 TO 2016


WEATHER ITEM   OBSERVED TIME   RECORD YEAR NORMAL DEPARTURE LAST
                VALUE   (LST)  VALUE       VALUE  FROM      YEAR
                                                  NORMAL
..................................................................
TEMPERATURE (F)
 YESTERDAY
  MAXIMUM         34    216 PM  56    1946  37     -3       42
  MINIMUM         27   1132 PM   2    1972  28     -1       27
  AVERAGE         31                        32     -1       35

PRECIPITATION (IN)
  YESTERDAY        0.00          1.48 2004   0.09  -0.09     0.00
  MONTH TO DATE    0.46                      0.66  -0.20     0.53
  SINCE DEC 1      0.46                      0.66  -0.20     0.53
  SINCE JAN 1     37.79                     31.60   6.19    32.02

SNOWFALL (IN)
  YESTERDAY        0.0           6.0  1909   0.9   -0.9      0.0
  MONTH TO DATE    1.0                       5.2   -4.2       T
  SINCE DEC 1      1.0                       5.2   -4.2       T
  SINCE JUL 1      2.0                      11.4   -9.4      3.9
  SNOW DEPTH       0

DEGREE DAYS
 HEATING
  YESTERDAY       34                        33      1       30
  MONTH TO DATE  196                       222    -26      185
  SINCE DEC 1    196                       222    -26      185
  SINCE JUL 1   1101                      1589   -488     1252

 COOLING
  YESTERDAY        0                         0      0        0
  MONTH TO DATE    0                         0      0        0
  SINCE DEC 1      0                         0      0        0
  SINCE JAN 1    774                       566    208      570
..................................................................


WIND (MPH)
  RESULTANT WIND SPEED  15   RESULTANT WIND DIRECTION   W (260)
  HIGHEST WIND SPEED    24   HIGHEST WIND DIRECTION     W (270)
  HIGHEST GUST SPEED    32   HIGHEST GUST DIRECTION     W (290)
  AVERAGE WIND SPEED    15.5


SKY COVER
  AVERAGE SKY COVER 1.0


WEATHER CONDITIONS
 THE FOLLOWING WEATHER WAS RECORDED YESTERDAY.
  NO SIGNIFICANT WEATHER WAS OBSERVED.


RELATIVE HUMIDITY (PERCENT)
 HIGHEST    75          1000 PM
 LOWEST     61           300 AM
 AVERAGE    68

..........................................................


THE MUSKEGON MI CLIMATE NORMALS FOR TODAY
                         NORMAL    RECORD    YEAR
 MAXIMUM TEMPERATURE (F)   37        57      1946
 MINIMUM TEMPERATURE (F)   27         2      2005


SUNRISE AND SUNSET
DECEMBER  8 2016......SUNRISE   804 AM EST   SUNSET   510 PM EST
DECEMBER  9 2016......SUNRISE   805 AM EST   SUNSET   510 PM EST


-  INDICATES NEGATIVE NUMBERS.
R  INDICATES RECORD WAS SET OR TIED.
MM INDICATES DATA IS MISSING.
T  INDICATES TRACE AMOUNT.




$$
