000
CDUS43 KGRR 280532
CLIMKG


CLIMATE REPORT
NATIONAL WEATHER SERVICE GRAND RAPIDS, MI
131 AM EDT SUN AUG 28 2016


...................................

...THE MUSKEGON MI CLIMATE SUMMARY FOR AUGUST 27 2016...

CLIMATE NORMAL PERIOD 1981 TO 2010
CLIMATE RECORD PERIOD 1896 TO 2016


WEATHER ITEM   OBSERVED TIME   RECORD YEAR NORMAL DEPARTURE LAST
                VALUE   (LST)  VALUE       VALUE  FROM      YEAR
                                                  NORMAL
..................................................................
TEMPERATURE (F)
 YESTERDAY
  MAXIMUM         80    259 PM  91    1948  78      2       72
  MINIMUM         63    203 AM  40    1915  59      4       49
  AVERAGE         72                        68      4       61

PRECIPITATION (IN)
  YESTERDAY        0.16          2.80 1921   0.11   0.05     0.00
  MONTH TO DATE    2.86                      2.92  -0.06     1.97
  SINCE JUN 1     11.22                      7.84   3.38    10.32
  SINCE JAN 1     25.15                     20.11   5.04    22.75

SNOWFALL (IN)
  YESTERDAY        0.0          MM      MM   0.0    0.0      0.0
  MONTH TO DATE    0.0                       0.0    0.0      0.0
  SINCE JUN 1      0.0                       0.0    0.0      0.0
  SINCE JUL 1      0.0                       0.0    0.0      0.0
  SNOW DEPTH       0

DEGREE DAYS
 HEATING
  YESTERDAY        0                         1     -1        4
  MONTH TO DATE    0                        10    -10       16
  SINCE JUN 1     47                        87    -40       64
  SINCE JUL 1      9                        21    -12       31

 COOLING
  YESTERDAY        7                         4      3        0
  MONTH TO DATE  228                       151     77      168
  SINCE JUN 1    586                       458    128      408
  SINCE JAN 1    630                       487    143      447
..................................................................


WIND (MPH)
  RESULTANT WIND SPEED   5   RESULTANT WIND DIRECTION   E (110)
  HIGHEST WIND SPEED    15   HIGHEST WIND DIRECTION    SE (130)
  HIGHEST GUST SPEED    17   HIGHEST GUST DIRECTION    SE (120)
  AVERAGE WIND SPEED     7.5


SKY COVER
  AVERAGE SKY COVER 0.8


WEATHER CONDITIONS
 THE FOLLOWING WEATHER WAS RECORDED YESTERDAY.
  THUNDERSTORM
  LIGHT RAIN
  FOG


RELATIVE HUMIDITY (PERCENT)
 HIGHEST    93           800 AM
 LOWEST     74           300 PM
 AVERAGE    84

..........................................................


THE MUSKEGON MI CLIMATE NORMALS FOR TODAY
                         NORMAL    RECORD    YEAR
 MAXIMUM TEMPERATURE (F)   77        91      1953
                                             1899
 MINIMUM TEMPERATURE (F)   59        40      1941
                                             1929


SUNRISE AND SUNSET
AUGUST 28 2016........SUNRISE   705 AM EDT   SUNSET   826 PM EDT
AUGUST 29 2016........SUNRISE   706 AM EDT   SUNSET   824 PM EDT


-  INDICATES NEGATIVE NUMBERS.
R  INDICATES RECORD WAS SET OR TIED.
MM INDICATES DATA IS MISSING.
T  INDICATES TRACE AMOUNT.




$$
