000
CDUS44 KMEG 060740
CLIMKL


CLIMATE REPORT
NATIONAL WEATHER SERVICE MEMPHIS TN
140 AM CST TUE DEC 6 2016


...................................

...THE JACKSON CLIMATE SUMMARY FOR DECEMBER 5 2016...

CLIMATE NORMAL PERIOD 1981 TO 2010
CLIMATE RECORD PERIOD 1948 TO 2016


WEATHER ITEM   OBSERVED TIME   RECORD YEAR NORMAL DEPARTURE LAST
                VALUE   (LST)  VALUE       VALUE  FROM      YEAR
                                                  NORMAL
..................................................................
TEMPERATURE (F)
 YESTERDAY
  MAXIMUM         47   1159 PM  74    1998  53     -6       60
  MINIMUM         42    840 AM  17    2005  33      9       26
  AVERAGE         45                        43      2       43

PRECIPITATION (IN)
  YESTERDAY        0.02          2.87 2011   0.18  -0.16     0.00
  MONTH TO DATE    0.39                      0.91  -0.52     0.29
  SINCE DEC 1      0.39                      0.91  -0.52     0.29
  SINCE JAN 1     39.94                     48.83  -8.89    43.36

SNOWFALL (IN)
  YESTERDAY        0.0           T    1984   0.0    0.0      0.0
                                      1977
                                      1964
  MONTH TO DATE    0.0                       0.0    0.0      0.0
  SINCE DEC 1      0.0                       0.0    0.0      0.0
  SINCE JUL 1      0.0                       0.1   -0.1      0.0
  SNOW DEPTH       0

DEGREE DAYS
 HEATING
  YESTERDAY       20                        22     -2       22
  MONTH TO DATE  105                       107     -2      111
  SINCE DEC 1    105                       107     -2      111
  SINCE JUL 1    489                       774   -285      586

 COOLING
  YESTERDAY        0                         0      0        0
  MONTH TO DATE    0                         0      0        0
  SINCE DEC 1      0                         0      0        0
  SINCE JAN 1   2092                      1697    395     1855
..................................................................


WIND (MPH)
  HIGHEST WIND SPEED    13   HIGHEST WIND DIRECTION     E (70)
  HIGHEST GUST SPEED    15   HIGHEST GUST DIRECTION     E (70)
  AVERAGE WIND SPEED     6.9


SKY COVER
  POSSIBLE SUNSHINE  MM
  AVERAGE SKY COVER 1.0


WEATHER CONDITIONS
 THE FOLLOWING WEATHER WAS RECORDED YESTERDAY.
  LIGHT RAIN
  FOG


RELATIVE HUMIDITY (PERCENT)
 HIGHEST   100          1100 PM
 LOWEST     82           700 AM
 AVERAGE    91

..........................................................


THE JACKSON CLIMATE NORMALS FOR TODAY
                         NORMAL    RECORD    YEAR
 MAXIMUM TEMPERATURE (F)   53        75      1998
 MINIMUM TEMPERATURE (F)   33         4      1976


SUNRISE AND SUNSET
DECEMBER  6 2016......SUNRISE   651 AM CST   SUNSET   442 PM CST
DECEMBER  7 2016......SUNRISE   652 AM CST   SUNSET   442 PM CST


-  INDICATES NEGATIVE NUMBERS.
R  INDICATES RECORD WAS SET OR TIED.
MM INDICATES DATA IS MISSING.
T  INDICATES TRACE AMOUNT.




$$
