747
CDUS44 KMEG 200737
CLIMKL


CLIMATE REPORT
NATIONAL WEATHER SERVICE MEMPHIS TN
136 AM CST MON FEB 20 2017


...................................

...THE JACKSON CLIMATE SUMMARY FOR FEBRUARY 19 2017...

CLIMATE NORMAL PERIOD 1981 TO 2010
CLIMATE RECORD PERIOD 1948 TO 2017


WEATHER ITEM   OBSERVED TIME   RECORD YEAR NORMAL DEPARTURE LAST
                VALUE   (LST)  VALUE       VALUE  FROM      YEAR
                                                  NORMAL
..................................................................
TEMPERATURE (F)
 YESTERDAY
  MAXIMUM         75R   338 PM  73    1994  54     21       72
  MINIMUM         41    645 AM   5    1958  33      8       52
  AVERAGE         58                        43     15       62

PRECIPITATION (IN)
  YESTERDAY        0.00          1.71 1996   0.15  -0.15     0.00
  MONTH TO DATE    1.39                      2.85  -1.46     2.37
  SINCE DEC 1     11.49                     12.27  -0.78     9.56
  SINCE JAN 1      4.31                      6.92  -2.61     4.41

DEGREE DAYS
 HEATING
  YESTERDAY        7                        22    -15        3
  MONTH TO DATE  296                       454   -158      452
  SINCE DEC 1   1586                      2036   -450     1742
  SINCE JUL 1   1970                      2703   -733     2217

 COOLING
  YESTERDAY        0                         0      0        0
  MONTH TO DATE    2                         0      2        0
  SINCE DEC 1      4                         1      3        9
  SINCE JAN 1      2                         0      2        0
..................................................................


WIND (MPH)
  HIGHEST WIND SPEED     8   HIGHEST WIND DIRECTION     E (110)
  HIGHEST GUST SPEED    11   HIGHEST GUST DIRECTION     E (70)
  AVERAGE WIND SPEED     2.0


SKY COVER
  POSSIBLE SUNSHINE  MM
  AVERAGE SKY COVER 0.1


WEATHER CONDITIONS
 THE FOLLOWING WEATHER WAS RECORDED YESTERDAY.
  FOG


RELATIVE HUMIDITY (PERCENT)
 HIGHEST   100          1200 AM
 LOWEST     49           400 PM
 AVERAGE    75

..........................................................


THE JACKSON CLIMATE NORMALS FOR TODAY
                         NORMAL    RECORD    YEAR
 MAXIMUM TEMPERATURE (F)   54        80      1986
 MINIMUM TEMPERATURE (F)   33         8      1958


SUNRISE AND SUNSET
FEBRUARY 20 2017......SUNRISE   636 AM CST   SUNSET   543 PM CST
FEBRUARY 21 2017......SUNRISE   635 AM CST   SUNSET   544 PM CST


-  INDICATES NEGATIVE NUMBERS.
R  INDICATES RECORD WAS SET OR TIED.
MM INDICATES DATA IS MISSING.
T  INDICATES TRACE AMOUNT.




$$
