000
CDUS44 KMEG 310636
CLIMKL


CLIMATE REPORT
NATIONAL WEATHER SERVICE MEMPHIS TN
134 AM CDT FRI OCT 31 2014


...................................

...THE JACKSON CLIMATE SUMMARY FOR OCTOBER 30 2014...

CLIMATE NORMAL PERIOD 1981 TO 2010
CLIMATE RECORD PERIOD 1948 TO 2014


WEATHER ITEM   OBSERVED TIME   RECORD YEAR NORMAL DEPARTURE LAST
                VALUE   (LST)  VALUE       VALUE  FROM      YEAR
                                                  NORMAL
..................................................................
TEMPERATURE (F)
 YESTERDAY
  MAXIMUM         67    259 PM  85    1961  68     -1       74
                                      1950
  MINIMUM         35    639 AM  28    2010  44     -9       62
                                      1952
  AVERAGE         51                        56     -5       68

PRECIPITATION (IN)
  YESTERDAY        0.12          1.79 2009   0.13  -0.01     0.00
  MONTH TO DATE    4.48                      3.65   0.83     2.24
  SINCE SEP 1      9.31                      7.03   2.28     5.10
  SINCE JAN 1     52.97                     42.90  10.07    50.19

SNOWFALL (IN)
  YESTERDAY        0.0           T    1993   0.0    0.0      0.0
  MONTH TO DATE    0.0                       0.0    0.0      0.0
  SINCE SEP 1      0.0                       0.0    0.0      0.0
  SINCE JUL 1      0.0                       0.0    0.0      0.0
  SNOW DEPTH       0

DEGREE DAYS
 HEATING
  YESTERDAY       14                        10      4        0
  MONTH TO DATE  140                       178    -38      197
  SINCE SEP 1    150                       204    -54      205
  SINCE JUL 1    150                       204    -54      205

 COOLING
  YESTERDAY        0                         1     -1        3
  MONTH TO DATE   76                        48     28       71
  SINCE SEP 1    291                       268     23      308
  SINCE JAN 1   1608                      1691    -83     1592
..................................................................


WIND (MPH)
  HIGHEST WIND SPEED     7   HIGHEST WIND DIRECTION     S (160)
  HIGHEST GUST SPEED     9   HIGHEST GUST DIRECTION     S (160)
  AVERAGE WIND SPEED     1.7


SKY COVER
  POSSIBLE SUNSHINE  MM
  AVERAGE SKY COVER 0.2


WEATHER CONDITIONS
 THE FOLLOWING WEATHER WAS RECORDED YESTERDAY.
  RAIN
  LIGHT RAIN
  FOG


RELATIVE HUMIDITY (PERCENT)
 HIGHEST    93           100 AM
 LOWEST     32           400 PM
 AVERAGE    63

..........................................................


THE JACKSON CLIMATE NORMALS FOR TODAY
                         NORMAL    RECORD    YEAR
 MAXIMUM TEMPERATURE (F)   68        86      1984
 MINIMUM TEMPERATURE (F)   44        27      1980


SUNRISE AND SUNSET
OCTOBER 31 2014.......SUNRISE   717 AM CDT   SUNSET   601 PM CDT
NOVEMBER  1 2014......SUNRISE   718 AM CDT   SUNSET   600 PM CDT


-  INDICATES NEGATIVE NUMBERS.
R  INDICATES RECORD WAS SET OR TIED.
MM INDICATES DATA IS MISSING.
T  INDICATES TRACE AMOUNT.




$$
