000
CDUS44 KMEG 210742
CLIMKL


CLIMATE REPORT
NATIONAL WEATHER SERVICE MEMPHIS TN
142 AM CST SAT JAN 21 2017


...................................

...THE JACKSON CLIMATE SUMMARY FOR JANUARY 20 2017...

CLIMATE NORMAL PERIOD 1981 TO 2010
CLIMATE RECORD PERIOD 1948 TO 2017


WEATHER ITEM   OBSERVED TIME   RECORD YEAR NORMAL DEPARTURE LAST
                VALUE   (LST)  VALUE       VALUE  FROM      YEAR
                                                  NORMAL
..................................................................
TEMPERATURE (F)
 YESTERDAY
  MAXIMUM         66    357 PM  70    1951  48     18       35
  MINIMUM         54    428 AM -10    1985  28     26       31
  AVERAGE         60                        38     22       33

PRECIPITATION (IN)
  YESTERDAY        0.00          3.17 1954   0.14  -0.14     0.21
  MONTH TO DATE    2.74                      2.56   0.18     1.66
  SINCE DEC 1      9.92                      7.91   2.01     6.81
  SINCE JAN 1      2.74                      2.56   0.18     1.66

DEGREE DAYS
 HEATING
  YESTERDAY        5                        27    -22       32
  MONTH TO DATE  383                       540   -157      584
  SINCE DEC 1   1095                      1291   -196     1027
  SINCE JUL 1   1479                      1958   -479     1502

 COOLING
  YESTERDAY        0                         0      0        0
  MONTH TO DATE    0                         0      0        0
  SINCE DEC 1      2                         1      1        9
  SINCE JAN 1      0                         0      0        0
..................................................................


WIND (MPH)
  HIGHEST WIND SPEED    18   HIGHEST WIND DIRECTION     S (190)
  HIGHEST GUST SPEED    26   HIGHEST GUST DIRECTION     S (180)
  AVERAGE WIND SPEED     8.7


SKY COVER
  POSSIBLE SUNSHINE  MM
  AVERAGE SKY COVER 0.6


WEATHER CONDITIONS
 THE FOLLOWING WEATHER WAS RECORDED YESTERDAY.
  NO SIGNIFICANT WEATHER WAS OBSERVED.


RELATIVE HUMIDITY (PERCENT)
 HIGHEST   100          1200 AM
 LOWEST     67           500 PM
 AVERAGE    84

..........................................................


THE JACKSON CLIMATE NORMALS FOR TODAY
                         NORMAL    RECORD    YEAR
 MAXIMUM TEMPERATURE (F)   48        75      1986
 MINIMUM TEMPERATURE (F)   28        -8      1985


SUNRISE AND SUNSET
JANUARY 21 2017.......SUNRISE   702 AM CST   SUNSET   512 PM CST
JANUARY 22 2017.......SUNRISE   702 AM CST   SUNSET   513 PM CST


-  INDICATES NEGATIVE NUMBERS.
R  INDICATES RECORD WAS SET OR TIED.
MM INDICATES DATA IS MISSING.
T  INDICATES TRACE AMOUNT.




$$
