000
CDUS44 KMEG 030739
CLIMKL


CLIMATE REPORT
NATIONAL WEATHER SERVICE MEMPHIS TN
138 AM CST TUE MAR 3 2015


...................................

...THE JACKSON CLIMATE SUMMARY FOR MARCH 2 2015...

CLIMATE NORMAL PERIOD 1981 TO 2010
CLIMATE RECORD PERIOD 1948 TO 2015


WEATHER ITEM   OBSERVED TIME   RECORD YEAR NORMAL DEPARTURE LAST
                VALUE   (LST)  VALUE       VALUE  FROM      YEAR
                                                  NORMAL
..................................................................
TEMPERATURE (F)
 YESTERDAY
  MAXIMUM         48    208 PM  82    2012  58    -10       61
  MINIMUM         32    708 AM  10    1980  36     -4       31
  AVERAGE         40                        47     -7       46

PRECIPITATION (IN)
  YESTERDAY        0.00          2.75 2014   0.14  -0.14     2.75
  MONTH TO DATE    0.54                      0.28   0.26     2.75
  SINCE MAR 1      0.54                      0.28   0.26     2.75
  SINCE JAN 1      6.43                      8.52  -2.09    10.91

SNOWFALL (IN)
  YESTERDAY        0.0           0.8  1972   0.0    0.0       T
  MONTH TO DATE    0.0                       0.0    0.0       T
  SINCE MAR 1      0.0                       0.0    0.0       T
  SINCE JUL 1      1.5                       4.2   -2.7      0.5
  SNOW DEPTH       0

DEGREE DAYS
 HEATING
  YESTERDAY       25                        18      7       19
  MONTH TO DATE   47                        37     10       30
  SINCE MAR 1     47                        37     10       30
  SINCE JUL 1   3220                      2921    299     3326

 COOLING
  YESTERDAY        0                         0      0        0
  MONTH TO DATE    0                         0      0        0
  SINCE MAR 1      0                         0      0        0
  SINCE JAN 1      0                         1     -1        0
..................................................................


WIND (MPH)
  HIGHEST WIND SPEED    17   HIGHEST WIND DIRECTION    NE (60)
  HIGHEST GUST SPEED    21   HIGHEST GUST DIRECTION     N (10)
  AVERAGE WIND SPEED     7.4


SKY COVER
  POSSIBLE SUNSHINE  MM
  AVERAGE SKY COVER 0.9


WEATHER CONDITIONS
 THE FOLLOWING WEATHER WAS RECORDED YESTERDAY.
  FOG


RELATIVE HUMIDITY (PERCENT)
 HIGHEST    92          1200 AM
 LOWEST     45           300 PM
 AVERAGE    69

..........................................................


THE JACKSON CLIMATE NORMALS FOR TODAY
                         NORMAL    RECORD    YEAR
 MAXIMUM TEMPERATURE (F)   58        80      1976
 MINIMUM TEMPERATURE (F)   36         9      1980


SUNRISE AND SUNSET
MARCH  3 2015.........SUNRISE   623 AM CST   SUNSET   552 PM CST
MARCH  4 2015.........SUNRISE   622 AM CST   SUNSET   553 PM CST


-  INDICATES NEGATIVE NUMBERS.
R  INDICATES RECORD WAS SET OR TIED.
MM INDICATES DATA IS MISSING.
T  INDICATES TRACE AMOUNT.




$$
