000
CDUS44 KMEG 042151
CLIMKL


CLIMATE REPORT
NATIONAL WEATHER SERVICE MEMPHIS TN
451 PM CDT WED MAY 4 2016


...................................

...THE JACKSON CLIMATE SUMMARY FOR MAY 4 2016...
VALID TODAY AS OF 0400 PM LOCAL TIME.

CLIMATE NORMAL PERIOD 1981 TO 2010
CLIMATE RECORD PERIOD 1948 TO 2016


WEATHER ITEM   OBSERVED TIME   RECORD YEAR NORMAL DEPARTURE LAST
                VALUE   (LST)  VALUE       VALUE  FROM      YEAR
                                                  NORMAL
..................................................................
TEMPERATURE (F)
 TODAY
  MAXIMUM         75    248 PM  91    1952  77     -2       84
  MINIMUM         47    300 AM  34    2013  54     -7       58
  AVERAGE         61                        65     -4       71

PRECIPITATION (IN)
  TODAY            0.00          2.11 1953   0.19  -0.19     0.00
  MONTH TO DATE    0.76                      0.76   0.00     0.00
  SINCE MAR 1     15.25                     10.37   4.88    10.00
  SINCE JAN 1     20.87                     18.61   2.26    15.89

SNOWFALL (IN)
  TODAY            0.0

DEGREE DAYS
 HEATING
  TODAY            4                         3      1        0
  MONTH TO DATE   16                        12      4       16
  SINCE MAR 1    463                       654   -191      641
  SINCE JUL 1   2831                      3538   -707     3814

 COOLING
  TODAY            0                         3     -3        6
  MONTH TO DATE    7                        12     -5        6
  SINCE MAR 1     51                        70    -19       67
  SINCE JAN 1     51                        71    -20       67
..................................................................


WIND (MPH)
  HIGHEST WIND SPEED    23   HIGHEST WIND DIRECTION     N (340)
  HIGHEST GUST SPEED    32   HIGHEST GUST DIRECTION     N (340)
  AVERAGE WIND SPEED    10.2


SKY COVER
  POSSIBLE SUNSHINE  MM
  AVERAGE SKY COVER 0.2


WEATHER CONDITIONS
 THE FOLLOWING WEATHER WAS RECORDED TODAY.
  NO SIGNIFICANT WEATHER WAS OBSERVED.


RELATIVE HUMIDITY (PERCENT)
 HIGHEST    93           200 AM
 LOWEST     38           300 PM
 AVERAGE    66

..........................................................


THE JACKSON CLIMATE NORMALS FOR TOMORROW
                         NORMAL    RECORD    YEAR
 MAXIMUM TEMPERATURE (F)   77        94      1952
 MINIMUM TEMPERATURE (F)   54        40      2005
                                             1957


SUNRISE AND SUNSET
MAY  4 2016...........SUNRISE   600 AM CDT   SUNSET   745 PM CDT
MAY  5 2016...........SUNRISE   559 AM CDT   SUNSET   746 PM CDT


-  INDICATES NEGATIVE NUMBERS.
R  INDICATES RECORD WAS SET OR TIED.
MM INDICATES DATA IS MISSING.
T  INDICATES TRACE AMOUNT.




$$
