000
CDUS44 KMEG 230734
CLIMKL


CLIMATE REPORT
NATIONAL WEATHER SERVICE MEMPHIS TN
133 AM CST TUE JAN 23 2018


...................................

...THE JACKSON CLIMATE SUMMARY FOR JANUARY 22 2018...

CLIMATE NORMAL PERIOD 1981 TO 2010
CLIMATE RECORD PERIOD 1948 TO 2018


WEATHER ITEM   OBSERVED TIME   RECORD YEAR NORMAL DEPARTURE LAST
                VALUE   (LST)  VALUE       VALUE  FROM      YEAR
                                                  NORMAL
..................................................................
TEMPERATURE (F)
 YESTERDAY
  MAXIMUM         65    244 PM  71    1974  48     17       60
  MINIMUM         46   1159 PM   1    1984  28     18       55
  AVERAGE         56                        38     18       58

PRECIPITATION (IN)
  YESTERDAY        0.61          4.17 1962   0.13   0.48     0.18
  MONTH TO DATE    3.04                      2.82   0.22     2.92
  SINCE DEC 1      9.65                      8.17   1.48    10.10
  SINCE JAN 1      3.04                      2.82   0.22     2.92

DEGREE DAYS
 HEATING
  YESTERDAY        9                        27    -18        7
  MONTH TO DATE  716                       594    122      392
  SINCE DEC 1   1476                      1345    131     1104
  SINCE JUL 1   2077                      2012     65     1488

 COOLING
  YESTERDAY        0                         0      0        0
  MONTH TO DATE    0                         0      0        0
  SINCE DEC 1      0                         1     -1        2
  SINCE JAN 1      0                         0      0        0
..................................................................


WIND (MPH)
  HIGHEST WIND SPEED    26   HIGHEST WIND DIRECTION    SW (240)
  HIGHEST GUST SPEED    41   HIGHEST GUST DIRECTION    SW (240)
  AVERAGE WIND SPEED    14.2


SKY COVER
  POSSIBLE SUNSHINE  MM
  AVERAGE SKY COVER 0.5


WEATHER CONDITIONS
 THE FOLLOWING WEATHER WAS RECORDED YESTERDAY.
  THUNDERSTORM
  HEAVY RAIN
  RAIN
  LIGHT RAIN
  FOG


RELATIVE HUMIDITY (PERCENT)
 HIGHEST    93           800 AM
 LOWEST     34           300 PM
 AVERAGE    64

..........................................................


THE JACKSON CLIMATE NORMALS FOR TODAY
                         NORMAL    RECORD    YEAR
 MAXIMUM TEMPERATURE (F)   48        73      1967
 MINIMUM TEMPERATURE (F)   28       -11      1963


SUNRISE AND SUNSET
JANUARY 23 2018.......SUNRISE   701 AM CST   SUNSET   514 PM CST
JANUARY 24 2018.......SUNRISE   701 AM CST   SUNSET   515 PM CST


-  INDICATES NEGATIVE NUMBERS.
R  INDICATES RECORD WAS SET OR TIED.
MM INDICATES DATA IS MISSING.
T  INDICATES TRACE AMOUNT.




$$
