000
CDUS44 KMEG 270638
CLIMKL


CLIMATE REPORT
NATIONAL WEATHER SERVICE MEMPHIS TN
138 AM CDT SAT MAY 27 2017


...................................

...THE JACKSON CLIMATE SUMMARY FOR MAY 26 2017...

CLIMATE NORMAL PERIOD 1981 TO 2010
CLIMATE RECORD PERIOD 1948 TO 2017


WEATHER ITEM   OBSERVED TIME   RECORD YEAR NORMAL DEPARTURE LAST
                VALUE   (LST)  VALUE       VALUE  FROM      YEAR
                                                  NORMAL
..................................................................
TEMPERATURE (F)
 YESTERDAY
  MAXIMUM         88    247 PM  94    1978  82      6       89
  MINIMUM         57    448 AM  46    1988  60     -3       66
                                      1979
                                      1961
  AVERAGE         73                        71      2       78

PRECIPITATION (IN)
  YESTERDAY        0.00          2.90 2006   0.18  -0.18     0.46
  MONTH TO DATE    1.92                      4.77  -2.85     3.77
  SINCE MAR 1     15.37                     14.38   0.99    19.62
  SINCE JAN 1     20.20                     22.62  -2.42    25.24

DEGREE DAYS
 HEATING
  YESTERDAY        0                         1     -1        0
  MONTH TO DATE   42                        45     -3       64
  SINCE MAR 1    480                       687   -207      511
  SINCE JUL 1   2520                      3571  -1051     2879

 COOLING
  YESTERDAY        8                         7      1       13
  MONTH TO DATE  116                       120     -4       84
  SINCE MAR 1    218                       178     40      128
  SINCE JAN 1    220                       179     41      128
..................................................................


WIND (MPH)
  HIGHEST WIND SPEED    26   HIGHEST WIND DIRECTION     S (200)
  HIGHEST GUST SPEED    35   HIGHEST GUST DIRECTION     S (200)
  AVERAGE WIND SPEED    10.0


SKY COVER
  POSSIBLE SUNSHINE  MM
  AVERAGE SKY COVER 0.2


WEATHER CONDITIONS
 THE FOLLOWING WEATHER WAS RECORDED YESTERDAY.
  NO SIGNIFICANT WEATHER WAS OBSERVED.


RELATIVE HUMIDITY (PERCENT)
 HIGHEST    93          1200 AM
 LOWEST     36           200 PM
 AVERAGE    65

..........................................................


THE JACKSON CLIMATE NORMALS FOR TODAY
                         NORMAL    RECORD    YEAR
 MAXIMUM TEMPERATURE (F)   83        96      1964
 MINIMUM TEMPERATURE (F)   60        39      1961


SUNRISE AND SUNSET
MAY 27 2017...........SUNRISE   543 AM CDT   SUNSET   803 PM CDT
MAY 28 2017...........SUNRISE   543 AM CDT   SUNSET   804 PM CDT


-  INDICATES NEGATIVE NUMBERS.
R  INDICATES RECORD WAS SET OR TIED.
MM INDICATES DATA IS MISSING.
T  INDICATES TRACE AMOUNT.




$$
