000
CDUS44 KMEG 250750
CLIMKL


CLIMATE REPORT
NATIONAL WEATHER SERVICE MEMPHIS TN
150 AM CST SUN JAN 25 2015


...................................

...THE JACKSON CLIMATE SUMMARY FOR JANUARY 24 2015...

CLIMATE NORMAL PERIOD 1981 TO 2010
CLIMATE RECORD PERIOD 1948 TO 2015


WEATHER ITEM   OBSERVED TIME   RECORD YEAR NORMAL DEPARTURE LAST
                VALUE   (LST)  VALUE       VALUE  FROM      YEAR
                                                  NORMAL
..................................................................
TEMPERATURE (F)
 YESTERDAY
  MAXIMUM         55    330 PM  78    1972  48      7       31
  MINIMUM         25    714 AM -13    1963  28     -3        2
  AVERAGE         40                        38      2       17

PRECIPITATION (IN)
  YESTERDAY        0.00          2.54 2002   0.14  -0.14     0.00
  MONTH TO DATE    0.58                      3.09  -2.51     3.01
  SINCE DEC 1      3.66                      8.44  -4.78     7.81
  SINCE JAN 1      0.58                      3.09  -2.51     3.01

SNOWFALL (IN)
  YESTERDAY        0.0           2.4  1958   0.1   -0.1      0.0
  MONTH TO DATE    T                         1.8   -1.8       T
  SINCE DEC 1      T                         2.0   -2.0       T
  SINCE JUL 1      0.1                       2.1   -2.0       T
  SNOW DEPTH       0

DEGREE DAYS
 HEATING
  YESTERDAY       25                        27     -2       48
  MONTH TO DATE  673                       648     25      758
  SINCE DEC 1   1328                      1399    -71     1525
  SINCE JUL 1   2120                      2066     54     2315

 COOLING
  YESTERDAY        0                         0      0        0
  MONTH TO DATE    0                         0      0        0
  SINCE DEC 1      0                         1     -1        8
  SINCE JAN 1      0                         0      0        0
..................................................................


WIND (MPH)
  HIGHEST WIND SPEED    18   HIGHEST WIND DIRECTION     W (250)
  HIGHEST GUST SPEED    24   HIGHEST GUST DIRECTION     W (270)
  AVERAGE WIND SPEED     8.4


SKY COVER
  POSSIBLE SUNSHINE  MM
  AVERAGE SKY COVER 0.1


WEATHER CONDITIONS
 THE FOLLOWING WEATHER WAS RECORDED YESTERDAY.
  FOG
  FOG W/VISIBILITY <= 1/4 MILE


RELATIVE HUMIDITY (PERCENT)
 HIGHEST    92          1200 AM
 LOWEST     35           300 PM
 AVERAGE    64

..........................................................


THE JACKSON CLIMATE NORMALS FOR TODAY
                         NORMAL    RECORD    YEAR
 MAXIMUM TEMPERATURE (F)   49        77      1950
 MINIMUM TEMPERATURE (F)   28        -1      1963


SUNRISE AND SUNSET
JANUARY 25 2015.......SUNRISE   700 AM CST   SUNSET   516 PM CST
JANUARY 26 2015.......SUNRISE   700 AM CST   SUNSET   517 PM CST


-  INDICATES NEGATIVE NUMBERS.
R  INDICATES RECORD WAS SET OR TIED.
MM INDICATES DATA IS MISSING.
T  INDICATES TRACE AMOUNT.




$$
