000
CDUS42 KMLB 032019
CLIMLB


CLIMATE REPORT
NATIONAL WEATHER SERVICE MELBOURNE FL
418 PM EDT WED JUN 3 2015


...................................

...THE MELBOURNE CLIMATE SUMMARY FOR JUNE 3 2015...
VALID TODAY AS OF 0400 PM LOCAL TIME.

CLIMATE NORMAL PERIOD 1981 TO 2010
CLIMATE RECORD PERIOD 1939 TO 2015


WEATHER ITEM   OBSERVED TIME   RECORD YEAR NORMAL DEPARTURE LAST
                VALUE   (LST)  VALUE       VALUE  FROM      YEAR
                                                  NORMAL
..................................................................
TEMPERATURE (F)
 TODAY
  MAXIMUM         84    159 PM  98    1998  88     -4       82
  MINIMUM         69    600 AM  60    1965  71     -2       75
  AVERAGE         77                        79     -2       79

PRECIPITATION (IN)
  TODAY            1.68          2.12 1954   0.19   1.49     0.00
  MONTH TO DATE    2.19                      0.58   1.61     0.43
  SINCE JUN 1      2.19                      0.58   1.61     0.43
  SINCE JAN 1     15.04                     14.08   0.96    16.65

SNOWFALL (IN)
  TODAY            0.0
  MONTH TO DATE    0.0
  SINCE JUL 1      0.0

DEGREE DAYS
 HEATING
  TODAY            0                         0      0        0
  MONTH TO DATE    0                         0      0        0
  SINCE JUN 1      0                         0      0        0
  SINCE JUL 1    424                       577   -153      358

 COOLING
  TODAY           12                        14     -2       14
  MONTH TO DATE   36                        42     -6       43
  SINCE JUN 1     36                        42     -6       43
  SINCE JAN 1   1148                       768    380      936
..................................................................


WIND (MPH)
  HIGHEST WIND SPEED    16   HIGHEST WIND DIRECTION     W (250)
  HIGHEST GUST SPEED    22   HIGHEST GUST DIRECTION    SE (120)
  AVERAGE WIND SPEED     5.8


SKY COVER
  AVERAGE SKY COVER 0.7


WEATHER CONDITIONS
 THE FOLLOWING WEATHER WAS RECORDED TODAY.
  THUNDERSTORM
  HEAVY RAIN
  RAIN
  LIGHT RAIN
  FOG


RELATIVE HUMIDITY (PERCENT)
 HIGHEST   100           300 AM
 LOWEST     63           200 PM
 AVERAGE    82

..........................................................


THE MELBOURNE CLIMATE NORMALS FOR TOMORROW
                         NORMAL    RECORD    YEAR
 MAXIMUM TEMPERATURE (F)   88        99      1998
 MINIMUM TEMPERATURE (F)   71        61      1965


SUNRISE AND SUNSET
JUNE  3 2015..........SUNRISE   626 AM EDT   SUNSET   816 PM EDT
JUNE  4 2015..........SUNRISE   626 AM EDT   SUNSET   816 PM EDT


-  INDICATES NEGATIVE NUMBERS.
R  INDICATES RECORD WAS SET OR TIED.
MM INDICATES DATA IS MISSING.
T  INDICATES TRACE AMOUNT.




$$
