000
CDUS42 KMLB 180635
CLIMLB


CLIMATE REPORT
NATIONAL WEATHER SERVICE MELBOURNE FL
235 AM EDT THU SEP 18 2014


...................................

...THE MELBOURNE CLIMATE SUMMARY FOR SEPTEMBER 17 2014...

CLIMATE NORMAL PERIOD 1981 TO 2010
CLIMATE RECORD PERIOD 1939 TO 2014


WEATHER ITEM   OBSERVED TIME   RECORD YEAR NORMAL DEPARTURE LAST
                VALUE   (LST)  VALUE       VALUE  FROM      YEAR
                                                  NORMAL
..................................................................
TEMPERATURE (F)
 YESTERDAY
  MAXIMUM         90   1149 AM  97    1938  88      2       89
  MINIMUM         74    329 AM  64    1983  73      1       77
  AVERAGE         82                        81      1       83

PRECIPITATION (IN)
  YESTERDAY        T             3.50 1961   0.27  -0.27     0.04
  MONTH TO DATE    1.47                      4.31  -2.84     1.54
  SINCE SEP 1      1.47                      4.31  -2.84     1.54
  SINCE JAN 1     39.30                     38.16   1.14    32.73

SNOWFALL (IN)
  YESTERDAY        0.0
  MONTH TO DATE    0.0
  SINCE JUL 1      0.0

DEGREE DAYS
 HEATING
  YESTERDAY        0                         0      0        0
  MONTH TO DATE    0                         0      0        0
  SINCE SEP 1      0                         0      0        0
  SINCE JUL 1      0                         0      0        0

 COOLING
  YESTERDAY       17                        16      1       18
  MONTH TO DATE  286                       272     14      292
  SINCE SEP 1    286                       272     14      292
  SINCE JAN 1   2773                      2498    275     2741
..................................................................


WIND (MPH)
  HIGHEST WIND SPEED    15   HIGHEST WIND DIRECTION     W (260)
  HIGHEST GUST SPEED    19   HIGHEST GUST DIRECTION     W (290)
  AVERAGE WIND SPEED     7.7


SKY COVER
  AVERAGE SKY COVER 0.2


WEATHER CONDITIONS
 THE FOLLOWING WEATHER WAS RECORDED YESTERDAY.
  LIGHT RAIN


RELATIVE HUMIDITY (PERCENT)
 HIGHEST    94           800 AM
 LOWEST     65          1100 AM
 AVERAGE    80

..........................................................


THE MELBOURNE CLIMATE NORMALS FOR TODAY
                         NORMAL    RECORD    YEAR
 MAXIMUM TEMPERATURE (F)   88        93      1962
 MINIMUM TEMPERATURE (F)   73        63      1985


SUNRISE AND SUNSET
SEPTEMBER 18 2014.....SUNRISE   709 AM EDT   SUNSET   724 PM EDT
SEPTEMBER 19 2014.....SUNRISE   710 AM EDT   SUNSET   723 PM EDT


-  INDICATES NEGATIVE NUMBERS.
R  INDICATES RECORD WAS SET OR TIED.
MM INDICATES DATA IS MISSING.
T  INDICATES TRACE AMOUNT.




$$
