000
CDUS42 KMLB 180646
CLIMLB


CLIMATE REPORT
NATIONAL WEATHER SERVICE MELBOURNE FL
134 AM EST WED JAN 18 2017


...................................

...THE MELBOURNE CLIMATE SUMMARY FOR JANUARY 17 2017...

CLIMATE NORMAL PERIOD 1981 TO 2010
CLIMATE RECORD PERIOD 1939 TO 2017


WEATHER ITEM   OBSERVED TIME   RECORD YEAR NORMAL DEPARTURE LAST
                VALUE   (LST)  VALUE       VALUE  FROM      YEAR
                                                  NORMAL
..................................................................
TEMPERATURE (F)
 YESTERDAY
  MAXIMUM         79    222 PM  84    2013  71      8       75
                                      1943
  MINIMUM         57    737 AM  31    1959  49      8       49
  AVERAGE         68                        60      8       62

PRECIPITATION (IN)
  YESTERDAY        0.00          0.87 2016   0.07  -0.07     0.87
  MONTH TO DATE    0.56                      1.20  -0.64     5.66
  SINCE DEC 1      0.88                      3.77  -2.89     9.35
  SINCE JAN 1      0.56                      1.20  -0.64     5.66

SNOWFALL (IN)
  YESTERDAY        0.0
  MONTH TO DATE    0.0
  SINCE JUL 1      0.0

DEGREE DAYS
 HEATING
  YESTERDAY        0                         6     -6        3
  MONTH TO DATE   39                       102    -63       54
  SINCE DEC 1     67                       239   -172       61
  SINCE JUL 1     86                       281   -195       66

 COOLING
  YESTERDAY        3                         1      2        0
  MONTH TO DATE   41                        20     21       31
  SINCE DEC 1    217                        96    121      315
  SINCE JAN 1     41                        20     21       31
..................................................................


WIND (MPH)
  HIGHEST WIND SPEED    17   HIGHEST WIND DIRECTION     E (110)
  HIGHEST GUST SPEED    21   HIGHEST GUST DIRECTION     E (110)
  AVERAGE WIND SPEED     5.8


SKY COVER
  AVERAGE SKY COVER 0.2


WEATHER CONDITIONS
 THE FOLLOWING WEATHER WAS RECORDED YESTERDAY.
  NO SIGNIFICANT WEATHER WAS OBSERVED.


RELATIVE HUMIDITY (PERCENT)
 HIGHEST   100           300 AM
 LOWEST     58          1200 PM
 AVERAGE    79

..........................................................


THE MELBOURNE CLIMATE NORMALS FOR TODAY
                         NORMAL    RECORD    YEAR
 MAXIMUM TEMPERATURE (F)   71        85      1960
 MINIMUM TEMPERATURE (F)   49        24      1977


SUNRISE AND SUNSET
JANUARY 18 2017.......SUNRISE   715 AM EST   SUNSET   552 PM EST
JANUARY 19 2017.......SUNRISE   715 AM EST   SUNSET   552 PM EST


-  INDICATES NEGATIVE NUMBERS.
R  INDICATES RECORD WAS SET OR TIED.
MM INDICATES DATA IS MISSING.
T  INDICATES TRACE AMOUNT.




$$
