000
CDUS42 KMLB 030643
CLIMLB


CLIMATE REPORT
NATIONAL WEATHER SERVICE MELBOURNE FL
142 AM EST TUE MAR 3 2015


...................................

...THE MELBOURNE CLIMATE SUMMARY FOR MARCH 2 2015...

CLIMATE NORMAL PERIOD 1981 TO 2010
CLIMATE RECORD PERIOD 1939 TO 2015


WEATHER ITEM   OBSERVED TIME   RECORD YEAR NORMAL DEPARTURE LAST
                VALUE   (LST)  VALUE       VALUE  FROM      YEAR
                                                  NORMAL
..................................................................
TEMPERATURE (F)
 YESTERDAY
  MAXIMUM         77    120 PM  92    2007  75      2       78
  MINIMUM         64    945 AM  30    1968  54     10       55
  AVERAGE         71                        64      7       67

PRECIPITATION (IN)
  YESTERDAY        0.00          1.04 1943   0.09  -0.09     0.00
  MONTH TO DATE    T                         0.19  -0.19     0.00
  SINCE MAR 1      T                         0.19  -0.19     0.00
  SINCE JAN 1      6.11                      4.99   1.12     7.06

SNOWFALL (IN)
  YESTERDAY        0.0
  MONTH TO DATE    0.0
  SINCE JUL 1      0.0

DEGREE DAYS
 HEATING
  YESTERDAY        0                         3     -3        0
  MONTH TO DATE    0                         6     -6        1
  SINCE MAR 1      0                         6     -6        1
  SINCE JUL 1    410                       495    -85      307

 COOLING
  YESTERDAY        6                         3      3        2
  MONTH TO DATE   14                         5      9        2
  SINCE MAR 1     14                         5      9        2
  SINCE JAN 1    112                       103      9      170
..................................................................


WIND (MPH)
  HIGHEST WIND SPEED    14   HIGHEST WIND DIRECTION    NE (50)
  HIGHEST GUST SPEED    16   HIGHEST GUST DIRECTION    NE (40)
  AVERAGE WIND SPEED     5.3


SKY COVER
  AVERAGE SKY COVER 0.5


WEATHER CONDITIONS
 THE FOLLOWING WEATHER WAS RECORDED YESTERDAY.
  FOG
  FOG W/VISIBILITY <= 1/4 MILE


RELATIVE HUMIDITY (PERCENT)
 HIGHEST   100           200 AM
 LOWEST     73           300 PM
 AVERAGE    87

..........................................................


THE MELBOURNE CLIMATE NORMALS FOR TODAY
                         NORMAL    RECORD    YEAR
 MAXIMUM TEMPERATURE (F)   75        90      2001
 MINIMUM TEMPERATURE (F)   54        25      1980


SUNRISE AND SUNSET
MARCH  3 2015.........SUNRISE   645 AM EST   SUNSET   624 PM EST
MARCH  4 2015.........SUNRISE   644 AM EST   SUNSET   625 PM EST


-  INDICATES NEGATIVE NUMBERS.
R  INDICATES RECORD WAS SET OR TIED.
MM INDICATES DATA IS MISSING.
T  INDICATES TRACE AMOUNT.




$$
