000
CDUS42 KMLB 220628
CLIMLB


CLIMATE REPORT
NATIONAL WEATHER SERVICE MELBOURNE FL
128 AM EST THU FEB 22 2018


...................................

...THE MELBOURNE CLIMATE SUMMARY FOR FEBRUARY 21 2018...

CLIMATE NORMAL PERIOD 1981 TO 2010
CLIMATE RECORD PERIOD 1939 TO 2018


WEATHER ITEM   OBSERVED TIME   RECORD YEAR NORMAL DEPARTURE LAST
                VALUE   (LST)  VALUE       VALUE  FROM      YEAR
                                                  NORMAL
..................................................................
TEMPERATURE (F)
 YESTERDAY
  MAXIMUM         83    201 PM  88    1989  74      9       77
  MINIMUM         75   1159 PM  30    1977  53     22       56
  AVERAGE         79                        63     16       67

PRECIPITATION (IN)
  YESTERDAY        T             0.91 1984   0.09  -0.09     0.00
  MONTH TO DATE    0.21                      1.86  -1.65     0.93
  SINCE DEC 1      4.21                      6.70  -2.49     2.71
  SINCE JAN 1      3.14                      4.13  -0.99     2.39

SNOWFALL (IN)
  YESTERDAY        0.0
  MONTH TO DATE    0.0
  SINCE JUL 1      0.0

DEGREE DAYS
 HEATING
  YESTERDAY        0                         4     -4        0
  MONTH TO DATE    4                        96    -92       30
  SINCE DEC 1    240                       423   -183      159
  SINCE JUL 1    253                       465   -212      178

 COOLING
  YESTERDAY       14                         2     12        2
  MONTH TO DATE  172                        42    130       57
  SINCE DEC 1    394                       162    232      311
  SINCE JAN 1    251                        86    165      135
..................................................................


WIND (MPH)
  HIGHEST WIND SPEED    17   HIGHEST WIND DIRECTION    SE (120)
  HIGHEST GUST SPEED    23   HIGHEST GUST DIRECTION    SE (140)
  AVERAGE WIND SPEED    11.5


SKY COVER
  AVERAGE SKY COVER 0.4


WEATHER CONDITIONS
 THE FOLLOWING WEATHER WAS RECORDED YESTERDAY.
  LIGHT RAIN


RELATIVE HUMIDITY (PERCENT)
 HIGHEST    87           100 AM
 LOWEST     58           300 PM
 AVERAGE    73

..........................................................


THE MELBOURNE CLIMATE NORMALS FOR TODAY
                         NORMAL    RECORD    YEAR
 MAXIMUM TEMPERATURE (F)   74        88      2003
                                             1976
                                             1971
 MINIMUM TEMPERATURE (F)   53        34      1977


SUNRISE AND SUNSET
FEBRUARY 22 2018......SUNRISE   654 AM EST   SUNSET   618 PM EST
FEBRUARY 23 2018......SUNRISE   653 AM EST   SUNSET   619 PM EST


-  INDICATES NEGATIVE NUMBERS.
R  INDICATES RECORD WAS SET OR TIED.
MM INDICATES DATA IS MISSING.
T  INDICATES TRACE AMOUNT.




$$
