000
CDUS42 KMLB 212028
CLIMLB


CLIMATE REPORT
NATIONAL WEATHER SERVICE MELBOURNE FL
427 PM EDT THU AUG 21 2014


...................................

...THE MELBOURNE CLIMATE SUMMARY FOR AUGUST 21 2014...
VALID TODAY AS OF 0400 PM LOCAL TIME.

CLIMATE NORMAL PERIOD 1981 TO 2010
CLIMATE RECORD PERIOD 1939 TO 2014


WEATHER ITEM   OBSERVED TIME   RECORD YEAR NORMAL DEPARTURE LAST
                VALUE   (LST)  VALUE       VALUE  FROM      YEAR
                                                  NORMAL
..................................................................
TEMPERATURE (F)
 TODAY
  MAXIMUM         92   1033 AM  96    2012  90      2       90
  MINIMUM         77    502 AM  68    1972  73      4       78
  AVERAGE         85                        82      3       84

PRECIPITATION (IN)
  TODAY            0.00          2.66 1998   0.24  -0.24     0.20
  MONTH TO DATE    3.61                      5.19  -1.58     1.33
  SINCE JUN 1     20.87                     17.86   3.01    14.98
  SINCE JAN 1     37.09                     31.36   5.73    30.31

SNOWFALL (IN)
  TODAY            0.0
  MONTH TO DATE    0.0
  SINCE JUL 1      0.0

DEGREE DAYS
 HEATING
  TODAY            0                         0      0        0
  MONTH TO DATE    0                         0      0        0
  SINCE JUN 1      0                         0      0        0
  SINCE JUL 1      0                         0      0        0

 COOLING
  TODAY           20                        17      3       19
  MONTH TO DATE  395                       357     38      385
  SINCE JUN 1   1406                      1335     71     1413
  SINCE JAN 1   2299                      2061    238     2274
..................................................................


WIND (MPH)
  HIGHEST WIND SPEED    13   HIGHEST WIND DIRECTION     E (100)
  HIGHEST GUST SPEED    17   HIGHEST GUST DIRECTION     E (110)
  AVERAGE WIND SPEED     4.4


SKY COVER
  AVERAGE SKY COVER 0.2


WEATHER CONDITIONS
 THE FOLLOWING WEATHER WAS RECORDED TODAY.
  THUNDERSTORM


RELATIVE HUMIDITY (PERCENT)
 HIGHEST    97           300 AM
 LOWEST     56          1100 AM
 AVERAGE    77

..........................................................


THE MELBOURNE CLIMATE NORMALS FOR TOMORROW
                         NORMAL    RECORD    YEAR
 MAXIMUM TEMPERATURE (F)   90        96      1993
                                             1982
 MINIMUM TEMPERATURE (F)   73        67      1973


SUNRISE AND SUNSET
AUGUST 21 2014........SUNRISE   656 AM EDT   SUNSET   755 PM EDT
AUGUST 22 2014........SUNRISE   656 AM EDT   SUNSET   754 PM EDT


-  INDICATES NEGATIVE NUMBERS.
R  INDICATES RECORD WAS SET OR TIED.
MM INDICATES DATA IS MISSING.
T  INDICATES TRACE AMOUNT.




$$
