000
CDUS42 KMLB 210628
CLIMLB


CLIMATE REPORT
NATIONAL WEATHER SERVICE MELBOURNE FL
228 AM EDT MON AUG 21 2017


...................................

...THE MELBOURNE CLIMATE SUMMARY FOR AUGUST 20 2017...

CLIMATE NORMAL PERIOD 1981 TO 2010
CLIMATE RECORD PERIOD 1939 TO 2017


WEATHER ITEM   OBSERVED TIME   RECORD YEAR NORMAL DEPARTURE LAST
                VALUE   (LST)  VALUE       VALUE  FROM      YEAR
                                                  NORMAL
..................................................................
TEMPERATURE (F)
 YESTERDAY
  MAXIMUM         87    949 AM  96    1993  90     -3       93
                                      1957
  MINIMUM         79    536 AM  68    1967  73      6       76
                                      1938
  AVERAGE         83                        82      1       85

PRECIPITATION (IN)
  YESTERDAY        0.01          7.97 2008   0.24  -0.23      T
  MONTH TO DATE    3.52                      4.95  -1.43     2.85
  SINCE JUN 1     17.56                     17.62  -0.06    12.85
  SINCE JAN 1     25.90                     31.12  -5.22    34.82

SNOWFALL (IN)
  YESTERDAY        0.0
  MONTH TO DATE    0.0
  SINCE JUL 1      0.0

DEGREE DAYS
 HEATING
  YESTERDAY        0                         0      0        0
  MONTH TO DATE    0                         0      0        0
  SINCE JUN 1      0                         0      0        0
  SINCE JUL 1      0                         0      0        0

 COOLING
  YESTERDAY       18                        17      1       20
  MONTH TO DATE  397                       340     57      385
  SINCE JUN 1   1523                      1318    205     1506
  SINCE JAN 1   2670                      2044    626     2439
..................................................................


WIND (MPH)
  HIGHEST WIND SPEED    15   HIGHEST WIND DIRECTION     E (110)
  HIGHEST GUST SPEED    20   HIGHEST GUST DIRECTION     E (110)
  AVERAGE WIND SPEED     6.1


SKY COVER
  AVERAGE SKY COVER 0.3


WEATHER CONDITIONS
 THE FOLLOWING WEATHER WAS RECORDED YESTERDAY.
  LIGHT RAIN


RELATIVE HUMIDITY (PERCENT)
 HIGHEST    97           400 AM
 LOWEST     70           600 PM
 AVERAGE    84

..........................................................


THE MELBOURNE CLIMATE NORMALS FOR TODAY
                         NORMAL    RECORD    YEAR
 MAXIMUM TEMPERATURE (F)   90        96      2012
 MINIMUM TEMPERATURE (F)   73        68      1972


SUNRISE AND SUNSET
AUGUST 21 2017........SUNRISE   656 AM EDT   SUNSET   755 PM EDT
AUGUST 22 2017........SUNRISE   656 AM EDT   SUNSET   754 PM EDT


-  INDICATES NEGATIVE NUMBERS.
R  INDICATES RECORD WAS SET OR TIED.
MM INDICATES DATA IS MISSING.
T  INDICATES TRACE AMOUNT.




$$
