000
CDUS43 KDVN 182125
CLIMLI


CLIMATE REPORT
NATIONAL WEATHER SERVICE QUAD CITIES IA IL
423 PM CDT THU SEP 18 2014


...................................

...THE MOLINE IL CLIMATE SUMMARY FOR SEPTEMBER 18 2014...
VALID TODAY AS OF 0400 PM LOCAL TIME.

CLIMATE NORMAL PERIOD 1981 TO 2010
CLIMATE RECORD PERIOD 1872 TO 2014


WEATHER ITEM   OBSERVED TIME   RECORD YEAR NORMAL DEPARTURE LAST
                VALUE   (LST)  VALUE       VALUE  FROM      YEAR
                                                  NORMAL
..................................................................
TEMPERATURE (F)
 TODAY
  MAXIMUM         75    159 PM  92    2007  76     -1       87
                                      1954
                                      1947
  MINIMUM         45    611 AM  35    1929  53     -8       60
  AVERAGE         60                        64     -4       74

PRECIPITATION (IN)
  TODAY            0.00          3.73 1874   0.10  -0.10     0.05
  MONTH TO DATE    5.56                      1.93   3.63     0.56
  SINCE SEP 1      5.56                      1.93   3.63     0.56
  SINCE JAN 1     34.13                     29.09   5.04    33.17

SNOWFALL (IN)
  TODAY            0.0          MM      MM   0.0    0.0      0.0
  MONTH TO DATE    0.0                       0.0    0.0      0.0
  SINCE SEP 1      0.0                       0.0    0.0      0.0
  SINCE JUL 1      0.0                       0.0    0.0      0.0
  SNOW DEPTH       0

DEGREE DAYS
 HEATING
  TODAY            5                         3      2        0
  MONTH TO DATE   89                        31     58       33
  SINCE SEP 1     89                        31     58       33
  SINCE JUL 1     94                        39     55       44

 COOLING
  TODAY            0                         3     -3        9
  MONTH TO DATE   49                        83    -34      135
  SINCE SEP 1     49                        83    -34      135
  SINCE JAN 1    815                       966   -151      949
..................................................................


WIND (MPH)
  HIGHEST WIND SPEED    12   HIGHEST WIND DIRECTION     E (100)
  HIGHEST GUST SPEED    19   HIGHEST GUST DIRECTION     E (90)
  AVERAGE WIND SPEED     3.6


SKY COVER
  POSSIBLE SUNSHINE  MM
  AVERAGE SKY COVER 0.1


WEATHER CONDITIONS
 THE FOLLOWING WEATHER WAS RECORDED TODAY.
  FOG
  HAZE


RELATIVE HUMIDITY (PERCENT)
 HIGHEST   100          1200 AM
 LOWEST     46           100 PM
 AVERAGE    73

..........................................................


THE MOLINE IL CLIMATE NORMALS FOR TOMORROW
                         NORMAL    RECORD    YEAR
 MAXIMUM TEMPERATURE (F)   76        93      2013
                                             1948
 MINIMUM TEMPERATURE (F)   52        34      1991


SUNRISE AND SUNSET
SEPTEMBER 18 2014.....SUNRISE   645 AM CDT   SUNSET   706 PM CDT
SEPTEMBER 19 2014.....SUNRISE   646 AM CDT   SUNSET   704 PM CDT


-  INDICATES NEGATIVE NUMBERS.
R  INDICATES RECORD WAS SET OR TIED.
MM INDICATES DATA IS MISSING.
T  INDICATES TRACE AMOUNT.




$$
