000
CDUS43 KDVN 241038
CLIMLI


CLIMATE REPORT
NATIONAL WEATHER SERVICE QUAD CITIES IA IL
436 AM CST MON NOV 24 2014


...................................

...THE MOLINE IL CLIMATE SUMMARY FOR NOVEMBER 23 2014...

CLIMATE NORMAL PERIOD 1981 TO 2010
CLIMATE RECORD PERIOD 1872 TO 2014


WEATHER ITEM   OBSERVED TIME   RECORD YEAR NORMAL DEPARTURE LAST
                VALUE   (LST)  VALUE       VALUE  FROM      YEAR
                                                  NORMAL
..................................................................
TEMPERATURE (F)
 YESTERDAY
  MAXIMUM         53    331 PM  68    1931  45      8       25
  MINIMUM         45   1159 PM   3    1950  27     18       13
  AVERAGE         49                        36     13       19

PRECIPITATION (IN)
  YESTERDAY        0.74R         0.49 1927   0.08   0.66     0.00
  MONTH TO DATE    1.30                      1.98  -0.68     1.22
  SINCE SEP 1      9.73                      8.04   1.69     5.41
  SINCE JAN 1     38.30                     35.20   3.10    38.02

SNOWFALL (IN)
  YESTERDAY        0.0          MM      MM   0.1   -0.1      0.0
  MONTH TO DATE    2.1                       0.6    1.5      0.6
  SINCE SEP 1      2.1                       0.6    1.5      1.0
  SINCE JUL 1      2.1                       0.6    1.5      1.0
  SNOW DEPTH       0

DEGREE DAYS
 HEATING
  YESTERDAY       16                        29    -13       46
  MONTH TO DATE  714                       530    184      573
  SINCE SEP 1   1239                      1004    235     1061
  SINCE JUL 1   1244                      1012    232     1072

 COOLING
  YESTERDAY        0                         0      0        0
  MONTH TO DATE    0                         0      0        0
  SINCE SEP 1     73                       120    -47      184
  SINCE JAN 1    839                      1003   -164      998
..................................................................


WIND (MPH)
  HIGHEST WIND SPEED    22   HIGHEST WIND DIRECTION    NW (300)
  HIGHEST GUST SPEED    29   HIGHEST GUST DIRECTION    NW (300)
  AVERAGE WIND SPEED     9.2


SKY COVER
  POSSIBLE SUNSHINE  MM
  AVERAGE SKY COVER 1.0


WEATHER CONDITIONS
 THE FOLLOWING WEATHER WAS RECORDED YESTERDAY.
  HEAVY RAIN
  RAIN
  LIGHT RAIN
  FOG


RELATIVE HUMIDITY (PERCENT)
 HIGHEST   100           400 PM
 LOWEST     83           100 AM
 AVERAGE    92

..........................................................


THE MOLINE IL CLIMATE NORMALS FOR TODAY
                         NORMAL    RECORD    YEAR
 MAXIMUM TEMPERATURE (F)   44        66      1966
 MINIMUM TEMPERATURE (F)   27        -2      1950


SUNRISE AND SUNSET
NOVEMBER 24 2014......SUNRISE   701 AM CST   SUNSET   436 PM CST
NOVEMBER 25 2014......SUNRISE   702 AM CST   SUNSET   436 PM CST


-  INDICATES NEGATIVE NUMBERS.
R  INDICATES RECORD WAS SET OR TIED.
MM INDICATES DATA IS MISSING.
T  INDICATES TRACE AMOUNT.




$$
