000
CDUS43 KDVN 260908
CLIMLI


CLIMATE REPORT
NATIONAL WEATHER SERVICE QUAD CITIES IA IL
407 AM CDT TUE SEP 26 2017


...................................

...THE MOLINE IL CLIMATE SUMMARY FOR SEPTEMBER 25 2017...

CLIMATE NORMAL PERIOD 1981 TO 2010
CLIMATE RECORD PERIOD 1872 TO 2017


WEATHER ITEM   OBSERVED TIME   RECORD YEAR NORMAL DEPARTURE LAST
                VALUE   (LST)  VALUE       VALUE  FROM      YEAR
                                                  NORMAL
..................................................................
TEMPERATURE (F)
 YESTERDAY
  MAXIMUM         91R   258 PM  91    1920  73     18       87
  MINIMUM         63    557 AM  30    1942  50     13       61
  AVERAGE         77                        61     16       74

PRECIPITATION (IN)
  YESTERDAY        0.02          1.56 1993   0.10  -0.08      T
  MONTH TO DATE    2.30                      2.63  -0.33     1.21
  SINCE SEP 1      2.30                      2.63  -0.33     1.21
  SINCE JAN 1     28.42                     29.79  -1.37    30.63

SNOWFALL (IN)
  YESTERDAY        0.0          MM      MM   0.0    0.0      0.0
  MONTH TO DATE    0.0                       0.0    0.0      0.0
  SINCE SEP 1      0.0                       0.0    0.0      0.0
  SINCE JUL 1      0.0                       0.0    0.0      0.0
  SNOW DEPTH       0

DEGREE DAYS
 HEATING
  YESTERDAY        0                         5     -5        0
  MONTH TO DATE   27                        63    -36        1
  SINCE SEP 1     27                        63    -36        1
  SINCE JUL 1     28                        71    -43        2

 COOLING
  YESTERDAY       12                         2     10        9
  MONTH TO DATE  140                        99     41      189
  SINCE SEP 1    140                        99     41      189
  SINCE JAN 1    951                       982    -31     1262
..................................................................


WIND (MPH)
  HIGHEST WIND SPEED    17   HIGHEST WIND DIRECTION     S (200)
  HIGHEST GUST SPEED    23   HIGHEST GUST DIRECTION    SW (210)
  AVERAGE WIND SPEED     3.8


SKY COVER
  POSSIBLE SUNSHINE  MM
  AVERAGE SKY COVER 0.1


WEATHER CONDITIONS
 THE FOLLOWING WEATHER WAS RECORDED YESTERDAY.
  THUNDERSTORM
  LIGHT RAIN


RELATIVE HUMIDITY (PERCENT)
 HIGHEST    90           600 AM
 LOWEST     38           200 PM
 AVERAGE    64

..........................................................


THE MOLINE IL CLIMATE NORMALS FOR TODAY
                         NORMAL    RECORD    YEAR
 MAXIMUM TEMPERATURE (F)   73        90      1891
 MINIMUM TEMPERATURE (F)   49        32      1940


SUNRISE AND SUNSET
SEPTEMBER 26 2017.....SUNRISE   654 AM CDT   SUNSET   652 PM CDT
SEPTEMBER 27 2017.....SUNRISE   655 AM CDT   SUNSET   650 PM CDT


-  INDICATES NEGATIVE NUMBERS.
R  INDICATES RECORD WAS SET OR TIED.
MM INDICATES DATA IS MISSING.
T  INDICATES TRACE AMOUNT.




$$
