000
CDUS43 KDVN 181024
CLIMLI


CLIMATE REPORT
NATIONAL WEATHER SERVICE QUAD CITIES IA IL
424 AM CST THU DEC 18 2014


...................................

...THE MOLINE IL CLIMATE SUMMARY FOR DECEMBER 17 2014...

CLIMATE NORMAL PERIOD 1981 TO 2010
CLIMATE RECORD PERIOD 1872 TO 2014


WEATHER ITEM   OBSERVED TIME   RECORD YEAR NORMAL DEPARTURE LAST
                VALUE   (LST)  VALUE       VALUE  FROM      YEAR
                                                  NORMAL
..................................................................
TEMPERATURE (F)
 YESTERDAY
  MAXIMUM         29    306 PM  59    1939  34     -5       36
  MINIMUM         18   1105 PM -15    1932  18      0       16
  AVERAGE         24                        26     -2       26

PRECIPITATION (IN)
  YESTERDAY        0.00          0.43 1921   0.06  -0.06      T
  MONTH TO DATE    0.30                      1.32  -1.02     0.42
  SINCE DEC 1      0.30                      1.32  -1.02     0.42
  SINCE JAN 1     38.87                     37.10   1.77    38.44

SNOWFALL (IN)
  YESTERDAY        0.0          MM      MM   0.3   -0.3       T
  MONTH TO DATE    0.0                       4.6   -4.6      6.6
  SINCE DEC 1      0.0                       4.6   -4.6      6.6
  SINCE JUL 1      4.6                       5.8   -1.2      7.6
  SNOW DEPTH       0

DEGREE DAYS
 HEATING
  YESTERDAY       41                        39      2       39
  MONTH TO DATE  560                       620    -60      752
  SINCE DEC 1    560                       620    -60      752
  SINCE JUL 1   2065                      1851    214     2098

 COOLING
  YESTERDAY        0                         0      0        0
  MONTH TO DATE    0                         0      0        0
  SINCE DEC 1      0                         0      0        0
  SINCE JAN 1    839                      1004   -165      998
..................................................................


WIND (MPH)
  HIGHEST WIND SPEED    21   HIGHEST WIND DIRECTION    NW (310)
  HIGHEST GUST SPEED    25   HIGHEST GUST DIRECTION    NW (300)
  AVERAGE WIND SPEED     8.5


SKY COVER
  POSSIBLE SUNSHINE  MM
  AVERAGE SKY COVER 0.5


WEATHER CONDITIONS
 THE FOLLOWING WEATHER WAS RECORDED YESTERDAY.
  NO SIGNIFICANT WEATHER WAS OBSERVED.


RELATIVE HUMIDITY (PERCENT)
 HIGHEST    92          1100 PM
 LOWEST     58           200 PM
 AVERAGE    75

..........................................................


THE MOLINE IL CLIMATE NORMALS FOR TODAY
                         NORMAL    RECORD    YEAR
 MAXIMUM TEMPERATURE (F)   33        65      1939
 MINIMUM TEMPERATURE (F)   18       -16      1985


SUNRISE AND SUNSET
DECEMBER 18 2014......SUNRISE   723 AM CST   SUNSET   434 PM CST
DECEMBER 19 2014......SUNRISE   724 AM CST   SUNSET   435 PM CST


-  INDICATES NEGATIVE NUMBERS.
R  INDICATES RECORD WAS SET OR TIED.
MM INDICATES DATA IS MISSING.
T  INDICATES TRACE AMOUNT.




$$
