519
CDUS43 KDVN 270909
CLIMLI


CLIMATE REPORT
NATIONAL WEATHER SERVICE QUAD CITIES IA IL
409 AM CDT SAT MAY 27 2017


...................................

...THE MOLINE IL CLIMATE SUMMARY FOR MAY 26 2017...

CLIMATE NORMAL PERIOD 1981 TO 2010
CLIMATE RECORD PERIOD 1872 TO 2017


WEATHER ITEM   OBSERVED TIME   RECORD YEAR NORMAL DEPARTURE LAST
                VALUE   (LST)  VALUE       VALUE  FROM      YEAR
                                                  NORMAL
..................................................................
TEMPERATURE (F)
 YESTERDAY
  MAXIMUM         73   1017 AM  95    1985  76     -3       88
  MINIMUM         56    502 AM  38    1992  54      2       66
                                      1979
  AVERAGE         65                        65      0       77

PRECIPITATION (IN)
  YESTERDAY        0.42          1.70 1933   0.15   0.27      T
  MONTH TO DATE    2.82                      3.60  -0.78     2.49
  SINCE MAR 1     11.94                     10.05   1.89     7.84
  SINCE JAN 1     14.35                     13.14   1.21     9.17

SNOWFALL (IN)
  YESTERDAY        0.0          MM      MM   0.0    0.0      0.0
  MONTH TO DATE    0.0                       0.0    0.0      0.0
  SINCE MAR 1      5.9                       4.9    1.0      2.9
  SINCE JUL 1     22.4                      31.6   -9.2     24.1
  SNOW DEPTH       0

DEGREE DAYS
 HEATING
  YESTERDAY        0                         3     -3        0
  MONTH TO DATE  160                       148     12      158
  SINCE MAR 1   1222                      1373   -151     1174
  SINCE JUL 1   5025                      6171  -1146     5163

 COOLING
  YESTERDAY        0                         3     -3       12
  MONTH TO DATE   38                        46     -8       43
  SINCE MAR 1     52                        60     -8       54
  SINCE JAN 1     52                        60     -8       54
..................................................................


WIND (MPH)
  HIGHEST WIND SPEED    21   HIGHEST WIND DIRECTION     W (290)
  HIGHEST GUST SPEED    26   HIGHEST GUST DIRECTION     W (280)
  AVERAGE WIND SPEED     6.9


SKY COVER
  POSSIBLE SUNSHINE  MM
  AVERAGE SKY COVER 0.5


WEATHER CONDITIONS
 THE FOLLOWING WEATHER WAS RECORDED YESTERDAY.
  THUNDERSTORM
  HEAVY RAIN
  RAIN
  LIGHT RAIN
  FOG
  HAZE


RELATIVE HUMIDITY (PERCENT)
 HIGHEST    93           500 AM
 LOWEST     53          1000 AM
 AVERAGE    73

..........................................................


THE MOLINE IL CLIMATE NORMALS FOR TODAY
                         NORMAL    RECORD    YEAR
 MAXIMUM TEMPERATURE (F)   76        94      2012
 MINIMUM TEMPERATURE (F)   54        34      1992


SUNRISE AND SUNSET
MAY 27 2017...........SUNRISE   533 AM CDT   SUNSET   826 PM CDT
MAY 28 2017...........SUNRISE   533 AM CDT   SUNSET   827 PM CDT


-  INDICATES NEGATIVE NUMBERS.
R  INDICATES RECORD WAS SET OR TIED.
MM INDICATES DATA IS MISSING.
T  INDICATES TRACE AMOUNT.




$$
