000
CDUS43 KDVN 161025
CLIMLI


CLIMATE REPORT
NATIONAL WEATHER SERVICE QUAD CITIES IA IL
423 AM CST MON JAN 16 2017


...................................

...THE MOLINE IL CLIMATE SUMMARY FOR JANUARY 15 2017...

CLIMATE NORMAL PERIOD 1981 TO 2010
CLIMATE RECORD PERIOD 1872 TO 2017


WEATHER ITEM   OBSERVED TIME   RECORD YEAR NORMAL DEPARTURE LAST
                VALUE   (LST)  VALUE       VALUE  FROM      YEAR
                                                  NORMAL
..................................................................
TEMPERATURE (F)
 YESTERDAY
  MAXIMUM         34    401 PM  56    1990  31      3       44
                                      1953
                                      1949
  MINIMUM         19    104 AM -24    1979  14      5       24
                                      1888
  AVERAGE         27                        22      5       34

PRECIPITATION (IN)
  YESTERDAY        0.00          1.18 1873   0.05  -0.05      T
  MONTH TO DATE    0.21                      0.76  -0.55     0.23
  SINCE DEC 1      1.83                      2.94  -1.11     4.43
  SINCE JAN 1      0.21                      0.76  -0.55     0.23

SNOWFALL (IN)
  YESTERDAY        0.0          MM      MM   0.3   -0.3       T
  MONTH TO DATE    T                         4.6   -4.6      0.4
  SINCE DEC 1     13.8                      13.9   -0.1      3.9
  SINCE JUL 1     13.8                      15.1   -1.3     13.8
  SNOW DEPTH       0

DEGREE DAYS
 HEATING
  YESTERDAY       38                        43     -5       31
  MONTH TO DATE  634                       634      0      588
  SINCE DEC 1   1810                      1824    -14     1398
  SINCE JUL 1   2591                      3055   -464     2361

 COOLING
  YESTERDAY        0                         0      0        0
  MONTH TO DATE    0                         0      0        0
  SINCE DEC 1      0                         0      0        0
  SINCE JAN 1      0                         0      0        0
..................................................................


WIND (MPH)
  HIGHEST WIND SPEED     8   HIGHEST WIND DIRECTION     E (80)
  HIGHEST GUST SPEED     9   HIGHEST GUST DIRECTION     E (100)
  AVERAGE WIND SPEED     3.0


SKY COVER
  POSSIBLE SUNSHINE  MM
  AVERAGE SKY COVER 0.6


WEATHER CONDITIONS
 THE FOLLOWING WEATHER WAS RECORDED YESTERDAY.
  HAZE


RELATIVE HUMIDITY (PERCENT)
 HIGHEST    84          1200 AM
 LOWEST     47           100 PM
 AVERAGE    66

..........................................................


THE MOLINE IL CLIMATE NORMALS FOR TODAY
                         NORMAL    RECORD    YEAR
 MAXIMUM TEMPERATURE (F)   31        59      1990
 MINIMUM TEMPERATURE (F)   14       -27      2009


SUNRISE AND SUNSET
JANUARY 16 2017.......SUNRISE   725 AM CST   SUNSET   459 PM CST
JANUARY 17 2017.......SUNRISE   725 AM CST   SUNSET   500 PM CST


-  INDICATES NEGATIVE NUMBERS.
R  INDICATES RECORD WAS SET OR TIED.
MM INDICATES DATA IS MISSING.
T  INDICATES TRACE AMOUNT.




$$
