000
CDUS43 KDVN 280919
CLIMLI


CLIMATE REPORT
NATIONAL WEATHER SERVICE QUAD CITIES IA IL
418 AM CDT THU JUL 28 2016


...................................

...THE MOLINE IL CLIMATE SUMMARY FOR JULY 27 2016...

CLIMATE NORMAL PERIOD 1981 TO 2010
CLIMATE RECORD PERIOD 1872 TO 2016


WEATHER ITEM   OBSERVED TIME   RECORD YEAR NORMAL DEPARTURE LAST
                VALUE   (LST)  VALUE       VALUE  FROM      YEAR
                                                  NORMAL
..................................................................
TEMPERATURE (F)
 YESTERDAY
  MAXIMUM         88    311 PM 105    1930  85      3       87
  MINIMUM         65    514 AM  50    1962  65      0       67
                                      1937
  AVERAGE         77                        75      2       77

PRECIPITATION (IN)
  YESTERDAY        0.00          2.86 1875   0.12  -0.12     0.00
  MONTH TO DATE    7.41                      3.80   3.61     4.44
  SINCE JUN 1     11.21                      8.29   2.92    15.34
  SINCE JAN 1     21.21                     22.15  -0.94    24.28

SNOWFALL (IN)
  YESTERDAY        0.0          MM      MM   0.0    0.0      0.0
  MONTH TO DATE    0.0                       0.0    0.0      0.0
  SINCE JUN 1      0.0                       0.0    0.0      0.0
  SINCE JUL 1      0.0                       0.0    0.0      0.0
  SNOW DEPTH       0

DEGREE DAYS
 HEATING
  YESTERDAY        0                         0      0        0
  MONTH TO DATE    1                         0      1        4
  SINCE JUN 1      2                        19    -17       11
  SINCE JUL 1      1                         0      1        4

 COOLING
  YESTERDAY       12                        10      2       12
  MONTH TO DATE  298                       286     12      239
  SINCE JUN 1    600                       500    100      446
  SINCE JAN 1    702                       576    126      527
..................................................................


WIND (MPH)
  HIGHEST WIND SPEED    13   HIGHEST WIND DIRECTION    SE (130)
  HIGHEST GUST SPEED    14   HIGHEST GUST DIRECTION    SE (140)
  AVERAGE WIND SPEED     3.2


SKY COVER
  POSSIBLE SUNSHINE  MM
  AVERAGE SKY COVER 0.2


WEATHER CONDITIONS
 THE FOLLOWING WEATHER WAS RECORDED YESTERDAY.
  FOG


RELATIVE HUMIDITY (PERCENT)
 HIGHEST    93           300 AM
 LOWEST     50           300 PM
 AVERAGE    72

..........................................................


THE MOLINE IL CLIMATE NORMALS FOR TODAY
                         NORMAL    RECORD    YEAR
 MAXIMUM TEMPERATURE (F)   85       102      1983
                                             1916
 MINIMUM TEMPERATURE (F)   65        52      1925


SUNRISE AND SUNSET
JULY 28 2016..........SUNRISE   554 AM CDT   SUNSET   823 PM CDT
JULY 29 2016..........SUNRISE   555 AM CDT   SUNSET   822 PM CDT


-  INDICATES NEGATIVE NUMBERS.
R  INDICATES RECORD WAS SET OR TIED.
MM INDICATES DATA IS MISSING.
T  INDICATES TRACE AMOUNT.




$$
