000
CDUS43 KDVN 252224
CLIMLI


CLIMATE REPORT
NATIONAL WEATHER SERVICE QUAD CITIES IA IL
423 PM CST SUN JAN 25 2015


...................................

...THE MOLINE IL CLIMATE SUMMARY FOR JANUARY 25 2015...
VALID TODAY AS OF 0400 PM LOCAL TIME.

CLIMATE NORMAL PERIOD 1981 TO 2010
CLIMATE RECORD PERIOD 1872 TO 2015


WEATHER ITEM   OBSERVED TIME   RECORD YEAR NORMAL DEPARTURE LAST
                VALUE   (LST)  VALUE       VALUE  FROM      YEAR
                                                  NORMAL
..................................................................
TEMPERATURE (F)
 TODAY
  MAXIMUM         35    552 AM  62    1981  31      4       35
  MINIMUM         29    359 PM -21    1894  14     15       11
  AVERAGE         32                        23      9       23

PRECIPITATION (IN)
  TODAY            0.18          1.08 1898   0.04   0.14      T
  MONTH TO DATE    1.13                      1.21  -0.08     1.08
  SINCE DEC 1      1.85                      3.39  -1.54     2.30
  SINCE JAN 1      1.13                      1.21  -0.08     1.08

SNOWFALL (IN)
  TODAY            1.9          MM      MM   0.2    1.7       T
  MONTH TO DATE   13.3                       7.5    5.8     16.1
  SINCE DEC 1     13.3                      16.8   -3.5     29.9
  SINCE JUL 1     17.9                      18.0   -0.1     30.9
  SNOW DEPTH       0

DEGREE DAYS
 HEATING
  TODAY           33                        42     -9       42
  MONTH TO DATE 1094                      1062     32     1229
  SINCE DEC 1   2129                      2252   -123     2599
  SINCE JUL 1   3634                      3483    151     3945

 COOLING
  TODAY            0                         0      0        0
  MONTH TO DATE    0                         0      0        0
  SINCE DEC 1      0                         0      0        0
  SINCE JAN 1      0                         0      0        0
..................................................................


WIND (MPH)
  HIGHEST WIND SPEED    26   HIGHEST WIND DIRECTION    NE (50)
  HIGHEST GUST SPEED    34   HIGHEST GUST DIRECTION    NE (50)
  AVERAGE WIND SPEED    11.8


SKY COVER
  POSSIBLE SUNSHINE  MM
  AVERAGE SKY COVER 0.9


WEATHER CONDITIONS
 THE FOLLOWING WEATHER WAS RECORDED TODAY.
  LIGHT RAIN
  SNOW
  LIGHT SNOW
  FOG
  HAZE


RELATIVE HUMIDITY (PERCENT)
 HIGHEST    92           100 AM
 LOWEST     69           300 PM
 AVERAGE    81

..........................................................


THE MOLINE IL CLIMATE NORMALS FOR TOMORROW
                         NORMAL    RECORD    YEAR
 MAXIMUM TEMPERATURE (F)   31        58      2002
                                             1944
                                             1882
 MINIMUM TEMPERATURE (F)   14       -15      1982


SUNRISE AND SUNSET
JANUARY 25 2015.......SUNRISE   720 AM CST   SUNSET   509 PM CST
JANUARY 26 2015.......SUNRISE   719 AM CST   SUNSET   510 PM CST


-  INDICATES NEGATIVE NUMBERS.
R  INDICATES RECORD WAS SET OR TIED.
MM INDICATES DATA IS MISSING.
T  INDICATES TRACE AMOUNT.




$$
