000
CDUS43 KDVN 280909
CLIMLI


CLIMATE REPORT
NATIONAL WEATHER SERVICE QUAD CITIES IA IL
408 AM CDT THU APR 28 2016


...................................

...THE MOLINE IL CLIMATE SUMMARY FOR APRIL 27 2016...

CLIMATE NORMAL PERIOD 1981 TO 2010
CLIMATE RECORD PERIOD 1872 TO 2016


WEATHER ITEM   OBSERVED TIME   RECORD YEAR NORMAL DEPARTURE LAST
                VALUE   (LST)  VALUE       VALUE  FROM      YEAR
                                                  NORMAL
..................................................................
TEMPERATURE (F)
 YESTERDAY
  MAXIMUM         52    256 PM  86    1981  67    -15       67
                                      1977
  MINIMUM         45    604 AM  27    1933  45      0       32
  AVERAGE         49                        56     -7       50

PRECIPITATION (IN)
  YESTERDAY        0.56          2.48 1959   0.14   0.42     0.00
  MONTH TO DATE    1.77                      3.19  -1.42     1.48
  SINCE MAR 1      4.68                      6.05  -1.37     2.37
  SINCE JAN 1      6.01                      9.14  -3.13     5.30

SNOWFALL (IN)
  YESTERDAY        0.0          MM      MM   0.0    0.0      0.0
  MONTH TO DATE    T                         0.9   -0.9      0.0
  SINCE MAR 1      2.9                       4.9   -2.0      0.1
  SINCE JUL 1     24.1                      31.6   -7.5     39.1
  SNOW DEPTH       0

DEGREE DAYS
 HEATING
  YESTERDAY       16                        10      6       15
  MONTH TO DATE  372                       393    -21      337
  SINCE MAR 1    971                      1197   -226     1180
  SINCE JUL 1   4960                      5995  -1035     6438

 COOLING
  YESTERDAY        0                         1     -1        0
  MONTH TO DATE    8                        11     -3        0
  SINCE MAR 1     11                        12     -1        0
  SINCE JAN 1     11                        12     -1        0
..................................................................


WIND (MPH)
  HIGHEST WIND SPEED    28   HIGHEST WIND DIRECTION     E (80)
  HIGHEST GUST SPEED    34   HIGHEST GUST DIRECTION     E (90)
  AVERAGE WIND SPEED    19.5


SKY COVER
  POSSIBLE SUNSHINE  MM
  AVERAGE SKY COVER 1.0


WEATHER CONDITIONS
 THE FOLLOWING WEATHER WAS RECORDED YESTERDAY.
  THUNDERSTORM
  HEAVY RAIN
  RAIN
  LIGHT RAIN
  FOG
  HAZE


RELATIVE HUMIDITY (PERCENT)
 HIGHEST    86           900 AM
 LOWEST     71           200 AM
 AVERAGE    79

..........................................................


THE MOLINE IL CLIMATE NORMALS FOR TODAY
                         NORMAL    RECORD    YEAR
 MAXIMUM TEMPERATURE (F)   67        89      1970
 MINIMUM TEMPERATURE (F)   45        29      1992


SUNRISE AND SUNSET
APRIL 28 2016.........SUNRISE   602 AM CDT   SUNSET   757 PM CDT
APRIL 29 2016.........SUNRISE   601 AM CDT   SUNSET   758 PM CDT


-  INDICATES NEGATIVE NUMBERS.
R  INDICATES RECORD WAS SET OR TIED.
MM INDICATES DATA IS MISSING.
T  INDICATES TRACE AMOUNT.




$$
