000
CDUS43 KDVN 290919
CLIMLI


CLIMATE REPORT
NATIONAL WEATHER SERVICE QUAD CITIES IA IL
418 AM CDT SAT AUG 29 2015


...................................

...THE MOLINE IL CLIMATE SUMMARY FOR AUGUST 28 2015...

CLIMATE NORMAL PERIOD 1981 TO 2010
CLIMATE RECORD PERIOD 1872 TO 2015


WEATHER ITEM   OBSERVED TIME   RECORD YEAR NORMAL DEPARTURE LAST
                VALUE   (LST)  VALUE       VALUE  FROM      YEAR
                                                  NORMAL
..................................................................
TEMPERATURE (F)
 YESTERDAY
  MAXIMUM         73    424 PM  97    2013  83    -10       73
  MINIMUM         59    555 AM  40    1986  61     -2       65
  AVERAGE         66                        72     -6       69

PRECIPITATION (IN)
  YESTERDAY        0.07          2.70 1872   0.14  -0.07     1.97
  MONTH TO DATE    3.83                      4.10  -0.27     3.97
  SINCE JUN 1     19.52                     12.88   6.64    16.66
  SINCE JAN 1     28.46                     26.74   1.72    28.22

SNOWFALL (IN)
  YESTERDAY        0.0          MM      MM   0.0    0.0      0.0
  MONTH TO DATE    T                         0.0    0.0      0.0
  SINCE JUN 1      T                         0.0    0.0      0.0
  SINCE JUL 1      T                         0.0    0.0      0.0
  SNOW DEPTH       0

DEGREE DAYS
 HEATING
  YESTERDAY        0                         0      0        0
  MONTH TO DATE    3                         0      3        1
  SINCE JUN 1     14                        21     -7        9
  SINCE JUL 1      7                         2      5        5

 COOLING
  YESTERDAY        1                         7     -6        4
  MONTH TO DATE  196                       249    -53      230
  SINCE JUN 1    689                       787    -98      629
  SINCE JAN 1    770                       863    -93      734
..................................................................


WIND (MPH)
  HIGHEST WIND SPEED    14   HIGHEST WIND DIRECTION     E (110)
  HIGHEST GUST SPEED    17   HIGHEST GUST DIRECTION    SE (120)
  AVERAGE WIND SPEED     5.5


SKY COVER
  POSSIBLE SUNSHINE  MM
  AVERAGE SKY COVER 0.3


WEATHER CONDITIONS
 THE FOLLOWING WEATHER WAS RECORDED YESTERDAY.
  RAIN
  LIGHT RAIN
  FOG


RELATIVE HUMIDITY (PERCENT)
 HIGHEST    90           400 AM
 LOWEST     73           200 PM
 AVERAGE    82

..........................................................


THE MOLINE IL CLIMATE NORMALS FOR TODAY
                         NORMAL    RECORD    YEAR
 MAXIMUM TEMPERATURE (F)   82        97      1984
 MINIMUM TEMPERATURE (F)   61        40      1934


SUNRISE AND SUNSET
AUGUST 29 2015........SUNRISE   625 AM CDT   SUNSET   740 PM CDT
AUGUST 30 2015........SUNRISE   626 AM CDT   SUNSET   739 PM CDT


-  INDICATES NEGATIVE NUMBERS.
R  INDICATES RECORD WAS SET OR TIED.
MM INDICATES DATA IS MISSING.
T  INDICATES TRACE AMOUNT.




$$
