000
CDUS43 KDVN 240930
CLIMLI


CLIMATE REPORT
NATIONAL WEATHER SERVICE QUAD CITIES IA IL
430 AM CDT MON JUL 24 2017


...................................

...THE MOLINE IL CLIMATE SUMMARY FOR JULY 23 2017...

CLIMATE NORMAL PERIOD 1981 TO 2010
CLIMATE RECORD PERIOD 1872 TO 2017


WEATHER ITEM   OBSERVED TIME   RECORD YEAR NORMAL DEPARTURE LAST
                VALUE   (LST)  VALUE       VALUE  FROM      YEAR
                                                  NORMAL
..................................................................
TEMPERATURE (F)
 YESTERDAY
  MAXIMUM         90    209 PM 105    1901  86      4       91
  MINIMUM         69   1159 PM  49    1947  65      4       75
  AVERAGE         80                        75      5       83

PRECIPITATION (IN)
  YESTERDAY        0.00          1.65 1975   0.12  -0.12     0.00
                                      1968
  MONTH TO DATE    6.69                      3.31   3.38     7.41
  SINCE JUN 1     10.84                      7.80   3.04    11.21
  SINCE JAN 1     25.19                     21.66   3.53    21.21

SNOWFALL (IN)
  YESTERDAY        0.0          MM      MM   0.0    0.0      0.0
  MONTH TO DATE    0.0                       0.0    0.0      0.0
  SINCE JUN 1      0.0                       0.0    0.0      0.0
  SINCE JUL 1      0.0                       0.0    0.0      0.0
  SNOW DEPTH       0

DEGREE DAYS
 HEATING
  YESTERDAY        0                         0      0        0
  MONTH TO DATE    0                         0      0        1
  SINCE JUN 1      9                        19    -10        2
  SINCE JUL 1      0                         0      0        1

 COOLING
  YESTERDAY       15                        10      5       18
  MONTH TO DATE  272                       246     26      243
  SINCE JUN 1    538                       460     78      545
  SINCE JAN 1    599                       536     63      647
..................................................................


WIND (MPH)
  HIGHEST WIND SPEED    22   HIGHEST WIND DIRECTION    NW (300)
  HIGHEST GUST SPEED    29   HIGHEST GUST DIRECTION     W (280)
  AVERAGE WIND SPEED     9.1


SKY COVER
  POSSIBLE SUNSHINE  MM
  AVERAGE SKY COVER 0.1


WEATHER CONDITIONS
 THE FOLLOWING WEATHER WAS RECORDED YESTERDAY.
  FOG


RELATIVE HUMIDITY (PERCENT)
 HIGHEST    94           100 AM
 LOWEST     44           500 PM
 AVERAGE    69

..........................................................


THE MOLINE IL CLIMATE NORMALS FOR TODAY
                         NORMAL    RECORD    YEAR
 MAXIMUM TEMPERATURE (F)   86       106      1901
 MINIMUM TEMPERATURE (F)   65        54      1957
                                             1947
                                             1911


SUNRISE AND SUNSET
JULY 24 2017..........SUNRISE   550 AM CDT   SUNSET   827 PM CDT
JULY 25 2017..........SUNRISE   550 AM CDT   SUNSET   826 PM CDT


-  INDICATES NEGATIVE NUMBERS.
R  INDICATES RECORD WAS SET OR TIED.
MM INDICATES DATA IS MISSING.
T  INDICATES TRACE AMOUNT.




$$
