000
CDUS43 KDVN 142220
CLIMLI


CLIMATE REPORT
NATIONAL WEATHER SERVICE QUAD CITIES IA IL
420 PM CST THU DEC 14 2017


...................................

...THE MOLINE IL CLIMATE SUMMARY FOR DECEMBER 14 2017...
VALID TODAY AS OF 0400 PM LOCAL TIME.

CLIMATE NORMAL PERIOD 1981 TO 2010
CLIMATE RECORD PERIOD 1872 TO 2017


WEATHER ITEM   OBSERVED TIME   RECORD YEAR NORMAL DEPARTURE LAST
                VALUE   (LST)  VALUE       VALUE  FROM      YEAR
                                                  NORMAL
..................................................................
TEMPERATURE (F)
 TODAY
  MAXIMUM         29    336 PM  62    2015  35     -6       22
  MINIMUM         23    533 AM -13    1901  19      4        7
  AVERAGE         26                        27     -1       15

PRECIPITATION (IN)
  TODAY            0.00          1.01 2011   0.07  -0.07     0.00
  MONTH TO DATE    0.04                      1.12  -1.08     0.95
  SINCE DEC 1      0.04                      1.12  -1.08     0.95
  SINCE JAN 1     35.63                     36.90  -1.27    35.79

SNOWFALL (IN)
  TODAY            0.0          MM      MM   0.4   -0.4      0.0
  MONTH TO DATE    T                         3.7   -3.7     11.0
  SINCE DEC 1      T                         3.7   -3.7     11.0
  SINCE JUL 1      T                         4.9   -4.9     11.0
  SNOW DEPTH       0

DEGREE DAYS
 HEATING
  TODAY           39                        38      1       50
  MONTH TO DATE  439                       503    -64      525
  SINCE DEC 1    439                       503    -64      525
  SINCE JUL 1   1512                      1734   -222     1306

 COOLING
  TODAY            0                         0      0        0
  MONTH TO DATE    0                         0      0        0
  SINCE DEC 1      0                         0      0        0
  SINCE JAN 1    993                      1004    -11     1314
..................................................................


WIND (MPH)
  HIGHEST WIND SPEED    14   HIGHEST WIND DIRECTION     N (340)
  HIGHEST GUST SPEED    19   HIGHEST GUST DIRECTION     N (340)
  AVERAGE WIND SPEED     5.0


SKY COVER
  POSSIBLE SUNSHINE  MM
  AVERAGE SKY COVER 0.8


WEATHER CONDITIONS
 THE FOLLOWING WEATHER WAS RECORDED TODAY.
  NO SIGNIFICANT WEATHER WAS OBSERVED.


RELATIVE HUMIDITY (PERCENT)
 HIGHEST    68           200 AM
 LOWEST     57          1100 AM
 AVERAGE    63

..........................................................


THE MOLINE IL CLIMATE NORMALS FOR TOMORROW
                         NORMAL    RECORD    YEAR
 MAXIMUM TEMPERATURE (F)   34        57      2011
                                             1959
                                             1877
 MINIMUM TEMPERATURE (F)   18       -16      1989


SUNRISE AND SUNSET
DECEMBER 14 2017......SUNRISE   721 AM CST   SUNSET   433 PM CST
DECEMBER 15 2017......SUNRISE   721 AM CST   SUNSET   433 PM CST


-  INDICATES NEGATIVE NUMBERS.
R  INDICATES RECORD WAS SET OR TIED.
MM INDICATES DATA IS MISSING.
T  INDICATES TRACE AMOUNT.




$$
