000
CDUS43 KDVN 251035
CLIMLI


CLIMATE REPORT
NATIONAL WEATHER SERVICE QUAD CITIES IA IL
433 AM CST SAT FEB 25 2017


...................................

...THE MOLINE IL CLIMATE SUMMARY FOR FEBRUARY 24 2017...

CLIMATE NORMAL PERIOD 1981 TO 2010
CLIMATE RECORD PERIOD 1872 TO 2017


WEATHER ITEM   OBSERVED TIME   RECORD YEAR NORMAL DEPARTURE LAST
                VALUE   (LST)  VALUE       VALUE  FROM      YEAR
                                                  NORMAL
..................................................................
TEMPERATURE (F)
 YESTERDAY
  MAXIMUM         42    833 AM  69    1930  39      3       41
  MINIMUM         29   1159 PM  -9    1993  22      7       35
  AVERAGE         36                        30      6       38

PRECIPITATION (IN)
  YESTERDAY        0.08          1.82 1930   0.07   0.01     0.00
  MONTH TO DATE    0.66                      1.30  -0.64     0.88
  SINCE DEC 1      3.78                      4.97  -1.19     5.52
  SINCE JAN 1      2.16                      2.79  -0.63     1.32

SNOWFALL (IN)
  YESTERDAY        0.8          MM      MM   0.2    0.6      0.0
  MONTH TO DATE    2.1                       6.1   -4.0      6.3
  SINCE DEC 1     16.3                      24.8   -8.5     11.3
  SINCE JUL 1     16.3                      26.0   -9.7     21.2
  SNOW DEPTH       0

DEGREE DAYS
 HEATING
  YESTERDAY       29                        35     -6       27
  MONTH TO DATE  638                       930   -292      850
  SINCE DEC 1   2929                      3433   -504     2918
  SINCE JUL 1   3710                      4664   -954     3881

 COOLING
  YESTERDAY        0                         0      0        0
  MONTH TO DATE    0                         0      0        0
  SINCE DEC 1      0                         0      0        0
  SINCE JAN 1      0                         0      0        0
..................................................................


WIND (MPH)
  HIGHEST WIND SPEED    24   HIGHEST WIND DIRECTION    NW (300)
  HIGHEST GUST SPEED    30   HIGHEST GUST DIRECTION    NW (310)
  AVERAGE WIND SPEED    10.7


SKY COVER
  POSSIBLE SUNSHINE  MM
  AVERAGE SKY COVER 1.0


WEATHER CONDITIONS
 THE FOLLOWING WEATHER WAS RECORDED YESTERDAY.
  LIGHT RAIN
  LIGHT SNOW
  FOG
  HAZE


RELATIVE HUMIDITY (PERCENT)
 HIGHEST    89           700 PM
 LOWEST     78          1100 PM
 AVERAGE    84

..........................................................


THE MOLINE IL CLIMATE NORMALS FOR TODAY
                         NORMAL    RECORD    YEAR
 MAXIMUM TEMPERATURE (F)   40        71      2000
 MINIMUM TEMPERATURE (F)   22       -10      1967


SUNRISE AND SUNSET
FEBRUARY 25 2017......SUNRISE   642 AM CST   SUNSET   548 PM CST
FEBRUARY 26 2017......SUNRISE   641 AM CST   SUNSET   550 PM CST


-  INDICATES NEGATIVE NUMBERS.
R  INDICATES RECORD WAS SET OR TIED.
MM INDICATES DATA IS MISSING.
T  INDICATES TRACE AMOUNT.




$$
