149
CDUS45 KBYZ 250938
CLIMLS


CLIMATE REPORT
NATIONAL WEATHER SERVICE BILLINGS MT
337 AM MDT SAT MAR 25 2017


...................................

...THE MILES CITY MT CLIMATE SUMMARY FOR MARCH 24 2017...

CLIMATE NORMAL PERIOD 1981 TO 2010
CLIMATE RECORD PERIOD 1937 TO 2017


WEATHER ITEM   OBSERVED TIME   RECORD YEAR NORMAL DEPARTURE LAST
                VALUE   (LST)  VALUE       VALUE  FROM      YEAR
                                                  NORMAL
..................................................................
TEMPERATURE (F)
 YESTERDAY
  MAXIMUM         65    347 PM  78    1993  50     15       58
  MINIMUM         31    559 AM -13    1964  26      5       26
  AVERAGE         48                        38     10       42

PRECIPITATION (IN)
  YESTERDAY        0.00          1.40 1942   0.02  -0.02      T
  MONTH TO DATE    0.49                      0.41   0.08     0.02
  SINCE OCT 1      2.04                      2.56  -0.52     2.09
  SINCE JAN 1      0.95                      0.96  -0.01     0.83

DEGREE DAYS
 HEATING
  YESTERDAY       17                        27    -10       23
  MONTH TO DATE  688                       762    -74      517
  SINCE MAR 1    688                       762    -74      517
  SINCE JUL 1   6240                      6496   -256     5210

 COOLING
  YESTERDAY        0                         0      0        0
  MONTH TO DATE    0                         0      0        0
  SINCE MAR 1      0                         0      0        0
  SINCE JAN 1      0                         0      0        0
..................................................................


WIND (MPH)
  HIGHEST WIND SPEED    23   HIGHEST WIND DIRECTION     S (160)
  HIGHEST GUST SPEED    29   HIGHEST GUST DIRECTION    SE (150)
  AVERAGE WIND SPEED     9.9


SKY COVER
  POSSIBLE SUNSHINE  MM
  AVERAGE SKY COVER 0.0


WEATHER CONDITIONS
 THE FOLLOWING WEATHER WAS RECORDED YESTERDAY.
  NO SIGNIFICANT WEATHER WAS OBSERVED.


RELATIVE HUMIDITY (PERCENT)
 HIGHEST    89           300 AM
 LOWEST     25           500 PM
 AVERAGE    57

..........................................................


THE MILES CITY MT CLIMATE NORMALS FOR TODAY
                         NORMAL    RECORD    YEAR
 MAXIMUM TEMPERATURE (F)   50        78      2007
 MINIMUM TEMPERATURE (F)   26       -10      1937


SUNRISE AND SUNSET
MARCH 25 2017.........SUNRISE   656 AM MDT   SUNSET   723 PM MDT
MARCH 26 2017.........SUNRISE   654 AM MDT   SUNSET   725 PM MDT


-  INDICATES NEGATIVE NUMBERS.
R  INDICATES RECORD WAS SET OR TIED.
MM INDICATES DATA IS MISSING.
T  INDICATES TRACE AMOUNT.





&&

THIS IS AN AUTOMATED...UNATTENDED WEATHER STATION AND MAY
UNDERESTIMATE WINTER PRECIPITATION.

$$
