000
CDUS45 KBYZ 302226
CLIMLS


CLIMATE REPORT
NATIONAL WEATHER SERVICE BILLINGS MT
425 PM MDT MON MAY 30 2016


...................................

...THE MILES CITY MT CLIMATE SUMMARY FOR MAY 30 2016...
VALID TODAY AS OF 0400 PM LOCAL TIME.

CLIMATE NORMAL PERIOD 1981 TO 2010
CLIMATE RECORD PERIOD 1937 TO 2016


WEATHER ITEM   OBSERVED TIME   RECORD YEAR NORMAL DEPARTURE LAST
                VALUE   (LST)  VALUE       VALUE  FROM      YEAR
                                                  NORMAL
..................................................................
TEMPERATURE (F)
 TODAY
  MAXIMUM         67   1256 PM  98    1984  73     -6       75
  MINIMUM         53    156 PM  36    1982  48      5       43
  AVERAGE         60                        60      0       59

PRECIPITATION (IN)
  TODAY            0.39          1.85 2013   0.08   0.31     0.83
  MONTH TO DATE    1.95                      2.09  -0.14     1.82
  SINCE OCT 1      8.64                      6.21   2.43     3.73
  SINCE JAN 1      7.38                      4.61   2.77     2.72

DEGREE DAYS
 HEATING
  TODAY            5                         6     -1        6
  MONTH TO DATE  226                       296    -70      328
  SINCE MAR 1   1388                      1808   -420     1515
  SINCE JUL 1   6081                      7542  -1461     6985

 COOLING
  TODAY            0                         1     -1        0
  MONTH TO DATE   22                        17      5        1
  SINCE MAR 1     24                        18      6        1
  SINCE JAN 1     24                        18      6        1
..................................................................


WIND (MPH)
  HIGHEST WIND SPEED    35   HIGHEST WIND DIRECTION    NW (320)
  HIGHEST GUST SPEED    40   HIGHEST GUST DIRECTION    NW (320)
  AVERAGE WIND SPEED     8.9


SKY COVER
  POSSIBLE SUNSHINE  MM
  AVERAGE SKY COVER 0.7


WEATHER CONDITIONS
 THE FOLLOWING WEATHER WAS RECORDED TODAY.
  THUNDERSTORM
  HEAVY RAIN
  RAIN
  LIGHT RAIN
  FOG


RELATIVE HUMIDITY (PERCENT)
 HIGHEST    77           400 AM
 LOWEST     52          1200 AM
 AVERAGE    65

..........................................................


THE MILES CITY MT CLIMATE NORMALS FOR TOMORROW
                         NORMAL    RECORD    YEAR
 MAXIMUM TEMPERATURE (F)   73        92      1986
 MINIMUM TEMPERATURE (F)   48        32      1982


SUNRISE AND SUNSET
MAY 30 2016...........SUNRISE   516 AM MDT   SUNSET   847 PM MDT
MAY 31 2016...........SUNRISE   515 AM MDT   SUNSET   848 PM MDT


-  INDICATES NEGATIVE NUMBERS.
R  INDICATES RECORD WAS SET OR TIED.
MM INDICATES DATA IS MISSING.
T  INDICATES TRACE AMOUNT.





&&

THIS IS AN AUTOMATED...UNATTENDED WEATHER STATION AND MAY
UNDERESTIMATE WINTER PRECIPITATION.

$$
