000
CDUS45 KBYZ 200724
CLIMLS


CLIMATE REPORT
NATIONAL WEATHER SERVICE BILLINGS MT
124 AM MDT SUN AUG 20 2017


...................................

...THE MILES CITY MT CLIMATE SUMMARY FOR AUGUST 19 2017...

CLIMATE NORMAL PERIOD 1981 TO 2010
CLIMATE RECORD PERIOD 1937 TO 2017


WEATHER ITEM   OBSERVED TIME   RECORD YEAR NORMAL DEPARTURE LAST
                VALUE   (LST)  VALUE       VALUE  FROM      YEAR
                                                  NORMAL
..................................................................
TEMPERATURE (F)
 YESTERDAY
  MAXIMUM         89   1220 PM 101    2008  87      2       69
  MINIMUM         55    542 AM  40    1950  58     -3       53
  AVERAGE         72                        72      0       61

PRECIPITATION (IN)
  YESTERDAY        0.00          1.13 1972   0.03  -0.03     0.72
  MONTH TO DATE    0.15                      0.61  -0.46     0.77
  SINCE OCT 1      4.42                     11.06  -6.64    11.92
  SINCE JAN 1      3.33                      9.46  -6.13    10.66

DEGREE DAYS
 HEATING
  YESTERDAY        0                         1     -1        4
  MONTH TO DATE    4                         3      1        4
  SINCE JUN 1     23                       104    -81       15
  SINCE JUL 1      4                        15    -11        6

 COOLING
  YESTERDAY        7                         8     -1        0
  MONTH TO DATE  100                       183    -83      175
  SINCE JUN 1    743                       578    165      710
  SINCE JAN 1    764                       598    166      734
..................................................................


WIND (MPH)
  HIGHEST WIND SPEED    24   HIGHEST WIND DIRECTION    NW (310)
  HIGHEST GUST SPEED    32   HIGHEST GUST DIRECTION    NW (310)
  AVERAGE WIND SPEED    11.0


SKY COVER
  POSSIBLE SUNSHINE  MM
  AVERAGE SKY COVER 0.1


WEATHER CONDITIONS
 THE FOLLOWING WEATHER WAS RECORDED YESTERDAY.
  HAZE


RELATIVE HUMIDITY (PERCENT)
 HIGHEST    43           600 AM
 LOWEST     15          1000 AM
 AVERAGE    29

..........................................................


THE MILES CITY MT CLIMATE NORMALS FOR TODAY
                         NORMAL    RECORD    YEAR
 MAXIMUM TEMPERATURE (F)   87       100      1969
 MINIMUM TEMPERATURE (F)   57        44      1950
                                             1939


SUNRISE AND SUNSET
AUGUST 20 2017........SUNRISE   609 AM MDT   SUNSET   804 PM MDT
AUGUST 21 2017........SUNRISE   610 AM MDT   SUNSET   802 PM MDT


-  INDICATES NEGATIVE NUMBERS.
R  INDICATES RECORD WAS SET OR TIED.
MM INDICATES DATA IS MISSING.
T  INDICATES TRACE AMOUNT.




$$
