000
CDUS45 KBYZ 240939
CLIMLS


CLIMATE REPORT
NATIONAL WEATHER SERVICE BILLINGS MT
338 AM MDT MON APR 24 2017


...................................

...THE MILES CITY MT CLIMATE SUMMARY FOR APRIL 23 2017...

CLIMATE NORMAL PERIOD 1981 TO 2010
CLIMATE RECORD PERIOD 1937 TO 2017


WEATHER ITEM   OBSERVED TIME   RECORD YEAR NORMAL DEPARTURE LAST
                VALUE   (LST)  VALUE       VALUE  FROM      YEAR
                                                  NORMAL
..................................................................
TEMPERATURE (F)
 YESTERDAY
  MAXIMUM         59    228 PM  91    2012  62     -3       73
  MINIMUM         40   1125 PM  19    2013  36      4       50
                                      1967
  AVERAGE         50                        49      1       62

PRECIPITATION (IN)
  YESTERDAY        0.19          1.02 2010   0.06   0.13     0.00
  MONTH TO DATE    0.94                      0.96  -0.02     1.01
  SINCE OCT 1      3.06                      3.71  -0.65     3.34
  SINCE JAN 1      1.97                      2.11  -0.14     2.08

DEGREE DAYS
 HEATING
  YESTERDAY       15                        16     -1        3
  MONTH TO DATE  351                       464   -113      319
  SINCE MAR 1   1153                      1405   -252     1006
  SINCE JUL 1   6705                      7139   -434     5699

 COOLING
  YESTERDAY        0                         0      0        0
  MONTH TO DATE    0                         0      0        2
  SINCE MAR 1      0                         0      0        2
  SINCE JAN 1      0                         0      0        2
..................................................................


WIND (MPH)
  HIGHEST WIND SPEED    28   HIGHEST WIND DIRECTION    NE (40)
  HIGHEST GUST SPEED    34   HIGHEST GUST DIRECTION    NE (40)
  AVERAGE WIND SPEED    13.7


SKY COVER
  POSSIBLE SUNSHINE  MM
  AVERAGE SKY COVER 0.7


WEATHER CONDITIONS
 THE FOLLOWING WEATHER WAS RECORDED YESTERDAY.
  RAIN
  LIGHT RAIN
  FOG


RELATIVE HUMIDITY (PERCENT)
 HIGHEST    92          1100 PM
 LOWEST     51           400 PM
 AVERAGE    72

..........................................................


THE MILES CITY MT CLIMATE NORMALS FOR TODAY
                         NORMAL    RECORD    YEAR
 MAXIMUM TEMPERATURE (F)   62        90      2012
 MINIMUM TEMPERATURE (F)   36        24      1958


SUNRISE AND SUNSET
APRIL 24 2017.........SUNRISE   600 AM MDT   SUNSET   804 PM MDT
APRIL 25 2017.........SUNRISE   559 AM MDT   SUNSET   805 PM MDT


-  INDICATES NEGATIVE NUMBERS.
R  INDICATES RECORD WAS SET OR TIED.
MM INDICATES DATA IS MISSING.
T  INDICATES TRACE AMOUNT.





&&

THIS IS AN AUTOMATED...UNATTENDED WEATHER STATION AND MAY
UNDERESTIMATE WINTER PRECIPITATION.

$$
