000
CDUS45 KBYZ 220933
CLIMLS


CLIMATE REPORT
NATIONAL WEATHER SERVICE BILLINGS MT
331 AM MDT TUE JUL 22 2014


...................................

...THE MILES CITY MT CLIMATE SUMMARY FOR JULY 21 2014...

CLIMATE NORMAL PERIOD 1981 TO 2010
CLIMATE RECORD PERIOD 1937 TO 2014


WEATHER ITEM   OBSERVED TIME   RECORD YEAR NORMAL DEPARTURE LAST
                VALUE   (LST)  VALUE       VALUE  FROM      YEAR
                                                  NORMAL
..................................................................
TEMPERATURE (F)
 YESTERDAY
  MAXIMUM         89    251 PM 105    1964  90     -1       97
  MINIMUM         65    507 AM  50    1950  61      4       65
  AVERAGE         77                        75      2       81

PRECIPITATION (IN)
  YESTERDAY        0.00          1.52 2010   0.06  -0.06     0.00
  MONTH TO DATE    0.09                      1.16  -1.07     0.51
  SINCE OCT 1     11.45                      9.97   1.48    13.07
  SINCE JAN 1      9.77                      8.37   1.40    11.54

SNOWFALL (IN)
  YESTERDAY       MM
  MONTH TO DATE   MM
  SINCE JUN 1     MM
  SINCE JUL 1     MM
  SNOW DEPTH      MM

DEGREE DAYS
 HEATING
  YESTERDAY        0                         0      0        0
  MONTH TO DATE    1                        10     -9        0
  SINCE JUN 1     95                        99     -4       59
  SINCE JUL 1      1                        10     -9        0

 COOLING
  YESTERDAY       12                        10      2       16
  MONTH TO DATE  184                       183      1      253
  SINCE JUN 1    221                       290    -69      346
  SINCE JAN 1    255                       310    -55      359
..................................................................


WIND (MPH)
  HIGHEST WIND SPEED    21   HIGHEST WIND DIRECTION    NE (50)
  HIGHEST GUST SPEED    26   HIGHEST GUST DIRECTION    NE (50)
  AVERAGE WIND SPEED     8.9


SKY COVER
  POSSIBLE SUNSHINE  MM
  AVERAGE SKY COVER 0.1


WEATHER CONDITIONS
 THE FOLLOWING WEATHER WAS RECORDED YESTERDAY.
  NO SIGNIFICANT WEATHER WAS OBSERVED.


RELATIVE HUMIDITY (PERCENT)
 HIGHEST    78           500 AM
 LOWEST     31           200 PM
 AVERAGE    55

..........................................................


THE MILES CITY MT CLIMATE NORMALS FOR TODAY
                         NORMAL    RECORD    YEAR
 MAXIMUM TEMPERATURE (F)   90       107      2007
 MINIMUM TEMPERATURE (F)   61        52      1978
                                             1887
                                             1891


SUNRISE AND SUNSET
JULY 22 2014..........SUNRISE   533 AM MDT   SUNSET   846 PM MDT
JULY 23 2014..........SUNRISE   534 AM MDT   SUNSET   845 PM MDT


-  INDICATES NEGATIVE NUMBERS.
R  INDICATES RECORD WAS SET OR TIED.
MM INDICATES DATA IS MISSING.
T  INDICATES TRACE AMOUNT.





&&

THIS IS AN AUTOMATED...UNATTENDED WEATHER STATION AND MAY
UNDERESTIMATE WINTER PRECIPITATION.

$$
