000
CDUS45 KBYZ 272333
CLIMLS


CLIMATE REPORT
NATIONAL WEATHER SERVICE BILLINGS MT
432 PM MST FRI FEB 27 2015


...................................

...THE MILES CITY MT CLIMATE SUMMARY FOR FEBRUARY 27 2015...
VALID TODAY AS OF 0400 PM LOCAL TIME.

CLIMATE NORMAL PERIOD 1981 TO 2010
CLIMATE RECORD PERIOD 1937 TO 2015


WEATHER ITEM   OBSERVED TIME   RECORD YEAR NORMAL DEPARTURE LAST
                VALUE   (LST)  VALUE       VALUE  FROM      YEAR
                                                  NORMAL
..................................................................
TEMPERATURE (F)
 TODAY
  MAXIMUM         25    413 PM  73    1992  40    -15       29
  MINIMUM         -1    349 AM -24    1960  17    -18        0
  AVERAGE         12                        28    -16       15

PRECIPITATION (IN)
  TODAY            0.00          0.31        0.01  -0.01     0.00
  MONTH TO DATE    0.13                      0.22  -0.09     0.10
  SINCE OCT 1      1.36                      2.14  -0.78     1.92
  SINCE JAN 1      0.35                      0.54  -0.19     0.24

DEGREE DAYS
 HEATING
  TODAY           53                        37     16       50
  MONTH TO DATE 1052                      1101    -49     1362
  SINCE DEC 1   3590                      3898   -308     4279
  SINCE JUL 1   5420                      5697   -277     5986

 COOLING
  TODAY            0                         0      0        0
  MONTH TO DATE    0                         0      0        0
  SINCE DEC 1      0                         0      0        0
  SINCE JAN 1      0                         0      0        0
..................................................................


WIND (MPH)
  HIGHEST WIND SPEED    16   HIGHEST WIND DIRECTION     S (160)
  HIGHEST GUST SPEED    21   HIGHEST GUST DIRECTION     S (160)
  AVERAGE WIND SPEED    10.2


SKY COVER
  POSSIBLE SUNSHINE  MM
  AVERAGE SKY COVER 0.0


WEATHER CONDITIONS
 THE FOLLOWING WEATHER WAS RECORDED TODAY.
  NO SIGNIFICANT WEATHER WAS OBSERVED.


RELATIVE HUMIDITY (PERCENT)
 HIGHEST    79          1200 AM
 LOWEST     50           200 PM
 AVERAGE    65

..........................................................


THE MILES CITY MT CLIMATE NORMALS FOR TOMORROW
                         NORMAL    RECORD    YEAR
 MAXIMUM TEMPERATURE (F)   40        69      1992
 MINIMUM TEMPERATURE (F)   17       -27      1962


SUNRISE AND SUNSET
FEBRUARY 27 2015......SUNRISE   647 AM MST   SUNSET   546 PM MST
FEBRUARY 28 2015......SUNRISE   645 AM MST   SUNSET   548 PM MST


-  INDICATES NEGATIVE NUMBERS.
R  INDICATES RECORD WAS SET OR TIED.
MM INDICATES DATA IS MISSING.
T  INDICATES TRACE AMOUNT.





&&

THIS IS AN AUTOMATED...UNATTENDED WEATHER STATION AND MAY
UNDERESTIMATE WINTER PRECIPITATION.

$$
