421
CDUS45 KBYZ 061035
CLIMLS


CLIMATE REPORT
NATIONAL WEATHER SERVICE BILLINGS MT
334 AM MST SAT FEB 6 2016


...................................

...THE MILES CITY MT CLIMATE SUMMARY FOR FEBRUARY 5 2016...

CLIMATE NORMAL PERIOD 1981 TO 2010
CLIMATE RECORD PERIOD 1937 TO 2016


WEATHER ITEM   OBSERVED TIME   RECORD YEAR NORMAL DEPARTURE LAST
                VALUE   (LST)  VALUE       VALUE  FROM      YEAR
                                                  NORMAL
..................................................................
TEMPERATURE (F)
 YESTERDAY
  MAXIMUM         49    243 PM  56    1963  33     16       43
  MINIMUM         21    732 AM -24    1982  11     10        9
  AVERAGE         35                        22     13       26

PRECIPITATION (IN)
  YESTERDAY        T             0.11 1971   0.00   0.00     0.00
  MONTH TO DATE    T                         0.03  -0.03     0.12
  SINCE OCT 1      1.60                      1.95  -0.35     1.35
  SINCE JAN 1      0.34                      0.35  -0.01     0.34

DEGREE DAYS
 HEATING
  YESTERDAY       30                        43    -13       39
  MONTH TO DATE  180                       217    -37      258
  SINCE DEC 1   2653                      3014   -361     2796
  SINCE JUL 1   4081                      4813   -732     4626

 COOLING
  YESTERDAY        0                         0      0        0
  MONTH TO DATE    0                         0      0        0
  SINCE DEC 1      0                         0      0        0
  SINCE JAN 1      0                         0      0        0
..................................................................


WIND (MPH)
  HIGHEST WIND SPEED    20   HIGHEST WIND DIRECTION     W (250)
  HIGHEST GUST SPEED    23   HIGHEST GUST DIRECTION     W (260)
  AVERAGE WIND SPEED    10.3


SKY COVER
  POSSIBLE SUNSHINE  MM
  AVERAGE SKY COVER 0.1


WEATHER CONDITIONS
 THE FOLLOWING WEATHER WAS RECORDED YESTERDAY.
  LIGHT SNOW
  FOG


RELATIVE HUMIDITY (PERCENT)
 HIGHEST    92           700 AM
 LOWEST     34           300 PM
 AVERAGE    63

..........................................................


THE MILES CITY MT CLIMATE NORMALS FOR TODAY
                         NORMAL    RECORD    YEAR
 MAXIMUM TEMPERATURE (F)   33        61      1987
 MINIMUM TEMPERATURE (F)   11       -26      1971


SUNRISE AND SUNSET
FEBRUARY  6 2016......SUNRISE   721 AM MST   SUNSET   515 PM MST
FEBRUARY  7 2016......SUNRISE   720 AM MST   SUNSET   516 PM MST


-  INDICATES NEGATIVE NUMBERS.
R  INDICATES RECORD WAS SET OR TIED.
MM INDICATES DATA IS MISSING.
T  INDICATES TRACE AMOUNT.





&&

THIS IS AN AUTOMATED...UNATTENDED WEATHER STATION AND MAY
UNDERESTIMATE WINTER PRECIPITATION.

$$
