000
CDUS45 KBYZ 241032
CLIMLS


CLIMATE REPORT
NATIONAL WEATHER SERVICE BILLINGS MT
331 AM MST FRI FEB 24 2017


...................................

...THE MILES CITY MT CLIMATE SUMMARY FOR FEBRUARY 23 2017...

CLIMATE NORMAL PERIOD 1981 TO 2010
CLIMATE RECORD PERIOD 1937 TO 2017


WEATHER ITEM   OBSERVED TIME   RECORD YEAR NORMAL DEPARTURE LAST
                VALUE   (LST)  VALUE       VALUE  FROM      YEAR
                                                  NORMAL
..................................................................
TEMPERATURE (F)
 YESTERDAY
  MAXIMUM         33   1234 PM  64    1954  38     -5       50
  MINIMUM         28   1159 PM -18    1993  15     13       23
  AVERAGE         31                        27      4       37

PRECIPITATION (IN)
  YESTERDAY        T             0.26 1963   0.01  -0.01     0.00
  MONTH TO DATE    0.39                      0.18   0.21     0.35
  SINCE OCT 1      1.55                      2.10  -0.55     1.95
  SINCE JAN 1      0.46                      0.50  -0.04     0.69

DEGREE DAYS
 HEATING
  YESTERDAY       34                        38     -4       28
  MONTH TO DATE  845                       951   -106      634
  SINCE DEC 1   4054                      3748    306     3107
  SINCE JUL 1   5369                      5547   -178     4535

 COOLING
  YESTERDAY        0                         0      0        0
  MONTH TO DATE    0                         0      0        0
  SINCE DEC 1      0                         0      0        0
  SINCE JAN 1      0                         0      0        0
..................................................................


WIND (MPH)
  HIGHEST WIND SPEED    17   HIGHEST WIND DIRECTION    NE (50)
  HIGHEST GUST SPEED    20   HIGHEST GUST DIRECTION    NE (50)
  AVERAGE WIND SPEED    10.4


SKY COVER
  POSSIBLE SUNSHINE  MM
  AVERAGE SKY COVER 1.0


WEATHER CONDITIONS
 THE FOLLOWING WEATHER WAS RECORDED YESTERDAY.
  FOG
  HAZE


RELATIVE HUMIDITY (PERCENT)
 HIGHEST    85           300 AM
 LOWEST     63          1200 PM
 AVERAGE    74

..........................................................


THE MILES CITY MT CLIMATE NORMALS FOR TODAY
                         NORMAL    RECORD    YEAR
 MAXIMUM TEMPERATURE (F)   39        72      1995
 MINIMUM TEMPERATURE (F)   16       -23      1993


SUNRISE AND SUNSET
FEBRUARY 24 2017......SUNRISE   651 AM MST   SUNSET   543 PM MST
FEBRUARY 25 2017......SUNRISE   649 AM MST   SUNSET   544 PM MST


-  INDICATES NEGATIVE NUMBERS.
R  INDICATES RECORD WAS SET OR TIED.
MM INDICATES DATA IS MISSING.
T  INDICATES TRACE AMOUNT.





&&

THIS IS AN AUTOMATED...UNATTENDED WEATHER STATION AND MAY
UNDERESTIMATE WINTER PRECIPITATION.

$$
