000
CDUS45 KBYZ 262230
CLIMLS


CLIMATE REPORT
NATIONAL WEATHER SERVICE BILLINGS MT
428 PM MDT TUE JUL 26 2016


...................................

...THE MILES CITY MT CLIMATE SUMMARY FOR JULY 26 2016...
VALID TODAY AS OF 0400 PM LOCAL TIME.

CLIMATE NORMAL PERIOD 1981 TO 2010
CLIMATE RECORD PERIOD 1937 TO 2016


WEATHER ITEM   OBSERVED TIME   RECORD YEAR NORMAL DEPARTURE LAST
                VALUE   (LST)  VALUE       VALUE  FROM      YEAR
                                                  NORMAL
..................................................................
TEMPERATURE (F)
 TODAY
  MAXIMUM         91    235 PM 104    1959  90      1       97
                                      1931
                                      1933
  MINIMUM         66    510 AM  47    1971  61      5       65
  AVERAGE         79                        76      3       81

PRECIPITATION (IN)
  TODAY            0.09          0.94 1986   0.05   0.04     0.00
  MONTH TO DATE    1.26                      1.41  -0.15     0.46
  SINCE OCT 1     11.07                     10.22   0.85     6.87
  SINCE JAN 1      9.81                      8.62   1.19     5.86

DEGREE DAYS
 HEATING
  TODAY            0                         0      0        0
  MONTH TO DATE    2                        10     -8        0
  SINCE JUN 1     11                        99    -88       25
  SINCE JUL 1      2                        10     -8        0

 COOLING
  TODAY           14                        11      3       16
  MONTH TO DATE  281                       236     45      263
  SINCE JUN 1    480                       343    137      425
  SINCE JAN 1    504                       363    141      426
..................................................................


WIND (MPH)
  HIGHEST WIND SPEED    36   HIGHEST WIND DIRECTION     E (100)
  HIGHEST GUST SPEED    42   HIGHEST GUST DIRECTION     E (90)
  AVERAGE WIND SPEED    10.9


SKY COVER
  POSSIBLE SUNSHINE  MM
  AVERAGE SKY COVER 0.2


WEATHER CONDITIONS
 THE FOLLOWING WEATHER WAS RECORDED TODAY.
  THUNDERSTORM
  RAIN
  LIGHT RAIN


RELATIVE HUMIDITY (PERCENT)
 HIGHEST    78           400 AM
 LOWEST     26           300 PM
 AVERAGE    52

..........................................................


THE MILES CITY MT CLIMATE NORMALS FOR TOMORROW
                         NORMAL    RECORD    YEAR
 MAXIMUM TEMPERATURE (F)   90       104      2006
                                             1998
 MINIMUM TEMPERATURE (F)   61        51      1969


SUNRISE AND SUNSET
JULY 26 2016..........SUNRISE   538 AM MDT   SUNSET   841 PM MDT
JULY 27 2016..........SUNRISE   539 AM MDT   SUNSET   840 PM MDT


-  INDICATES NEGATIVE NUMBERS.
R  INDICATES RECORD WAS SET OR TIED.
MM INDICATES DATA IS MISSING.
T  INDICATES TRACE AMOUNT.





&&

THIS IS AN AUTOMATED...UNATTENDED WEATHER STATION AND MAY
UNDERESTIMATE WINTER PRECIPITATION.

$$
