000
CDUS45 KBYZ 280932
CLIMLS


CLIMATE REPORT
NATIONAL WEATHER SERVICE BILLINGS MT
331 AM MDT THU MAY 28 2015


...................................

...THE MILES CITY MT CLIMATE SUMMARY FOR MAY 27 2015...

CLIMATE NORMAL PERIOD 1981 TO 2010
CLIMATE RECORD PERIOD 1937 TO 2015


WEATHER ITEM   OBSERVED TIME   RECORD YEAR NORMAL DEPARTURE LAST
                VALUE   (LST)  VALUE       VALUE  FROM      YEAR
                                                  NORMAL
..................................................................
TEMPERATURE (F)
 YESTERDAY
  MAXIMUM         69    445 PM  96    1969  72     -3       78
  MINIMUM         54   1134 PM  30    1965  47      7       58
  AVERAGE         62                        59      3       68

PRECIPITATION (IN)
  YESTERDAY        0.38          0.80 1987   0.08   0.30     0.08
  MONTH TO DATE    0.99                      1.84  -0.85     2.50
  SINCE OCT 1      2.90                      5.96  -3.06     6.07
  SINCE JAN 1      1.89                      4.36  -2.47     4.39

DEGREE DAYS
 HEATING
  YESTERDAY        3                         7     -4        0
  MONTH TO DATE  308                       278     30      305
  SINCE MAR 1   1495                      1790   -295     1966
  SINCE JUL 1   6965                      7524   -559     8005

 COOLING
  YESTERDAY        0                         1     -1        3
  MONTH TO DATE    1                        14    -13       22
  SINCE MAR 1      1                        15    -14       22
  SINCE JAN 1      1                        15    -14       22
..................................................................


WIND (MPH)
  HIGHEST WIND SPEED    20   HIGHEST WIND DIRECTION    NW (320)
  HIGHEST GUST SPEED    26   HIGHEST GUST DIRECTION    NW (320)
  AVERAGE WIND SPEED     4.7


SKY COVER
  POSSIBLE SUNSHINE  MM
  AVERAGE SKY COVER 0.5


WEATHER CONDITIONS
 THE FOLLOWING WEATHER WAS RECORDED YESTERDAY.
  THUNDERSTORM
  HEAVY RAIN
  RAIN
  LIGHT RAIN
  FOG


RELATIVE HUMIDITY (PERCENT)
 HIGHEST   100           800 PM
 LOWEST     63           500 PM
 AVERAGE    82

..........................................................


THE MILES CITY MT CLIMATE NORMALS FOR TODAY
                         NORMAL    RECORD    YEAR
 MAXIMUM TEMPERATURE (F)   72        95      1937
 MINIMUM TEMPERATURE (F)   47        24      1947


SUNRISE AND SUNSET
MAY 28 2015...........SUNRISE   517 AM MDT   SUNSET   845 PM MDT
MAY 29 2015...........SUNRISE   517 AM MDT   SUNSET   846 PM MDT


-  INDICATES NEGATIVE NUMBERS.
R  INDICATES RECORD WAS SET OR TIED.
MM INDICATES DATA IS MISSING.
T  INDICATES TRACE AMOUNT.





&&

THIS IS AN AUTOMATED...UNATTENDED WEATHER STATION AND MAY
UNDERESTIMATE WINTER PRECIPITATION.

$$
